[INFO] fetching crate rype 1.0.0-rc.1...
[INFO] testing rype-1.0.0-rc.1 against 1.99.0-beta.8 for beta-1.100-2
[INFO] extracting crate rype 1.0.0-rc.1 into /workspace/builds/worker-7-tc1/source
[INFO] started tweaking crates.io crate rype 1.0.0-rc.1
[INFO] removed 0 missing tests
[INFO] finished tweaking crates.io crate rype 1.0.0-rc.1
[INFO] tweaked toml for crates.io crate rype 1.0.0-rc.1 written to /workspace/builds/worker-7-tc1/source/Cargo.toml
[INFO] validating manifest of crates.io crate rype 1.0.0-rc.1 on toolchain 1.99.0-beta.8
[INFO] running `Command { std: CARGO_HOME="/workspace/cargo-home" RUSTUP_HOME="/workspace/rustup-home" "/workspace/cargo-home/bin/cargo" "+1.99.0-beta.8" "metadata" "--manifest-path" "Cargo.toml" "--no-deps", kill_on_drop: false }`
[INFO] crate crates.io crate rype 1.0.0-rc.1 already has a lockfile, it will not be regenerated
[INFO] running `Command { std: CARGO_HOME="/workspace/cargo-home" RUSTUP_HOME="/workspace/rustup-home" "/workspace/cargo-home/bin/cargo" "+1.99.0-beta.8" "fetch" "--manifest-path" "Cargo.toml", kill_on_drop: false }`
[INFO] [stderr]     Blocking waiting for file lock on package cache
[INFO] [stderr]     Updating crates.io index
[INFO] [stderr]  Downloading crates ...
[INFO] [stderr]   Downloaded integer-encoding v3.0.4
[INFO] [stderr]   Downloaded thrift v0.17.0
[INFO] [stderr]   Downloaded arrow-select v57.2.0
[INFO] [stderr]   Downloaded buffer-redux v1.1.0
[INFO] [stderr]   Downloaded liblzma v0.3.6
[INFO] [stderr]   Downloaded arrow-string v57.2.0
[INFO] [stderr]   Downloaded toml v1.0.3+spec-1.1.0
[INFO] [stderr]   Downloaded arrow-ord v57.2.0
[INFO] [stderr]   Downloaded arrow-row v57.2.0
[INFO] [stderr]   Downloaded arrow-arith v57.2.0
[INFO] [stderr]   Downloaded arrow-schema v57.2.0
[INFO] [stderr]   Downloaded arrow-data v57.2.0
[INFO] [stderr]   Downloaded arrow v57.2.0
[INFO] [stderr]   Downloaded arrow-buffer v57.2.0
[INFO] [stderr]   Downloaded arrow-cast v57.2.0
[INFO] [stderr]   Downloaded arrow-ipc v57.2.0
[INFO] [stderr]   Downloaded arrow-array v57.2.0
[INFO] [stderr]   Downloaded needletail v0.6.3
[INFO] [stderr]   Downloaded parquet v57.2.0
[INFO] [stderr]   Downloaded liblzma-sys v0.3.13
[INFO] running `Command { std: "docker" "create" "-v" "/var/lib/crater-agent-workspace/builds/worker-7-tc1/source:/opt/rustwide/workdir:ro,Z" "-v" "/var/lib/crater-agent-workspace/builds/worker-7-tc1/target:/opt/rustwide/target:rw,Z" "-v" "/var/lib/crater-agent-workspace/cargo-home:/opt/rustwide/cargo-home:ro,Z" "-v" "/var/lib/crater-agent-workspace/rustup-home:/opt/rustwide/rustup-home:ro,Z" "-m" "1610612736" "--network" "none" "ghcr.io/rust-lang/crates-build-env/linux@sha256:3111399a4047eeb3a02b7a90e478d715f38a8c6669b5c4b49d30a17385265909" "sleep" "infinity", kill_on_drop: false }`
[INFO] [stdout] 6963430463cd4653ab99aae84bc8527be1e67c0ca5ccc827893642655ed44075
[INFO] running `Command { std: "docker" "start" "6963430463cd4653ab99aae84bc8527be1e67c0ca5ccc827893642655ed44075", kill_on_drop: false }`
[INFO] running `Command { std: "docker" "inspect" "6963430463cd4653ab99aae84bc8527be1e67c0ca5ccc827893642655ed44075", kill_on_drop: false }`
[INFO] running `Command { std: "docker" "exec" "-e" "SOURCE_DIR=/opt/rustwide/workdir" "-e" "CARGO_HOME=/opt/rustwide/cargo-home" "-e" "RUSTUP_HOME=/opt/rustwide/rustup-home" "-e" "CARGO_TARGET_DIR=/opt/rustwide/target" "-w" "/opt/rustwide/workdir" "--user" "0:0" "6963430463cd4653ab99aae84bc8527be1e67c0ca5ccc827893642655ed44075" "/opt/rustwide/cargo-home/bin/cargo" "+1.99.0-beta.8" "metadata" "--no-deps" "--format-version=1", kill_on_drop: false }`
[INFO] running `Command { std: "docker" "inspect" "6963430463cd4653ab99aae84bc8527be1e67c0ca5ccc827893642655ed44075", kill_on_drop: false }`
[INFO] running `Command { std: "docker" "exec" "-e" "SOURCE_DIR=/opt/rustwide/workdir" "-e" "CARGO_HOME=/opt/rustwide/cargo-home" "-e" "RUSTUP_HOME=/opt/rustwide/rustup-home" "-e" "CARGO_TARGET_DIR=/opt/rustwide/target" "-e" "CARGO_INCREMENTAL=0" "-e" "RUST_BACKTRACE=full" "-e" "RUSTFLAGS=--cap-lints=warn" "-e" "RUSTDOCFLAGS=--cap-lints=warn" "-w" "/opt/rustwide/workdir" "--user" "0:0" "6963430463cd4653ab99aae84bc8527be1e67c0ca5ccc827893642655ed44075" "/opt/rustwide/cargo-home/bin/cargo" "+1.99.0-beta.8" "build" "--frozen" "--message-format=json", kill_on_drop: false }`
[INFO] [stderr]    Compiling libm v0.2.15
[INFO] [stderr]    Compiling num-traits v0.2.19
[INFO] [stderr]    Compiling jobserver v0.1.34
[INFO] [stderr]    Compiling find-msvc-tools v0.1.6
[INFO] [stderr]    Compiling zerocopy v0.8.33
[INFO] [stderr]    Compiling bytes v1.11.0
[INFO] [stderr]    Compiling once_cell v1.21.3
[INFO] [stderr]    Compiling iana-time-zone v0.1.64
[INFO] [stderr]    Compiling arrow-schema v57.2.0
[INFO] [stderr]    Compiling ahash v0.8.12
[INFO] [stderr]    Compiling lexical-util v1.0.7
[INFO] [stderr]    Compiling syn v2.0.111
[INFO] [stderr]    Compiling regex-syntax v0.8.8
[INFO] [stderr]    Compiling zstd-safe v7.2.4
[INFO] [stderr]    Compiling flatbuffers v25.12.19
[INFO] [stderr]    Compiling anstream v0.6.21
[INFO] [stderr]    Compiling ryu v1.0.22
[INFO] [stderr]    Compiling bitflags v2.10.0
[INFO] [stderr]    Compiling simd-adler32 v0.3.8
[INFO] [stderr]    Compiling snap v1.1.1
[INFO] [stderr]    Compiling cc v1.2.51
[INFO] [stderr]    Compiling integer-encoding v3.0.4
[INFO] [stderr]    Compiling clap_lex v0.7.6
[INFO] [stderr]    Compiling miniz_oxide v0.8.9
[INFO] [stderr]    Compiling toml_parser v1.0.9+spec-1.1.0
[INFO] [stderr]    Compiling clap_builder v4.5.53
[INFO] [stderr]    Compiling serde_spanned v1.0.4
[INFO] [stderr]    Compiling toml_datetime v1.0.0+spec-1.1.0
[INFO] [stderr]    Compiling buffer-redux v1.1.0
[INFO] [stderr]    Compiling twox-hash v2.1.2
[INFO] [stderr]    Compiling lexical-parse-integer v1.0.6
[INFO] [stderr]    Compiling lexical-write-integer v1.0.6
[INFO] [stderr]    Compiling jiff v0.2.18
[INFO] [stderr]    Compiling either v1.15.0
[INFO] [stderr]    Compiling lexical-parse-float v1.0.6
[INFO] [stderr]    Compiling lexical-write-float v1.0.6
[INFO] [stderr]    Compiling toml v1.0.3+spec-1.1.0
[INFO] [stderr]    Compiling rayon v1.11.0
[INFO] [stderr]    Compiling flate2 v1.1.8
[INFO] [stderr]    Compiling lexical-core v1.0.6
[INFO] [stderr]    Compiling zstd-sys v2.0.16+zstd.1.5.7
[INFO] [stderr]    Compiling bzip2-sys v0.1.13+1.0.8
[INFO] [stderr]    Compiling liblzma-sys v0.3.13
[INFO] [stderr]    Compiling bzip2 v0.4.4
[INFO] [stderr]    Compiling liblzma v0.3.6
[INFO] [stderr]    Compiling num-integer v0.1.46
[INFO] [stderr]    Compiling num-bigint v0.4.6
[INFO] [stderr]    Compiling chrono v0.4.41
[INFO] [stderr]    Compiling num-complex v0.4.6
[INFO] [stderr]    Compiling regex-automata v0.4.13
[INFO] [stderr]    Compiling atoi v2.0.0
[INFO] [stderr]    Compiling ordered-float v2.10.1
[INFO] [stderr]    Compiling thrift v0.17.0
[INFO] [stderr]    Compiling zerocopy-derive v0.8.33
[INFO] [stderr]    Compiling serde_derive v1.0.228
[INFO] [stderr]    Compiling clap_derive v4.5.49
[INFO] [stderr]    Compiling clap v4.5.53
[INFO] [stderr]    Compiling regex v1.12.2
[INFO] [stderr]    Compiling env_filter v0.1.4
[INFO] [stderr]    Compiling zstd v0.13.3
[INFO] [stderr]    Compiling env_logger v0.11.8
[INFO] [stderr]    Compiling needletail v0.6.3
[INFO] [stderr]    Compiling half v2.7.1
[INFO] [stderr]    Compiling arrow-buffer v57.2.0
[INFO] [stderr]    Compiling arrow-data v57.2.0
[INFO] [stderr]    Compiling serde v1.0.228
[INFO] [stderr]    Compiling arrow-array v57.2.0
[INFO] [stderr]    Compiling arrow-select v57.2.0
[INFO] [stderr]    Compiling arrow-row v57.2.0
[INFO] [stderr]    Compiling arrow-arith v57.2.0
[INFO] [stderr]    Compiling arrow-ord v57.2.0
[INFO] [stderr]    Compiling arrow-ipc v57.2.0
[INFO] [stderr]    Compiling arrow-string v57.2.0
[INFO] [stderr]    Compiling arrow-cast v57.2.0
[INFO] [stderr]    Compiling parquet v57.2.0
[INFO] [stderr]    Compiling arrow v57.2.0
[INFO] [stderr]    Compiling rype v1.0.0-rc.1 (/opt/rustwide/workdir)
[INFO] [stderr]     Finished `dev` profile [unoptimized + debuginfo] target(s) in 1m 31s
[INFO] running `Command { std: "docker" "inspect" "6963430463cd4653ab99aae84bc8527be1e67c0ca5ccc827893642655ed44075", kill_on_drop: false }`
[INFO] running `Command { std: "docker" "exec" "-e" "SOURCE_DIR=/opt/rustwide/workdir" "-e" "CARGO_HOME=/opt/rustwide/cargo-home" "-e" "RUSTUP_HOME=/opt/rustwide/rustup-home" "-e" "CARGO_TARGET_DIR=/opt/rustwide/target" "-e" "CARGO_INCREMENTAL=0" "-e" "RUST_BACKTRACE=full" "-e" "RUSTFLAGS=--cap-lints=warn" "-e" "RUSTDOCFLAGS=--cap-lints=warn" "-w" "/opt/rustwide/workdir" "--user" "0:0" "6963430463cd4653ab99aae84bc8527be1e67c0ca5ccc827893642655ed44075" "/opt/rustwide/cargo-home/bin/cargo" "+1.99.0-beta.8" "test" "--frozen" "--no-run" "--message-format=json", kill_on_drop: false }`
[INFO] [stderr]    Compiling flatbuffers v25.12.19
[INFO] [stderr]    Compiling ahash v0.8.12
[INFO] [stderr]    Compiling rustix v1.1.3
[INFO] [stderr]    Compiling arrow-array v57.2.0
[INFO] [stderr]    Compiling tempfile v3.24.0
[INFO] [stderr]    Compiling arrow-select v57.2.0
[INFO] [stderr]    Compiling arrow-arith v57.2.0
[INFO] [stderr]    Compiling arrow-row v57.2.0
[INFO] [stderr]    Compiling arrow-ord v57.2.0
[INFO] [stderr]    Compiling arrow-ipc v57.2.0
[INFO] [stderr]    Compiling arrow-string v57.2.0
[INFO] [stderr]    Compiling arrow-cast v57.2.0
[INFO] [stderr]    Compiling arrow v57.2.0
[INFO] [stderr]    Compiling parquet v57.2.0
[INFO] [stderr]    Compiling rype v1.0.0-rc.1 (/opt/rustwide/workdir)
[INFO] [stderr] error: could not compile `rype` (lib test)
[INFO] [stderr] 
[INFO] [stderr] Caused by:
[INFO] [stderr]   process didn't exit successfully: `/opt/rustwide/rustup-home/toolchains/1.99.0-beta.8-x86_64-unknown-linux-gnu/bin/rustc --crate-name rype --edition=2021 src/lib.rs --error-format=json --json=diagnostic-rendered-ansi,artifacts,future-incompat --emit=dep-info,link -C embed-bitcode=no -C debuginfo=2 --test --cfg 'feature="default"' --check-cfg 'cfg(docsrs,test)' --check-cfg 'cfg(feature, values("arrow-ffi", "default"))' -C metadata=d2ab6af4bb9b101b -C extra-filename=-e0caaa3676bd4133 --out-dir /opt/rustwide/target/debug/deps -L dependency=/opt/rustwide/target/debug/deps --extern anyhow=/opt/rustwide/target/debug/deps/libanyhow-4342eda19ce54c8e.rlib --extern arrow=/opt/rustwide/target/debug/deps/libarrow-433ede49539ee644.rlib --extern bytes=/opt/rustwide/target/debug/deps/libbytes-3529dc27cc7678fe.rlib --extern clap=/opt/rustwide/target/debug/deps/libclap-0d6c4fcc591ad776.rlib --extern env_logger=/opt/rustwide/target/debug/deps/libenv_logger-770cb207ae28fe30.rlib --extern flate2=/opt/rustwide/target/debug/deps/libflate2-8df2ddde8ffd0fc3.rlib --extern libc=/opt/rustwide/target/debug/deps/liblibc-a24490d9e26425aa.rlib --extern log=/opt/rustwide/target/debug/deps/liblog-b262261d47bd2eba.rlib --extern needletail=/opt/rustwide/target/debug/deps/libneedletail-9af723d4902d985d.rlib --extern parquet=/opt/rustwide/target/debug/deps/libparquet-b1960ca05db25237.rlib --extern rayon=/opt/rustwide/target/debug/deps/librayon-f14587bbf0e4b44d.rlib --extern serde=/opt/rustwide/target/debug/deps/libserde-fe62a5de73a0da6d.rlib --extern tempfile=/opt/rustwide/target/debug/deps/libtempfile-f050a8a44ae98f02.rlib --extern toml=/opt/rustwide/target/debug/deps/libtoml-d7f845708d681e3d.rlib --extern zstd=/opt/rustwide/target/debug/deps/libzstd-80149f3581ebe3e3.rlib --cap-lints=warn -L native=/opt/rustwide/target/debug/build/zstd-sys-bb8cc2ff6581e6eb/out -L native=/usr/lib -L native=/usr/lib/x86_64-linux-gnu` (signal: 9, SIGKILL: kill)
[INFO] [stderr] warning: build failed, waiting for other jobs to finish...
[INFO] [stderr] error: could not compile `rype` (bin "rype" test)
[INFO] [stderr] 
[INFO] [stderr] Caused by:
[INFO] [stderr]   process didn't exit successfully: `/opt/rustwide/rustup-home/toolchains/1.99.0-beta.8-x86_64-unknown-linux-gnu/bin/rustc --crate-name rype --edition=2021 src/main.rs --error-format=json --json=diagnostic-rendered-ansi,artifacts,future-incompat --emit=dep-info,link -C embed-bitcode=no -C debuginfo=2 --test --cfg 'feature="default"' --check-cfg 'cfg(docsrs,test)' --check-cfg 'cfg(feature, values("arrow-ffi", "default"))' -C metadata=7d02febb38e4eb67 -C extra-filename=-95322ecc3c917183 --out-dir /opt/rustwide/target/debug/deps -L dependency=/opt/rustwide/target/debug/deps --extern anyhow=/opt/rustwide/target/debug/deps/libanyhow-4342eda19ce54c8e.rlib --extern arrow=/opt/rustwide/target/debug/deps/libarrow-433ede49539ee644.rlib --extern bytes=/opt/rustwide/target/debug/deps/libbytes-3529dc27cc7678fe.rlib --extern clap=/opt/rustwide/target/debug/deps/libclap-0d6c4fcc591ad776.rlib --extern env_logger=/opt/rustwide/target/debug/deps/libenv_logger-770cb207ae28fe30.rlib --extern flate2=/opt/rustwide/target/debug/deps/libflate2-8df2ddde8ffd0fc3.rlib --extern libc=/opt/rustwide/target/debug/deps/liblibc-a24490d9e26425aa.rlib --extern log=/opt/rustwide/target/debug/deps/liblog-b262261d47bd2eba.rlib --extern needletail=/opt/rustwide/target/debug/deps/libneedletail-9af723d4902d985d.rlib --extern parquet=/opt/rustwide/target/debug/deps/libparquet-b1960ca05db25237.rlib --extern rayon=/opt/rustwide/target/debug/deps/librayon-f14587bbf0e4b44d.rlib --extern rype=/opt/rustwide/target/debug/deps/librype.rlib --extern serde=/opt/rustwide/target/debug/deps/libserde-fe62a5de73a0da6d.rlib --extern tempfile=/opt/rustwide/target/debug/deps/libtempfile-f050a8a44ae98f02.rlib --extern toml=/opt/rustwide/target/debug/deps/libtoml-d7f845708d681e3d.rlib --extern zstd=/opt/rustwide/target/debug/deps/libzstd-80149f3581ebe3e3.rlib --cap-lints=warn -L native=/opt/rustwide/target/debug/build/zstd-sys-bb8cc2ff6581e6eb/out -L native=/usr/lib -L native=/usr/lib/x86_64-linux-gnu` (signal: 9, SIGKILL: kill)
[INFO] [stderr] error: could not compile `rype` (bin "rype")
[INFO] [stderr] 
[INFO] [stderr] Caused by:
[INFO] [stderr]   process didn't exit successfully: `/opt/rustwide/rustup-home/toolchains/1.99.0-beta.8-x86_64-unknown-linux-gnu/bin/rustc --crate-name rype --edition=2021 src/main.rs --error-format=json --json=diagnostic-rendered-ansi,artifacts,future-incompat --crate-type bin --emit=dep-info,link -C embed-bitcode=no -C debuginfo=2 --cfg 'feature="default"' --check-cfg 'cfg(docsrs,test)' --check-cfg 'cfg(feature, values("arrow-ffi", "default"))' -C metadata=0846cfc7d7d9c71f -C extra-filename=-c4fa37e154a91b49 --out-dir /opt/rustwide/target/debug/deps -L dependency=/opt/rustwide/target/debug/deps --extern anyhow=/opt/rustwide/target/debug/deps/libanyhow-4342eda19ce54c8e.rlib --extern arrow=/opt/rustwide/target/debug/deps/libarrow-433ede49539ee644.rlib --extern bytes=/opt/rustwide/target/debug/deps/libbytes-3529dc27cc7678fe.rlib --extern clap=/opt/rustwide/target/debug/deps/libclap-0d6c4fcc591ad776.rlib --extern env_logger=/opt/rustwide/target/debug/deps/libenv_logger-770cb207ae28fe30.rlib --extern flate2=/opt/rustwide/target/debug/deps/libflate2-8df2ddde8ffd0fc3.rlib --extern libc=/opt/rustwide/target/debug/deps/liblibc-a24490d9e26425aa.rlib --extern log=/opt/rustwide/target/debug/deps/liblog-b262261d47bd2eba.rlib --extern needletail=/opt/rustwide/target/debug/deps/libneedletail-9af723d4902d985d.rlib --extern parquet=/opt/rustwide/target/debug/deps/libparquet-b1960ca05db25237.rlib --extern rayon=/opt/rustwide/target/debug/deps/librayon-f14587bbf0e4b44d.rlib --extern rype=/opt/rustwide/target/debug/deps/librype.rlib --extern serde=/opt/rustwide/target/debug/deps/libserde-fe62a5de73a0da6d.rlib --extern toml=/opt/rustwide/target/debug/deps/libtoml-d7f845708d681e3d.rlib --extern zstd=/opt/rustwide/target/debug/deps/libzstd-80149f3581ebe3e3.rlib --cap-lints=warn -L native=/opt/rustwide/target/debug/build/zstd-sys-bb8cc2ff6581e6eb/out -L native=/usr/lib -L native=/usr/lib/x86_64-linux-gnu` (signal: 9, SIGKILL: kill)
[INFO] [stdout] error: linking with `cc` failed: exit status: 1
[INFO] [stdout]   |
[INFO] [stdout]   = note:  "cc" "-m64" "/opt/rustwide/target/debug/deps/rustcziawKx/symbols.o" "<2 object files omitted>" "-Wl,--as-needed" "-Wl,-Bstatic" "/opt/rustwide/target/debug/deps/{libtempfile-f050a8a44ae98f02,libfastrand-751bcde24b8aa073,librustix-bcbc58348a6e2b95,liblinux_raw_sys-7c0af75954695899,librype,libtoml-d7f845708d681e3d,libtoml_writer-35bb0e15a531393e,libtoml_parser-994d055917c0de02,libwinnow-4a077c8f34bde3e6,libserde_spanned-f97fde08cb2cb09e,libtoml_datetime-7384571b5b09b459,liblog-b262261d47bd2eba,libneedletail-9af723d4902d985d,libbytecount-4690dc5a500fb13e,libbuffer_redux-50922c841e54b99c,libliblzma-5f7068035332ddbb,libliblzma_sys-e7dd2a26caa7abf0,libflate2-8df2ddde8ffd0fc3,libminiz_oxide-06b92a8d01088f52,libsimd_adler32-579395eb30afc243,libcrc32fast-77160f4e25d6fc25,libbzip2-848bd7bce6656d57,libbzip2_sys-e1033ac57c674b9c,libserde-fe62a5de73a0da6d,libserde_core-21f22ac7b803fb0e,libparquet-b1960ca05db25237,libzstd-80149f3581ebe3e3,libzstd_safe-1ba94968e4ea4865,libzstd_sys-d83518316e92b6b3,libsnap-7a9fb91fda548707,libarrow_ipc-93098be8a35f9c3e,libflatbuffers-b37ffb40892f22cb,libbitflags-9362e66b8880981a,libthrift-5135fa40a70cbc2e,libordered_float-6dbcf64bee3dff8f,libinteger_encoding-679603a00515518e,libbyteorder-8f59b6d1bfdaa844,libtwox_hash-70037a40ab0e2a17,libarrow-433ede49539ee644,libarrow_row-9a1f62bb6f7cdbb3,libarrow_string-24c48325b2a25bb6,libregex-5641d4e66919673a,libregex_automata-b666a4905e27e12b,libaho_corasick-61cf93dc53dd0bf8,libregex_syntax-7dc7ab5f1f598203,libmemchr-9be7e24c0cc6f173,libarrow_cast-9880a7c507a4400b,libatoi-dc6bd8e91cb520c9,libryu-25f59e4cd0d23219,libbase64-32787b0325ea6df8,liblexical_core-f05491c3a50edaa0,liblexical_write_float-712757527daa16ab,liblexical_write_integer-2f3589da0b9f210c,liblexical_parse_float-3c29d03419db7c6a,liblexical_parse_integer-4fcfb19c13bfbc18,liblexical_util-801879279684047a,libarrow_arith-75b1e02a71e798c0,libarrow_ord-a9b39c0c9445c847,libarrow_select-a359b61706383d89,libarrow_array-648b4ffab5ea59fe,libahash-0d0efecf048652d4,libgetrandom-bb57e69990fa6863,liblibc-a24490d9e26425aa,libonce_cell-fc0e43b082e4fdfb,libhashbrown-25abce2d85979e8d,libnum_complex-72a3e5c16a293c46,libchrono-b6a6a18d8c0c2b26,libiana_time_zone-bab5d12b40894ac1,libarrow_data-04a42db95b053e44,libarrow_schema-55c83eca3eec1052,libarrow_buffer-f46087fb453709eb,libbytes-3529dc27cc7678fe,libhalf-31d56e0de7b0ccb6,libcfg_if-83060ec5685761ae,libzerocopy-21a2b531b066008f,libnum_bigint-d10472601faca59e,libnum_integer-fb4a4843f219fdd1,libnum_traits-3f224bce47df7f59,librayon-f14587bbf0e4b44d,librayon_core-e986c1d1845fe6c3,libcrossbeam_deque-e71c6317821167fb,libcrossbeam_epoch-5fdcd5978a9f0010,libcrossbeam_utils-f696a08ab1e94e7a,libeither-40b894c145b6eae5,libanyhow-4342eda19ce54c8e}.rlib" "<sysroot>/lib/rustlib/x86_64-unknown-linux-gnu/lib/{libtest-*,libgetopts-*,librustc_std_workspace_std-*,libstd-*,libpanic_unwind-*,libobject-*,libmemchr-*,libaddr2line-*,libgimli-*,libcfg_if-*,librustc_demangle-*,libstd_detect-*,libhashbrown-*,librustc_std_workspace_alloc-*,libminiz_oxide-*,libadler2-*,libunwind-*,liblibc-*,librustc_std_workspace_core-*,liballoc-*,libcore-*,libcompiler_builtins-*}.rlib" "-Wl,-Bdynamic" "-llzma" "-lbz2" "-lgcc_s" "-lutil" "-lrt" "-lpthread" "-lm" "-ldl" "-lc" "-L" "/opt/rustwide/target/debug/deps/rustcziawKx/raw-dylibs" "-B<sysroot>/lib/rustlib/x86_64-unknown-linux-gnu/bin/gcc-ld" "-fuse-ld=lld" "-Wl,--eh-frame-hdr" "-Wl,-z,noexecstack" "-L" "/opt/rustwide/target/debug/build/zstd-sys-bb8cc2ff6581e6eb/out" "-L" "/usr/lib" "-L" "/usr/lib/x86_64-linux-gnu" "-L" "<sysroot>/lib/rustlib/x86_64-unknown-linux-gnu/lib" "-o" "/opt/rustwide/target/debug/deps/readme_example_test-c9f56375b3afe15f" "-Wl,--gc-sections" "-pie" "-Wl,-z,relro,-z,now" "-nodefaultlibs"
[INFO] [stdout]   = note: some arguments are omitted. use `--verbose` to show all linker arguments
[INFO] [stdout]   = note: collect2: fatal error: ld terminated with signal 9 [Killed]
[INFO] [stdout]           compilation terminated.
[INFO] [stdout]           
[INFO] [stdout] 
[INFO] [stdout] 
[INFO] [stderr] error: could not compile `rype` (test "readme_example_test") due to 1 previous error
[INFO] [stdout] error: linking with `cc` failed: exit status: 1
[INFO] [stdout]   |
[INFO] [stdout]   = note:  "cc" "-m64" "/opt/rustwide/target/debug/deps/rustcKPHoEN/symbols.o" "<2 object files omitted>" "-Wl,--as-needed" "-Wl,-Bstatic" "/opt/rustwide/target/debug/deps/{librype,libtoml-d7f845708d681e3d,libtoml_writer-35bb0e15a531393e,libtoml_parser-994d055917c0de02,libwinnow-4a077c8f34bde3e6,libserde_spanned-f97fde08cb2cb09e,libtoml_datetime-7384571b5b09b459,liblog-b262261d47bd2eba,libneedletail-9af723d4902d985d,libbytecount-4690dc5a500fb13e,libbuffer_redux-50922c841e54b99c,libliblzma-5f7068035332ddbb,libliblzma_sys-e7dd2a26caa7abf0,libflate2-8df2ddde8ffd0fc3,libminiz_oxide-06b92a8d01088f52,libsimd_adler32-579395eb30afc243,libcrc32fast-77160f4e25d6fc25,libbzip2-848bd7bce6656d57,libbzip2_sys-e1033ac57c674b9c,libserde-fe62a5de73a0da6d,libserde_core-21f22ac7b803fb0e,libparquet-b1960ca05db25237,libzstd-80149f3581ebe3e3,libzstd_safe-1ba94968e4ea4865,libzstd_sys-d83518316e92b6b3,libsnap-7a9fb91fda548707,libarrow_ipc-93098be8a35f9c3e,libflatbuffers-b37ffb40892f22cb,libthrift-5135fa40a70cbc2e,libordered_float-6dbcf64bee3dff8f,libinteger_encoding-679603a00515518e,libbyteorder-8f59b6d1bfdaa844,libtwox_hash-70037a40ab0e2a17,libarrow-433ede49539ee644,libarrow_row-9a1f62bb6f7cdbb3,libarrow_string-24c48325b2a25bb6,libregex-5641d4e66919673a,libregex_automata-b666a4905e27e12b,libaho_corasick-61cf93dc53dd0bf8,libregex_syntax-7dc7ab5f1f598203,libmemchr-9be7e24c0cc6f173,libarrow_cast-9880a7c507a4400b,libatoi-dc6bd8e91cb520c9,libryu-25f59e4cd0d23219,libbase64-32787b0325ea6df8,liblexical_core-f05491c3a50edaa0,liblexical_write_float-712757527daa16ab,liblexical_write_integer-2f3589da0b9f210c,liblexical_parse_float-3c29d03419db7c6a,liblexical_parse_integer-4fcfb19c13bfbc18,liblexical_util-801879279684047a,libarrow_arith-75b1e02a71e798c0,libarrow_ord-a9b39c0c9445c847,libarrow_select-a359b61706383d89,libarrow_array-648b4ffab5ea59fe,libahash-0d0efecf048652d4,libhashbrown-25abce2d85979e8d,libnum_complex-72a3e5c16a293c46,libchrono-b6a6a18d8c0c2b26,libiana_time_zone-bab5d12b40894ac1,libarrow_data-04a42db95b053e44,libarrow_schema-55c83eca3eec1052,libarrow_buffer-f46087fb453709eb,libbytes-3529dc27cc7678fe,libhalf-31d56e0de7b0ccb6,libzerocopy-21a2b531b066008f,libnum_bigint-d10472601faca59e,libnum_integer-fb4a4843f219fdd1,libnum_traits-3f224bce47df7f59,librayon-f14587bbf0e4b44d,librayon_core-e986c1d1845fe6c3,libcrossbeam_deque-e71c6317821167fb,libcrossbeam_epoch-5fdcd5978a9f0010,libcrossbeam_utils-f696a08ab1e94e7a,libeither-40b894c145b6eae5}.rlib" "<sysroot>/lib/rustlib/x86_64-unknown-linux-gnu/lib/{libtest-*,libgetopts-*,librustc_std_workspace_std-*}.rlib" "/opt/rustwide/target/debug/deps/{libtempfile-f050a8a44ae98f02,libgetrandom-bb57e69990fa6863,liblibc-a24490d9e26425aa,libcfg_if-83060ec5685761ae,libfastrand-751bcde24b8aa073,libonce_cell-fc0e43b082e4fdfb,librustix-bcbc58348a6e2b95,libbitflags-9362e66b8880981a,liblinux_raw_sys-7c0af75954695899,libanyhow-4342eda19ce54c8e}.rlib" "<sysroot>/lib/rustlib/x86_64-unknown-linux-gnu/lib/{libstd-*,libpanic_unwind-*,libobject-*,libmemchr-*,libaddr2line-*,libgimli-*,libcfg_if-*,librustc_demangle-*,libstd_detect-*,libhashbrown-*,librustc_std_workspace_alloc-*,libminiz_oxide-*,libadler2-*,libunwind-*,liblibc-*,librustc_std_workspace_core-*,liballoc-*,libcore-*,libcompiler_builtins-*}.rlib" "-Wl,-Bdynamic" "-llzma" "-lbz2" "-lgcc_s" "-lutil" "-lrt" "-lpthread" "-lm" "-ldl" "-lc" "-L" "/opt/rustwide/target/debug/deps/rustcKPHoEN/raw-dylibs" "-B<sysroot>/lib/rustlib/x86_64-unknown-linux-gnu/bin/gcc-ld" "-fuse-ld=lld" "-Wl,--eh-frame-hdr" "-Wl,-z,noexecstack" "-L" "/opt/rustwide/target/debug/build/zstd-sys-bb8cc2ff6581e6eb/out" "-L" "/usr/lib" "-L" "/usr/lib/x86_64-linux-gnu" "-L" "<sysroot>/lib/rustlib/x86_64-unknown-linux-gnu/lib" "-o" "/opt/rustwide/target/debug/deps/config_integration_test-c125a332e285c146" "-Wl,--gc-sections" "-pie" "-Wl,-z,relro,-z,now" "-nodefaultlibs"
[INFO] [stdout]   = note: some arguments are omitted. use `--verbose` to show all linker arguments
[INFO] [stdout]   = note: collect2: fatal error: ld terminated with signal 9 [Killed]
[INFO] [stdout]           compilation terminated.
[INFO] [stdout]           
[INFO] [stdout] 
[INFO] [stdout] 
[INFO] [stderr] error: could not compile `rype` (test "config_integration_test") due to 1 previous error
[INFO] [stdout] error: linking with `cc` failed: exit status: 1
[INFO] [stdout]   |
[INFO] [stdout]   = note:  "cc" "-m64" "/opt/rustwide/target/debug/deps/rustcpuF8Co/symbols.o" "<2 object files omitted>" "-Wl,--as-needed" "-Wl,-Bstatic" "<sysroot>/lib/rustlib/x86_64-unknown-linux-gnu/lib/{libtest-*,libgetopts-*,librustc_std_workspace_std-*}.rlib" "/opt/rustwide/target/debug/deps/{librype,libtoml-d7f845708d681e3d,libtoml_writer-35bb0e15a531393e,libtoml_parser-994d055917c0de02,libwinnow-4a077c8f34bde3e6,libserde_spanned-f97fde08cb2cb09e,libtoml_datetime-7384571b5b09b459,liblog-b262261d47bd2eba,libneedletail-9af723d4902d985d,libbytecount-4690dc5a500fb13e,libbuffer_redux-50922c841e54b99c,libliblzma-5f7068035332ddbb,libliblzma_sys-e7dd2a26caa7abf0,libflate2-8df2ddde8ffd0fc3,libminiz_oxide-06b92a8d01088f52,libsimd_adler32-579395eb30afc243,libcrc32fast-77160f4e25d6fc25,libbzip2-848bd7bce6656d57,libbzip2_sys-e1033ac57c674b9c,libserde-fe62a5de73a0da6d,libserde_core-21f22ac7b803fb0e,libparquet-b1960ca05db25237,libzstd-80149f3581ebe3e3,libzstd_safe-1ba94968e4ea4865,libzstd_sys-d83518316e92b6b3,libsnap-7a9fb91fda548707,libarrow_ipc-93098be8a35f9c3e,libflatbuffers-b37ffb40892f22cb,libbitflags-9362e66b8880981a,libthrift-5135fa40a70cbc2e,libordered_float-6dbcf64bee3dff8f,libinteger_encoding-679603a00515518e,libbyteorder-8f59b6d1bfdaa844,libtwox_hash-70037a40ab0e2a17,libarrow-433ede49539ee644,libarrow_row-9a1f62bb6f7cdbb3,libarrow_string-24c48325b2a25bb6,libregex-5641d4e66919673a,libregex_automata-b666a4905e27e12b,libaho_corasick-61cf93dc53dd0bf8,libregex_syntax-7dc7ab5f1f598203,libmemchr-9be7e24c0cc6f173,libarrow_cast-9880a7c507a4400b,libatoi-dc6bd8e91cb520c9,libryu-25f59e4cd0d23219,libbase64-32787b0325ea6df8,liblexical_core-f05491c3a50edaa0,liblexical_write_float-712757527daa16ab,liblexical_write_integer-2f3589da0b9f210c,liblexical_parse_float-3c29d03419db7c6a,liblexical_parse_integer-4fcfb19c13bfbc18,liblexical_util-801879279684047a,libarrow_arith-75b1e02a71e798c0,libarrow_ord-a9b39c0c9445c847,libarrow_select-a359b61706383d89,libarrow_array-648b4ffab5ea59fe,libahash-0d0efecf048652d4,libgetrandom-bb57e69990fa6863,liblibc-a24490d9e26425aa,libonce_cell-fc0e43b082e4fdfb,libhashbrown-25abce2d85979e8d,libnum_complex-72a3e5c16a293c46,libchrono-b6a6a18d8c0c2b26,libiana_time_zone-bab5d12b40894ac1,libarrow_data-04a42db95b053e44,libarrow_schema-55c83eca3eec1052,libarrow_buffer-f46087fb453709eb,libbytes-3529dc27cc7678fe,libhalf-31d56e0de7b0ccb6,libcfg_if-83060ec5685761ae,libzerocopy-21a2b531b066008f,libnum_bigint-d10472601faca59e,libnum_integer-fb4a4843f219fdd1,libnum_traits-3f224bce47df7f59,librayon-f14587bbf0e4b44d,librayon_core-e986c1d1845fe6c3,libcrossbeam_deque-e71c6317821167fb,libcrossbeam_epoch-5fdcd5978a9f0010,libcrossbeam_utils-f696a08ab1e94e7a,libeither-40b894c145b6eae5,libanyhow-4342eda19ce54c8e}.rlib" "<sysroot>/lib/rustlib/x86_64-unknown-linux-gnu/lib/{libstd-*,libpanic_unwind-*,libobject-*,libmemchr-*,libaddr2line-*,libgimli-*,libcfg_if-*,librustc_demangle-*,libstd_detect-*,libhashbrown-*,librustc_std_workspace_alloc-*,libminiz_oxide-*,libadler2-*,libunwind-*,liblibc-*,librustc_std_workspace_core-*,liballoc-*,libcore-*,libcompiler_builtins-*}.rlib" "-Wl,-Bdynamic" "-llzma" "-lbz2" "-lgcc_s" "-lutil" "-lrt" "-lpthread" "-lm" "-ldl" "-lc" "-L" "/opt/rustwide/target/debug/deps/rustcpuF8Co/raw-dylibs" "-B<sysroot>/lib/rustlib/x86_64-unknown-linux-gnu/bin/gcc-ld" "-fuse-ld=lld" "-Wl,--eh-frame-hdr" "-Wl,-z,noexecstack" "-L" "/opt/rustwide/target/debug/build/zstd-sys-bb8cc2ff6581e6eb/out" "-L" "/usr/lib" "-L" "/usr/lib/x86_64-linux-gnu" "-L" "<sysroot>/lib/rustlib/x86_64-unknown-linux-gnu/lib" "-o" "/opt/rustwide/target/debug/deps/debug_inverted-49b83d52d9e8a971" "-Wl,--gc-sections" "-pie" "-Wl,-z,relro,-z,now" "-nodefaultlibs"
[INFO] [stdout]   = note: some arguments are omitted. use `--verbose` to show all linker arguments
[INFO] [stdout]   = note: collect2: fatal error: ld terminated with signal 9 [Killed]
[INFO] [stdout]           compilation terminated.
[INFO] [stdout]           
[INFO] [stdout] 
[INFO] [stdout] 
[INFO] [stderr] error: could not compile `rype` (bin "debug_inverted" test) due to 1 previous error
[INFO] [stdout] error: linking with `cc` failed: exit status: 1
[INFO] [stdout]   |
[INFO] [stdout]   = note:  "cc" "-m64" "/opt/rustwide/target/debug/deps/rustcea5B0o/symbols.o" "<4 object files omitted>" "-Wl,--as-needed" "-Wl,-Bstatic" "<sysroot>/lib/rustlib/x86_64-unknown-linux-gnu/lib/{libtest-*,libgetopts-*,librustc_std_workspace_std-*}.rlib" "/opt/rustwide/target/debug/deps/{librype,libtoml-d7f845708d681e3d,libtoml_writer-35bb0e15a531393e,libtoml_parser-994d055917c0de02,libwinnow-4a077c8f34bde3e6,libserde_spanned-f97fde08cb2cb09e,libtoml_datetime-7384571b5b09b459,liblog-b262261d47bd2eba,libneedletail-9af723d4902d985d,libbytecount-4690dc5a500fb13e,libbuffer_redux-50922c841e54b99c,libliblzma-5f7068035332ddbb,libliblzma_sys-e7dd2a26caa7abf0,libflate2-8df2ddde8ffd0fc3,libminiz_oxide-06b92a8d01088f52,libsimd_adler32-579395eb30afc243,libcrc32fast-77160f4e25d6fc25,libbzip2-848bd7bce6656d57,libbzip2_sys-e1033ac57c674b9c,libserde-fe62a5de73a0da6d,libserde_core-21f22ac7b803fb0e,librayon-f14587bbf0e4b44d,librayon_core-e986c1d1845fe6c3,libcrossbeam_deque-e71c6317821167fb,libcrossbeam_epoch-5fdcd5978a9f0010,libcrossbeam_utils-f696a08ab1e94e7a,libeither-40b894c145b6eae5,libtempfile-f050a8a44ae98f02,libfastrand-751bcde24b8aa073,librustix-bcbc58348a6e2b95,liblinux_raw_sys-7c0af75954695899,libparquet-b1960ca05db25237,libzstd-80149f3581ebe3e3,libzstd_safe-1ba94968e4ea4865,libzstd_sys-d83518316e92b6b3,libsnap-7a9fb91fda548707,libarrow_ipc-93098be8a35f9c3e,libflatbuffers-b37ffb40892f22cb,libbitflags-9362e66b8880981a,libthrift-5135fa40a70cbc2e,libordered_float-6dbcf64bee3dff8f,libinteger_encoding-679603a00515518e,libbyteorder-8f59b6d1bfdaa844,libtwox_hash-70037a40ab0e2a17,libarrow-433ede49539ee644,libarrow_row-9a1f62bb6f7cdbb3,libarrow_string-24c48325b2a25bb6,libregex-5641d4e66919673a,libregex_automata-b666a4905e27e12b,libaho_corasick-61cf93dc53dd0bf8,libregex_syntax-7dc7ab5f1f598203,libmemchr-9be7e24c0cc6f173,libarrow_cast-9880a7c507a4400b,libatoi-dc6bd8e91cb520c9,libryu-25f59e4cd0d23219,libbase64-32787b0325ea6df8,liblexical_core-f05491c3a50edaa0,liblexical_write_float-712757527daa16ab,liblexical_write_integer-2f3589da0b9f210c,liblexical_parse_float-3c29d03419db7c6a,liblexical_parse_integer-4fcfb19c13bfbc18,liblexical_util-801879279684047a,libarrow_arith-75b1e02a71e798c0,libarrow_ord-a9b39c0c9445c847,libarrow_select-a359b61706383d89,libarrow_array-648b4ffab5ea59fe,libahash-0d0efecf048652d4,libgetrandom-bb57e69990fa6863,liblibc-a24490d9e26425aa,libonce_cell-fc0e43b082e4fdfb,libhashbrown-25abce2d85979e8d,libnum_complex-72a3e5c16a293c46,libchrono-b6a6a18d8c0c2b26,libiana_time_zone-bab5d12b40894ac1,libarrow_data-04a42db95b053e44,libarrow_schema-55c83eca3eec1052,libarrow_buffer-f46087fb453709eb,libbytes-3529dc27cc7678fe,libhalf-31d56e0de7b0ccb6,libcfg_if-83060ec5685761ae,libzerocopy-21a2b531b066008f,libnum_bigint-d10472601faca59e,libnum_integer-fb4a4843f219fdd1,libnum_traits-3f224bce47df7f59,libanyhow-4342eda19ce54c8e}.rlib" "<sysroot>/lib/rustlib/x86_64-unknown-linux-gnu/lib/{libstd-*,libpanic_unwind-*,libobject-*,libmemchr-*,libaddr2line-*,libgimli-*,libcfg_if-*,librustc_demangle-*,libstd_detect-*,libhashbrown-*,librustc_std_workspace_alloc-*,libminiz_oxide-*,libadler2-*,libunwind-*,liblibc-*,librustc_std_workspace_core-*,liballoc-*,libcore-*,libcompiler_builtins-*}.rlib" "-Wl,-Bdynamic" "-llzma" "-lbz2" "-lgcc_s" "-lutil" "-lrt" "-lpthread" "-lm" "-ldl" "-lc" "-L" "/opt/rustwide/target/debug/deps/rustcea5B0o/raw-dylibs" "-B<sysroot>/lib/rustlib/x86_64-unknown-linux-gnu/bin/gcc-ld" "-fuse-ld=lld" "-Wl,--eh-frame-hdr" "-Wl,-z,noexecstack" "-L" "/opt/rustwide/target/debug/build/zstd-sys-bb8cc2ff6581e6eb/out" "-L" "/usr/lib" "-L" "/usr/lib/x86_64-linux-gnu" "-L" "<sysroot>/lib/rustlib/x86_64-unknown-linux-gnu/lib" "-o" "/opt/rustwide/target/debug/deps/parquet_structure_tests-e72b84cefec17de4" "-Wl,--gc-sections" "-pie" "-Wl,-z,relro,-z,now" "-nodefaultlibs"
[INFO] [stdout]   = note: some arguments are omitted. use `--verbose` to show all linker arguments
[INFO] [stdout]   = note: collect2: fatal error: ld terminated with signal 9 [Killed]
[INFO] [stdout]           compilation terminated.
[INFO] [stdout]           
[INFO] [stdout] 
[INFO] [stdout] 
[INFO] [stderr] error: could not compile `rype` (test "parquet_structure_tests") due to 1 previous error
[INFO] running `Command { std: "docker" "inspect" "6963430463cd4653ab99aae84bc8527be1e67c0ca5ccc827893642655ed44075", kill_on_drop: false }`
[INFO] running `Command { std: "docker" "rm" "-f" "6963430463cd4653ab99aae84bc8527be1e67c0ca5ccc827893642655ed44075", kill_on_drop: false }`
[INFO] [stdout] 6963430463cd4653ab99aae84bc8527be1e67c0ca5ccc827893642655ed44075
