[INFO] fetching crate rxqlite-lite-common 0.1.6...
[INFO] testing rxqlite-lite-common-0.1.6 against 1.100.0-beta.1 for beta-1.100-2
[INFO] extracting crate rxqlite-lite-common 0.1.6 into /workspace/builds/worker-5-tc2/source
[INFO] started tweaking crates.io crate rxqlite-lite-common 0.1.6
[INFO] finished tweaking crates.io crate rxqlite-lite-common 0.1.6
[INFO] tweaked toml for crates.io crate rxqlite-lite-common 0.1.6 written to /workspace/builds/worker-5-tc2/source/Cargo.toml
[INFO] validating manifest of crates.io crate rxqlite-lite-common 0.1.6 on toolchain 1.100.0-beta.1
[INFO] running `Command { std: CARGO_HOME="/workspace/cargo-home" RUSTUP_HOME="/workspace/rustup-home" "/workspace/cargo-home/bin/cargo" "+1.100.0-beta.1" "metadata" "--manifest-path" "Cargo.toml" "--no-deps", kill_on_drop: false }`
[INFO] running `Command { std: CARGO_HOME="/workspace/cargo-home" RUSTUP_HOME="/workspace/rustup-home" "/workspace/cargo-home/bin/cargo" "+1.100.0-beta.1" "generate-lockfile" "--manifest-path" "Cargo.toml", kill_on_drop: false }`
[INFO] [stderr]     Updating crates.io index
[INFO] [stderr]      Locking 104 packages to highest compatible versions
[INFO] [stderr]       Adding derive_more v0.99.20 (available: v2.1.1)
[INFO] [stderr]       Adding rustls v0.22.4 (available: v0.23.45)
[INFO] [stderr]       Adding thiserror v1.0.69 (available: v2.0.21)
[INFO] running `Command { std: CARGO_HOME="/workspace/cargo-home" RUSTUP_HOME="/workspace/rustup-home" "/workspace/cargo-home/bin/cargo" "+1.100.0-beta.1" "fetch" "--manifest-path" "Cargo.toml", kill_on_drop: false }`
[INFO] [stderr] warning: `package.homepage` is redundant with `package.repository`
[INFO] [stderr]   --> Cargo.toml:48:12
[INFO] [stderr]    |
[INFO] [stderr] 48 | homepage = "https://github.com/HaHa421/rxqlite"
[INFO] [stderr]    |            ^^^^^^^^^^^^^^^^^^^^^^^^^^^^^^^^^^^^
[INFO] [stderr] ...
[INFO] [stderr] 52 | repository = "https://github.com/HaHa421/rxqlite"
[INFO] [stderr]    |              ------------------------------------
[INFO] [stderr]    |
[INFO] [stderr]    = note: `cargo::redundant_homepage` is set to `warn` by default
[INFO] [stderr] help: consider removing `package.homepage`
[INFO] [stderr] warning: `rxqlite-lite-common` (manifest) generated 1 warning
[INFO] running `Command { std: "docker" "create" "-v" "/var/lib/crater-agent-workspace/builds/worker-5-tc2/source:/opt/rustwide/workdir:ro,Z" "-v" "/var/lib/crater-agent-workspace/builds/worker-5-tc2/target:/opt/rustwide/target:rw,Z" "-v" "/var/lib/crater-agent-workspace/cargo-home:/opt/rustwide/cargo-home:ro,Z" "-v" "/var/lib/crater-agent-workspace/rustup-home:/opt/rustwide/rustup-home:ro,Z" "-m" "1610612736" "--network" "none" "ghcr.io/rust-lang/crates-build-env/linux@sha256:3111399a4047eeb3a02b7a90e478d715f38a8c6669b5c4b49d30a17385265909" "sleep" "infinity", kill_on_drop: false }`
[INFO] [stdout] eb7226ce89d6d017caba53100ad3b40e21916854adf3d0c0d3f2f09c20d601d7
[INFO] running `Command { std: "docker" "start" "eb7226ce89d6d017caba53100ad3b40e21916854adf3d0c0d3f2f09c20d601d7", kill_on_drop: false }`
[INFO] running `Command { std: "docker" "inspect" "eb7226ce89d6d017caba53100ad3b40e21916854adf3d0c0d3f2f09c20d601d7", kill_on_drop: false }`
[INFO] running `Command { std: "docker" "exec" "-e" "SOURCE_DIR=/opt/rustwide/workdir" "-e" "CARGO_HOME=/opt/rustwide/cargo-home" "-e" "RUSTUP_HOME=/opt/rustwide/rustup-home" "-e" "CARGO_TARGET_DIR=/opt/rustwide/target" "-w" "/opt/rustwide/workdir" "--user" "0:0" "eb7226ce89d6d017caba53100ad3b40e21916854adf3d0c0d3f2f09c20d601d7" "/opt/rustwide/cargo-home/bin/cargo" "+1.100.0-beta.1" "metadata" "--no-deps" "--format-version=1", kill_on_drop: false }`
[INFO] running `Command { std: "docker" "inspect" "eb7226ce89d6d017caba53100ad3b40e21916854adf3d0c0d3f2f09c20d601d7", kill_on_drop: false }`
[INFO] running `Command { std: "docker" "exec" "-e" "SOURCE_DIR=/opt/rustwide/workdir" "-e" "CARGO_HOME=/opt/rustwide/cargo-home" "-e" "RUSTUP_HOME=/opt/rustwide/rustup-home" "-e" "CARGO_TARGET_DIR=/opt/rustwide/target" "-e" "CARGO_INCREMENTAL=0" "-e" "RUST_BACKTRACE=full" "-e" "RUSTFLAGS=--cap-lints=warn" "-e" "RUSTDOCFLAGS=--cap-lints=warn" "-w" "/opt/rustwide/workdir" "--user" "0:0" "eb7226ce89d6d017caba53100ad3b40e21916854adf3d0c0d3f2f09c20d601d7" "/opt/rustwide/cargo-home/bin/cargo" "+1.100.0-beta.1" "build" "--frozen" "--message-format=json", kill_on_drop: false }`
[INFO] [stderr] warning: `package.homepage` is redundant with `package.repository`
[INFO] [stderr]   --> Cargo.toml:48:12
[INFO] [stderr]    |
[INFO] [stderr] 48 | homepage = "https://github.com/HaHa421/rxqlite"
[INFO] [stderr]    |            ^^^^^^^^^^^^^^^^^^^^^^^^^^^^^^^^^^^^
[INFO] [stderr] ...
[INFO] [stderr] 52 | repository = "https://github.com/HaHa421/rxqlite"
[INFO] [stderr]    |              ------------------------------------
[INFO] [stderr]    |
[INFO] [stderr]    = note: `cargo::redundant_homepage` is set to `warn` by default
[INFO] [stderr] help: consider removing `package.homepage`
[INFO] [stderr] warning: `rxqlite-lite-common` (manifest) generated 1 warning
[INFO] [stderr]    Compiling find-msvc-tools v0.1.14
[INFO] [stderr]    Compiling shlex v2.0.1
[INFO] [stderr]    Compiling pkg-config v0.3.34
[INFO] [stderr]    Compiling fs_extra v1.3.0
[INFO] [stderr]    Compiling dunce v1.0.5
[INFO] [stderr]    Compiling cfg-if v1.0.5
[INFO] [stderr]    Compiling zeroize v1.9.1
[INFO] [stderr]    Compiling aws-lc-rs v1.18.1
[INFO] [stderr]    Compiling jobserver v0.1.35
[INFO] [stderr]    Compiling smallvec v1.16.2
[INFO] [stderr]    Compiling errno v0.3.14
[INFO] [stderr]    Compiling mio v1.2.4
[INFO] [stderr]    Compiling socket2 v0.6.5
[INFO] [stderr]    Compiling syn v3.0.6
[INFO] [stderr]    Compiling syn v2.0.119
[INFO] [stderr]    Compiling rustls v0.23.45
[INFO] [stderr]    Compiling getrandom v0.2.17
[INFO] [stderr]    Compiling anyhow v1.0.104
[INFO] [stderr]    Compiling rustls-pki-types v1.15.1
[INFO] [stderr]    Compiling signal-hook-registry v1.4.8
[INFO] [stderr]    Compiling rustls v0.22.4
[INFO] [stderr]    Compiling futures-core v0.3.34
[INFO] [stderr]    Compiling serde_json v1.0.151
[INFO] [stderr]    Compiling futures-sink v0.3.34
[INFO] [stderr]    Compiling convert_case v0.4.0
[INFO] [stderr]    Compiling futures-task v0.3.34
[INFO] [stderr]    Compiling parking_lot_core v0.9.12
[INFO] [stderr]    Compiling cc v1.6.0
[INFO] [stderr]    Compiling parking_lot v0.12.5
[INFO] [stderr]    Compiling cmake v0.1.58
[INFO] [stderr]    Compiling thiserror-impl v1.0.69
[INFO] [stderr]    Compiling derive_more v0.99.20
[INFO] [stderr]    Compiling aws-lc-sys v0.45.0
[INFO] [stderr]    Compiling ring v0.17.14
[INFO] [stderr]    Compiling serde_derive v1.0.229
[INFO] [stderr]    Compiling tokio-macros v2.7.2
[INFO] [stderr]    Compiling futures-macro v0.3.34
[INFO] [stderr]    Compiling futures-util v0.3.34
[INFO] [stderr]    Compiling thiserror v1.0.69
[INFO] [stderr]    Compiling tokio v1.53.2
[INFO] [stderr]    Compiling serde v1.0.229
[INFO] [stderr]    Compiling rustls-webpki v0.102.8
[INFO] [stderr]    Compiling either v1.18.0
[INFO] [stderr]    Compiling chrono v0.4.45
[INFO] [stderr]    Compiling rxqlite-notification v0.1.1
[INFO] [stderr]    Compiling anyerror v0.1.13
[INFO] [stderr]    Compiling rxqlite-common v0.1.4
[INFO] [stderr]    Compiling tokio-util v0.7.19
[INFO] [stderr]    Compiling rustls-webpki v0.103.15
[INFO] [stderr]    Compiling tokio-rustls v0.26.6
[INFO] [stderr]    Compiling rxqlite-lite-common v0.1.6 (/opt/rustwide/workdir)
[INFO] [stdout] error[E0432]: unresolved import `futures_util::SinkExt`
[INFO] [stdout]    --> src/net_stream.rs:10:5
[INFO] [stdout]     |
[INFO] [stdout]  10 | use futures_util::SinkExt;
[INFO] [stdout]     |     ^^^^^^^^^^^^^^-------
[INFO] [stdout]     |                   |
[INFO] [stdout]     |                   no `SinkExt` in the root
[INFO] [stdout]     |
[INFO] [stdout] note: found an item that was configured out
[INFO] [stdout]    --> /opt/rustwide/cargo-home/registry/src/index.crates.io-1949cf8c6b5b557f/futures-util-0.3.34/src/lib.rs:301:29
[INFO] [stdout]     |
[INFO] [stdout] 299 | #[cfg(feature = "sink")]
[INFO] [stdout]     |       ---------------- the item is gated behind the `sink` feature
[INFO] [stdout] 300 | #[doc(no_inline)]
[INFO] [stdout] 301 | pub use crate::sink::{Sink, SinkExt};
[INFO] [stdout]     |                             ^^^^^^^
[INFO] [stdout] 
[INFO] [stdout] 
[INFO] [stdout] error[E0599]: no method named `send` found for mutable reference `&mut FramedWrite<WriteHalf<TlsStream<TcpStream>>, _>` in the current scope
[INFO] [stdout]    --> src/net_stream.rs:139:22
[INFO] [stdout]     |
[INFO] [stdout] 138 |                 framed_write
[INFO] [stdout] 139 |                     .send(BytesMut::from(message.as_slice()).freeze())
[INFO] [stdout]     |                      ^^^^ method not found in `&mut FramedWrite<WriteHalf<TlsStream<TcpStream>>, _>`
[INFO] [stdout]     |
[INFO] [stdout]     = note: the full name for the type has been written to '/opt/rustwide/target/debug/build/rxqlite-lite-common/93c3d8e25d83fcb6/out/rxqlite_lite_common-93c3d8e25d83fcb6.long-type-14557148957877140020.txt'
[INFO] [stdout]     = note: consider using `--verbose` to print the full type name to the console
[INFO] [stdout] 
[INFO] [stdout] 
[INFO] [stdout] error[E0599]: no method named `send` found for mutable reference `&mut FramedWrite<tokio::io::WriteHalf<tokio::net::TcpStream>, LengthDelimitedCodec>` in the current scope
[INFO] [stdout]    --> src/net_stream.rs:144:22
[INFO] [stdout]     |
[INFO] [stdout] 143 |                 framed_write
[INFO] [stdout] 144 |                     .send(BytesMut::from(message.as_slice()).freeze())
[INFO] [stdout]     |                      ^^^^ method not found in `&mut FramedWrite<tokio::io::WriteHalf<tokio::net::TcpStream>, LengthDelimitedCodec>`
[INFO] [stdout] 
[INFO] [stdout] 
[INFO] [stdout] Some errors have detailed explanations: E0432, E0599.
[INFO] [stdout] 
[INFO] [stdout] For more information about an error, try `rustc --explain E0432`.
[INFO] [stdout] 
[INFO] [stderr] error: could not compile `rxqlite-lite-common` (lib) due to 3 previous errors
[INFO] [stderr] warning: build failed, waiting for other jobs to finish...
[INFO] running `Command { std: "docker" "inspect" "eb7226ce89d6d017caba53100ad3b40e21916854adf3d0c0d3f2f09c20d601d7", kill_on_drop: false }`
[INFO] running `Command { std: "docker" "rm" "-f" "eb7226ce89d6d017caba53100ad3b40e21916854adf3d0c0d3f2f09c20d601d7", kill_on_drop: false }`
[INFO] [stdout] eb7226ce89d6d017caba53100ad3b40e21916854adf3d0c0d3f2f09c20d601d7
