[INFO] fetching crate rusty_rtos-capi-core 0.2.0...
[INFO] testing rusty_rtos-capi-core-0.2.0 against 1.99.0-beta.8 for beta-1.100-2
[INFO] extracting crate rusty_rtos-capi-core 0.2.0 into /workspace/builds/worker-2-tc1/source
[INFO] started tweaking crates.io crate rusty_rtos-capi-core 0.2.0
[INFO] finished tweaking crates.io crate rusty_rtos-capi-core 0.2.0
[INFO] tweaked toml for crates.io crate rusty_rtos-capi-core 0.2.0 written to /workspace/builds/worker-2-tc1/source/Cargo.toml
[INFO] validating manifest of crates.io crate rusty_rtos-capi-core 0.2.0 on toolchain 1.99.0-beta.8
[INFO] running `Command { std: CARGO_HOME="/workspace/cargo-home" RUSTUP_HOME="/workspace/rustup-home" "/workspace/cargo-home/bin/cargo" "+1.99.0-beta.8" "metadata" "--manifest-path" "Cargo.toml" "--no-deps", kill_on_drop: false }`
[INFO] crate crates.io crate rusty_rtos-capi-core 0.2.0 already has a lockfile, it will not be regenerated
[INFO] running `Command { std: CARGO_HOME="/workspace/cargo-home" RUSTUP_HOME="/workspace/rustup-home" "/workspace/cargo-home/bin/cargo" "+1.99.0-beta.8" "fetch" "--manifest-path" "Cargo.toml", kill_on_drop: false }`
[INFO] [stderr]     Updating crates.io index
[INFO] [stderr]     Blocking waiting for file lock on package cache
[INFO] [stderr]      Locking 1 package to highest Rust 1.85 compatible version
[INFO] [stderr]       Adding rusty_rtos_core v0.2.5
[INFO] [stderr]  Downloading crates ...
[INFO] [stderr]   Downloaded rusty_rtos_core v0.2.5
[INFO] running `Command { std: "docker" "create" "-v" "/var/lib/crater-agent-workspace/builds/worker-2-tc1/source:/opt/rustwide/workdir:ro,Z" "-v" "/var/lib/crater-agent-workspace/builds/worker-2-tc1/target:/opt/rustwide/target:rw,Z" "-v" "/var/lib/crater-agent-workspace/cargo-home:/opt/rustwide/cargo-home:ro,Z" "-v" "/var/lib/crater-agent-workspace/rustup-home:/opt/rustwide/rustup-home:ro,Z" "-m" "1610612736" "--network" "none" "ghcr.io/rust-lang/crates-build-env/linux@sha256:3111399a4047eeb3a02b7a90e478d715f38a8c6669b5c4b49d30a17385265909" "sleep" "infinity", kill_on_drop: false }`
[INFO] [stdout] 31a8cd442e34fb8e1ccd3437128266852f946257ef7b6b2451fcac432b54337e
[INFO] running `Command { std: "docker" "start" "31a8cd442e34fb8e1ccd3437128266852f946257ef7b6b2451fcac432b54337e", kill_on_drop: false }`
[INFO] running `Command { std: "docker" "inspect" "31a8cd442e34fb8e1ccd3437128266852f946257ef7b6b2451fcac432b54337e", kill_on_drop: false }`
[INFO] running `Command { std: "docker" "exec" "-e" "SOURCE_DIR=/opt/rustwide/workdir" "-e" "CARGO_HOME=/opt/rustwide/cargo-home" "-e" "RUSTUP_HOME=/opt/rustwide/rustup-home" "-e" "CARGO_TARGET_DIR=/opt/rustwide/target" "-w" "/opt/rustwide/workdir" "--user" "0:0" "31a8cd442e34fb8e1ccd3437128266852f946257ef7b6b2451fcac432b54337e" "/opt/rustwide/cargo-home/bin/cargo" "+1.99.0-beta.8" "metadata" "--no-deps" "--format-version=1", kill_on_drop: false }`
[INFO] running `Command { std: "docker" "inspect" "31a8cd442e34fb8e1ccd3437128266852f946257ef7b6b2451fcac432b54337e", kill_on_drop: false }`
[INFO] running `Command { std: "docker" "exec" "-e" "SOURCE_DIR=/opt/rustwide/workdir" "-e" "CARGO_HOME=/opt/rustwide/cargo-home" "-e" "RUSTUP_HOME=/opt/rustwide/rustup-home" "-e" "CARGO_TARGET_DIR=/opt/rustwide/target" "-e" "CARGO_INCREMENTAL=0" "-e" "RUST_BACKTRACE=full" "-e" "RUSTFLAGS=--cap-lints=warn" "-e" "RUSTDOCFLAGS=--cap-lints=warn" "-w" "/opt/rustwide/workdir" "--user" "0:0" "31a8cd442e34fb8e1ccd3437128266852f946257ef7b6b2451fcac432b54337e" "/opt/rustwide/cargo-home/bin/cargo" "+1.99.0-beta.8" "build" "--frozen" "--message-format=json", kill_on_drop: false }`
[INFO] [stderr]    Compiling rusty_rtos_core v0.2.5
[INFO] [stderr]    Compiling rusty_rtos-capi-core v0.2.0 (/opt/rustwide/workdir)
[INFO] [stderr]     Finished `dev` profile [unoptimized + debuginfo] target(s) in 0.46s
[INFO] running `Command { std: "docker" "inspect" "31a8cd442e34fb8e1ccd3437128266852f946257ef7b6b2451fcac432b54337e", kill_on_drop: false }`
[INFO] running `Command { std: "docker" "exec" "-e" "SOURCE_DIR=/opt/rustwide/workdir" "-e" "CARGO_HOME=/opt/rustwide/cargo-home" "-e" "RUSTUP_HOME=/opt/rustwide/rustup-home" "-e" "CARGO_TARGET_DIR=/opt/rustwide/target" "-e" "CARGO_INCREMENTAL=0" "-e" "RUST_BACKTRACE=full" "-e" "RUSTFLAGS=--cap-lints=warn" "-e" "RUSTDOCFLAGS=--cap-lints=warn" "-w" "/opt/rustwide/workdir" "--user" "0:0" "31a8cd442e34fb8e1ccd3437128266852f946257ef7b6b2451fcac432b54337e" "/opt/rustwide/cargo-home/bin/cargo" "+1.99.0-beta.8" "test" "--frozen" "--no-run" "--message-format=json", kill_on_drop: false }`
[INFO] [stderr]    Compiling rusty_rtos-capi-core v0.2.0 (/opt/rustwide/workdir)
[INFO] [stdout] error[E0308]: mismatched types
[INFO] [stdout]    --> src/codec.rs:166:35
[INFO] [stdout]     |
[INFO] [stdout] 166 |         for index in [0u16, 1, 7, Handle::<Task>::MAX_INDEX] {
[INFO] [stdout]     |                                   ^^^^^^^^^^^^^^^^^^^^^^^^^ expected `u16`, found `u32`
[INFO] [stdout]     |
[INFO] [stdout] help: you can convert a `u32` to a `u16` and panic if the converted value doesn't fit
[INFO] [stdout]     |
[INFO] [stdout] 166 |         for index in [0u16, 1, 7, Handle::<Task>::MAX_INDEX.try_into().unwrap()] {
[INFO] [stdout]     |                                                            ++++++++++++++++++++
[INFO] [stdout] 
[INFO] [stdout] 
[INFO] [stdout] error[E0308]: mismatched types
[INFO] [stdout]    --> src/codec.rs:182:45
[INFO] [stdout]     |
[INFO] [stdout] 182 |         for index in [0u16, 1, 2, 95, 1000, Handle::<Task>::MAX_INDEX] {
[INFO] [stdout]     |                                             ^^^^^^^^^^^^^^^^^^^^^^^^^ expected `u16`, found `u32`
[INFO] [stdout]     |
[INFO] [stdout] help: you can convert a `u32` to a `u16` and panic if the converted value doesn't fit
[INFO] [stdout]     |
[INFO] [stdout] 182 |         for index in [0u16, 1, 2, 95, 1000, Handle::<Task>::MAX_INDEX.try_into().unwrap()] {
[INFO] [stdout]     |                                                                      ++++++++++++++++++++
[INFO] [stdout] 
[INFO] [stdout] 
[INFO] [stdout] error[E0308]: mismatched types
[INFO] [stdout]    --> src/codec.rs:186:46
[INFO] [stdout]     |
[INFO] [stdout] 186 |                 let h = T::from_parts(index, generation);
[INFO] [stdout]     |                         -------------        ^^^^^^^^^^ expected `u32`, found `u16`
[INFO] [stdout]     |                         |
[INFO] [stdout]     |                         arguments to this function are incorrect
[INFO] [stdout]     |
[INFO] [stdout] note: associated function defined here
[INFO] [stdout]    --> /opt/rustwide/cargo-home/registry/src/index.crates.io-1949cf8c6b5b557f/rusty_rtos_core-0.2.5/src/handle.rs:106:18
[INFO] [stdout]     |
[INFO] [stdout] 106 |     pub const fn from_parts(index: u32, generation: u32) -> Self {
[INFO] [stdout]     |                  ^^^^^^^^^^
[INFO] [stdout] help: you can convert a `u16` to a `u32`
[INFO] [stdout]     |
[INFO] [stdout] 186 |                 let h = T::from_parts(index, generation.into());
[INFO] [stdout]     |                                                        +++++++
[INFO] [stdout] 
[INFO] [stdout] 
[INFO] [stdout] For more information about this error, try `rustc --explain E0308`.
[INFO] [stdout] 
[INFO] [stderr] error: could not compile `rusty_rtos-capi-core` (lib test) due to 3 previous errors
[INFO] running `Command { std: "docker" "inspect" "31a8cd442e34fb8e1ccd3437128266852f946257ef7b6b2451fcac432b54337e", kill_on_drop: false }`
[INFO] running `Command { std: "docker" "rm" "-f" "31a8cd442e34fb8e1ccd3437128266852f946257ef7b6b2451fcac432b54337e", kill_on_drop: false }`
[INFO] [stdout] 31a8cd442e34fb8e1ccd3437128266852f946257ef7b6b2451fcac432b54337e
