[INFO] fetching crate rusty_h264-encoder 0.16.0...
[INFO] testing rusty_h264-encoder-0.16.0 against 1.100.0-beta.1 for beta-1.100-2
[INFO] extracting crate rusty_h264-encoder 0.16.0 into /workspace/builds/worker-2-tc2/source
[INFO] started tweaking crates.io crate rusty_h264-encoder 0.16.0
[INFO] removed 0 missing examples
[INFO] removed 0 missing tests
[INFO] finished tweaking crates.io crate rusty_h264-encoder 0.16.0
[INFO] tweaked toml for crates.io crate rusty_h264-encoder 0.16.0 written to /workspace/builds/worker-2-tc2/source/Cargo.toml
[INFO] validating manifest of crates.io crate rusty_h264-encoder 0.16.0 on toolchain 1.100.0-beta.1
[INFO] running `Command { std: CARGO_HOME="/workspace/cargo-home" RUSTUP_HOME="/workspace/rustup-home" "/workspace/cargo-home/bin/cargo" "+1.100.0-beta.1" "metadata" "--manifest-path" "Cargo.toml" "--no-deps", kill_on_drop: false }`
[INFO] crate crates.io crate rusty_h264-encoder 0.16.0 already has a lockfile, it will not be regenerated
[INFO] running `Command { std: CARGO_HOME="/workspace/cargo-home" RUSTUP_HOME="/workspace/rustup-home" "/workspace/cargo-home/bin/cargo" "+1.100.0-beta.1" "fetch" "--manifest-path" "Cargo.toml", kill_on_drop: false }`
[INFO] running `Command { std: "docker" "create" "-v" "/var/lib/crater-agent-workspace/builds/worker-2-tc2/source:/opt/rustwide/workdir:ro,Z" "-v" "/var/lib/crater-agent-workspace/builds/worker-2-tc2/target:/opt/rustwide/target:rw,Z" "-v" "/var/lib/crater-agent-workspace/cargo-home:/opt/rustwide/cargo-home:ro,Z" "-v" "/var/lib/crater-agent-workspace/rustup-home:/opt/rustwide/rustup-home:ro,Z" "-m" "1610612736" "--network" "none" "ghcr.io/rust-lang/crates-build-env/linux@sha256:3111399a4047eeb3a02b7a90e478d715f38a8c6669b5c4b49d30a17385265909" "sleep" "infinity", kill_on_drop: false }`
[INFO] [stdout] 16207fc4e9bc27a3bf32c1342c9fa3080dc9b418a1469caa302a167bf1b111f5
[INFO] running `Command { std: "docker" "start" "16207fc4e9bc27a3bf32c1342c9fa3080dc9b418a1469caa302a167bf1b111f5", kill_on_drop: false }`
[INFO] running `Command { std: "docker" "inspect" "16207fc4e9bc27a3bf32c1342c9fa3080dc9b418a1469caa302a167bf1b111f5", kill_on_drop: false }`
[INFO] running `Command { std: "docker" "exec" "-e" "SOURCE_DIR=/opt/rustwide/workdir" "-e" "CARGO_HOME=/opt/rustwide/cargo-home" "-e" "RUSTUP_HOME=/opt/rustwide/rustup-home" "-e" "CARGO_TARGET_DIR=/opt/rustwide/target" "-w" "/opt/rustwide/workdir" "--user" "0:0" "16207fc4e9bc27a3bf32c1342c9fa3080dc9b418a1469caa302a167bf1b111f5" "/opt/rustwide/cargo-home/bin/cargo" "+1.100.0-beta.1" "metadata" "--no-deps" "--format-version=1", kill_on_drop: false }`
[INFO] running `Command { std: "docker" "inspect" "16207fc4e9bc27a3bf32c1342c9fa3080dc9b418a1469caa302a167bf1b111f5", kill_on_drop: false }`
[INFO] running `Command { std: "docker" "exec" "-e" "SOURCE_DIR=/opt/rustwide/workdir" "-e" "CARGO_HOME=/opt/rustwide/cargo-home" "-e" "RUSTUP_HOME=/opt/rustwide/rustup-home" "-e" "CARGO_TARGET_DIR=/opt/rustwide/target" "-e" "CARGO_INCREMENTAL=0" "-e" "RUST_BACKTRACE=full" "-e" "RUSTFLAGS=--cap-lints=warn" "-e" "RUSTDOCFLAGS=--cap-lints=warn" "-w" "/opt/rustwide/workdir" "--user" "0:0" "16207fc4e9bc27a3bf32c1342c9fa3080dc9b418a1469caa302a167bf1b111f5" "/opt/rustwide/cargo-home/bin/cargo" "+1.100.0-beta.1" "build" "--frozen" "--message-format=json", kill_on_drop: false }`
[INFO] [stderr]    Compiling bytemuck v1.25.0
[INFO] [stderr]    Compiling rusty_h264-common v0.16.0
[INFO] [stderr]    Compiling rusty_h264-encoder v0.16.0 (/opt/rustwide/workdir)
[INFO] [stderr]    Compiling rusty_h264-accel v0.16.0
[INFO] [stderr]    Compiling safe_arch v0.7.4
[INFO] [stderr]    Compiling wide v0.7.33
[INFO] [stdout] warning: fields `sps` and `pps` are never read
[INFO] [stdout]    --> src/lib.rs:463:5
[INFO] [stdout]     |
[INFO] [stdout] 461 | pub struct Encoder {
[INFO] [stdout]     |            ------- fields in this struct
[INFO] [stdout] 462 |     cfg: EncoderConfig,
[INFO] [stdout] 463 |     sps: Sps,
[INFO] [stdout]     |     ^^^
[INFO] [stdout] 464 |     pps: Pps,
[INFO] [stdout]     |     ^^^
[INFO] [stdout]     |
[INFO] [stdout]     = note: `Encoder` has a derived impl for the trait `Debug`, but this is intentionally ignored during dead code analysis
[INFO] [stdout]     = note: `#[warn(dead_code)]` (part of `#[warn(unused)]`) on by default
[INFO] [stdout] 
[INFO] [stdout] 
[INFO] [stderr]     Finished `dev` profile [unoptimized + debuginfo] target(s) in 8.60s
[INFO] running `Command { std: "docker" "inspect" "16207fc4e9bc27a3bf32c1342c9fa3080dc9b418a1469caa302a167bf1b111f5", kill_on_drop: false }`
[INFO] running `Command { std: "docker" "exec" "-e" "SOURCE_DIR=/opt/rustwide/workdir" "-e" "CARGO_HOME=/opt/rustwide/cargo-home" "-e" "RUSTUP_HOME=/opt/rustwide/rustup-home" "-e" "CARGO_TARGET_DIR=/opt/rustwide/target" "-e" "CARGO_INCREMENTAL=0" "-e" "RUST_BACKTRACE=full" "-e" "RUSTFLAGS=--cap-lints=warn" "-e" "RUSTDOCFLAGS=--cap-lints=warn" "-w" "/opt/rustwide/workdir" "--user" "0:0" "16207fc4e9bc27a3bf32c1342c9fa3080dc9b418a1469caa302a167bf1b111f5" "/opt/rustwide/cargo-home/bin/cargo" "+1.100.0-beta.1" "test" "--frozen" "--no-run" "--message-format=json", kill_on_drop: false }`
[INFO] [stdout] warning: fields `sps` and `pps` are never read
[INFO] [stdout]    --> src/lib.rs:463:5
[INFO] [stdout]     |
[INFO] [stdout] 461 | pub struct Encoder {
[INFO] [stdout]     |            ------- fields in this struct
[INFO] [stdout] 462 |     cfg: EncoderConfig,
[INFO] [stdout] 463 |     sps: Sps,
[INFO] [stdout]     |     ^^^
[INFO] [stdout] 464 |     pps: Pps,
[INFO] [stdout]     |     ^^^
[INFO] [stdout]     |
[INFO] [stdout]     = note: `Encoder` has a derived impl for the trait `Debug`, but this is intentionally ignored during dead code analysis
[INFO] [stdout]     = note: `#[warn(dead_code)]` (part of `#[warn(unused)]`) on by default
[INFO] [stdout] 
[INFO] [stdout] 
[INFO] [stderr]    Compiling rusty_h264-encoder v0.16.0 (/opt/rustwide/workdir)
[INFO] [stdout] error[E0432]: unresolved import `rusty_h264_decoder`
[INFO] [stdout]   --> tests/rd_skip_conformance.rs:22:5
[INFO] [stdout]    |
[INFO] [stdout] 22 | use rusty_h264_decoder::Decoder;
[INFO] [stdout]    |     ^^^^^^^^^^^^^^^^^^ use of unresolved module or unlinked crate `rusty_h264_decoder`
[INFO] [stdout]    |
[INFO] [stdout] help: there is a crate or module with a similar name
[INFO] [stdout]    |
[INFO] [stdout] 22 - use rusty_h264_decoder::Decoder;
[INFO] [stdout] 22 + use rusty_h264_encoder::Decoder;
[INFO] [stdout]    |
[INFO] [stdout] 
[INFO] [stdout] 
[INFO] [stdout] error[E0432]: unresolved import `rusty_h264_decoder`
[INFO] [stdout]   --> tests/cabac_roundtrip.rs:15:5
[INFO] [stdout]    |
[INFO] [stdout] 15 | use rusty_h264_decoder::Decoder;
[INFO] [stdout]    |     ^^^^^^^^^^^^^^^^^^ use of unresolved module or unlinked crate `rusty_h264_decoder`
[INFO] [stdout]    |
[INFO] [stdout] help: there is a crate or module with a similar name
[INFO] [stdout]    |
[INFO] [stdout] 15 - use rusty_h264_decoder::Decoder;
[INFO] [stdout] 15 + use rusty_h264_encoder::Decoder;
[INFO] [stdout]    |
[INFO] [stdout] 
[INFO] [stdout] 
[INFO] [stdout] error[E0433]: cannot find module or crate `rusty_h264_decoder` in this scope
[INFO] [stdout]   --> examples/mv_vs_x264.rs:82:13
[INFO] [stdout]    |
[INFO] [stdout] 82 |     let _ = rusty_h264_decoder::Decoder::new().decode_stream(&xbits).expect("x264 decode");
[INFO] [stdout]    |             ^^^^^^^^^^^^^^^^^^ use of unresolved module or unlinked crate `rusty_h264_decoder`
[INFO] [stdout]    |
[INFO] [stdout] help: there is a crate or module with a similar name
[INFO] [stdout]    |
[INFO] [stdout] 82 -     let _ = rusty_h264_decoder::Decoder::new().decode_stream(&xbits).expect("x264 decode");
[INFO] [stdout] 82 +     let _ = rusty_h264_encoder::Decoder::new().decode_stream(&xbits).expect("x264 decode");
[INFO] [stdout]    |
[INFO] [stdout] 
[INFO] [stdout] 
[INFO] [stdout] error[E0433]: cannot find module or crate `rusty_h264_decoder` in this scope
[INFO] [stdout]    --> examples/encode_hash.rs:340:37
[INFO] [stdout]     |
[INFO] [stdout] 340 |             if let Ok(frames_out) = rusty_h264_decoder::Decoder::new().decode_stream(&seq) {
[INFO] [stdout]     |                                     ^^^^^^^^^^^^^^^^^^ use of unresolved module or unlinked crate `rusty_h264_decoder`
[INFO] [stdout]     |
[INFO] [stdout] help: there is a crate or module with a similar name
[INFO] [stdout]     |
[INFO] [stdout] 340 -             if let Ok(frames_out) = rusty_h264_decoder::Decoder::new().decode_stream(&seq) {
[INFO] [stdout] 340 +             if let Ok(frames_out) = rusty_h264_encoder::Decoder::new().decode_stream(&seq) {
[INFO] [stdout]     |
[INFO] [stdout] 
[INFO] [stdout] 
[INFO] [stdout] error[E0433]: cannot find module or crate `rusty_h264_decoder` in this scope
[INFO] [stdout]   --> examples/mv_vs_x264.rs:92:13
[INFO] [stdout]    |
[INFO] [stdout] 92 |     let _ = rusty_h264_decoder::Decoder::new().decode_stream(&obits).expect("our decode");
[INFO] [stdout]    |             ^^^^^^^^^^^^^^^^^^ use of unresolved module or unlinked crate `rusty_h264_decoder`
[INFO] [stdout]    |
[INFO] [stdout] help: there is a crate or module with a similar name
[INFO] [stdout]    |
[INFO] [stdout] 92 -     let _ = rusty_h264_decoder::Decoder::new().decode_stream(&obits).expect("our decode");
[INFO] [stdout] 92 +     let _ = rusty_h264_encoder::Decoder::new().decode_stream(&obits).expect("our decode");
[INFO] [stdout]    |
[INFO] [stdout] 
[INFO] [stdout] 
[INFO] [stdout] error[E0433]: cannot find module or crate `rusty_h264_decoder` in this scope
[INFO] [stdout]   --> examples/mv_vs_x264.rs:34:17
[INFO] [stdout]    |
[INFO] [stdout] 34 |     let mut d = rusty_h264_decoder::MV_DUMP.lock().unwrap();
[INFO] [stdout]    |                 ^^^^^^^^^^^^^^^^^^ use of unresolved module or unlinked crate `rusty_h264_decoder`
[INFO] [stdout]    |
[INFO] [stdout] help: there is a crate or module with a similar name
[INFO] [stdout]    |
[INFO] [stdout] 34 -     let mut d = rusty_h264_decoder::MV_DUMP.lock().unwrap();
[INFO] [stdout] 34 +     let mut d = rusty_h264_encoder::MV_DUMP.lock().unwrap();
[INFO] [stdout]    |
[INFO] [stdout] 
[INFO] [stdout] 
[INFO] [stdout] For more information about this error, try `rustc --explain E0432`.
[INFO] [stdout] 
[INFO] [stderr] error: could not compile `rusty_h264-encoder` (test "rd_skip_conformance") due to 1 previous error
[INFO] [stderr] warning: build failed, waiting for other jobs to finish...
[INFO] [stdout] For more information about this error, try `rustc --explain E0433`.
[INFO] [stdout] 
[INFO] [stdout] For more information about this error, try `rustc --explain E0433`.
[INFO] [stdout] 
[INFO] [stdout] error[E0433]: cannot find module or crate `rusty_h264_decoder` in this scope
[INFO] [stdout]    --> tests/cabac_roundtrip.rs:718:23
[INFO] [stdout]     |
[INFO] [stdout] 718 |         let mut dec = rusty_h264_decoder::cabac_test::Cabac::new(&bytes, 0, 26, 0, false);
[INFO] [stdout]     |                       ^^^^^^^^^^^^^^^^^^ use of unresolved module or unlinked crate `rusty_h264_decoder`
[INFO] [stdout]     |
[INFO] [stdout] help: there is a crate or module with a similar name
[INFO] [stdout]     |
[INFO] [stdout] 718 -         let mut dec = rusty_h264_decoder::cabac_test::Cabac::new(&bytes, 0, 26, 0, false);
[INFO] [stdout] 718 +         let mut dec = rusty_h264_encoder::cabac_test::Cabac::new(&bytes, 0, 26, 0, false);
[INFO] [stdout]     |
[INFO] [stdout] 
[INFO] [stdout] 
[INFO] [stderr] error: could not compile `rusty_h264-encoder` (example "encode_hash") due to 1 previous error
[INFO] [stderr] error: could not compile `rusty_h264-encoder` (example "mv_vs_x264") due to 3 previous errors
[INFO] [stdout] error[E0433]: cannot find module or crate `rusty_h264_decoder` in this scope
[INFO] [stdout]    --> tests/cabac_roundtrip.rs:720:23
[INFO] [stdout]     |
[INFO] [stdout] 720 |             let got = rusty_h264_decoder::cabac_test::parse_mb_type_b(&mut dec, ctx_inc);
[INFO] [stdout]     |                       ^^^^^^^^^^^^^^^^^^ use of unresolved module or unlinked crate `rusty_h264_decoder`
[INFO] [stdout]     |
[INFO] [stdout] help: there is a crate or module with a similar name
[INFO] [stdout]     |
[INFO] [stdout] 720 -             let got = rusty_h264_decoder::cabac_test::parse_mb_type_b(&mut dec, ctx_inc);
[INFO] [stdout] 720 +             let got = rusty_h264_encoder::cabac_test::parse_mb_type_b(&mut dec, ctx_inc);
[INFO] [stdout]     |
[INFO] [stdout] 
[INFO] [stdout] 
[INFO] [stdout] error[E0433]: cannot find module or crate `rusty_h264_decoder` in this scope
[INFO] [stdout]    --> tests/cabac_roundtrip.rs:735:32
[INFO] [stdout]     |
[INFO] [stdout] 735 |         let (mvmode, p0, p1) = rusty_h264_decoder::cabac_test::b_inter_shape(t);
[INFO] [stdout]     |                                ^^^^^^^^^^^^^^^^^^ use of unresolved module or unlinked crate `rusty_h264_decoder`
[INFO] [stdout]     |
[INFO] [stdout] help: there is a crate or module with a similar name
[INFO] [stdout]     |
[INFO] [stdout] 735 -         let (mvmode, p0, p1) = rusty_h264_decoder::cabac_test::b_inter_shape(t);
[INFO] [stdout] 735 +         let (mvmode, p0, p1) = rusty_h264_encoder::cabac_test::b_inter_shape(t);
[INFO] [stdout]     |
[INFO] [stdout] 
[INFO] [stdout] 
[INFO] [stdout] error[E0433]: cannot find module or crate `rusty_h264_decoder` in this scope
[INFO] [stdout]    --> tests/cabac_roundtrip.rs:759:23
[INFO] [stdout]     |
[INFO] [stdout] 759 |         let mut dec = rusty_h264_decoder::cabac_test::Cabac::new(&bytes, 0, 26, 0, false);
[INFO] [stdout]     |                       ^^^^^^^^^^^^^^^^^^ use of unresolved module or unlinked crate `rusty_h264_decoder`
[INFO] [stdout]     |
[INFO] [stdout] help: there is a crate or module with a similar name
[INFO] [stdout]     |
[INFO] [stdout] 759 -         let mut dec = rusty_h264_decoder::cabac_test::Cabac::new(&bytes, 0, 26, 0, false);
[INFO] [stdout] 759 +         let mut dec = rusty_h264_encoder::cabac_test::Cabac::new(&bytes, 0, 26, 0, false);
[INFO] [stdout]     |
[INFO] [stdout] 
[INFO] [stdout] 
[INFO] [stdout] error[E0433]: cannot find module or crate `rusty_h264_decoder` in this scope
[INFO] [stdout]    --> tests/cabac_roundtrip.rs:761:23
[INFO] [stdout]     |
[INFO] [stdout] 761 |             let got = rusty_h264_decoder::cabac_test::parse_ref_idx_cabac(&mut dec, ctx0);
[INFO] [stdout]     |                       ^^^^^^^^^^^^^^^^^^ use of unresolved module or unlinked crate `rusty_h264_decoder`
[INFO] [stdout]     |
[INFO] [stdout] help: there is a crate or module with a similar name
[INFO] [stdout]     |
[INFO] [stdout] 761 -             let got = rusty_h264_decoder::cabac_test::parse_ref_idx_cabac(&mut dec, ctx0);
[INFO] [stdout] 761 +             let got = rusty_h264_encoder::cabac_test::parse_ref_idx_cabac(&mut dec, ctx0);
[INFO] [stdout]     |
[INFO] [stdout] 
[INFO] [stdout] 
[INFO] [stdout] error[E0433]: cannot find module or crate `rusty_h264_decoder` in this scope
[INFO] [stdout]    --> tests/cabac_roundtrip.rs:778:27
[INFO] [stdout]     |
[INFO] [stdout] 778 |             let mut dec = rusty_h264_decoder::cabac_test::Cabac::new(&bytes, 0, 26, 0, false);
[INFO] [stdout]     |                           ^^^^^^^^^^^^^^^^^^ use of unresolved module or unlinked crate `rusty_h264_decoder`
[INFO] [stdout]     |
[INFO] [stdout] help: there is a crate or module with a similar name
[INFO] [stdout]     |
[INFO] [stdout] 778 -             let mut dec = rusty_h264_decoder::cabac_test::Cabac::new(&bytes, 0, 26, 0, false);
[INFO] [stdout] 778 +             let mut dec = rusty_h264_encoder::cabac_test::Cabac::new(&bytes, 0, 26, 0, false);
[INFO] [stdout]     |
[INFO] [stdout] 
[INFO] [stdout] 
[INFO] [stdout] error[E0433]: cannot find module or crate `rusty_h264_decoder` in this scope
[INFO] [stdout]    --> tests/cabac_roundtrip.rs:780:27
[INFO] [stdout]     |
[INFO] [stdout] 780 |                 let got = rusty_h264_decoder::cabac_test::parse_cbp_cabac(&mut dec, top, left);
[INFO] [stdout]     |                           ^^^^^^^^^^^^^^^^^^ use of unresolved module or unlinked crate `rusty_h264_decoder`
[INFO] [stdout]     |
[INFO] [stdout] help: there is a crate or module with a similar name
[INFO] [stdout]     |
[INFO] [stdout] 780 -                 let got = rusty_h264_decoder::cabac_test::parse_cbp_cabac(&mut dec, top, left);
[INFO] [stdout] 780 +                 let got = rusty_h264_encoder::cabac_test::parse_cbp_cabac(&mut dec, top, left);
[INFO] [stdout]     |
[INFO] [stdout] 
[INFO] [stdout] 
[INFO] [stdout] error[E0433]: cannot find module or crate `rusty_h264_decoder` in this scope
[INFO] [stdout]    --> tests/cabac_roundtrip.rs:799:19
[INFO] [stdout]     |
[INFO] [stdout] 799 |     let mut dec = rusty_h264_decoder::cabac_test::Cabac::new(&bytes, 0, 26, 0, false);
[INFO] [stdout]     |                   ^^^^^^^^^^^^^^^^^^ use of unresolved module or unlinked crate `rusty_h264_decoder`
[INFO] [stdout]     |
[INFO] [stdout] help: there is a crate or module with a similar name
[INFO] [stdout]     |
[INFO] [stdout] 799 -     let mut dec = rusty_h264_decoder::cabac_test::Cabac::new(&bytes, 0, 26, 0, false);
[INFO] [stdout] 799 +     let mut dec = rusty_h264_encoder::cabac_test::Cabac::new(&bytes, 0, 26, 0, false);
[INFO] [stdout]     |
[INFO] [stdout] 
[INFO] [stdout] 
[INFO] [stdout] error[E0433]: cannot find module or crate `rusty_h264_decoder` in this scope
[INFO] [stdout]    --> tests/cabac_roundtrip.rs:802:19
[INFO] [stdout]     |
[INFO] [stdout] 802 |         let got = rusty_h264_decoder::cabac_test::parse_mb_qp_delta_cabac(&mut dec, &mut dec_last);
[INFO] [stdout]     |                   ^^^^^^^^^^^^^^^^^^ use of unresolved module or unlinked crate `rusty_h264_decoder`
[INFO] [stdout]     |
[INFO] [stdout] help: there is a crate or module with a similar name
[INFO] [stdout]     |
[INFO] [stdout] 802 -         let got = rusty_h264_decoder::cabac_test::parse_mb_qp_delta_cabac(&mut dec, &mut dec_last);
[INFO] [stdout] 802 +         let got = rusty_h264_encoder::cabac_test::parse_mb_qp_delta_cabac(&mut dec, &mut dec_last);
[INFO] [stdout]     |
[INFO] [stdout] 
[INFO] [stdout] 
[INFO] [stdout] error[E0433]: cannot find module or crate `rusty_h264_decoder` in this scope
[INFO] [stdout]    --> tests/cabac_roundtrip.rs:838:18
[INFO] [stdout]     |
[INFO] [stdout] 838 |     let frames = rusty_h264_decoder::Decoder::new().decode_stream(&stream).expect("decode");
[INFO] [stdout]     |                  ^^^^^^^^^^^^^^^^^^ use of unresolved module or unlinked crate `rusty_h264_decoder`
[INFO] [stdout]     |
[INFO] [stdout] help: there is a crate or module with a similar name
[INFO] [stdout]     |
[INFO] [stdout] 838 -     let frames = rusty_h264_decoder::Decoder::new().decode_stream(&stream).expect("decode");
[INFO] [stdout] 838 +     let frames = rusty_h264_encoder::Decoder::new().decode_stream(&stream).expect("decode");
[INFO] [stdout]     |
[INFO] [stdout] 
[INFO] [stdout] 
[INFO] [stdout] error[E0433]: cannot find module or crate `rusty_h264_decoder` in this scope
[INFO] [stdout]    --> src/cabac.rs:254:9
[INFO] [stdout]     |
[INFO] [stdout] 254 |     use rusty_h264_decoder::cabac_test::Cabac;
[INFO] [stdout]     |         ^^^^^^^^^^^^^^^^^^ use of unresolved module or unlinked crate `rusty_h264_decoder`
[INFO] [stdout]     |
[INFO] [stdout] help: there is a crate or module with a similar name
[INFO] [stdout]     |
[INFO] [stdout] 254 -     use rusty_h264_decoder::cabac_test::Cabac;
[INFO] [stdout] 254 +     use rusty_h264_accel::cabac_test::Cabac;
[INFO] [stdout]     |
[INFO] [stdout] 
[INFO] [stdout] 
[INFO] [stdout] Some errors have detailed explanations: E0432, E0433.
[INFO] [stdout] 
[INFO] [stdout] For more information about an error, try `rustc --explain E0432`.
[INFO] [stdout] 
[INFO] [stderr] error: could not compile `rusty_h264-encoder` (test "cabac_roundtrip") due to 11 previous errors
[INFO] [stdout] For more information about this error, try `rustc --explain E0433`.
[INFO] [stdout] 
[INFO] [stderr] error: could not compile `rusty_h264-encoder` (lib test) due to 1 previous error
[INFO] running `Command { std: "docker" "inspect" "16207fc4e9bc27a3bf32c1342c9fa3080dc9b418a1469caa302a167bf1b111f5", kill_on_drop: false }`
[INFO] running `Command { std: "docker" "rm" "-f" "16207fc4e9bc27a3bf32c1342c9fa3080dc9b418a1469caa302a167bf1b111f5", kill_on_drop: false }`
[INFO] [stdout] 16207fc4e9bc27a3bf32c1342c9fa3080dc9b418a1469caa302a167bf1b111f5
