[INFO] fetching crate ruststream-rdkafka 0.7.0...
[INFO] testing ruststream-rdkafka-0.7.0 against 1.99.0-beta.8 for beta-1.100-2
[INFO] extracting crate ruststream-rdkafka 0.7.0 into /workspace/builds/worker-2-tc1/source
[INFO] started tweaking crates.io crate ruststream-rdkafka 0.7.0
[INFO] removed 0 missing examples
[INFO] removed 0 missing tests
[INFO] finished tweaking crates.io crate ruststream-rdkafka 0.7.0
[INFO] tweaked toml for crates.io crate ruststream-rdkafka 0.7.0 written to /workspace/builds/worker-2-tc1/source/Cargo.toml
[INFO] validating manifest of crates.io crate ruststream-rdkafka 0.7.0 on toolchain 1.99.0-beta.8
[INFO] running `Command { std: CARGO_HOME="/workspace/cargo-home" RUSTUP_HOME="/workspace/rustup-home" "/workspace/cargo-home/bin/cargo" "+1.99.0-beta.8" "metadata" "--manifest-path" "Cargo.toml" "--no-deps", kill_on_drop: false }`
[INFO] crate crates.io crate ruststream-rdkafka 0.7.0 already has a lockfile, it will not be regenerated
[INFO] running `Command { std: CARGO_HOME="/workspace/cargo-home" RUSTUP_HOME="/workspace/rustup-home" "/workspace/cargo-home/bin/cargo" "+1.99.0-beta.8" "fetch" "--manifest-path" "Cargo.toml", kill_on_drop: false }`
[INFO] [stderr]     Updating crates.io index
[INFO] [stderr]  Downloading crates ...
[INFO] [stderr]   Downloaded tikv-jemalloc-ctl v0.7.0
[INFO] [stderr]   Downloaded ouroboros v0.18.5
[INFO] [stderr]   Downloaded quad-rand v0.2.3
[INFO] [stderr]   Downloaded ouroboros_macro v0.18.5
[INFO] [stderr]   Downloaded logos-derive v0.15.1
[INFO] [stderr]   Downloaded rtrb v0.4.0
[INFO] [stderr]   Downloaded beef v0.5.2
[INFO] [stderr]   Downloaded protox v0.9.1
[INFO] [stderr]   Downloaded schema_registry_converter v5.0.0
[INFO] [stderr]   Downloaded apache-avro-derive v0.22.0
[INFO] [stderr]   Downloaded ruststream-macros v0.7.0
[INFO] [stderr]   Downloaded unsafe-libyaml-norway v0.2.15
[INFO] [stderr]   Downloaded protox-parse v0.9.0
[INFO] [stderr]   Downloaded logos-codegen v0.15.1
[INFO] [stderr]   Downloaded cc v1.2.66
[INFO] [stderr]   Downloaded serde_norway v0.9.42
[INFO] [stderr]   Downloaded rdkafka v0.39.0
[INFO] [stderr]   Downloaded prost-reflect v0.16.5
[INFO] [stderr]   Downloaded apache-avro v0.22.0
[INFO] [stderr]   Downloaded libz-sys v1.1.29
[INFO] [stderr]   Downloaded tikv-jemalloc-sys v0.7.1+5.3.1-0-g81034ce1f1373e37dc865038e1bc8eeecf559ce8
[INFO] [stderr]   Downloaded ruststream v0.7.0
[INFO] [stderr]   Downloaded logos v0.15.1
[INFO] [stderr]   Downloaded rdkafka-sys v4.10.0+2.12.1
[INFO] [stderr]   Downloaded openssl-src v300.6.1+3.6.3
[INFO] running `Command { std: "docker" "create" "-v" "/var/lib/crater-agent-workspace/builds/worker-2-tc1/source:/opt/rustwide/workdir:ro,Z" "-v" "/var/lib/crater-agent-workspace/builds/worker-2-tc1/target:/opt/rustwide/target:rw,Z" "-v" "/var/lib/crater-agent-workspace/cargo-home:/opt/rustwide/cargo-home:ro,Z" "-v" "/var/lib/crater-agent-workspace/rustup-home:/opt/rustwide/rustup-home:ro,Z" "-m" "1610612736" "--network" "none" "ghcr.io/rust-lang/crates-build-env/linux@sha256:3111399a4047eeb3a02b7a90e478d715f38a8c6669b5c4b49d30a17385265909" "sleep" "infinity", kill_on_drop: false }`
[INFO] [stdout] 12052623d051af1586d27b7f20e3a1b1dfc05d312b170ae8a39d0fdd9b099d7c
[INFO] running `Command { std: "docker" "start" "12052623d051af1586d27b7f20e3a1b1dfc05d312b170ae8a39d0fdd9b099d7c", kill_on_drop: false }`
[INFO] running `Command { std: "docker" "inspect" "12052623d051af1586d27b7f20e3a1b1dfc05d312b170ae8a39d0fdd9b099d7c", kill_on_drop: false }`
[INFO] running `Command { std: "docker" "exec" "-e" "SOURCE_DIR=/opt/rustwide/workdir" "-e" "CARGO_HOME=/opt/rustwide/cargo-home" "-e" "RUSTUP_HOME=/opt/rustwide/rustup-home" "-e" "CARGO_TARGET_DIR=/opt/rustwide/target" "-w" "/opt/rustwide/workdir" "--user" "0:0" "12052623d051af1586d27b7f20e3a1b1dfc05d312b170ae8a39d0fdd9b099d7c" "/opt/rustwide/cargo-home/bin/cargo" "+1.99.0-beta.8" "metadata" "--no-deps" "--format-version=1", kill_on_drop: false }`
[INFO] running `Command { std: "docker" "inspect" "12052623d051af1586d27b7f20e3a1b1dfc05d312b170ae8a39d0fdd9b099d7c", kill_on_drop: false }`
[INFO] running `Command { std: "docker" "exec" "-e" "SOURCE_DIR=/opt/rustwide/workdir" "-e" "CARGO_HOME=/opt/rustwide/cargo-home" "-e" "RUSTUP_HOME=/opt/rustwide/rustup-home" "-e" "CARGO_TARGET_DIR=/opt/rustwide/target" "-e" "CARGO_INCREMENTAL=0" "-e" "RUST_BACKTRACE=full" "-e" "RUSTFLAGS=--cap-lints=warn" "-e" "RUSTDOCFLAGS=--cap-lints=warn" "-w" "/opt/rustwide/workdir" "--user" "0:0" "12052623d051af1586d27b7f20e3a1b1dfc05d312b170ae8a39d0fdd9b099d7c" "/opt/rustwide/cargo-home/bin/cargo" "+1.99.0-beta.8" "build" "--frozen" "--message-format=json", kill_on_drop: false }`
[INFO] [stderr]    Compiling winnow v1.0.3
[INFO] [stderr]    Compiling hashbrown v0.17.1
[INFO] [stderr]    Compiling equivalent v1.0.2
[INFO] [stderr]    Compiling futures-io v0.3.34
[INFO] [stderr]    Compiling toml_datetime v1.1.1+spec-1.1.0
[INFO] [stderr]    Compiling futures-channel v0.3.34
[INFO] [stderr]    Compiling cc v1.2.66
[INFO] [stderr]    Compiling futures-task v0.3.34
[INFO] [stderr]    Compiling rustversion v1.0.23
[INFO] [stderr]    Compiling serde_json v1.0.151
[INFO] [stderr]    Compiling syn v2.0.118
[INFO] [stderr]    Compiling syn v3.0.3
[INFO] [stderr]    Compiling errno v0.3.14
[INFO] [stderr]    Compiling mio v1.2.1
[INFO] [stderr]    Compiling rdkafka-sys v4.10.0+2.12.1
[INFO] [stderr]    Compiling bytes-utils v0.1.4
[INFO] [stderr]    Compiling log v0.4.33
[INFO] [stderr]    Compiling signal-hook-registry v1.4.8
[INFO] [stderr]    Compiling rtrb v0.4.0
[INFO] [stderr]    Compiling stable_deref_trait v1.2.1
[INFO] [stderr]    Compiling indexmap v2.14.0
[INFO] [stderr]    Compiling libz-sys v1.1.29
[INFO] [stderr]    Compiling toml_parser v1.1.2+spec-1.1.0
[INFO] [stderr]    Compiling toml_edit v0.25.12+spec-1.1.0
[INFO] [stderr]    Compiling proc-macro-crate v3.5.0
[INFO] [stderr]    Compiling futures-macro v0.3.34
[INFO] [stderr]    Compiling serde_derive v1.0.229
[INFO] [stderr]    Compiling thiserror-impl v2.0.21
[INFO] [stderr]    Compiling synstructure v0.13.2
[INFO] [stderr]    Compiling futures-util v0.3.34
[INFO] [stderr]    Compiling thiserror v2.0.21
[INFO] [stderr]    Compiling tokio-macros v2.7.0
[INFO] [stderr]    Compiling tracing-attributes v0.1.31
[INFO] [stderr]    Compiling num_enum_derive v0.7.6
[INFO] [stderr]    Compiling zerofrom-derive v0.1.7
[INFO] [stderr]    Compiling yoke-derive v0.8.2
[INFO] [stderr]    Compiling tokio v1.53.1
[INFO] [stderr]    Compiling num_enum v0.7.6
[INFO] [stderr]    Compiling zerofrom v0.1.8
[INFO] [stderr]    Compiling tracing v0.1.44
[INFO] [stderr]    Compiling yoke v0.8.3
[INFO] [stderr]    Compiling serde v1.0.229
[INFO] [stderr]    Compiling futures-executor v0.3.34
[INFO] [stderr]    Compiling futures v0.3.34
[INFO] [stderr]    Compiling tokio-util v0.7.18
[INFO] [stderr]    Compiling ruststream v0.7.0
[INFO] [stderr]    Compiling rdkafka v0.39.0
[INFO] [stderr]    Compiling ruststream-rdkafka v0.7.0 (/opt/rustwide/workdir)
[INFO] [stderr]     Finished `dev` profile [unoptimized + debuginfo] target(s) in 1m 22s
[INFO] running `Command { std: "docker" "inspect" "12052623d051af1586d27b7f20e3a1b1dfc05d312b170ae8a39d0fdd9b099d7c", kill_on_drop: false }`
[INFO] running `Command { std: "docker" "exec" "-e" "SOURCE_DIR=/opt/rustwide/workdir" "-e" "CARGO_HOME=/opt/rustwide/cargo-home" "-e" "RUSTUP_HOME=/opt/rustwide/rustup-home" "-e" "CARGO_TARGET_DIR=/opt/rustwide/target" "-e" "CARGO_INCREMENTAL=0" "-e" "RUST_BACKTRACE=full" "-e" "RUSTFLAGS=--cap-lints=warn" "-e" "RUSTDOCFLAGS=--cap-lints=warn" "-w" "/opt/rustwide/workdir" "--user" "0:0" "12052623d051af1586d27b7f20e3a1b1dfc05d312b170ae8a39d0fdd9b099d7c" "/opt/rustwide/cargo-home/bin/cargo" "+1.99.0-beta.8" "test" "--frozen" "--no-run" "--message-format=json", kill_on_drop: false }`
[INFO] [stderr]    Compiling serde_core v1.0.229
[INFO] [stderr]    Compiling serde v1.0.229
[INFO] [stderr]    Compiling smallvec v1.15.2
[INFO] [stderr]    Compiling syn v3.0.3
[INFO] [stderr]    Compiling serde_json v1.0.151
[INFO] [stderr]    Compiling http v1.4.2
[INFO] [stderr]    Compiling zeroize v1.9.0
[INFO] [stderr]    Compiling aws-lc-rs v1.18.1
[INFO] [stderr]    Compiling jobserver v0.1.35
[INFO] [stderr]    Compiling socket2 v0.6.4
[INFO] [stderr]    Compiling zerovec-derive v0.11.3
[INFO] [stderr]    Compiling displaydoc v0.2.6
[INFO] [stderr]    Compiling num-traits v0.2.19
[INFO] [stderr]    Compiling rustls v0.23.45
[INFO] [stderr]    Compiling strsim v0.11.1
[INFO] [stderr]    Compiling ident_case v1.0.1
[INFO] [stderr]    Compiling rustls-pki-types v1.15.0
[INFO] [stderr]    Compiling toml_edit v0.25.12+spec-1.1.0
[INFO] [stderr]    Compiling proc-macro2-diagnostics v0.10.1
[INFO] [stderr]    Compiling prettyplease v0.2.37
[INFO] [stderr]    Compiling typenum v1.20.1
[INFO] [stderr]    Compiling form_urlencoded v1.2.2
[INFO] [stderr]    Compiling yansi v1.0.1
[INFO] [stderr]    Compiling getrandom v0.4.3
[INFO] [stderr]    Compiling tokio v1.53.1
[INFO] [stderr]    Compiling cc v1.2.66
[INFO] [stderr]    Compiling darling_core v0.23.0
[INFO] [stderr]    Compiling ref-cast v1.0.25
[INFO] [stderr]    Compiling zerotrie v0.2.4
[INFO] [stderr]    Compiling bigdecimal v0.4.10
[INFO] [stderr]    Compiling ref-cast-impl v1.0.25
[INFO] [stderr]    Compiling sync_wrapper v1.0.2
[INFO] [stderr]    Compiling crossbeam-utils v0.8.23
[INFO] [stderr]    Compiling strum_macros v0.28.0
[INFO] [stderr]    Compiling rustls-native-certs v0.8.4
[INFO] [stderr]    Compiling chacha20 v0.10.2
[INFO] [stderr]    Compiling ouroboros_macro v0.18.5
[INFO] [stderr]    Compiling proc-macro-crate v3.5.0
[INFO] [stderr]    Compiling http-body v1.0.1
[INFO] [stderr]    Compiling zerovec v0.11.6
[INFO] [stderr]    Compiling hybrid-array v0.4.14
[INFO] [stderr]    Compiling num-integer v0.1.46
[INFO] [stderr]    Compiling http-body-util v0.1.3
[INFO] [stderr]    Compiling cmake v0.1.58
[INFO] [stderr]    Compiling aho-corasick v1.1.4
[INFO] [stderr]    Compiling aliasable v0.1.3
[INFO] [stderr]    Compiling num_enum_derive v0.7.6
[INFO] [stderr]    Compiling unsafe-libyaml-norway v0.2.15
[INFO] [stderr]    Compiling crypto-common v0.2.2
[INFO] [stderr]    Compiling block-buffer v0.12.1
[INFO] [stderr]    Compiling dyn-clone v1.0.20
[INFO] [stderr]    Compiling miniz_oxide v0.9.1
[INFO] [stderr]    Compiling rand v0.10.2
[INFO] [stderr]    Compiling parking_lot_core v0.9.12
[INFO] [stderr]    Compiling tinystr v0.8.3
[INFO] [stderr]    Compiling potential_utf v0.1.5
[INFO] [stderr]    Compiling aws-lc-sys v0.45.0
[INFO] [stderr]    Compiling icu_collections v2.2.0
[INFO] [stderr]    Compiling icu_locale_core v2.2.0
[INFO] [stderr]    Compiling libz-sys v1.1.29
[INFO] [stderr]    Compiling tikv-jemalloc-sys v0.7.1+5.3.1-0-g81034ce1f1373e37dc865038e1bc8eeecf559ce8
[INFO] [stderr]    Compiling num_enum v0.7.6
[INFO] [stderr]    Compiling ouroboros v0.18.5
[INFO] [stderr]    Compiling serde_bytes v0.11.19
[INFO] [stderr]    Compiling regex-automata v0.4.18
[INFO] [stderr]    Compiling uuid v1.23.4
[INFO] [stderr]    Compiling digest v0.11.3
[INFO] [stderr]    Compiling num_cpus v1.17.0
[INFO] [stderr]    Compiling rdkafka-sys v4.10.0+2.12.1
[INFO] [stderr]    Compiling regex-lite v0.1.9
[INFO] [stderr]    Compiling hashbrown v0.14.5
[INFO] [stderr]    Compiling deadpool-runtime v0.1.4
[INFO] [stderr]    Compiling strum v0.28.0
[INFO] [stderr]    Compiling icu_provider v2.2.0
[INFO] [stderr]    Compiling dashmap v6.2.1
[INFO] [stderr]    Compiling darling_macro v0.23.0
[INFO] [stderr]    Compiling icu_properties v2.2.0
[INFO] [stderr]    Compiling icu_normalizer v2.2.0
[INFO] [stderr]    Compiling darling v0.23.0
[INFO] [stderr]    Compiling serde_derive_internals v0.30.0
[INFO] [stderr]    Compiling bon-macros v3.9.3
[INFO] [stderr]    Compiling futures-macro v0.3.34
[INFO] [stderr]    Compiling serde_derive v1.0.229
[INFO] [stderr]    Compiling thiserror-impl v2.0.21
[INFO] [stderr]    Compiling ruststream-macros v0.7.0
[INFO] [stderr]    Compiling schemars_derive v1.2.2
[INFO] [stderr]    Compiling futures-util v0.3.34
[INFO] [stderr]    Compiling thiserror v2.0.21
[INFO] [stderr]    Compiling idna_adapter v1.2.2
[INFO] [stderr]    Compiling idna v1.1.0
[INFO] [stderr]    Compiling url v2.5.8
[INFO] [stderr]    Compiling deadpool v0.12.3
[INFO] [stderr]    Compiling regex v1.13.1
[INFO] [stderr]    Compiling bon v3.9.3
[INFO] [stderr]    Compiling tokio-util v0.7.18
[INFO] [stderr]    Compiling futures-executor v0.3.34
[INFO] [stderr]    Compiling futures v0.3.34
[INFO] [stderr]    Compiling num-bigint v0.4.8
[INFO] [stderr]    Compiling tower v0.5.3
[INFO] [stderr]    Compiling schemars v1.2.2
[INFO] [stderr]    Compiling serde_norway v0.9.42
[INFO] [stderr]    Compiling assert-json-diff v2.0.2
[INFO] [stderr]    Compiling h2 v0.4.16
[INFO] [stderr]    Compiling tower-http v0.6.11
[INFO] [stderr]    Compiling ruststream v0.7.0
[INFO] [stderr]    Compiling hyper v1.10.1
[INFO] [stderr]    Compiling apache-avro v0.22.0
[INFO] [stderr]    Compiling hyper-util v0.1.20
[INFO] [stderr]    Compiling wiremock v0.6.5
[INFO] [stderr] error: could not compile `ruststream` (lib)
[INFO] [stderr] 
[INFO] [stderr] Caused by:
[INFO] [stderr]   process didn't exit successfully: `/opt/rustwide/rustup-home/toolchains/1.99.0-beta.8-x86_64-unknown-linux-gnu/bin/rustc --crate-name ruststream --edition=2024 /opt/rustwide/cargo-home/registry/src/index.crates.io-1949cf8c6b5b557f/ruststream-0.7.0/src/lib.rs --error-format=json --json=diagnostic-rendered-ansi,artifacts,future-incompat --crate-type lib --emit=dep-info,metadata,link -C embed-bitcode=no -C debuginfo=2 --cfg 'feature="asyncapi"' --cfg 'feature="conformance"' --cfg 'feature="json"' --cfg 'feature="macros"' --cfg 'feature="testing"' --check-cfg 'cfg(docsrs,test)' --check-cfg 'cfg(feature, values("asyncapi", "cbor", "cli", "conformance", "default", "json", "logging", "macros", "memory", "metrics", "msgpack", "otel", "poll-diagnostics", "testing"))' -C metadata=24d2e770352b340e -C extra-filename=-89afcc74c9265188 --out-dir /opt/rustwide/target/debug/deps -L dependency=/opt/rustwide/target/debug/deps --extern bytes=/opt/rustwide/target/debug/deps/libbytes-5f66263ae3d5daa8.rmeta --extern bytes_utils=/opt/rustwide/target/debug/deps/libbytes_utils-f0e73bb5ae1a4c99.rmeta --extern futures=/opt/rustwide/target/debug/deps/libfutures-b8da3b544166c29d.rmeta --extern inventory=/opt/rustwide/target/debug/deps/libinventory-4db84d261fa45ba5.rmeta --extern rtrb=/opt/rustwide/target/debug/deps/librtrb-d6af37d95d1156d8.rmeta --extern ruststream_macros=/opt/rustwide/target/debug/deps/libruststream_macros-81ec8f50a56a7fe2.so --extern schemars=/opt/rustwide/target/debug/deps/libschemars-13bf68238db99f1d.rmeta --extern serde=/opt/rustwide/target/debug/deps/libserde-3c06b5e72b3a9e8e.rmeta --extern serde_json=/opt/rustwide/target/debug/deps/libserde_json-feb926b010130ab0.rmeta --extern serde_norway=/opt/rustwide/target/debug/deps/libserde_norway-766b2f99d8755089.rmeta --extern thiserror=/opt/rustwide/target/debug/deps/libthiserror-9cd7e0064b0ab8ee.rmeta --extern tokio=/opt/rustwide/target/debug/deps/libtokio-b50f965f06135988.rmeta --extern tokio_util=/opt/rustwide/target/debug/deps/libtokio_util-a467a90e47fdfbf3.rmeta --extern tracing=/opt/rustwide/target/debug/deps/libtracing-bc8a57dc3e836de5.rmeta --cap-lints allow --cap-lints=warn` (signal: 9, SIGKILL: kill)
[INFO] [stderr] warning: build failed, waiting for other jobs to finish...
[INFO] [stderr] error: could not compile `apache-avro` (lib)
[INFO] [stderr] 
[INFO] [stderr] Caused by:
[INFO] [stderr]   process didn't exit successfully: `/opt/rustwide/rustup-home/toolchains/1.99.0-beta.8-x86_64-unknown-linux-gnu/bin/rustc --crate-name apache_avro --edition=2024 /opt/rustwide/cargo-home/registry/src/index.crates.io-1949cf8c6b5b557f/apache-avro-0.22.0/src/lib.rs --error-format=json --json=diagnostic-rendered-ansi,artifacts,future-incompat --crate-type lib --emit=dep-info,metadata,link -C embed-bitcode=no -C debuginfo=2 --check-cfg 'cfg(docsrs,test)' --check-cfg 'cfg(feature, values("bzip", "derive", "snappy", "xz", "zstandard"))' -C metadata=bc0b0674877300c2 -C extra-filename=-de1967b92b36cb25 --out-dir /opt/rustwide/target/debug/deps -L dependency=/opt/rustwide/target/debug/deps --extern bigdecimal=/opt/rustwide/target/debug/deps/libbigdecimal-195f6ead82758ae7.rmeta --extern bon=/opt/rustwide/target/debug/deps/libbon-a184d21f07146e36.rmeta --extern digest=/opt/rustwide/target/debug/deps/libdigest-147e7a6567d2bcd9.rmeta --extern log=/opt/rustwide/target/debug/deps/liblog-64a74e931fbdff63.rmeta --extern miniz_oxide=/opt/rustwide/target/debug/deps/libminiz_oxide-e53511daefd2ca16.rmeta --extern num_bigint=/opt/rustwide/target/debug/deps/libnum_bigint-5fc37a3013556181.rmeta --extern ouroboros=/opt/rustwide/target/debug/deps/libouroboros-85d364483e8aab11.rmeta --extern rand=/opt/rustwide/target/debug/deps/librand-cf35f0de33560e40.rmeta --extern regex_lite=/opt/rustwide/target/debug/deps/libregex_lite-30e52f0a01eba8ae.rmeta --extern serde=/opt/rustwide/target/debug/deps/libserde-3c06b5e72b3a9e8e.rmeta --extern serde_bytes=/opt/rustwide/target/debug/deps/libserde_bytes-e5ebd439d7a68367.rmeta --extern serde_json=/opt/rustwide/target/debug/deps/libserde_json-feb926b010130ab0.rmeta --extern strum=/opt/rustwide/target/debug/deps/libstrum-18880310116360f1.rmeta --extern thiserror=/opt/rustwide/target/debug/deps/libthiserror-9cd7e0064b0ab8ee.rmeta --extern uuid=/opt/rustwide/target/debug/deps/libuuid-4272e1a713a48933.rmeta --cap-lints allow --cap-lints=warn` (signal: 9, SIGKILL: kill)
[INFO] [stderr] error: failed to run custom build command for `tikv-jemalloc-sys v0.7.1+5.3.1-0-g81034ce1f1373e37dc865038e1bc8eeecf559ce8`
[INFO] [stderr] note: To improve backtraces for build dependencies, set the CARGO_PROFILE_TEST_BUILD_OVERRIDE_DEBUG=true environment variable to enable debug information generation.
[INFO] [stderr] 
[INFO] [stderr] Caused by:
[INFO] [stderr]   process didn't exit successfully: `/opt/rustwide/target/debug/build/tikv-jemalloc-sys-d5a7692c7c8fe890/build-script-build` (exit status: 101)
[INFO] [stderr]   --- stdout
[INFO] [stderr]   TARGET=x86_64-unknown-linux-gnu
[INFO] [stderr]   HOST=x86_64-unknown-linux-gnu
[INFO] [stderr]   NUM_JOBS=16
[INFO] [stderr]   OUT_DIR="/opt/rustwide/target/debug/build/tikv-jemalloc-sys-73c3449690acf0dd/out"
[INFO] [stderr]   BUILD_DIR="/opt/rustwide/target/debug/build/tikv-jemalloc-sys-73c3449690acf0dd/out/build"
[INFO] [stderr]   SRC_DIR="/opt/rustwide/cargo-home/registry/src/index.crates.io-1949cf8c6b5b557f/tikv-jemalloc-sys-0.7.1+5.3.1-0-g81034ce1f1373e37dc865038e1bc8eeecf559ce8"
[INFO] [stderr]   cargo:rerun-if-env-changed=X86_64_UNKNOWN_LINUX_GNU_JEMALLOC_OVERRIDE
[INFO] [stderr]   cargo:rerun-if-env-changed=JEMALLOC_OVERRIDE
[INFO] [stderr]   cargo:rerun-if-env-changed=CC_x86_64-unknown-linux-gnu
[INFO] [stderr]   CC_x86_64-unknown-linux-gnu = None
[INFO] [stderr]   cargo:rerun-if-env-changed=CC_x86_64_unknown_linux_gnu
[INFO] [stderr]   CC_x86_64_unknown_linux_gnu = None
[INFO] [stderr]   cargo:rerun-if-env-changed=HOST_CC
[INFO] [stderr]   HOST_CC = None
[INFO] [stderr]   cargo:rerun-if-env-changed=CC
[INFO] [stderr]   CC = None
[INFO] [stderr]   cargo:rerun-if-env-changed=CC_ENABLE_DEBUG_OUTPUT
[INFO] [stderr]   cargo:rerun-if-env-changed=CRATE_CC_NO_DEFAULTS
[INFO] [stderr]   CRATE_CC_NO_DEFAULTS = None
[INFO] [stderr]   cargo:rerun-if-env-changed=CFLAGS
[INFO] [stderr]   CFLAGS = None
[INFO] [stderr]   cargo:rerun-if-env-changed=HOST_CFLAGS
[INFO] [stderr]   HOST_CFLAGS = None
[INFO] [stderr]   cargo:rerun-if-env-changed=CFLAGS_x86_64_unknown_linux_gnu
[INFO] [stderr]   CFLAGS_x86_64_unknown_linux_gnu = None
[INFO] [stderr]   cargo:rerun-if-env-changed=CFLAGS_x86_64-unknown-linux-gnu
[INFO] [stderr]   CFLAGS_x86_64-unknown-linux-gnu = None
[INFO] [stderr]   cargo:rerun-if-env-changed=X86_64_UNKNOWN_LINUX_GNU_LDFLAGS
[INFO] [stderr]   cargo:rerun-if-env-changed=LDFLAGS
[INFO] [stderr]   cargo:rerun-if-env-changed=X86_64_UNKNOWN_LINUX_GNU_CPPFLAGS
[INFO] [stderr]   cargo:rerun-if-env-changed=CPPFLAGS
[INFO] [stderr]   CC="cc"
[INFO] [stderr]   CFLAGS="-O0 -ffunction-sections -fdata-sections -fPIC -g -gdwarf-4 -fno-omit-frame-pointer -m64 -Wall"
[INFO] [stderr]   LDFLAGS=""
[INFO] [stderr]   CPPFLAGS=""
[INFO] [stderr]   JEMALLOC_REPO_DIR="jemalloc"
[INFO] [stderr]   cargo:rerun-if-env-changed=X86_64_UNKNOWN_LINUX_GNU_JEMALLOC_SYS_WITH_MALLOC_CONF
[INFO] [stderr]   cargo:rerun-if-env-changed=JEMALLOC_SYS_WITH_MALLOC_CONF
[INFO] [stderr]   cargo:rerun-if-env-changed=X86_64_UNKNOWN_LINUX_GNU_JEMALLOC_SYS_WITH_LG_PAGE
[INFO] [stderr]   cargo:rerun-if-env-changed=JEMALLOC_SYS_WITH_LG_PAGE
[INFO] [stderr]   cargo:rerun-if-env-changed=X86_64_UNKNOWN_LINUX_GNU_JEMALLOC_SYS_WITH_LG_HUGEPAGE
[INFO] [stderr]   cargo:rerun-if-env-changed=JEMALLOC_SYS_WITH_LG_HUGEPAGE
[INFO] [stderr]   cargo:rerun-if-env-changed=X86_64_UNKNOWN_LINUX_GNU_JEMALLOC_SYS_WITH_LG_QUANTUM
[INFO] [stderr]   cargo:rerun-if-env-changed=JEMALLOC_SYS_WITH_LG_QUANTUM
[INFO] [stderr]   cargo:rerun-if-env-changed=X86_64_UNKNOWN_LINUX_GNU_JEMALLOC_SYS_WITH_LG_VADDR
[INFO] [stderr]   cargo:rerun-if-env-changed=JEMALLOC_SYS_WITH_LG_VADDR
[INFO] [stderr]   CARGO_FEATURE_STATS set
[INFO] [stderr]   running: cd "/opt/rustwide/target/debug/build/tikv-jemalloc-sys-73c3449690acf0dd/out/build" && CC="cc" CFLAGS="-O0 -ffunction-sections -fdata-sections -fPIC -g -gdwarf-4 -fno-omit-frame-pointer -m64 -Wall" CPPFLAGS="" LDFLAGS="" "sh" "/opt/rustwide/target/debug/build/tikv-jemalloc-sys-73c3449690acf0dd/out/build/configure" "--with-version=5.3.1-0-g81034ce1f1373e37dc865038e1bc8eeecf559ce8" "--disable-cxx" "--enable-doc=no" "--enable-shared=no" "--with-private-namespace=_rjem_" "--enable-stats" "--host=x86_64-unknown-linux-gnu" "--build=x86_64-unknown-linux-gnu" "--prefix=/opt/rustwide/target/debug/build/tikv-jemalloc-sys-73c3449690acf0dd/out"
[INFO] [stderr]   checking for xsltproc... false
[INFO] [stderr]   checking for x86_64-unknown-linux-gnu-gcc... cc
[INFO] [stderr]   checking whether the C compiler works... yes
[INFO] [stderr]   checking for C compiler default output file name... a.out
[INFO] [stderr]   checking for suffix of executables... 
[INFO] [stderr]   checking whether we are cross compiling... no
[INFO] [stderr]   checking for suffix of object files... o
[INFO] [stderr]   checking whether the compiler supports GNU C... yes
[INFO] [stderr]   checking whether cc accepts -g... yes
[INFO] [stderr]   checking for cc option to enable C11 features... none needed
[INFO] [stderr]   checking whether compiler is cray... no
[INFO] [stderr]   checking whether compiler supports -std=gnu11... yes
[INFO] [stderr]   checking whether compiler supports -Werror=unknown-warning-option... no
[INFO] [stderr]   checking whether compiler supports -Wall... yes
[INFO] [stderr]   checking whether compiler supports -Wextra... yes
[INFO] [stderr]   checking whether compiler supports -Wshorten-64-to-32... no
[INFO] [stderr]   checking whether compiler supports -Wsign-compare... yes
[INFO] [stderr]   checking whether compiler supports -Wundef... yes
[INFO] [stderr]   checking whether compiler supports -Wno-format-zero-length... yes
[INFO] [stderr]   checking whether compiler supports -Wpointer-arith... yes
[INFO] [stderr]   checking whether compiler supports -Wno-missing-braces... yes
[INFO] [stderr]   checking whether compiler supports -Wno-missing-field-initializers... yes
[INFO] [stderr]   checking whether compiler supports -Wno-missing-attributes... yes
[INFO] [stderr]   checking whether compiler supports -pipe... yes
[INFO] [stderr]   checking whether compiler supports -g3... yes
[INFO] [stderr]   checking how to run the C preprocessor... cc -E
[INFO] [stderr]   checking for stdio.h... yes
[INFO] [stderr]   checking for stdlib.h... yes
[INFO] [stderr]   checking for string.h... yes
[INFO] [stderr]   checking for inttypes.h... yes
[INFO] [stderr]   checking for stdint.h... yes
[INFO] [stderr]   checking for strings.h... yes
[INFO] [stderr]   checking for sys/stat.h... yes
[INFO] [stderr]   checking for sys/types.h... yes
[INFO] [stderr]   checking for unistd.h... yes
[INFO] [stderr]   checking whether byte ordering is bigendian... no
[INFO] [stderr]   checking size of void *... 8
[INFO] [stderr]   checking size of int... 4
[INFO] [stderr]   checking size of long... 8
[INFO] [stderr]   checking size of long long... 8
[INFO] [stderr]   checking size of intmax_t... 8
[INFO] [stderr]   checking build system type... x86_64-unknown-linux-gnu
[INFO] [stderr]   checking host system type... x86_64-unknown-linux-gnu
[INFO] [stderr]   checking whether pause instruction is compilable... yes
[INFO] [stderr]   checking number of significant virtual address bits... 48
[INFO] [stderr]   checking rdtscp support... yes
[INFO] [stderr]   checking asm volatile support... yes
[INFO] [stderr]   checking __int128 support... yes
[INFO] [stderr]   checking for x86_64-unknown-linux-gnu-ar... no
[INFO] [stderr]   checking for ar... ar
[INFO] [stderr]   checking for x86_64-unknown-linux-gnu-nm... no
[INFO] [stderr]   checking for nm... nm
[INFO] [stderr]   checking for gawk... no
[INFO] [stderr]   checking for mawk... mawk
[INFO] [stderr]   checking for malloc.h... yes
[INFO] [stderr]   checking whether malloc_usable_size definition can use const argument... no
[INFO] [stderr]   checking for library containing log... -lm
[INFO] [stderr]   checking whether __attribute__ syntax is compilable... yes
[INFO] [stderr]   checking whether compiler supports -fvisibility=hidden... yes
[INFO] [stderr]   checking whether compiler supports -fvisibility=hidden... no
[INFO] [stderr]   checking whether compiler supports -Werror... yes
[INFO] [stderr]   checking whether compiler supports -herror_on_warning... no
[INFO] [stderr]   checking whether tls_model attribute is compilable... yes
[INFO] [stderr]   checking whether compiler supports -Werror... yes
[INFO] [stderr]   checking whether compiler supports -herror_on_warning... no
[INFO] [stderr]   checking whether alloc_size attribute is compilable... yes
[INFO] [stderr]   checking whether compiler supports -Werror... yes
[INFO] [stderr]   checking whether compiler supports -herror_on_warning... no
[INFO] [stderr]   checking whether format(gnu_printf, ...) attribute is compilable... yes
[INFO] [stderr]   checking whether compiler supports -Werror... yes
[INFO] [stderr]   checking whether compiler supports -herror_on_warning... no
[INFO] [stderr]   checking whether format(printf, ...) attribute is compilable... yes
[INFO] [stderr]   checking whether compiler supports -Werror... yes
[INFO] [stderr]   checking whether compiler supports -herror_on_warning... no
[INFO] [stderr]   checking whether format(printf, ...) attribute is compilable... yes
[INFO] [stderr]   checking whether compiler supports -Wimplicit-fallthrough... yes
[INFO] [stderr]   checking whether fallthrough attribute is compilable... yes
[INFO] [stderr]   checking whether compiler supports -Wimplicit-fallthrough... yes
[INFO] [stderr]   checking whether compiler supports -Wimplicit-fallthrough... no
[INFO] [stderr]   checking whether compiler supports -Werror... yes
[INFO] [stderr]   checking whether compiler supports -herror_on_warning... no
[INFO] [stderr]   checking whether cold attribute is compilable... yes
[INFO] [stderr]   checking whether compiler supports -Wdeprecated-declarations... yes
[INFO] [stderr]   checking whether deprecated attribute is compilable... yes
[INFO] [stderr]   checking whether compiler supports -Wdeprecated-declarations... yes
[INFO] [stderr]   checking whether compiler supports -Wdeprecated-declarations... no
[INFO] [stderr]   checking whether vm_make_tag is compilable... no
[INFO] [stderr]   checking for a BSD-compatible install... /usr/bin/install -c
[INFO] [stderr]   checking for x86_64-unknown-linux-gnu-ranlib... no
[INFO] [stderr]   checking for ranlib... ranlib
[INFO] [stderr]   checking for ld... /usr/bin/ld
[INFO] [stderr]   checking for autoconf... /usr/bin/autoconf
[INFO] [stderr]   checking for memalign... yes
[INFO] [stderr]   checking for valloc... yes
[INFO] [stderr]   checking for pvalloc... yes
[INFO] [stderr]   checking for malloc_size... no
[INFO] [stderr]   checking for __libc_calloc... yes
[INFO] [stderr]   checking for __libc_free... yes
[INFO] [stderr]   checking for __libc_free_sized... no
[INFO] [stderr]   checking for __libc_free_aligned_sized... no
[INFO] [stderr]   checking for __libc_malloc... yes
[INFO] [stderr]   checking for __libc_memalign... yes
[INFO] [stderr]   checking for __libc_realloc... yes
[INFO] [stderr]   checking for __libc_valloc... yes
[INFO] [stderr]   checking for __libc_pvalloc... yes
[INFO] [stderr]   checking for __posix_memalign... no
[INFO] [stderr]   checking whether compiler supports -O3... yes
[INFO] [stderr]   checking whether compiler supports -O3... no
[INFO] [stderr]   checking whether compiler supports -funroll-loops... yes
[INFO] [stderr]   checking configured backtracing method... N/A
[INFO] [stderr]   checking for sbrk... yes
[INFO] [stderr]   checking whether utrace(2) is compilable... no
[INFO] [stderr]   checking whether utrace(2) with label is compilable... no
[INFO] [stderr]   checking whether a program using __builtin_unreachable is compilable... yes
[INFO] [stderr]   checking whether a program using __builtin_ffsl is compilable... yes
[INFO] [stderr]   checking whether a program using __builtin_popcountl is compilable... yes
[INFO] [stderr]   checking LG_PAGE... 12
[INFO] [stderr]   checking for pthread.h... yes
[INFO] [stderr]   checking for pthread_create in -lpthread... yes
[INFO] [stderr]   checking for dlfcn.h... yes
[INFO] [stderr]   checking for dlsym... yes
[INFO] [stderr]   checking whether pthread_atfork(3) is compilable... yes
[INFO] [stderr]   checking whether pthread_setname_np(3) is compilable... yes
[INFO] [stderr]   checking whether pthread_getname_np(3) is compilable... yes
[INFO] [stderr]   checking whether pthread_set_name_np(3) is compilable... no
[INFO] [stderr]   checking whether pthread_get_name_np(3) is compilable... no
[INFO] [stderr]   checking for library containing clock_gettime... none required
[INFO] [stderr]   checking whether clock_gettime(CLOCK_MONOTONIC_COARSE, ...) is compilable... yes
[INFO] [stderr]   checking whether clock_gettime(CLOCK_MONOTONIC, ...) is compilable... yes
[INFO] [stderr]   checking whether mach_absolute_time() is compilable... no
[INFO] [stderr]   checking whether clock_gettime(CLOCK_REALTIME, ...) is compilable... yes
[INFO] [stderr]   checking whether clock_gettime_nsec_np() is compilable... no
[INFO] [stderr]   checking whether compiler supports -Werror... yes
[INFO] [stderr]   checking whether syscall(2) is compilable... yes
[INFO] [stderr]   checking for secure_getenv... yes
[INFO] [stderr]   checking for sched_getcpu... yes
[INFO] [stderr]   checking for sched_setaffinity... yes
[INFO] [stderr]   checking for pthread_setaffinity_np... yes
[INFO] [stderr]   checking for issetugid... no
[INFO] [stderr]   checking for _malloc_thread_cleanup... no
[INFO] [stderr]   checking for _pthread_mutex_init_calloc_cb... no
[INFO] [stderr]   checking for memcntl... no
[INFO] [stderr]   checking for prctl... yes
[INFO] [stderr]   checking for TLS... yes
[INFO] [stderr]   checking whether C11 atomics is compilable... yes
[INFO] [stderr]   checking whether GCC __atomic atomics is compilable... yes
[INFO] [stderr]   checking whether GCC 8-bit __atomic atomics is compilable... yes
[INFO] [stderr]   checking whether GCC __sync atomics is compilable... yes
[INFO] [stderr]   checking whether GCC 8-bit __sync atomics is compilable... yes
[INFO] [stderr]   checking whether Darwin OSAtomic*() is compilable... no
[INFO] [stderr]   checking whether madvise(2) is compilable... yes
[INFO] [stderr]   checking whether madvise(..., MADV_FREE) is compilable... yes
[INFO] [stderr]   checking whether madvise(..., MADV_DONTNEED) is compilable... yes
[INFO] [stderr]   checking whether madvise(..., MADV_DO[NT]DUMP) is compilable... yes
[INFO] [stderr]   checking whether madvise(..., MADV_[NO]HUGEPAGE) is compilable... yes
[INFO] [stderr]   checking whether madvise(..., MADV_[NO]CORE) is compilable... no
[INFO] [stderr]   checking whether madvise(..., MADV_COLLAPSE) is compilable... yes
[INFO] [stderr]   checking whether process_madvise(2) is compilable... yes
[INFO] [stderr]   checking whether mprotect(2) is compilable... yes
[INFO] [stderr]   checking for __builtin_clz... yes
[INFO] [stderr]   checking whether Darwin os_unfair_lock_*() is compilable... no
[INFO] [stderr]   checking whether glibc malloc hook is compilable... no
[INFO] [stderr]   checking whether glibc memalign hook is compilable... no
[INFO] [stderr]   checking whether pthreads adaptive mutexes is compilable... yes
[INFO] [stderr]   checking whether gettid is compilable... yes
[INFO] [stderr]   checking whether compiler supports -D_GNU_SOURCE... yes
[INFO] [stderr]   checking whether compiler supports -Werror... yes
[INFO] [stderr]   checking whether compiler supports -herror_on_warning... no
[INFO] [stderr]   checking whether strerror_r returns char with gnu source is compilable... yes
[INFO] [stderr]   checking for _Bool... yes
[INFO] [stderr]   checking for stdbool.h that conforms to C99... yes
[INFO] [stderr]   configure: creating ./config.status
[INFO] [stderr]   config.status: creating Makefile
[INFO] [stderr]   config.status: creating jemalloc.pc
[INFO] [stderr]   config.status: creating doc/html.xsl
[INFO] [stderr]   config.status: creating doc/manpages.xsl
[INFO] [stderr]   config.status: creating doc/jemalloc.xml
[INFO] [stderr]   config.status: creating include/jemalloc/jemalloc_macros.h
[INFO] [stderr]   config.status: creating include/jemalloc/jemalloc_protos.h
[INFO] [stderr]   config.status: creating include/jemalloc/jemalloc_typedefs.h
[INFO] [stderr]   config.status: creating include/jemalloc/internal/jemalloc_preamble.h
[INFO] [stderr]   config.status: creating test/test.sh
[INFO] [stderr]   config.status: creating test/include/test/jemalloc_test.h
[INFO] [stderr]   config.status: creating config.stamp
[INFO] [stderr]   config.status: creating bin/jemalloc-config
[INFO] [stderr]   config.status: creating bin/jemalloc.sh
[INFO] [stderr]   config.status: creating bin/jeprof
[INFO] [stderr]   config.status: creating include/jemalloc/jemalloc_defs.h
[INFO] [stderr]   config.status: creating include/jemalloc/internal/jemalloc_internal_defs.h
[INFO] [stderr]   config.status: creating test/include/test/jemalloc_test_defs.h
[INFO] [stderr]   config.status: executing include/jemalloc/internal/public_symbols.txt commands
[INFO] [stderr]   config.status: executing include/jemalloc/internal/private_symbols.awk commands
[INFO] [stderr]   config.status: executing include/jemalloc/internal/private_symbols_jet.awk commands
[INFO] [stderr]   config.status: executing include/jemalloc/internal/public_namespace.h commands
[INFO] [stderr]   config.status: executing include/jemalloc/internal/public_unnamespace.h commands
[INFO] [stderr]   config.status: executing include/jemalloc/jemalloc_protos_jet.h commands
[INFO] [stderr]   config.status: executing include/jemalloc/jemalloc_rename.h commands
[INFO] [stderr]   config.status: executing include/jemalloc/jemalloc_mangle.h commands
[INFO] [stderr]   config.status: executing include/jemalloc/jemalloc_mangle_jet.h commands
[INFO] [stderr]   config.status: executing include/jemalloc/jemalloc.h commands
[INFO] [stderr]   ===============================================================================
[INFO] [stderr]   jemalloc version   : 5.3.1-0-g81034ce1f1373e37dc865038e1bc8eeecf559ce8
[INFO] [stderr]   library revision   : 2
[INFO] [stderr] 
[INFO] [stderr]   CONFIG             : --with-version=5.3.1-0-g81034ce1f1373e37dc865038e1bc8eeecf559ce8 --disable-cxx --enable-doc=no --enable-shared=no --with-private-namespace=_rjem_ --enable-stats --host=x86_64-unknown-linux-gnu --build=x86_64-unknown-linux-gnu --prefix=/opt/rustwide/target/debug/build/tikv-jemalloc-sys-73c3449690acf0dd/out build_alias=x86_64-unknown-linux-gnu host_alias=x86_64-unknown-linux-gnu CC=cc 'CFLAGS=-O0 -ffunction-sections -fdata-sections -fPIC -g -gdwarf-4 -fno-omit-frame-pointer -m64 -Wall' LDFLAGS= CPPFLAGS=
[INFO] [stderr]   CC                 : cc
[INFO] [stderr]   CONFIGURE_CFLAGS   : -std=gnu11 -Wall -Wextra -Wsign-compare -Wundef -Wno-format-zero-length -Wpointer-arith -Wno-missing-braces -Wno-missing-field-initializers -Wno-missing-attributes -pipe -g3 -fvisibility=hidden -Wimplicit-fallthrough -Wdeprecated-declarations -O3 -funroll-loops
[INFO] [stderr]   SPECIFIED_CFLAGS   : -O0 -ffunction-sections -fdata-sections -fPIC -g -gdwarf-4 -fno-omit-frame-pointer -m64 -Wall
[INFO] [stderr]   EXTRA_CFLAGS       : 
[INFO] [stderr]   CPPFLAGS           : -D_GNU_SOURCE -D_REENTRANT
[INFO] [stderr]   CXX                : 
[INFO] [stderr]   CONFIGURE_CXXFLAGS : 
[INFO] [stderr]   SPECIFIED_CXXFLAGS : 
[INFO] [stderr]   EXTRA_CXXFLAGS     : 
[INFO] [stderr]   CONFIGURE_LDFLAGS  : 
[INFO] [stderr]   SPECIFIED_LDFLAGS  : 
[INFO] [stderr]   EXTRA_LDFLAGS      : 
[INFO] [stderr]   DSO_LDFLAGS        : -shared -Wl,-soname,$(@F)
[INFO] [stderr]   LIBS               : -lm  -pthread
[INFO] [stderr]   RPATH_EXTRA        : 
[INFO] [stderr] 
[INFO] [stderr]   XSLTPROC           : false
[INFO] [stderr]   XSLROOT            : 
[INFO] [stderr] 
[INFO] [stderr]   PREFIX             : /opt/rustwide/target/debug/build/tikv-jemalloc-sys-73c3449690acf0dd/out
[INFO] [stderr]   BINDIR             : /opt/rustwide/target/debug/build/tikv-jemalloc-sys-73c3449690acf0dd/out/bin
[INFO] [stderr]   DATADIR            : /opt/rustwide/target/debug/build/tikv-jemalloc-sys-73c3449690acf0dd/out/share
[INFO] [stderr]   INCLUDEDIR         : /opt/rustwide/target/debug/build/tikv-jemalloc-sys-73c3449690acf0dd/out/include
[INFO] [stderr]   LIBDIR             : /opt/rustwide/target/debug/build/tikv-jemalloc-sys-73c3449690acf0dd/out/lib
[INFO] [stderr]   MANDIR             : /opt/rustwide/target/debug/build/tikv-jemalloc-sys-73c3449690acf0dd/out/share/man
[INFO] [stderr] 
[INFO] [stderr]   LG_PAGE            : 12
[INFO] [stderr] 
[INFO] [stderr]   srcroot            : 
[INFO] [stderr]   abs_srcroot        : /opt/rustwide/target/debug/build/tikv-jemalloc-sys-73c3449690acf0dd/out/build/
[INFO] [stderr]   objroot            : 
[INFO] [stderr]   abs_objroot        : /opt/rustwide/target/debug/build/tikv-jemalloc-sys-73c3449690acf0dd/out/build/
[INFO] [stderr] 
[INFO] [stderr]   JEMALLOC_PREFIX    : 
[INFO] [stderr]   JEMALLOC_PRIVATE_NAMESPACE
[INFO] [stderr]                      : _rjem_je_
[INFO] [stderr]   install_suffix     : 
[INFO] [stderr]   malloc_conf        : 
[INFO] [stderr]   documentation      : 0
[INFO] [stderr]   shared libs        : 0
[INFO] [stderr]   static libs        : 1
[INFO] [stderr]   autogen            : 0
[INFO] [stderr]   debug              : 0
[INFO] [stderr]   stats              : 1
[INFO] [stderr]   user_config        : 1
[INFO] [stderr]   experimental_smallocx : 0
[INFO] [stderr]   prof               : 0
[INFO] [stderr]   prof-libunwind     : 0
[INFO] [stderr]   prof-frameptr      : 0
[INFO] [stderr]   prof-libgcc        : 0
[INFO] [stderr]   prof-gcc           : 0
[INFO] [stderr]   fill               : 1
[INFO] [stderr]   utrace             : 0
[INFO] [stderr]   xmalloc            : 0
[INFO] [stderr]   log                : 0
[INFO] [stderr]   lazy_lock          : 0
[INFO] [stderr]   cache-oblivious    : 1
[INFO] [stderr]   pageid             : 0
[INFO] [stderr]   cxx                : 0
[INFO] [stderr]   dss                : 1
[INFO] [stderr]   tsan               : 0
[INFO] [stderr]   ubsan              : 0
[INFO] [stderr]   ===============================================================================
[INFO] [stderr]   running: cd "/opt/rustwide/target/debug/build/tikv-jemalloc-sys-73c3449690acf0dd/out/build" && MAKEFLAGS="-j --jobserver-fds=4,5 --jobserver-auth=4,5" "make"
[INFO] [stderr]   cc -std=gnu11 -Wall -Wextra -Wsign-compare -Wundef -Wno-format-zero-length -Wpointer-arith -Wno-missing-braces -Wno-missing-field-initializers -Wno-missing-attributes -pipe -g3 -fvisibility=hidden -Wimplicit-fallthrough -Wdeprecated-declarations -O3 -funroll-loops -O0 -ffunction-sections -fdata-sections -fPIC -g -gdwarf-4 -fno-omit-frame-pointer -m64 -Wall -c -D_GNU_SOURCE -D_REENTRANT -Iinclude -Iinclude -DJEMALLOC_NO_PRIVATE_NAMESPACE -o src/jemalloc.sym.o src/jemalloc.c
[INFO] [stderr]   cc -std=gnu11 -Wall -Wextra -Wsign-compare -Wundef -Wno-format-zero-length -Wpointer-arith -Wno-missing-braces -Wno-missing-field-initializers -Wno-missing-attributes -pipe -g3 -fvisibility=hidden -Wimplicit-fallthrough -Wdeprecated-declarations -O3 -funroll-loops -O0 -ffunction-sections -fdata-sections -fPIC -g -gdwarf-4 -fno-omit-frame-pointer -m64 -Wall -c -D_GNU_SOURCE -D_REENTRANT -Iinclude -Iinclude -DJEMALLOC_NO_PRIVATE_NAMESPACE -o src/arena.sym.o src/arena.c
[INFO] [stderr]   cc -std=gnu11 -Wall -Wextra -Wsign-compare -Wundef -Wno-format-zero-length -Wpointer-arith -Wno-missing-braces -Wno-missing-field-initializers -Wno-missing-attributes -pipe -g3 -fvisibility=hidden -Wimplicit-fallthrough -Wdeprecated-declarations -O3 -funroll-loops -O0 -ffunction-sections -fdata-sections -fPIC -g -gdwarf-4 -fno-omit-frame-pointer -m64 -Wall -c -D_GNU_SOURCE -D_REENTRANT -Iinclude -Iinclude -DJEMALLOC_NO_PRIVATE_NAMESPACE -o src/background_thread.sym.o src/background_thread.c
[INFO] [stderr]   cc -std=gnu11 -Wall -Wextra -Wsign-compare -Wundef -Wno-format-zero-length -Wpointer-arith -Wno-missing-braces -Wno-missing-field-initializers -Wno-missing-attributes -pipe -g3 -fvisibility=hidden -Wimplicit-fallthrough -Wdeprecated-declarations -O3 -funroll-loops -O0 -ffunction-sections -fdata-sections -fPIC -g -gdwarf-4 -fno-omit-frame-pointer -m64 -Wall -c -D_GNU_SOURCE -D_REENTRANT -Iinclude -Iinclude -DJEMALLOC_NO_PRIVATE_NAMESPACE -o src/base.sym.o src/base.c
[INFO] [stderr]   cc -std=gnu11 -Wall -Wextra -Wsign-compare -Wundef -Wno-format-zero-length -Wpointer-arith -Wno-missing-braces -Wno-missing-field-initializers -Wno-missing-attributes -pipe -g3 -fvisibility=hidden -Wimplicit-fallthrough -Wdeprecated-declarations -O3 -funroll-loops -O0 -ffunction-sections -fdata-sections -fPIC -g -gdwarf-4 -fno-omit-frame-pointer -m64 -Wall -c -D_GNU_SOURCE -D_REENTRANT -Iinclude -Iinclude -DJEMALLOC_NO_PRIVATE_NAMESPACE -o src/bin.sym.o src/bin.c
[INFO] [stderr]   cc -std=gnu11 -Wall -Wextra -Wsign-compare -Wundef -Wno-format-zero-length -Wpointer-arith -Wno-missing-braces -Wno-missing-field-initializers -Wno-missing-attributes -pipe -g3 -fvisibility=hidden -Wimplicit-fallthrough -Wdeprecated-declarations -O3 -funroll-loops -O0 -ffunction-sections -fdata-sections -fPIC -g -gdwarf-4 -fno-omit-frame-pointer -m64 -Wall -c -D_GNU_SOURCE -D_REENTRANT -Iinclude -Iinclude -DJEMALLOC_NO_PRIVATE_NAMESPACE -o src/bin_info.sym.o src/bin_info.c
[INFO] [stderr]   cc -std=gnu11 -Wall -Wextra -Wsign-compare -Wundef -Wno-format-zero-length -Wpointer-arith -Wno-missing-braces -Wno-missing-field-initializers -Wno-missing-attributes -pipe -g3 -fvisibility=hidden -Wimplicit-fallthrough -Wdeprecated-declarations -O3 -funroll-loops -O0 -ffunction-sections -fdata-sections -fPIC -g -gdwarf-4 -fno-omit-frame-pointer -m64 -Wall -c -D_GNU_SOURCE -D_REENTRANT -Iinclude -Iinclude -DJEMALLOC_NO_PRIVATE_NAMESPACE -o src/bitmap.sym.o src/bitmap.c
[INFO] [stderr]   cc -std=gnu11 -Wall -Wextra -Wsign-compare -Wundef -Wno-format-zero-length -Wpointer-arith -Wno-missing-braces -Wno-missing-field-initializers -Wno-missing-attributes -pipe -g3 -fvisibility=hidden -Wimplicit-fallthrough -Wdeprecated-declarations -O3 -funroll-loops -O0 -ffunction-sections -fdata-sections -fPIC -g -gdwarf-4 -fno-omit-frame-pointer -m64 -Wall -c -D_GNU_SOURCE -D_REENTRANT -Iinclude -Iinclude -DJEMALLOC_NO_PRIVATE_NAMESPACE -o src/buf_writer.sym.o src/buf_writer.c
[INFO] [stderr]   cc -std=gnu11 -Wall -Wextra -Wsign-compare -Wundef -Wno-format-zero-length -Wpointer-arith -Wno-missing-braces -Wno-missing-field-initializers -Wno-missing-attributes -pipe -g3 -fvisibility=hidden -Wimplicit-fallthrough -Wdeprecated-declarations -O3 -funroll-loops -O0 -ffunction-sections -fdata-sections -fPIC -g -gdwarf-4 -fno-omit-frame-pointer -m64 -Wall -c -D_GNU_SOURCE -D_REENTRANT -Iinclude -Iinclude -DJEMALLOC_NO_PRIVATE_NAMESPACE -o src/cache_bin.sym.o src/cache_bin.c
[INFO] [stderr]   cc -std=gnu11 -Wall -Wextra -Wsign-compare -Wundef -Wno-format-zero-length -Wpointer-arith -Wno-missing-braces -Wno-missing-field-initializers -Wno-missing-attributes -pipe -g3 -fvisibility=hidden -Wimplicit-fallthrough -Wdeprecated-declarations -O3 -funroll-loops -O0 -ffunction-sections -fdata-sections -fPIC -g -gdwarf-4 -fno-omit-frame-pointer -m64 -Wall -c -D_GNU_SOURCE -D_REENTRANT -Iinclude -Iinclude -DJEMALLOC_NO_PRIVATE_NAMESPACE -o src/ckh.sym.o src/ckh.c
[INFO] [stderr]   cc -std=gnu11 -Wall -Wextra -Wsign-compare -Wundef -Wno-format-zero-length -Wpointer-arith -Wno-missing-braces -Wno-missing-field-initializers -Wno-missing-attributes -pipe -g3 -fvisibility=hidden -Wimplicit-fallthrough -Wdeprecated-declarations -O3 -funroll-loops -O0 -ffunction-sections -fdata-sections -fPIC -g -gdwarf-4 -fno-omit-frame-pointer -m64 -Wall -c -D_GNU_SOURCE -D_REENTRANT -Iinclude -Iinclude -DJEMALLOC_NO_PRIVATE_NAMESPACE -o src/counter.sym.o src/counter.c
[INFO] [stderr]   cc -std=gnu11 -Wall -Wextra -Wsign-compare -Wundef -Wno-format-zero-length -Wpointer-arith -Wno-missing-braces -Wno-missing-field-initializers -Wno-missing-attributes -pipe -g3 -fvisibility=hidden -Wimplicit-fallthrough -Wdeprecated-declarations -O3 -funroll-loops -O0 -ffunction-sections -fdata-sections -fPIC -g -gdwarf-4 -fno-omit-frame-pointer -m64 -Wall -c -D_GNU_SOURCE -D_REENTRANT -Iinclude -Iinclude -DJEMALLOC_NO_PRIVATE_NAMESPACE -o src/ctl.sym.o src/ctl.c
[INFO] [stderr]   cc -std=gnu11 -Wall -Wextra -Wsign-compare -Wundef -Wno-format-zero-length -Wpointer-arith -Wno-missing-braces -Wno-missing-field-initializers -Wno-missing-attributes -pipe -g3 -fvisibility=hidden -Wimplicit-fallthrough -Wdeprecated-declarations -O3 -funroll-loops -O0 -ffunction-sections -fdata-sections -fPIC -g -gdwarf-4 -fno-omit-frame-pointer -m64 -Wall -c -D_GNU_SOURCE -D_REENTRANT -Iinclude -Iinclude -DJEMALLOC_NO_PRIVATE_NAMESPACE -o src/decay.sym.o src/decay.c
[INFO] [stderr]   cc -std=gnu11 -Wall -Wextra -Wsign-compare -Wundef -Wno-format-zero-length -Wpointer-arith -Wno-missing-braces -Wno-missing-field-initializers -Wno-missing-attributes -pipe -g3 -fvisibility=hidden -Wimplicit-fallthrough -Wdeprecated-declarations -O3 -funroll-loops -O0 -ffunction-sections -fdata-sections -fPIC -g -gdwarf-4 -fno-omit-frame-pointer -m64 -Wall -c -D_GNU_SOURCE -D_REENTRANT -Iinclude -Iinclude -DJEMALLOC_NO_PRIVATE_NAMESPACE -o src/div.sym.o src/div.c
[INFO] [stderr]   cc -std=gnu11 -Wall -Wextra -Wsign-compare -Wundef -Wno-format-zero-length -Wpointer-arith -Wno-missing-braces -Wno-missing-field-initializers -Wno-missing-attributes -pipe -g3 -fvisibility=hidden -Wimplicit-fallthrough -Wdeprecated-declarations -O3 -funroll-loops -O0 -ffunction-sections -fdata-sections -fPIC -g -gdwarf-4 -fno-omit-frame-pointer -m64 -Wall -c -D_GNU_SOURCE -D_REENTRANT -Iinclude -Iinclude -DJEMALLOC_NO_PRIVATE_NAMESPACE -o src/ecache.sym.o src/ecache.c
[INFO] [stderr]   cc -std=gnu11 -Wall -Wextra -Wsign-compare -Wundef -Wno-format-zero-length -Wpointer-arith -Wno-missing-braces -Wno-missing-field-initializers -Wno-missing-attributes -pipe -g3 -fvisibility=hidden -Wimplicit-fallthrough -Wdeprecated-declarations -O3 -funroll-loops -O0 -ffunction-sections -fdata-sections -fPIC -g -gdwarf-4 -fno-omit-frame-pointer -m64 -Wall -c -D_GNU_SOURCE -D_REENTRANT -Iinclude -Iinclude -DJEMALLOC_NO_PRIVATE_NAMESPACE -o src/edata.sym.o src/edata.c
[INFO] [stderr]   cc -std=gnu11 -Wall -Wextra -Wsign-compare -Wundef -Wno-format-zero-length -Wpointer-arith -Wno-missing-braces -Wno-missing-field-initializers -Wno-missing-attributes -pipe -g3 -fvisibility=hidden -Wimplicit-fallthrough -Wdeprecated-declarations -O3 -funroll-loops -O0 -ffunction-sections -fdata-sections -fPIC -g -gdwarf-4 -fno-omit-frame-pointer -m64 -Wall -c -D_GNU_SOURCE -D_REENTRANT -Iinclude -Iinclude -DJEMALLOC_NO_PRIVATE_NAMESPACE -o src/edata_cache.sym.o src/edata_cache.c
[INFO] [stderr]   cc -std=gnu11 -Wall -Wextra -Wsign-compare -Wundef -Wno-format-zero-length -Wpointer-arith -Wno-missing-braces -Wno-missing-field-initializers -Wno-missing-attributes -pipe -g3 -fvisibility=hidden -Wimplicit-fallthrough -Wdeprecated-declarations -O3 -funroll-loops -O0 -ffunction-sections -fdata-sections -fPIC -g -gdwarf-4 -fno-omit-frame-pointer -m64 -Wall -c -D_GNU_SOURCE -D_REENTRANT -Iinclude -Iinclude -DJEMALLOC_NO_PRIVATE_NAMESPACE -o src/ehooks.sym.o src/ehooks.c
[INFO] [stderr]   cc -std=gnu11 -Wall -Wextra -Wsign-compare -Wundef -Wno-format-zero-length -Wpointer-arith -Wno-missing-braces -Wno-missing-field-initializers -Wno-missing-attributes -pipe -g3 -fvisibility=hidden -Wimplicit-fallthrough -Wdeprecated-declarations -O3 -funroll-loops -O0 -ffunction-sections -fdata-sections -fPIC -g -gdwarf-4 -fno-omit-frame-pointer -m64 -Wall -c -D_GNU_SOURCE -D_REENTRANT -Iinclude -Iinclude -DJEMALLOC_NO_PRIVATE_NAMESPACE -o src/emap.sym.o src/emap.c
[INFO] [stderr]   cc -std=gnu11 -Wall -Wextra -Wsign-compare -Wundef -Wno-format-zero-length -Wpointer-arith -Wno-missing-braces -Wno-missing-field-initializers -Wno-missing-attributes -pipe -g3 -fvisibility=hidden -Wimplicit-fallthrough -Wdeprecated-declarations -O3 -funroll-loops -O0 -ffunction-sections -fdata-sections -fPIC -g -gdwarf-4 -fno-omit-frame-pointer -m64 -Wall -c -D_GNU_SOURCE -D_REENTRANT -Iinclude -Iinclude -DJEMALLOC_NO_PRIVATE_NAMESPACE -o src/eset.sym.o src/eset.c
[INFO] [stderr]   cc -std=gnu11 -Wall -Wextra -Wsign-compare -Wundef -Wno-format-zero-length -Wpointer-arith -Wno-missing-braces -Wno-missing-field-initializers -Wno-missing-attributes -pipe -g3 -fvisibility=hidden -Wimplicit-fallthrough -Wdeprecated-declarations -O3 -funroll-loops -O0 -ffunction-sections -fdata-sections -fPIC -g -gdwarf-4 -fno-omit-frame-pointer -m64 -Wall -c -D_GNU_SOURCE -D_REENTRANT -Iinclude -Iinclude -DJEMALLOC_NO_PRIVATE_NAMESPACE -o src/exp_grow.sym.o src/exp_grow.c
[INFO] [stderr]   cc -std=gnu11 -Wall -Wextra -Wsign-compare -Wundef -Wno-format-zero-length -Wpointer-arith -Wno-missing-braces -Wno-missing-field-initializers -Wno-missing-attributes -pipe -g3 -fvisibility=hidden -Wimplicit-fallthrough -Wdeprecated-declarations -O3 -funroll-loops -O0 -ffunction-sections -fdata-sections -fPIC -g -gdwarf-4 -fno-omit-frame-pointer -m64 -Wall -c -D_GNU_SOURCE -D_REENTRANT -Iinclude -Iinclude -DJEMALLOC_NO_PRIVATE_NAMESPACE -o src/extent.sym.o src/extent.c
[INFO] [stderr]   cc -std=gnu11 -Wall -Wextra -Wsign-compare -Wundef -Wno-format-zero-length -Wpointer-arith -Wno-missing-braces -Wno-missing-field-initializers -Wno-missing-attributes -pipe -g3 -fvisibility=hidden -Wimplicit-fallthrough -Wdeprecated-declarations -O3 -funroll-loops -O0 -ffunction-sections -fdata-sections -fPIC -g -gdwarf-4 -fno-omit-frame-pointer -m64 -Wall -c -D_GNU_SOURCE -D_REENTRANT -Iinclude -Iinclude -DJEMALLOC_NO_PRIVATE_NAMESPACE -o src/extent_dss.sym.o src/extent_dss.c
[INFO] [stderr]   cc -std=gnu11 -Wall -Wextra -Wsign-compare -Wundef -Wno-format-zero-length -Wpointer-arith -Wno-missing-braces -Wno-missing-field-initializers -Wno-missing-attributes -pipe -g3 -fvisibility=hidden -Wimplicit-fallthrough -Wdeprecated-declarations -O3 -funroll-loops -O0 -ffunction-sections -fdata-sections -fPIC -g -gdwarf-4 -fno-omit-frame-pointer -m64 -Wall -c -D_GNU_SOURCE -D_REENTRANT -Iinclude -Iinclude -DJEMALLOC_NO_PRIVATE_NAMESPACE -o src/extent_mmap.sym.o src/extent_mmap.c
[INFO] [stderr]   cc -std=gnu11 -Wall -Wextra -Wsign-compare -Wundef -Wno-format-zero-length -Wpointer-arith -Wno-missing-braces -Wno-missing-field-initializers -Wno-missing-attributes -pipe -g3 -fvisibility=hidden -Wimplicit-fallthrough -Wdeprecated-declarations -O3 -funroll-loops -O0 -ffunction-sections -fdata-sections -fPIC -g -gdwarf-4 -fno-omit-frame-pointer -m64 -Wall -c -D_GNU_SOURCE -D_REENTRANT -Iinclude -Iinclude -DJEMALLOC_NO_PRIVATE_NAMESPACE -o src/fxp.sym.o src/fxp.c
[INFO] [stderr]   cc -std=gnu11 -Wall -Wextra -Wsign-compare -Wundef -Wno-format-zero-length -Wpointer-arith -Wno-missing-braces -Wno-missing-field-initializers -Wno-missing-attributes -pipe -g3 -fvisibility=hidden -Wimplicit-fallthrough -Wdeprecated-declarations -O3 -funroll-loops -O0 -ffunction-sections -fdata-sections -fPIC -g -gdwarf-4 -fno-omit-frame-pointer -m64 -Wall -c -D_GNU_SOURCE -D_REENTRANT -Iinclude -Iinclude -DJEMALLOC_NO_PRIVATE_NAMESPACE -o src/san.sym.o src/san.c
[INFO] [stderr]   cc -std=gnu11 -Wall -Wextra -Wsign-compare -Wundef -Wno-format-zero-length -Wpointer-arith -Wno-missing-braces -Wno-missing-field-initializers -Wno-missing-attributes -pipe -g3 -fvisibility=hidden -Wimplicit-fallthrough -Wdeprecated-declarations -O3 -funroll-loops -O0 -ffunction-sections -fdata-sections -fPIC -g -gdwarf-4 -fno-omit-frame-pointer -m64 -Wall -c -D_GNU_SOURCE -D_REENTRANT -Iinclude -Iinclude -DJEMALLOC_NO_PRIVATE_NAMESPACE -o src/san_bump.sym.o src/san_bump.c
[INFO] [stderr]   cc -std=gnu11 -Wall -Wextra -Wsign-compare -Wundef -Wno-format-zero-length -Wpointer-arith -Wno-missing-braces -Wno-missing-field-initializers -Wno-missing-attributes -pipe -g3 -fvisibility=hidden -Wimplicit-fallthrough -Wdeprecated-declarations -O3 -funroll-loops -O0 -ffunction-sections -fdata-sections -fPIC -g -gdwarf-4 -fno-omit-frame-pointer -m64 -Wall -c -D_GNU_SOURCE -D_REENTRANT -Iinclude -Iinclude -DJEMALLOC_NO_PRIVATE_NAMESPACE -o src/hook.sym.o src/hook.c
[INFO] [stderr]   cc -std=gnu11 -Wall -Wextra -Wsign-compare -Wundef -Wno-format-zero-length -Wpointer-arith -Wno-missing-braces -Wno-missing-field-initializers -Wno-missing-attributes -pipe -g3 -fvisibility=hidden -Wimplicit-fallthrough -Wdeprecated-declarations -O3 -funroll-loops -O0 -ffunction-sections -fdata-sections -fPIC -g -gdwarf-4 -fno-omit-frame-pointer -m64 -Wall -c -D_GNU_SOURCE -D_REENTRANT -Iinclude -Iinclude -DJEMALLOC_NO_PRIVATE_NAMESPACE -o src/hpa.sym.o src/hpa.c
[INFO] [stderr]   cc -std=gnu11 -Wall -Wextra -Wsign-compare -Wundef -Wno-format-zero-length -Wpointer-arith -Wno-missing-braces -Wno-missing-field-initializers -Wno-missing-attributes -pipe -g3 -fvisibility=hidden -Wimplicit-fallthrough -Wdeprecated-declarations -O3 -funroll-loops -O0 -ffunction-sections -fdata-sections -fPIC -g -gdwarf-4 -fno-omit-frame-pointer -m64 -Wall -c -D_GNU_SOURCE -D_REENTRANT -Iinclude -Iinclude -DJEMALLOC_NO_PRIVATE_NAMESPACE -o src/hpa_central.sym.o src/hpa_central.c
[INFO] [stderr]   cc -std=gnu11 -Wall -Wextra -Wsign-compare -Wundef -Wno-format-zero-length -Wpointer-arith -Wno-missing-braces -Wno-missing-field-initializers -Wno-missing-attributes -pipe -g3 -fvisibility=hidden -Wimplicit-fallthrough -Wdeprecated-declarations -O3 -funroll-loops -O0 -ffunction-sections -fdata-sections -fPIC -g -gdwarf-4 -fno-omit-frame-pointer -m64 -Wall -c -D_GNU_SOURCE -D_REENTRANT -Iinclude -Iinclude -DJEMALLOC_NO_PRIVATE_NAMESPACE -o src/hpa_hooks.sym.o src/hpa_hooks.c
[INFO] [stderr]   cc -std=gnu11 -Wall -Wextra -Wsign-compare -Wundef -Wno-format-zero-length -Wpointer-arith -Wno-missing-braces -Wno-missing-field-initializers -Wno-missing-attributes -pipe -g3 -fvisibility=hidden -Wimplicit-fallthrough -Wdeprecated-declarations -O3 -funroll-loops -O0 -ffunction-sections -fdata-sections -fPIC -g -gdwarf-4 -fno-omit-frame-pointer -m64 -Wall -c -D_GNU_SOURCE -D_REENTRANT -Iinclude -Iinclude -DJEMALLOC_NO_PRIVATE_NAMESPACE -o src/hpa_utils.sym.o src/hpa_utils.c
[INFO] [stderr]   cc -std=gnu11 -Wall -Wextra -Wsign-compare -Wundef -Wno-format-zero-length -Wpointer-arith -Wno-missing-braces -Wno-missing-field-initializers -Wno-missing-attributes -pipe -g3 -fvisibility=hidden -Wimplicit-fallthrough -Wdeprecated-declarations -O3 -funroll-loops -O0 -ffunction-sections -fdata-sections -fPIC -g -gdwarf-4 -fno-omit-frame-pointer -m64 -Wall -c -D_GNU_SOURCE -D_REENTRANT -Iinclude -Iinclude -DJEMALLOC_NO_PRIVATE_NAMESPACE -o src/hpdata.sym.o src/hpdata.c
[INFO] [stderr]   cc -std=gnu11 -Wall -Wextra -Wsign-compare -Wundef -Wno-format-zero-length -Wpointer-arith -Wno-missing-braces -Wno-missing-field-initializers -Wno-missing-attributes -pipe -g3 -fvisibility=hidden -Wimplicit-fallthrough -Wdeprecated-declarations -O3 -funroll-loops -O0 -ffunction-sections -fdata-sections -fPIC -g -gdwarf-4 -fno-omit-frame-pointer -m64 -Wall -c -D_GNU_SOURCE -D_REENTRANT -Iinclude -Iinclude -DJEMALLOC_NO_PRIVATE_NAMESPACE -o src/inspect.sym.o src/inspect.c
[INFO] [stderr]   cc -std=gnu11 -Wall -Wextra -Wsign-compare -Wundef -Wno-format-zero-length -Wpointer-arith -Wno-missing-braces -Wno-missing-field-initializers -Wno-missing-attributes -pipe -g3 -fvisibility=hidden -Wimplicit-fallthrough -Wdeprecated-declarations -O3 -funroll-loops -O0 -ffunction-sections -fdata-sections -fPIC -g -gdwarf-4 -fno-omit-frame-pointer -m64 -Wall -c -D_GNU_SOURCE -D_REENTRANT -Iinclude -Iinclude -DJEMALLOC_NO_PRIVATE_NAMESPACE -o src/large.sym.o src/large.c
[INFO] [stderr]   cc -std=gnu11 -Wall -Wextra -Wsign-compare -Wundef -Wno-format-zero-length -Wpointer-arith -Wno-missing-braces -Wno-missing-field-initializers -Wno-missing-attributes -pipe -g3 -fvisibility=hidden -Wimplicit-fallthrough -Wdeprecated-declarations -O3 -funroll-loops -O0 -ffunction-sections -fdata-sections -fPIC -g -gdwarf-4 -fno-omit-frame-pointer -m64 -Wall -c -D_GNU_SOURCE -D_REENTRANT -Iinclude -Iinclude -DJEMALLOC_NO_PRIVATE_NAMESPACE -o src/log.sym.o src/log.c
[INFO] [stderr]   cc -std=gnu11 -Wall -Wextra -Wsign-compare -Wundef -Wno-format-zero-length -Wpointer-arith -Wno-missing-braces -Wno-missing-field-initializers -Wno-missing-attributes -pipe -g3 -fvisibility=hidden -Wimplicit-fallthrough -Wdeprecated-declarations -O3 -funroll-loops -O0 -ffunction-sections -fdata-sections -fPIC -g -gdwarf-4 -fno-omit-frame-pointer -m64 -Wall -c -D_GNU_SOURCE -D_REENTRANT -Iinclude -Iinclude -DJEMALLOC_NO_PRIVATE_NAMESPACE -o src/malloc_io.sym.o src/malloc_io.c
[INFO] [stderr]   cc -std=gnu11 -Wall -Wextra -Wsign-compare -Wundef -Wno-format-zero-length -Wpointer-arith -Wno-missing-braces -Wno-missing-field-initializers -Wno-missing-attributes -pipe -g3 -fvisibility=hidden -Wimplicit-fallthrough -Wdeprecated-declarations -O3 -funroll-loops -O0 -ffunction-sections -fdata-sections -fPIC -g -gdwarf-4 -fno-omit-frame-pointer -m64 -Wall -c -D_GNU_SOURCE -D_REENTRANT -Iinclude -Iinclude -DJEMALLOC_NO_PRIVATE_NAMESPACE -o src/conf.sym.o src/conf.c
[INFO] [stderr]   cc -std=gnu11 -Wall -Wextra -Wsign-compare -Wundef -Wno-format-zero-length -Wpointer-arith -Wno-missing-braces -Wno-missing-field-initializers -Wno-missing-attributes -pipe -g3 -fvisibility=hidden -Wimplicit-fallthrough -Wdeprecated-declarations -O3 -funroll-loops -O0 -ffunction-sections -fdata-sections -fPIC -g -gdwarf-4 -fno-omit-frame-pointer -m64 -Wall -c -D_GNU_SOURCE -D_REENTRANT -Iinclude -Iinclude -DJEMALLOC_NO_PRIVATE_NAMESPACE -o src/mutex.sym.o src/mutex.c
[INFO] [stderr]   cc -std=gnu11 -Wall -Wextra -Wsign-compare -Wundef -Wno-format-zero-length -Wpointer-arith -Wno-missing-braces -Wno-missing-field-initializers -Wno-missing-attributes -pipe -g3 -fvisibility=hidden -Wimplicit-fallthrough -Wdeprecated-declarations -O3 -funroll-loops -O0 -ffunction-sections -fdata-sections -fPIC -g -gdwarf-4 -fno-omit-frame-pointer -m64 -Wall -c -D_GNU_SOURCE -D_REENTRANT -Iinclude -Iinclude -DJEMALLOC_NO_PRIVATE_NAMESPACE -o src/nstime.sym.o src/nstime.c
[INFO] [stderr]   cc -std=gnu11 -Wall -Wextra -Wsign-compare -Wundef -Wno-format-zero-length -Wpointer-arith -Wno-missing-braces -Wno-missing-field-initializers -Wno-missing-attributes -pipe -g3 -fvisibility=hidden -Wimplicit-fallthrough -Wdeprecated-declarations -O3 -funroll-loops -O0 -ffunction-sections -fdata-sections -fPIC -g -gdwarf-4 -fno-omit-frame-pointer -m64 -Wall -c -D_GNU_SOURCE -D_REENTRANT -Iinclude -Iinclude -DJEMALLOC_NO_PRIVATE_NAMESPACE -o src/pa.sym.o src/pa.c
[INFO] [stderr]   cc -std=gnu11 -Wall -Wextra -Wsign-compare -Wundef -Wno-format-zero-length -Wpointer-arith -Wno-missing-braces -Wno-missing-field-initializers -Wno-missing-attributes -pipe -g3 -fvisibility=hidden -Wimplicit-fallthrough -Wdeprecated-declarations -O3 -funroll-loops -O0 -ffunction-sections -fdata-sections -fPIC -g -gdwarf-4 -fno-omit-frame-pointer -m64 -Wall -c -D_GNU_SOURCE -D_REENTRANT -Iinclude -Iinclude -DJEMALLOC_NO_PRIVATE_NAMESPACE -o src/pa_extra.sym.o src/pa_extra.c
[INFO] [stderr]   cc -std=gnu11 -Wall -Wextra -Wsign-compare -Wundef -Wno-format-zero-length -Wpointer-arith -Wno-missing-braces -Wno-missing-field-initializers -Wno-missing-attributes -pipe -g3 -fvisibility=hidden -Wimplicit-fallthrough -Wdeprecated-declarations -O3 -funroll-loops -O0 -ffunction-sections -fdata-sections -fPIC -g -gdwarf-4 -fno-omit-frame-pointer -m64 -Wall -c -D_GNU_SOURCE -D_REENTRANT -Iinclude -Iinclude -DJEMALLOC_NO_PRIVATE_NAMESPACE -o src/pac.sym.o src/pac.c
[INFO] [stderr]   cc -std=gnu11 -Wall -Wextra -Wsign-compare -Wundef -Wno-format-zero-length -Wpointer-arith -Wno-missing-braces -Wno-missing-field-initializers -Wno-missing-attributes -pipe -g3 -fvisibility=hidden -Wimplicit-fallthrough -Wdeprecated-declarations -O3 -funroll-loops -O0 -ffunction-sections -fdata-sections -fPIC -g -gdwarf-4 -fno-omit-frame-pointer -m64 -Wall -c -D_GNU_SOURCE -D_REENTRANT -Iinclude -Iinclude -DJEMALLOC_NO_PRIVATE_NAMESPACE -o src/pages.sym.o src/pages.c
[INFO] [stderr]   cc -std=gnu11 -Wall -Wextra -Wsign-compare -Wundef -Wno-format-zero-length -Wpointer-arith -Wno-missing-braces -Wno-missing-field-initializers -Wno-missing-attributes -pipe -g3 -fvisibility=hidden -Wimplicit-fallthrough -Wdeprecated-declarations -O3 -funroll-loops -O0 -ffunction-sections -fdata-sections -fPIC -g -gdwarf-4 -fno-omit-frame-pointer -m64 -Wall -c -D_GNU_SOURCE -D_REENTRANT -Iinclude -Iinclude -DJEMALLOC_NO_PRIVATE_NAMESPACE -o src/peak_event.sym.o src/peak_event.c
[INFO] [stderr]   cc -std=gnu11 -Wall -Wextra -Wsign-compare -Wundef -Wno-format-zero-length -Wpointer-arith -Wno-missing-braces -Wno-missing-field-initializers -Wno-missing-attributes -pipe -g3 -fvisibility=hidden -Wimplicit-fallthrough -Wdeprecated-declarations -O3 -funroll-loops -O0 -ffunction-sections -fdata-sections -fPIC -g -gdwarf-4 -fno-omit-frame-pointer -m64 -Wall -c -D_GNU_SOURCE -D_REENTRANT -Iinclude -Iinclude -DJEMALLOC_NO_PRIVATE_NAMESPACE -o src/prof.sym.o src/prof.c
[INFO] [stderr]   cc -std=gnu11 -Wall -Wextra -Wsign-compare -Wundef -Wno-format-zero-length -Wpointer-arith -Wno-missing-braces -Wno-missing-field-initializers -Wno-missing-attributes -pipe -g3 -fvisibility=hidden -Wimplicit-fallthrough -Wdeprecated-declarations -O3 -funroll-loops -O0 -ffunction-sections -fdata-sections -fPIC -g -gdwarf-4 -fno-omit-frame-pointer -m64 -Wall -c -D_GNU_SOURCE -D_REENTRANT -Iinclude -Iinclude -DJEMALLOC_NO_PRIVATE_NAMESPACE -o src/prof_data.sym.o src/prof_data.c
[INFO] [stderr]   cc -std=gnu11 -Wall -Wextra -Wsign-compare -Wundef -Wno-format-zero-length -Wpointer-arith -Wno-missing-braces -Wno-missing-field-initializers -Wno-missing-attributes -pipe -g3 -fvisibility=hidden -Wimplicit-fallthrough -Wdeprecated-declarations -O3 -funroll-loops -O0 -ffunction-sections -fdata-sections -fPIC -g -gdwarf-4 -fno-omit-frame-pointer -m64 -Wall -c -D_GNU_SOURCE -D_REENTRANT -Iinclude -Iinclude -DJEMALLOC_NO_PRIVATE_NAMESPACE -o src/prof_log.sym.o src/prof_log.c
[INFO] [stderr]   cc -std=gnu11 -Wall -Wextra -Wsign-compare -Wundef -Wno-format-zero-length -Wpointer-arith -Wno-missing-braces -Wno-missing-field-initializers -Wno-missing-attributes -pipe -g3 -fvisibility=hidden -Wimplicit-fallthrough -Wdeprecated-declarations -O3 -funroll-loops -O0 -ffunction-sections -fdata-sections -fPIC -g -gdwarf-4 -fno-omit-frame-pointer -m64 -Wall -c -D_GNU_SOURCE -D_REENTRANT -Iinclude -Iinclude -DJEMALLOC_NO_PRIVATE_NAMESPACE -o src/prof_recent.sym.o src/prof_recent.c
[INFO] [stderr]   cc -std=gnu11 -Wall -Wextra -Wsign-compare -Wundef -Wno-format-zero-length -Wpointer-arith -Wno-missing-braces -Wno-missing-field-initializers -Wno-missing-attributes -pipe -g3 -fvisibility=hidden -Wimplicit-fallthrough -Wdeprecated-declarations -O3 -funroll-loops -O0 -ffunction-sections -fdata-sections -fPIC -g -gdwarf-4 -fno-omit-frame-pointer -m64 -Wall -c -D_GNU_SOURCE -D_REENTRANT -Iinclude -Iinclude -DJEMALLOC_NO_PRIVATE_NAMESPACE -o src/prof_stack_range.sym.o src/prof_stack_range.c
[INFO] [stderr]   cc -std=gnu11 -Wall -Wextra -Wsign-compare -Wundef -Wno-format-zero-length -Wpointer-arith -Wno-missing-braces -Wno-missing-field-initializers -Wno-missing-attributes -pipe -g3 -fvisibility=hidden -Wimplicit-fallthrough -Wdeprecated-declarations -O3 -funroll-loops -O0 -ffunction-sections -fdata-sections -fPIC -g -gdwarf-4 -fno-omit-frame-pointer -m64 -Wall -c -D_GNU_SOURCE -D_REENTRANT -Iinclude -Iinclude -DJEMALLOC_NO_PRIVATE_NAMESPACE -o src/prof_stats.sym.o src/prof_stats.c
[INFO] [stderr]   cc -std=gnu11 -Wall -Wextra -Wsign-compare -Wundef -Wno-format-zero-length -Wpointer-arith -Wno-missing-braces -Wno-missing-field-initializers -Wno-missing-attributes -pipe -g3 -fvisibility=hidden -Wimplicit-fallthrough -Wdeprecated-declarations -O3 -funroll-loops -O0 -ffunction-sections -fdata-sections -fPIC -g -gdwarf-4 -fno-omit-frame-pointer -m64 -Wall -c -D_GNU_SOURCE -D_REENTRANT -Iinclude -Iinclude -DJEMALLOC_NO_PRIVATE_NAMESPACE -o src/prof_sys.sym.o src/prof_sys.c
[INFO] [stderr]   cc -std=gnu11 -Wall -Wextra -Wsign-compare -Wundef -Wno-format-zero-length -Wpointer-arith -Wno-missing-braces -Wno-missing-field-initializers -Wno-missing-attributes -pipe -g3 -fvisibility=hidden -Wimplicit-fallthrough -Wdeprecated-declarations -O3 -funroll-loops -O0 -ffunction-sections -fdata-sections -fPIC -g -gdwarf-4 -fno-omit-frame-pointer -m64 -Wall -c -D_GNU_SOURCE -D_REENTRANT -Iinclude -Iinclude -DJEMALLOC_NO_PRIVATE_NAMESPACE -o src/psset.sym.o src/psset.c
[INFO] [stderr]   cc -std=gnu11 -Wall -Wextra -Wsign-compare -Wundef -Wno-format-zero-length -Wpointer-arith -Wno-missing-braces -Wno-missing-field-initializers -Wno-missing-attributes -pipe -g3 -fvisibility=hidden -Wimplicit-fallthrough -Wdeprecated-declarations -O3 -funroll-loops -O0 -ffunction-sections -fdata-sections -fPIC -g -gdwarf-4 -fno-omit-frame-pointer -m64 -Wall -c -D_GNU_SOURCE -D_REENTRANT -Iinclude -Iinclude -DJEMALLOC_NO_PRIVATE_NAMESPACE -o src/rtree.sym.o src/rtree.c
[INFO] [stderr]   cc -std=gnu11 -Wall -Wextra -Wsign-compare -Wundef -Wno-format-zero-length -Wpointer-arith -Wno-missing-braces -Wno-missing-field-initializers -Wno-missing-attributes -pipe -g3 -fvisibility=hidden -Wimplicit-fallthrough -Wdeprecated-declarations -O3 -funroll-loops -O0 -ffunction-sections -fdata-sections -fPIC -g -gdwarf-4 -fno-omit-frame-pointer -m64 -Wall -c -D_GNU_SOURCE -D_REENTRANT -Iinclude -Iinclude -DJEMALLOC_NO_PRIVATE_NAMESPACE -o src/safety_check.sym.o src/safety_check.c
[INFO] [stderr]   cc -std=gnu11 -Wall -Wextra -Wsign-compare -Wundef -Wno-format-zero-length -Wpointer-arith -Wno-missing-braces -Wno-missing-field-initializers -Wno-missing-attributes -pipe -g3 -fvisibility=hidden -Wimplicit-fallthrough -Wdeprecated-declarations -O3 -funroll-loops -O0 -ffunction-sections -fdata-sections -fPIC -g -gdwarf-4 -fno-omit-frame-pointer -m64 -Wall -c -D_GNU_SOURCE -D_REENTRANT -Iinclude -Iinclude -DJEMALLOC_NO_PRIVATE_NAMESPACE -o src/sc.sym.o src/sc.c
[INFO] [stderr]   cc -std=gnu11 -Wall -Wextra -Wsign-compare -Wundef -Wno-format-zero-length -Wpointer-arith -Wno-missing-braces -Wno-missing-field-initializers -Wno-missing-attributes -pipe -g3 -fvisibility=hidden -Wimplicit-fallthrough -Wdeprecated-declarations -O3 -funroll-loops -O0 -ffunction-sections -fdata-sections -fPIC -g -gdwarf-4 -fno-omit-frame-pointer -m64 -Wall -c -D_GNU_SOURCE -D_REENTRANT -Iinclude -Iinclude -DJEMALLOC_NO_PRIVATE_NAMESPACE -o src/sec.sym.o src/sec.c
[INFO] [stderr]   cc -std=gnu11 -Wall -Wextra -Wsign-compare -Wundef -Wno-format-zero-length -Wpointer-arith -Wno-missing-braces -Wno-missing-field-initializers -Wno-missing-attributes -pipe -g3 -fvisibility=hidden -Wimplicit-fallthrough -Wdeprecated-declarations -O3 -funroll-loops -O0 -ffunction-sections -fdata-sections -fPIC -g -gdwarf-4 -fno-omit-frame-pointer -m64 -Wall -c -D_GNU_SOURCE -D_REENTRANT -Iinclude -Iinclude -DJEMALLOC_NO_PRIVATE_NAMESPACE -o src/stats.sym.o src/stats.c
[INFO] [stderr]   cc -std=gnu11 -Wall -Wextra -Wsign-compare -Wundef -Wno-format-zero-length -Wpointer-arith -Wno-missing-braces -Wno-missing-field-initializers -Wno-missing-attributes -pipe -g3 -fvisibility=hidden -Wimplicit-fallthrough -Wdeprecated-declarations -O3 -funroll-loops -O0 -ffunction-sections -fdata-sections -fPIC -g -gdwarf-4 -fno-omit-frame-pointer -m64 -Wall -c -D_GNU_SOURCE -D_REENTRANT -Iinclude -Iinclude -DJEMALLOC_NO_PRIVATE_NAMESPACE -o src/sz.sym.o src/sz.c
[INFO] [stderr]   cc -std=gnu11 -Wall -Wextra -Wsign-compare -Wundef -Wno-format-zero-length -Wpointer-arith -Wno-missing-braces -Wno-missing-field-initializers -Wno-missing-attributes -pipe -g3 -fvisibility=hidden -Wimplicit-fallthrough -Wdeprecated-declarations -O3 -funroll-loops -O0 -ffunction-sections -fdata-sections -fPIC -g -gdwarf-4 -fno-omit-frame-pointer -m64 -Wall -c -D_GNU_SOURCE -D_REENTRANT -Iinclude -Iinclude -DJEMALLOC_NO_PRIVATE_NAMESPACE -o src/tcache.sym.o src/tcache.c
[INFO] [stderr]   cc -std=gnu11 -Wall -Wextra -Wsign-compare -Wundef -Wno-format-zero-length -Wpointer-arith -Wno-missing-braces -Wno-missing-field-initializers -Wno-missing-attributes -pipe -g3 -fvisibility=hidden -Wimplicit-fallthrough -Wdeprecated-declarations -O3 -funroll-loops -O0 -ffunction-sections -fdata-sections -fPIC -g -gdwarf-4 -fno-omit-frame-pointer -m64 -Wall -c -D_GNU_SOURCE -D_REENTRANT -Iinclude -Iinclude -DJEMALLOC_NO_PRIVATE_NAMESPACE -o src/test_hooks.sym.o src/test_hooks.c
[INFO] [stderr] 
[INFO] [stderr]   --- stderr
[INFO] [stderr]   cc: fatal error: Killed signal terminated program cc1
[INFO] [stderr]   compilation terminated.
[INFO] [stderr]   make: *** [Makefile:510: src/jemalloc.sym.o] Error 1
[INFO] [stderr]   make: *** Waiting for unfinished jobs....
[INFO] [stderr] 
[INFO] [stderr]   thread 'main' (3470) panicked at /opt/rustwide/cargo-home/registry/src/index.crates.io-1949cf8c6b5b557f/tikv-jemalloc-sys-0.7.1+5.3.1-0-g81034ce1f1373e37dc865038e1bc8eeecf559ce8/build.rs:441:9:
[INFO] [stderr]   command did not execute successfully: cd "/opt/rustwide/target/debug/build/tikv-jemalloc-sys-73c3449690acf0dd/out/build" && MAKEFLAGS="-j --jobserver-fds=4,5 --jobserver-auth=4,5" "make"
[INFO] [stderr]   expected success, got: exit status: 2
[INFO] [stderr]   stack backtrace:
[INFO] [stderr]      0:     0x60d24059d501 - std[70759c8f55707aa4]::backtrace_rs::backtrace::libunwind::trace
[INFO] [stderr]                                  at /rustc/dfb0accb7f508ae8be965d8629557221c889dd98/library/std/src/../../backtrace/src/backtrace/libunwind.rs:117:9
[INFO] [stderr]      1:     0x60d24059d501 - std[70759c8f55707aa4]::backtrace_rs::backtrace::trace_unsynchronized::<std[70759c8f55707aa4]::sys::backtrace::_print_fmt::{closure#1}>
[INFO] [stderr]                                  at /rustc/dfb0accb7f508ae8be965d8629557221c889dd98/library/std/src/../../backtrace/src/backtrace/mod.rs:66:14
[INFO] [stderr]      2:     0x60d24059d501 - std[70759c8f55707aa4]::sys::backtrace::_print_fmt
[INFO] [stderr]                                  at /rustc/dfb0accb7f508ae8be965d8629557221c889dd98/library/std/src/sys/backtrace.rs:74:9
[INFO] [stderr]      3:     0x60d24059d501 - <<std[70759c8f55707aa4]::sys::backtrace::BacktraceLock>::print::DisplayBacktrace as core[df12db4294e9bfd3]::fmt::Display>::fmt
[INFO] [stderr]                                  at /rustc/dfb0accb7f508ae8be965d8629557221c889dd98/library/std/src/sys/backtrace.rs:44:26
[INFO] [stderr]      4:     0x60d2405b316a - <core[df12db4294e9bfd3]::fmt::rt::Argument>::fmt
[INFO] [stderr]                                  at /rustc/dfb0accb7f508ae8be965d8629557221c889dd98/library/core/src/fmt/rt.rs:152:76
[INFO] [stderr]      5:     0x60d2405b316a - core[df12db4294e9bfd3]::fmt::write
[INFO] [stderr]      6:     0x60d2405a3ccc - core[df12db4294e9bfd3]::io::write::default_write_fmt::<std[70759c8f55707aa4]::sys::stdio::unix::Stderr>
[INFO] [stderr]                                  at /rustc/dfb0accb7f508ae8be965d8629557221c889dd98/library/core/src/io/write.rs:402:11
[INFO] [stderr]      7:     0x60d2405a3ccc - <std[70759c8f55707aa4]::sys::stdio::unix::Stderr as core[df12db4294e9bfd3]::io::write::Write>::write_fmt
[INFO] [stderr]                                  at /rustc/dfb0accb7f508ae8be965d8629557221c889dd98/library/core/src/io/write.rs:335:13
[INFO] [stderr]      8:     0x60d2405762d6 - <std[70759c8f55707aa4]::sys::backtrace::BacktraceLock>::print
[INFO] [stderr]                                  at /rustc/dfb0accb7f508ae8be965d8629557221c889dd98/library/std/src/sys/backtrace.rs:47:9
[INFO] [stderr]      9:     0x60d2405762d6 - std[70759c8f55707aa4]::panicking::default_hook::{closure#0}
[INFO] [stderr]                                  at /rustc/dfb0accb7f508ae8be965d8629557221c889dd98/library/std/src/panicking.rs:292:27
[INFO] [stderr]     10:     0x60d2405944e1 - std[70759c8f55707aa4]::panicking::default_hook
[INFO] [stderr]                                  at /rustc/dfb0accb7f508ae8be965d8629557221c889dd98/library/std/src/panicking.rs:319:9
[INFO] [stderr]     11:     0x60d24059469b - std[70759c8f55707aa4]::panicking::panic_with_hook
[INFO] [stderr]                                  at /rustc/dfb0accb7f508ae8be965d8629557221c889dd98/library/std/src/panicking.rs:815:13
[INFO] [stderr]     12:     0x60d240576382 - std[70759c8f55707aa4]::panicking::panic_handler::{closure#0}
[INFO] [stderr]                                  at /rustc/dfb0accb7f508ae8be965d8629557221c889dd98/library/std/src/panicking.rs:688:13
[INFO] [stderr]     13:     0x60d24056eea9 - std[70759c8f55707aa4]::sys::backtrace::__rust_end_short_backtrace::<std[70759c8f55707aa4]::panicking::panic_handler::{closure#0}, !>
[INFO] [stderr]                                  at /rustc/dfb0accb7f508ae8be965d8629557221c889dd98/library/std/src/sys/backtrace.rs:182:18
[INFO] [stderr]     14:     0x60d24057705d - __rustc[8fa7c3cbc660c2b3]::rust_begin_unwind
[INFO] [stderr]                                  at /rustc/dfb0accb7f508ae8be965d8629557221c889dd98/library/std/src/panicking.rs:679:5
[INFO] [stderr]     15:     0x60d2405b395c - core[df12db4294e9bfd3]::panicking::panic_fmt
[INFO] [stderr]                                  at /rustc/dfb0accb7f508ae8be965d8629557221c889dd98/library/core/src/panicking.rs:80:14
[INFO] [stderr]     16:     0x60d2404cf41f - build_script_build[d20a8de1ddf1dfbd]::execute::<build_script_build[d20a8de1ddf1dfbd]::run::{closure#0}>
[INFO] [stderr]     17:     0x60d2404d1b9e - build_script_build[d20a8de1ddf1dfbd]::run
[INFO] [stderr]     18:     0x60d2404d5632 - build_script_build[d20a8de1ddf1dfbd]::main
[INFO] [stderr]     19:     0x60d2404d8053 - <fn() as core[df12db4294e9bfd3]::ops::function::FnOnce<()>>::call_once
[INFO] [stderr]     20:     0x60d2404d04ee - std[70759c8f55707aa4]::sys::backtrace::__rust_begin_short_backtrace::<fn(), ()>
[INFO] [stderr]     21:     0x60d2404d07c9 - std[70759c8f55707aa4]::rt::lang_start::<()>::{closure#0}
[INFO] [stderr]     22:     0x60d2405937a9 - <&dyn core[df12db4294e9bfd3]::ops::function::Fn<(), Output = i32> + core[df12db4294e9bfd3]::panic::unwind_safe::RefUnwindSafe + core[df12db4294e9bfd3]::marker::Sync as core[df12db4294e9bfd3]::ops::function::FnOnce<()>>::call_once
[INFO] [stderr]                                  at /rustc/dfb0accb7f508ae8be965d8629557221c889dd98/library/core/src/ops/function.rs:287:21
[INFO] [stderr]     23:     0x60d2405937a9 - std[70759c8f55707aa4]::panicking::catch_unwind::do_call::<&dyn core[df12db4294e9bfd3]::ops::function::Fn<(), Output = i32> + core[df12db4294e9bfd3]::panic::unwind_safe::RefUnwindSafe + core[df12db4294e9bfd3]::marker::Sync, i32>
[INFO] [stderr]                                  at /rustc/dfb0accb7f508ae8be965d8629557221c889dd98/library/std/src/panicking.rs:576:43
[INFO] [stderr]     24:     0x60d2405937a9 - std[70759c8f55707aa4]::panicking::catch_unwind::<i32, &dyn core[df12db4294e9bfd3]::ops::function::Fn<(), Output = i32> + core[df12db4294e9bfd3]::panic::unwind_safe::RefUnwindSafe + core[df12db4294e9bfd3]::marker::Sync>
[INFO] [stderr]                                  at /rustc/dfb0accb7f508ae8be965d8629557221c889dd98/library/std/src/panicking.rs:544:19
[INFO] [stderr]     25:     0x60d2405937a9 - std[70759c8f55707aa4]::panic::catch_unwind::<&dyn core[df12db4294e9bfd3]::ops::function::Fn<(), Output = i32> + core[df12db4294e9bfd3]::panic::unwind_safe::RefUnwindSafe + core[df12db4294e9bfd3]::marker::Sync, i32>
[INFO] [stderr]                                  at /rustc/dfb0accb7f508ae8be965d8629557221c889dd98/library/std/src/panic.rs:359:14
[INFO] [stderr]     26:     0x60d2405937a9 - std[70759c8f55707aa4]::rt::lang_start_internal::{closure#0}
[INFO] [stderr]                                  at /rustc/dfb0accb7f508ae8be965d8629557221c889dd98/library/std/src/rt.rs:175:24
[INFO] [stderr]     27:     0x60d2405937a9 - std[70759c8f55707aa4]::panicking::catch_unwind::do_call::<std[70759c8f55707aa4]::rt::lang_start_internal::{closure#0}, isize>
[INFO] [stderr]                                  at /rustc/dfb0accb7f508ae8be965d8629557221c889dd98/library/std/src/panicking.rs:576:43
[INFO] [stderr]     28:     0x60d2405937a9 - std[70759c8f55707aa4]::panicking::catch_unwind::<isize, std[70759c8f55707aa4]::rt::lang_start_internal::{closure#0}>
[INFO] [stderr]                                  at /rustc/dfb0accb7f508ae8be965d8629557221c889dd98/library/std/src/panicking.rs:544:19
[INFO] [stderr]     29:     0x60d2405937a9 - std[70759c8f55707aa4]::panic::catch_unwind::<std[70759c8f55707aa4]::rt::lang_start_internal::{closure#0}, isize>
[INFO] [stderr]                                  at /rustc/dfb0accb7f508ae8be965d8629557221c889dd98/library/std/src/panic.rs:359:14
[INFO] [stderr]     30:     0x60d2405937a9 - std[70759c8f55707aa4]::rt::lang_start_internal
[INFO] [stderr]                                  at /rustc/dfb0accb7f508ae8be965d8629557221c889dd98/library/std/src/rt.rs:171:5
[INFO] [stderr]     31:     0x60d2404d0431 - std[70759c8f55707aa4]::rt::lang_start::<()>
[INFO] [stderr]     32:     0x60d2404d80d5 - main
[INFO] [stderr]     33:     0x7916ddf6c601 - <unknown>
[INFO] [stderr]     34:     0x7916ddf6c718 - __libc_start_main
[INFO] [stderr]     35:     0x60d2404ce525 - _start
[INFO] [stderr]     36:                0x0 - <unknown>
[INFO] [stderr] error: failed to run custom build command for `rdkafka-sys v4.10.0+2.12.1`
[INFO] [stderr] note: To improve backtraces for build dependencies, set the CARGO_PROFILE_TEST_BUILD_OVERRIDE_DEBUG=true environment variable to enable debug information generation.
[INFO] [stderr] 
[INFO] [stderr] Caused by:
[INFO] [stderr]   process didn't exit successfully: `/opt/rustwide/target/debug/build/rdkafka-sys-de94601e1c719bcb/build-script-build` (exit status: 101)
[INFO] [stderr]   --- stdout
[INFO] [stderr]   Cloning librdkafka
[INFO] [stderr]   Configuring librdkafka
[INFO] [stderr]   checking for OS or distribution... ok (ubuntu)
[INFO] [stderr]   checking for C compiler from CC env... failed
[INFO] [stderr]   checking for gcc (by command)... ok
[INFO] [stderr]   checking for C++ compiler from CXX env... failed
[INFO] [stderr]   checking for C++ compiler (g++)... ok
[INFO] [stderr]   checking executable ld... ok
[INFO] [stderr]   checking executable nm... ok
[INFO] [stderr]   checking executable objdump... ok
[INFO] [stderr]   checking executable strip... ok
[INFO] [stderr]   checking executable libtool... ok
[INFO] [stderr]   checking executable ranlib... ok
[INFO] [stderr]   checking for pkgconfig (by command)... ok
[INFO] [stderr]   checking for install (by command)... ok
[INFO] [stderr]   checking for GNU ar... ok
[INFO] [stderr]   checking for PIC (by compile)... ok
[INFO] [stderr]   checking for GNU-compatible linker options... ok
[INFO] [stderr]   checking for GNU linker-script ld flag... ok
[INFO] [stderr]   checking for __atomic_32 (by compile)... ok
[INFO] [stderr]   checking for __atomic_64 (by compile)... ok
[INFO] [stderr]   checking for socket (by compile)... ok
[INFO] [stderr]   parsing version '0x020c01ff'... ok (2.12.1)
[INFO] [stderr]   checking for librt (by pkg-config)... failed
[INFO] [stderr]   checking for librt (by compile)... ok
[INFO] [stderr]   checking for libpthread (by pkg-config)... failed
[INFO] [stderr]   checking for libpthread (by compile)... ok
[INFO] [stderr]   checking for c11threads (by pkg-config)... failed
[INFO] [stderr]   checking for c11threads (by compile)... ok
[INFO] [stderr]   checking for libdl (by pkg-config)... failed
[INFO] [stderr]   checking for libdl (by compile)... ok
[INFO] [stderr]   checking for zlib (by pkg-config)... ok
[INFO] [stderr]   checking for libm (by pkg-config)... failed
[INFO] [stderr]   checking for libm (by compile)... ok
[INFO] [stderr]   checking for syslog (by compile)... ok
[INFO] [stderr]   checking for rapidjson (by compile)... failed (disable)
[INFO] [stderr]   checking for crc32chw (by compile)... ok
[INFO] [stderr]   checking for regex (by compile)... ok
[INFO] [stderr]   checking for rand_r (by compile)... ok
[INFO] [stderr]   checking for strndup (by compile)... ok
[INFO] [stderr]   checking for strlcpy (by compile)... ok
[INFO] [stderr]   checking for strerror_r (by compile)... ok
[INFO] [stderr]   checking for strcasestr (by compile)... ok
[INFO] [stderr]   checking for pthread_setname_gnu (by compile)... ok
[INFO] [stderr]   checking for nm (by env NM)... ok (cached)
[INFO] [stderr]   checking for python3 (by command)... ok
[INFO] [stderr]   checking for getrusage (by compile)... ok
[INFO] [stderr]   Generated Makefile.config
[INFO] [stderr]   Generated config.h
[INFO] [stderr] 
[INFO] [stderr]   Configuration summary:
[INFO] [stderr]     prefix                   /usr/local
[INFO] [stderr]     MKL_DISTRO               ubuntu
[INFO] [stderr]     SOLIB_EXT                .so
[INFO] [stderr]     ARCH                     x86_64
[INFO] [stderr]     CPU                      generic
[INFO] [stderr]     GEN_PKG_CONFIG           y
[INFO] [stderr]     MKL_APP_NAME             librdkafka
[INFO] [stderr]     MKL_APP_DESC_ONELINE     The Apache Kafka C/C++ library
[INFO] [stderr]     CC                       gcc
[INFO] [stderr]     CXX                      g++
[INFO] [stderr]     LD                       ld
[INFO] [stderr]     NM                       nm
[INFO] [stderr]     OBJDUMP                  objdump
[INFO] [stderr]     STRIP                    strip
[INFO] [stderr]     LIBTOOL                  libtool
[INFO] [stderr]     RANLIB                   ranlib
[INFO] [stderr]     CPPFLAGS                 -g -O2 -fPIC -Wall -Wsign-compare -Wfloat-equal -Wpointer-arith -Wcast-align
[INFO] [stderr]     PKG_CONFIG               pkg-config
[INFO] [stderr]     INSTALL                  /usr/bin/install
[INFO] [stderr]     HAS_GNU_AR               y
[INFO] [stderr]     LIB_LDFLAGS              -shared -Wl,-soname,$(LIBFILENAME)
[INFO] [stderr]     LDFLAG_LINKERSCRIPT      -Wl,--version-script=
[INFO] [stderr]     RDKAFKA_VERSION_STR      2.12.1
[INFO] [stderr]     MKL_APP_VERSION          2.12.1
[INFO] [stderr]     LIBS                     -lm -lz -ldl -lpthread -lrt -lpthread -lrt
[INFO] [stderr]     MKL_PKGCONFIG_LIBS_PRIVATE -lm -ldl -lpthread -lrt -lpthread -lrt
[INFO] [stderr]     MKL_PKGCONFIG_REQUIRES_PRIVATE zlib
[INFO] [stderr]     CFLAGS                   
[INFO] [stderr]     MKL_PKGCONFIG_REQUIRES   zlib
[INFO] [stderr]     CXXFLAGS                 -Wno-non-virtual-dtor
[INFO] [stderr]     SYMDUMPER                $(NM) -D
[INFO] [stderr]     MKL_DYNAMIC_LIBS         -lm -lz -ldl -lpthread -lrt -lpthread -lrt
[INFO] [stderr]     exec_prefix              /usr/local
[INFO] [stderr]     bindir                   /usr/local/bin
[INFO] [stderr]     sbindir                  /usr/local/sbin
[INFO] [stderr]     libexecdir               /usr/local/libexec
[INFO] [stderr]     datadir                  /usr/local/share
[INFO] [stderr]     sysconfdir               /usr/local/etc
[INFO] [stderr]     sharedstatedir           /usr/local/com
[INFO] [stderr]     localstatedir            /usr/local/var
[INFO] [stderr]     runstatedir              /usr/local/var/run
[INFO] [stderr]     libdir                   /usr/local/lib
[INFO] [stderr]     includedir               /usr/local/include
[INFO] [stderr]     infodir                  /usr/local/info
[INFO] [stderr]     mandir                   /usr/local/man
[INFO] [stderr]     BUILT_WITH               GCC GXX PKGCONFIG INSTALL GNULD LDS C11THREADS LIBDL PLUGINS ZLIB HDRHISTOGRAM SYSLOG SNAPPY SOCKEM CRC32C_HW
[INFO] [stderr]   Generated config.cache
[INFO] [stderr] 
[INFO] [stderr]   Now type 'make' to build
[INFO] [stderr]   Compiling librdkafka
[INFO] [stderr]   make[1]: Entering directory '/opt/rustwide/target/debug/build/rdkafka-sys-4b97f6f08364aab0/out/src'
[INFO] [stderr]   gcc -MD -MP -g -O2 -fPIC -Wall -Wsign-compare -Wfloat-equal -Wpointer-arith -Wcast-align -I.  -c rdkafka.c -o rdkafka.o
[INFO] [stderr]   gcc -MD -MP -g -O2 -fPIC -Wall -Wsign-compare -Wfloat-equal -Wpointer-arith -Wcast-align -I.  -c rdkafka_broker.c -o rdkafka_broker.o
[INFO] [stderr]   gcc -MD -MP -g -O2 -fPIC -Wall -Wsign-compare -Wfloat-equal -Wpointer-arith -Wcast-align -I.  -c rdkafka_msg.c -o rdkafka_msg.o
[INFO] [stderr]   gcc -MD -MP -g -O2 -fPIC -Wall -Wsign-compare -Wfloat-equal -Wpointer-arith -Wcast-align -I.  -c rdkafka_topic.c -o rdkafka_topic.o
[INFO] [stderr]   gcc -MD -MP -g -O2 -fPIC -Wall -Wsign-compare -Wfloat-equal -Wpointer-arith -Wcast-align -I.  -c rdkafka_conf.c -o rdkafka_conf.o
[INFO] [stderr]   gcc -MD -MP -g -O2 -fPIC -Wall -Wsign-compare -Wfloat-equal -Wpointer-arith -Wcast-align -I.  -c rdkafka_timer.c -o rdkafka_timer.o
[INFO] [stderr]   gcc -MD -MP -g -O2 -fPIC -Wall -Wsign-compare -Wfloat-equal -Wpointer-arith -Wcast-align -I.  -c rdkafka_offset.c -o rdkafka_offset.o
[INFO] [stderr]   gcc -MD -MP -g -O2 -fPIC -Wall -Wsign-compare -Wfloat-equal -Wpointer-arith -Wcast-align -I.  -c rdkafka_transport.c -o rdkafka_transport.o
[INFO] [stderr]   gcc -MD -MP -g -O2 -fPIC -Wall -Wsign-compare -Wfloat-equal -Wpointer-arith -Wcast-align -I.  -c rdkafka_buf.c -o rdkafka_buf.o
[INFO] [stderr]   gcc -MD -MP -g -O2 -fPIC -Wall -Wsign-compare -Wfloat-equal -Wpointer-arith -Wcast-align -I.  -c rdkafka_queue.c -o rdkafka_queue.o
[INFO] [stderr]   gcc -MD -MP -g -O2 -fPIC -Wall -Wsign-compare -Wfloat-equal -Wpointer-arith -Wcast-align -I.  -c rdkafka_op.c -o rdkafka_op.o
[INFO] [stderr]   gcc -MD -MP -g -O2 -fPIC -Wall -Wsign-compare -Wfloat-equal -Wpointer-arith -Wcast-align -I.  -c rdkafka_request.c -o rdkafka_request.o
[INFO] [stderr]   gcc -MD -MP -g -O2 -fPIC -Wall -Wsign-compare -Wfloat-equal -Wpointer-arith -Wcast-align -I.  -c rdkafka_cgrp.c -o rdkafka_cgrp.o
[INFO] [stderr]   gcc -MD -MP -g -O2 -fPIC -Wall -Wsign-compare -Wfloat-equal -Wpointer-arith -Wcast-align -I.  -c rdkafka_pattern.c -o rdkafka_pattern.o
[INFO] [stderr]   gcc -MD -MP -g -O2 -fPIC -Wall -Wsign-compare -Wfloat-equal -Wpointer-arith -Wcast-align -I.  -c rdkafka_partition.c -o rdkafka_partition.o
[INFO] [stderr]   gcc -MD -MP -g -O2 -fPIC -Wall -Wsign-compare -Wfloat-equal -Wpointer-arith -Wcast-align -I.  -c rdkafka_subscription.c -o rdkafka_subscription.o
[INFO] [stderr]   gcc -MD -MP -g -O2 -fPIC -Wall -Wsign-compare -Wfloat-equal -Wpointer-arith -Wcast-align -I.  -c rdkafka_assignment.c -o rdkafka_assignment.o
[INFO] [stderr]   gcc -MD -MP -g -O2 -fPIC -Wall -Wsign-compare -Wfloat-equal -Wpointer-arith -Wcast-align -I.  -c rdkafka_assignor.c -o rdkafka_assignor.o
[INFO] [stderr]   gcc -MD -MP -g -O2 -fPIC -Wall -Wsign-compare -Wfloat-equal -Wpointer-arith -Wcast-align -I.  -c rdkafka_range_assignor.c -o rdkafka_range_assignor.o
[INFO] [stderr]   gcc -MD -MP -g -O2 -fPIC -Wall -Wsign-compare -Wfloat-equal -Wpointer-arith -Wcast-align -I.  -c rdkafka_roundrobin_assignor.c -o rdkafka_roundrobin_assignor.o
[INFO] [stderr]   gcc -MD -MP -g -O2 -fPIC -Wall -Wsign-compare -Wfloat-equal -Wpointer-arith -Wcast-align -I.  -c rdkafka_sticky_assignor.c -o rdkafka_sticky_assignor.o
[INFO] [stderr]   gcc -MD -MP -g -O2 -fPIC -Wall -Wsign-compare -Wfloat-equal -Wpointer-arith -Wcast-align -I.  -c rdkafka_feature.c -o rdkafka_feature.o
[INFO] [stderr]   gcc -MD -MP -g -O2 -fPIC -Wall -Wsign-compare -Wfloat-equal -Wpointer-arith -Wcast-align -I.  -c rdcrc32.c -o rdcrc32.o
[INFO] [stderr]   gcc -MD -MP -g -O2 -fPIC -Wall -Wsign-compare -Wfloat-equal -Wpointer-arith -Wcast-align -I.  -c crc32c.c -o crc32c.o
[INFO] [stderr]   gcc -MD -MP -g -O2 -fPIC -Wall -Wsign-compare -Wfloat-equal -Wpointer-arith -Wcast-align -I.  -c rdmurmur2.c -o rdmurmur2.o
[INFO] [stderr]   gcc -MD -MP -g -O2 -fPIC -Wall -Wsign-compare -Wfloat-equal -Wpointer-arith -Wcast-align -I.  -c rdfnv1a.c -o rdfnv1a.o
[INFO] [stderr]   gcc -MD -MP -g -O2 -fPIC -Wall -Wsign-compare -Wfloat-equal -Wpointer-arith -Wcast-align -I.  -c cJSON.c -o cJSON.o
[INFO] [stderr]   gcc -MD -MP -g -O2 -fPIC -Wall -Wsign-compare -Wfloat-equal -Wpointer-arith -Wcast-align -I.  -c rdaddr.c -o rdaddr.o
[INFO] [stderr]   gcc -MD -MP -g -O2 -fPIC -Wall -Wsign-compare -Wfloat-equal -Wpointer-arith -Wcast-align -I.  -c rdrand.c -o rdrand.o
[INFO] [stderr]   gcc -MD -MP -g -O2 -fPIC -Wall -Wsign-compare -Wfloat-equal -Wpointer-arith -Wcast-align -I.  -c rdlist.c -o rdlist.o
[INFO] [stderr]   gcc -MD -MP -g -O2 -fPIC -Wall -Wsign-compare -Wfloat-equal -Wpointer-arith -Wcast-align -I.  -c tinycthread.c -o tinycthread.o
[INFO] [stderr]   gcc -MD -MP -g -O2 -fPIC -Wall -Wsign-compare -Wfloat-equal -Wpointer-arith -Wcast-align -I.  -c tinycthread_extra.c -o tinycthread_extra.o
[INFO] [stderr]   gcc -MD -MP -g -O2 -fPIC -Wall -Wsign-compare -Wfloat-equal -Wpointer-arith -Wcast-align -I.  -c rdlog.c -o rdlog.o
[INFO] [stderr]   gcc -MD -MP -g -O2 -fPIC -Wall -Wsign-compare -Wfloat-equal -Wpointer-arith -Wcast-align -I.  -c rdstring.c -o rdstring.o
[INFO] [stderr]   gcc -MD -MP -g -O2 -fPIC -Wall -Wsign-compare -Wfloat-equal -Wpointer-arith -Wcast-align -I.  -c rdkafka_event.c -o rdkafka_event.o
[INFO] [stderr]   gcc -MD -MP -g -O2 -fPIC -Wall -Wsign-compare -Wfloat-equal -Wpointer-arith -Wcast-align -I.  -c rdkafka_metadata.c -o rdkafka_metadata.o
[INFO] [stderr]   gcc -MD -MP -g -O2 -fPIC -Wall -Wsign-compare -Wfloat-equal -Wpointer-arith -Wcast-align -I.  -c rdregex.c -o rdregex.o
[INFO] [stderr]   gcc -MD -MP -g -O2 -fPIC -Wall -Wsign-compare -Wfloat-equal -Wpointer-arith -Wcast-align -I.  -c rdports.c -o rdports.o
[INFO] [stderr]   gcc -MD -MP -g -O2 -fPIC -Wall -Wsign-compare -Wfloat-equal -Wpointer-arith -Wcast-align -I.  -c rdkafka_metadata_cache.c -o rdkafka_metadata_cache.o
[INFO] [stderr]   gcc -MD -MP -g -O2 -fPIC -Wall -Wsign-compare -Wfloat-equal -Wpointer-arith -Wcast-align -I.  -c rdavl.c -o rdavl.o
[INFO] [stderr]   gcc -MD -MP -g -O2 -fPIC -Wall -Wsign-compare -Wfloat-equal -Wpointer-arith -Wcast-align -I.  -c rdkafka_sasl.c -o rdkafka_sasl.o
[INFO] [stderr]   gcc -MD -MP -g -O2 -fPIC -Wall -Wsign-compare -Wfloat-equal -Wpointer-arith -Wcast-align -I.  -c rdkafka_sasl_plain.c -o rdkafka_sasl_plain.o
[INFO] [stderr]   gcc -MD -MP -g -O2 -fPIC -Wall -Wsign-compare -Wfloat-equal -Wpointer-arith -Wcast-align -I.  -c rdkafka_interceptor.c -o rdkafka_interceptor.o
[INFO] [stderr]   gcc -MD -MP -g -O2 -fPIC -Wall -Wsign-compare -Wfloat-equal -Wpointer-arith -Wcast-align -I.  -c rdkafka_msgset_writer.c -o rdkafka_msgset_writer.o
[INFO] [stderr]   gcc -MD -MP -g -O2 -fPIC -Wall -Wsign-compare -Wfloat-equal -Wpointer-arith -Wcast-align -I.  -c rdkafka_msgset_reader.c -o rdkafka_msgset_reader.o
[INFO] [stderr]   gcc -MD -MP -g -O2 -fPIC -Wall -Wsign-compare -Wfloat-equal -Wpointer-arith -Wcast-align -I.  -c rdkafka_header.c -o rdkafka_header.o
[INFO] [stderr]   gcc -MD -MP -g -O2 -fPIC -Wall -Wsign-compare -Wfloat-equal -Wpointer-arith -Wcast-align -I.  -c rdkafka_admin.c -o rdkafka_admin.o
[INFO] [stderr]   gcc -MD -MP -g -O2 -fPIC -Wall -Wsign-compare -Wfloat-equal -Wpointer-arith -Wcast-align -I.  -c rdkafka_aux.c -o rdkafka_aux.o
[INFO] [stderr]   gcc -MD -MP -g -O2 -fPIC -Wall -Wsign-compare -Wfloat-equal -Wpointer-arith -Wcast-align -I.  -c rdkafka_background.c -o rdkafka_background.o
[INFO] [stderr]   gcc -MD -MP -g -O2 -fPIC -Wall -Wsign-compare -Wfloat-equal -Wpointer-arith -Wcast-align -I.  -c rdkafka_idempotence.c -o rdkafka_idempotence.o
[INFO] [stderr]   gcc -MD -MP -g -O2 -fPIC -Wall -Wsign-compare -Wfloat-equal -Wpointer-arith -Wcast-align -I.  -c rdkafka_cert.c -o rdkafka_cert.o
[INFO] [stderr]   gcc -MD -MP -g -O2 -fPIC -Wall -Wsign-compare -Wfloat-equal -Wpointer-arith -Wcast-align -I.  -c rdkafka_txnmgr.c -o rdkafka_txnmgr.o
[INFO] [stderr]   gcc -MD -MP -g -O2 -fPIC -Wall -Wsign-compare -Wfloat-equal -Wpointer-arith -Wcast-align -I.  -c rdkafka_coord.c -o rdkafka_coord.o
[INFO] [stderr]   gcc -MD -MP -g -O2 -fPIC -Wall -Wsign-compare -Wfloat-equal -Wpointer-arith -Wcast-align -I.  -c rdbase64.c -o rdbase64.o
[INFO] [stderr]   gcc -MD -MP -g -O2 -fPIC -Wall -Wsign-compare -Wfloat-equal -Wpointer-arith -Wcast-align -I.  -c rdvarint.c -o rdvarint.o
[INFO] [stderr]   gcc -MD -MP -g -O2 -fPIC -Wall -Wsign-compare -Wfloat-equal -Wpointer-arith -Wcast-align -I.  -c rdbuf.c -o rdbuf.o
[INFO] [stderr]   gcc -MD -MP -g -O2 -fPIC -Wall -Wsign-compare -Wfloat-equal -Wpointer-arith -Wcast-align -I.  -c rdmap.c -o rdmap.o
[INFO] [stderr]   gcc -MD -MP -g -O2 -fPIC -Wall -Wsign-compare -Wfloat-equal -Wpointer-arith -Wcast-align -I.  -c rdunittest.c -o rdunittest.o
[INFO] [stderr]   gcc -MD -MP -g -O2 -fPIC -Wall -Wsign-compare -Wfloat-equal -Wpointer-arith -Wcast-align -I.  -c rdkafka_mock.c -o rdkafka_mock.o
[INFO] [stderr]   gcc -MD -MP -g -O2 -fPIC -Wall -Wsign-compare -Wfloat-equal -Wpointer-arith -Wcast-align -I.  -c rdkafka_mock_handlers.c -o rdkafka_mock_handlers.o
[INFO] [stderr]   gcc -MD -MP -g -O2 -fPIC -Wall -Wsign-compare -Wfloat-equal -Wpointer-arith -Wcast-align -I.  -c rdkafka_mock_cgrp.c -o rdkafka_mock_cgrp.o
[INFO] [stderr]   gcc -MD -MP -g -O2 -fPIC -Wall -Wsign-compare -Wfloat-equal -Wpointer-arith -Wcast-align -I.  -c rdkafka_error.c -o rdkafka_error.o
[INFO] [stderr]   gcc -MD -MP -g -O2 -fPIC -Wall -Wsign-compare -Wfloat-equal -Wpointer-arith -Wcast-align -I.  -c rdkafka_fetcher.c -o rdkafka_fetcher.o
[INFO] [stderr]   gcc -MD -MP -g -O2 -fPIC -Wall -Wsign-compare -Wfloat-equal -Wpointer-arith -Wcast-align -I.  -c rdkafka_telemetry.c -o rdkafka_telemetry.o
[INFO] [stderr]   gcc -MD -MP -g -O2 -fPIC -Wall -Wsign-compare -Wfloat-equal -Wpointer-arith -Wcast-align -I.  -c rdkafka_telemetry_encode.c -o rdkafka_telemetry_encode.o
[INFO] [stderr]   gcc -MD -MP -g -O2 -fPIC -Wall -Wsign-compare -Wfloat-equal -Wpointer-arith -Wcast-align -I.  -c rdkafka_telemetry_decode.c -o rdkafka_telemetry_decode.o
[INFO] [stderr]   gcc -MD -MP -g -O2 -fPIC -Wall -Wsign-compare -Wfloat-equal -Wpointer-arith -Wcast-align -I.  -c nanopb/pb_encode.c -o nanopb/pb_encode.o
[INFO] [stderr]   gcc -MD -MP -g -O2 -fPIC -Wall -Wsign-compare -Wfloat-equal -Wpointer-arith -Wcast-align -I.  -c nanopb/pb_decode.c -o nanopb/pb_decode.o
[INFO] [stderr]   gcc -MD -MP -g -O2 -fPIC -Wall -Wsign-compare -Wfloat-equal -Wpointer-arith -Wcast-align -I.  -c nanopb/pb_common.c -o nanopb/pb_common.o
[INFO] [stderr]   gcc -MD -MP -g -O2 -fPIC -Wall -Wsign-compare -Wfloat-equal -Wpointer-arith -Wcast-align -I.  -c opentelemetry/metrics.pb.c -o opentelemetry/metrics.pb.o
[INFO] [stderr]   gcc -MD -MP -g -O2 -fPIC -Wall -Wsign-compare -Wfloat-equal -Wpointer-arith -Wcast-align -I.  -c opentelemetry/common.pb.c -o opentelemetry/common.pb.o
[INFO] [stderr]   gcc -MD -MP -g -O2 -fPIC -Wall -Wsign-compare -Wfloat-equal -Wpointer-arith -Wcast-align -I.  -c opentelemetry/resource.pb.c -o opentelemetry/resource.pb.o
[INFO] [stderr]   gcc -MD -MP -g -O2 -fPIC -Wall -Wsign-compare -Wfloat-equal -Wpointer-arith -Wcast-align -I.  -c snappy.c -o snappy.o
[INFO] [stderr]   gcc -MD -MP -g -O2 -fPIC -Wall -Wsign-compare -Wfloat-equal -Wpointer-arith -Wcast-align -I.  -c rdgz.c -o rdgz.o
[INFO] [stderr]   gcc -MD -MP -g -O2 -fPIC -Wall -Wsign-compare -Wfloat-equal -Wpointer-arith -Wcast-align -I.  -c rdhdrhistogram.c -o rdhdrhistogram.o
[INFO] [stderr]   gcc -MD -MP -g -O2 -fPIC -Wall -Wsign-compare -Wfloat-equal -Wpointer-arith -Wcast-align -I.  -c rdkafka_lz4.c -o rdkafka_lz4.o
[INFO] [stderr]   gcc -MD -MP -g -O2 -fPIC -Wall -Wsign-compare -Wfloat-equal -Wpointer-arith -Wcast-align -I.  -O3 -c rdxxhash.c -o rdxxhash.o
[INFO] [stderr]   gcc -MD -MP -g -O2 -fPIC -Wall -Wsign-compare -Wfloat-equal -Wpointer-arith -Wcast-align -I.  -O3 -c lz4.c -o lz4.o
[INFO] [stderr]   gcc -MD -MP -g -O2 -fPIC -Wall -Wsign-compare -Wfloat-equal -Wpointer-arith -Wcast-align -I.  -O3 -c lz4frame.c -o lz4frame.o
[INFO] [stderr]   gcc -MD -MP -g -O2 -fPIC -Wall -Wsign-compare -Wfloat-equal -Wpointer-arith -Wcast-align -I.  -O3 -c lz4hc.c -o lz4hc.o
[INFO] [stderr]   gcc -MD -MP -g -O2 -fPIC -Wall -Wsign-compare -Wfloat-equal -Wpointer-arith -Wcast-align -I.  -c rddl.c -o rddl.o
[INFO] [stderr]   gcc -MD -MP -g -O2 -fPIC -Wall -Wsign-compare -Wfloat-equal -Wpointer-arith -Wcast-align -I.  -c rdkafka_plugin.c -o rdkafka_plugin.o
[INFO] [stderr]   Generating linker script librdkafka.lds from rdkafka.h rdkafka_mock.h
[INFO] [stderr]   Generating pkg-config file rdkafka.pc
[INFO] [stderr]   make[1]: Leaving directory '/opt/rustwide/target/debug/build/rdkafka-sys-4b97f6f08364aab0/out/src'
[INFO] [stderr] 
[INFO] [stderr]   --- stderr
[INFO] [stderr]   Building and linking librdkafka statically
[INFO] [stderr]   Running command: "cp -a librdkafka/. /opt/rustwide/target/debug/build/rdkafka-sys-4b97f6f08364aab0/out" in dir: .
[INFO] [stderr]   Running command: "/opt/rustwide/target/debug/build/rdkafka-sys-4b97f6f08364aab0/out/configure --disable-ssl --disable-gssapi --disable-curl --disable-zstd --disable-lz4-ext" in dir: /opt/rustwide/target/debug/build/rdkafka-sys-4b97f6f08364aab0/out
[INFO] [stderr]   Running command: "make libs" in dir: /opt/rustwide/target/debug/build/rdkafka-sys-4b97f6f08364aab0/out
[INFO] [stderr]   rdkafka_aux.c: In function 'rd_kafka_Node_new_from_brokers':
[INFO] [stderr]   rdkafka_aux.c:270:13: warning: initialization discards 'const' qualifier from pointer target type [-Wdiscarded-qualifiers]
[INFO] [stderr]     270 |             bsearch(&key_sorted, brokers_sorted, broker_cnt,
[INFO] [stderr]         |             ^~~~~~~
[INFO] [stderr]   rdkafka_aux.c:275:13: warning: initialization discards 'const' qualifier from pointer target type [-Wdiscarded-qualifiers]
[INFO] [stderr]     275 |             bsearch(&key_internal, brokers_internal, broker_cnt,
[INFO] [stderr]         |             ^~~~~~~
[INFO] [stderr]   gcc: fatal error: Killed signal terminated program cc1
[INFO] [stderr]   compilation terminated.
[INFO] [stderr]   make[1]: *** [../mklove/Makefile.base:97: rdkafka_admin.o] Error 1
[INFO] [stderr]   make[1]: *** Waiting for unfinished jobs....
[INFO] [stderr]   make: *** [Makefile:28: libs] Error 2
[INFO] [stderr] 
[INFO] [stderr]   thread 'main' (3459) panicked at /opt/rustwide/cargo-home/registry/src/index.crates.io-1949cf8c6b5b557f/rdkafka-sys-4.10.0+2.12.1/build.rs:36:33:
[INFO] [stderr]   Command failed with error code 2
[INFO] [stderr]   stack backtrace:
[INFO] [stderr]      0:     0x5a7d50383211 - std[70759c8f55707aa4]::backtrace_rs::backtrace::libunwind::trace
[INFO] [stderr]                                  at /rustc/dfb0accb7f508ae8be965d8629557221c889dd98/library/std/src/../../backtrace/src/backtrace/libunwind.rs:117:9
[INFO] [stderr]      1:     0x5a7d50383211 - std[70759c8f55707aa4]::backtrace_rs::backtrace::trace_unsynchronized::<std[70759c8f55707aa4]::sys::backtrace::_print_fmt::{closure#1}>
[INFO] [stderr]                                  at /rustc/dfb0accb7f508ae8be965d8629557221c889dd98/library/std/src/../../backtrace/src/backtrace/mod.rs:66:14
[INFO] [stderr]      2:     0x5a7d50383211 - std[70759c8f55707aa4]::sys::backtrace::_print_fmt
[INFO] [stderr]                                  at /rustc/dfb0accb7f508ae8be965d8629557221c889dd98/library/std/src/sys/backtrace.rs:74:9
[INFO] [stderr]      3:     0x5a7d50383211 - <<std[70759c8f55707aa4]::sys::backtrace::BacktraceLock>::print::DisplayBacktrace as core[df12db4294e9bfd3]::fmt::Display>::fmt
[INFO] [stderr]                                  at /rustc/dfb0accb7f508ae8be965d8629557221c889dd98/library/std/src/sys/backtrace.rs:44:26
[INFO] [stderr]      4:     0x5a7d50394eca - <core[df12db4294e9bfd3]::fmt::rt::Argument>::fmt
[INFO] [stderr]                                  at /rustc/dfb0accb7f508ae8be965d8629557221c889dd98/library/core/src/fmt/rt.rs:152:76
[INFO] [stderr]      5:     0x5a7d50394eca - core[df12db4294e9bfd3]::fmt::write
[INFO] [stderr]      6:     0x5a7d5038761c - core[df12db4294e9bfd3]::io::write::default_write_fmt::<std[70759c8f55707aa4]::sys::stdio::unix::Stderr>
[INFO] [stderr]                                  at /rustc/dfb0accb7f508ae8be965d8629557221c889dd98/library/core/src/io/write.rs:402:11
[INFO] [stderr]      7:     0x5a7d5038761c - <std[70759c8f55707aa4]::sys::stdio::unix::Stderr as core[df12db4294e9bfd3]::io::write::Write>::write_fmt
[INFO] [stderr]                                  at /rustc/dfb0accb7f508ae8be965d8629557221c889dd98/library/core/src/io/write.rs:335:13
[INFO] [stderr]      8:     0x5a7d50364136 - <std[70759c8f55707aa4]::sys::backtrace::BacktraceLock>::print
[INFO] [stderr]                                  at /rustc/dfb0accb7f508ae8be965d8629557221c889dd98/library/std/src/sys/backtrace.rs:47:9
[INFO] [stderr]      9:     0x5a7d50364136 - std[70759c8f55707aa4]::panicking::default_hook::{closure#0}
[INFO] [stderr]                                  at /rustc/dfb0accb7f508ae8be965d8629557221c889dd98/library/std/src/panicking.rs:292:27
[INFO] [stderr]     10:     0x5a7d5037e691 - std[70759c8f55707aa4]::panicking::default_hook
[INFO] [stderr]                                  at /rustc/dfb0accb7f508ae8be965d8629557221c889dd98/library/std/src/panicking.rs:319:9
[INFO] [stderr]     11:     0x5a7d5037e84b - std[70759c8f55707aa4]::panicking::panic_with_hook
[INFO] [stderr]                                  at /rustc/dfb0accb7f508ae8be965d8629557221c889dd98/library/std/src/panicking.rs:815:13
[INFO] [stderr]     12:     0x5a7d503641e2 - std[70759c8f55707aa4]::panicking::panic_handler::{closure#0}
[INFO] [stderr]                                  at /rustc/dfb0accb7f508ae8be965d8629557221c889dd98/library/std/src/panicking.rs:688:13
[INFO] [stderr]     13:     0x5a7d5035ccc9 - std[70759c8f55707aa4]::sys::backtrace::__rust_end_short_backtrace::<std[70759c8f55707aa4]::panicking::panic_handler::{closure#0}, !>
[INFO] [stderr]                                  at /rustc/dfb0accb7f508ae8be965d8629557221c889dd98/library/std/src/sys/backtrace.rs:182:18
[INFO] [stderr]     14:     0x5a7d50364a9d - __rustc[8fa7c3cbc660c2b3]::rust_begin_unwind
[INFO] [stderr]                                  at /rustc/dfb0accb7f508ae8be965d8629557221c889dd98/library/std/src/panicking.rs:679:5
[INFO] [stderr]     15:     0x5a7d5039565c - core[df12db4294e9bfd3]::panicking::panic_fmt
[INFO] [stderr]                                  at /rustc/dfb0accb7f508ae8be965d8629557221c889dd98/library/core/src/panicking.rs:80:14
[INFO] [stderr]     16:     0x5a7d5032bc2d - build_script_build[5ef3e81bc74e25de]::run_command_or_fail::<&str, &str>
[INFO] [stderr]     17:     0x5a7d5032ec95 - build_script_build[5ef3e81bc74e25de]::build_librdkafka
[INFO] [stderr]     18:     0x5a7d5032f156 - build_script_build[5ef3e81bc74e25de]::main
[INFO] [stderr]     19:     0x5a7d50330163 - <fn() as core[df12db4294e9bfd3]::ops::function::FnOnce<()>>::call_once
[INFO] [stderr]     20:     0x5a7d5032cc86 - std[70759c8f55707aa4]::sys::backtrace::__rust_begin_short_backtrace::<fn(), ()>
[INFO] [stderr]     21:     0x5a7d5032ce19 - std[70759c8f55707aa4]::rt::lang_start::<()>::{closure#0}
[INFO] [stderr]     22:     0x5a7d5037da59 - <&dyn core[df12db4294e9bfd3]::ops::function::Fn<(), Output = i32> + core[df12db4294e9bfd3]::panic::unwind_safe::RefUnwindSafe + core[df12db4294e9bfd3]::marker::Sync as core[df12db4294e9bfd3]::ops::function::FnOnce<()>>::call_once
[INFO] [stderr]                                  at /rustc/dfb0accb7f508ae8be965d8629557221c889dd98/library/core/src/ops/function.rs:287:21
[INFO] [stderr]     23:     0x5a7d5037da59 - std[70759c8f55707aa4]::panicking::catch_unwind::do_call::<&dyn core[df12db4294e9bfd3]::ops::function::Fn<(), Output = i32> + core[df12db4294e9bfd3]::panic::unwind_safe::RefUnwindSafe + core[df12db4294e9bfd3]::marker::Sync, i32>
[INFO] [stderr]                                  at /rustc/dfb0accb7f508ae8be965d8629557221c889dd98/library/std/src/panicking.rs:576:43
[INFO] [stderr]     24:     0x5a7d5037da59 - std[70759c8f55707aa4]::panicking::catch_unwind::<i32, &dyn core[df12db4294e9bfd3]::ops::function::Fn<(), Output = i32> + core[df12db4294e9bfd3]::panic::unwind_safe::RefUnwindSafe + core[df12db4294e9bfd3]::marker::Sync>
[INFO] [stderr]                                  at /rustc/dfb0accb7f508ae8be965d8629557221c889dd98/library/std/src/panicking.rs:544:19
[INFO] [stderr]     25:     0x5a7d5037da59 - std[70759c8f55707aa4]::panic::catch_unwind::<&dyn core[df12db4294e9bfd3]::ops::function::Fn<(), Output = i32> + core[df12db4294e9bfd3]::panic::unwind_safe::RefUnwindSafe + core[df12db4294e9bfd3]::marker::Sync, i32>
[INFO] [stderr]                                  at /rustc/dfb0accb7f508ae8be965d8629557221c889dd98/library/std/src/panic.rs:359:14
[INFO] [stderr]     26:     0x5a7d5037da59 - std[70759c8f55707aa4]::rt::lang_start_internal::{closure#0}
[INFO] [stderr]                                  at /rustc/dfb0accb7f508ae8be965d8629557221c889dd98/library/std/src/rt.rs:175:24
[INFO] [stderr]     27:     0x5a7d5037da59 - std[70759c8f55707aa4]::panicking::catch_unwind::do_call::<std[70759c8f55707aa4]::rt::lang_start_internal::{closure#0}, isize>
[INFO] [stderr]                                  at /rustc/dfb0accb7f508ae8be965d8629557221c889dd98/library/std/src/panicking.rs:576:43
[INFO] [stderr]     28:     0x5a7d5037da59 - std[70759c8f55707aa4]::panicking::catch_unwind::<isize, std[70759c8f55707aa4]::rt::lang_start_internal::{closure#0}>
[INFO] [stderr]                                  at /rustc/dfb0accb7f508ae8be965d8629557221c889dd98/library/std/src/panicking.rs:544:19
[INFO] [stderr]     29:     0x5a7d5037da59 - std[70759c8f55707aa4]::panic::catch_unwind::<std[70759c8f55707aa4]::rt::lang_start_internal::{closure#0}, isize>
[INFO] [stderr]                                  at /rustc/dfb0accb7f508ae8be965d8629557221c889dd98/library/std/src/panic.rs:359:14
[INFO] [stderr]     30:     0x5a7d5037da59 - std[70759c8f55707aa4]::rt::lang_start_internal
[INFO] [stderr]                                  at /rustc/dfb0accb7f508ae8be965d8629557221c889dd98/library/std/src/rt.rs:171:5
[INFO] [stderr]     31:     0x5a7d5032c9d1 - std[70759c8f55707aa4]::rt::lang_start::<()>
[INFO] [stderr]     32:     0x5a7d503301b5 - main
[INFO] [stderr]     33:     0x76884b2e9601 - <unknown>
[INFO] [stderr]     34:     0x76884b2e9718 - __libc_start_main
[INFO] [stderr]     35:     0x5a7d5032b4f5 - _start
[INFO] [stderr]     36:                0x0 - <unknown>
[INFO] running `Command { std: "docker" "inspect" "12052623d051af1586d27b7f20e3a1b1dfc05d312b170ae8a39d0fdd9b099d7c", kill_on_drop: false }`
[INFO] running `Command { std: "docker" "rm" "-f" "12052623d051af1586d27b7f20e3a1b1dfc05d312b170ae8a39d0fdd9b099d7c", kill_on_drop: false }`
[INFO] [stdout] 12052623d051af1586d27b7f20e3a1b1dfc05d312b170ae8a39d0fdd9b099d7c
