[INFO] fetching crate ruststream-kinesis 0.7.0...
[INFO] testing ruststream-kinesis-0.7.0 against 1.99.0-beta.8 for beta-1.100-2
[INFO] extracting crate ruststream-kinesis 0.7.0 into /workspace/builds/worker-6-tc1/source
[INFO] started tweaking crates.io crate ruststream-kinesis 0.7.0
[INFO] removed 0 missing examples
[INFO] removed 0 missing tests
[INFO] finished tweaking crates.io crate ruststream-kinesis 0.7.0
[INFO] tweaked toml for crates.io crate ruststream-kinesis 0.7.0 written to /workspace/builds/worker-6-tc1/source/Cargo.toml
[INFO] validating manifest of crates.io crate ruststream-kinesis 0.7.0 on toolchain 1.99.0-beta.8
[INFO] running `Command { std: CARGO_HOME="/workspace/cargo-home" RUSTUP_HOME="/workspace/rustup-home" "/workspace/cargo-home/bin/cargo" "+1.99.0-beta.8" "metadata" "--manifest-path" "Cargo.toml" "--no-deps", kill_on_drop: false }`
[INFO] crate crates.io crate ruststream-kinesis 0.7.0 already has a lockfile, it will not be regenerated
[INFO] running `Command { std: CARGO_HOME="/workspace/cargo-home" RUSTUP_HOME="/workspace/rustup-home" "/workspace/cargo-home/bin/cargo" "+1.99.0-beta.8" "fetch" "--manifest-path" "Cargo.toml", kill_on_drop: false }`
[INFO] [stderr]     Updating crates.io index
[INFO] [stderr]  Downloading crates ...
[INFO] [stderr]   Downloaded aws-smithy-runtime-api-macros v1.1.0
[INFO] [stderr]   Downloaded aws-credential-types v1.3.0
[INFO] [stderr]   Downloaded aws-smithy-runtime v1.15.0
[INFO] [stderr]   Downloaded aws-smithy-observability v0.3.0
[INFO] [stderr]   Downloaded bytes-utils v0.1.4
[INFO] [stderr]   Downloaded aws-smithy-async v1.3.0
[INFO] [stderr]   Downloaded aws-smithy-eventstream v0.61.4
[INFO] [stderr]   Downloaded rtrb v0.4.0
[INFO] [stderr]   Downloaded aws-smithy-xml v0.62.0
[INFO] [stderr]   Downloaded aws-smithy-schema v0.2.1
[INFO] [stderr]   Downloaded aws-runtime v1.10.0
[INFO] [stderr]   Downloaded aws-sdk-ssooidc v1.111.0
[INFO] [stderr]   Downloaded aws-smithy-query v0.62.0
[INFO] [stderr]   Downloaded aws-sdk-sts v1.114.0
[INFO] [stderr]   Downloaded aws-lc-rs v1.18.1
[INFO] [stderr]   Downloaded aws-sdk-kinesis v1.123.0
[INFO] [stderr]   Downloaded aws-sdk-dynamodb v1.128.0
[INFO] [stderr]   Downloaded ruststream v0.7.0
[INFO] [stderr]   Downloaded aws-smithy-runtime-api v1.19.0
[INFO] [stderr]   Downloaded aws-smithy-http-client v1.4.2
[INFO] [stderr]   Downloaded aws-smithy-http v0.64.1
[INFO] [stderr]   Downloaded aws-config v1.12.0
[INFO] [stderr]   Downloaded aws-sdk-sso v1.109.0
[INFO] [stderr]   Downloaded aws-smithy-types v1.8.1
[INFO] [stderr]   Downloaded aws-smithy-json v0.63.1
[INFO] [stderr]   Downloaded ruststream-macros v0.7.0
[INFO] [stderr]   Downloaded aws-types v1.6.0
[INFO] [stderr]   Downloaded aws-sigv4 v1.6.0
[INFO] [stderr]   Downloaded aws-lc-sys v0.45.0
[INFO] running `Command { std: "docker" "create" "-v" "/var/lib/crater-agent-workspace/builds/worker-6-tc1/source:/opt/rustwide/workdir:ro,Z" "-v" "/var/lib/crater-agent-workspace/builds/worker-6-tc1/target:/opt/rustwide/target:rw,Z" "-v" "/var/lib/crater-agent-workspace/cargo-home:/opt/rustwide/cargo-home:ro,Z" "-v" "/var/lib/crater-agent-workspace/rustup-home:/opt/rustwide/rustup-home:ro,Z" "-m" "1610612736" "--network" "none" "ghcr.io/rust-lang/crates-build-env/linux@sha256:3111399a4047eeb3a02b7a90e478d715f38a8c6669b5c4b49d30a17385265909" "sleep" "infinity", kill_on_drop: false }`
[INFO] [stdout] 3aa437274f5cf1c406cf64e61fb3209f0473b97e2c17b6f278d1b209431fb39d
[INFO] running `Command { std: "docker" "start" "3aa437274f5cf1c406cf64e61fb3209f0473b97e2c17b6f278d1b209431fb39d", kill_on_drop: false }`
[INFO] running `Command { std: "docker" "inspect" "3aa437274f5cf1c406cf64e61fb3209f0473b97e2c17b6f278d1b209431fb39d", kill_on_drop: false }`
[INFO] running `Command { std: "docker" "exec" "-e" "SOURCE_DIR=/opt/rustwide/workdir" "-e" "CARGO_HOME=/opt/rustwide/cargo-home" "-e" "RUSTUP_HOME=/opt/rustwide/rustup-home" "-e" "CARGO_TARGET_DIR=/opt/rustwide/target" "-w" "/opt/rustwide/workdir" "--user" "0:0" "3aa437274f5cf1c406cf64e61fb3209f0473b97e2c17b6f278d1b209431fb39d" "/opt/rustwide/cargo-home/bin/cargo" "+1.99.0-beta.8" "metadata" "--no-deps" "--format-version=1", kill_on_drop: false }`
[INFO] running `Command { std: "docker" "inspect" "3aa437274f5cf1c406cf64e61fb3209f0473b97e2c17b6f278d1b209431fb39d", kill_on_drop: false }`
[INFO] running `Command { std: "docker" "exec" "-e" "SOURCE_DIR=/opt/rustwide/workdir" "-e" "CARGO_HOME=/opt/rustwide/cargo-home" "-e" "RUSTUP_HOME=/opt/rustwide/rustup-home" "-e" "CARGO_TARGET_DIR=/opt/rustwide/target" "-e" "CARGO_INCREMENTAL=0" "-e" "RUST_BACKTRACE=full" "-e" "RUSTFLAGS=--cap-lints=warn" "-e" "RUSTDOCFLAGS=--cap-lints=warn" "-w" "/opt/rustwide/workdir" "--user" "0:0" "3aa437274f5cf1c406cf64e61fb3209f0473b97e2c17b6f278d1b209431fb39d" "/opt/rustwide/cargo-home/bin/cargo" "+1.99.0-beta.8" "build" "--frozen" "--message-format=json", kill_on_drop: false }`
[INFO] [stderr]    Compiling futures-io v0.3.34
[INFO] [stderr]    Compiling zeroize v1.9.0
[INFO] [stderr]    Compiling either v1.17.0
[INFO] [stderr]    Compiling vsimd v0.8.0
[INFO] [stderr]    Compiling deranged v0.5.8
[INFO] [stderr]    Compiling outref v0.5.2
[INFO] [stderr]    Compiling syn v3.0.3
[INFO] [stderr]    Compiling syn v2.0.119
[INFO] [stderr]    Compiling http-body v1.1.0
[INFO] [stderr]    Compiling jobserver v0.1.35
[INFO] [stderr]    Compiling num-integer v0.1.46
[INFO] [stderr]    Compiling aws-lc-rs v1.18.1
[INFO] [stderr]    Compiling smallvec v1.15.2
[INFO] [stderr]    Compiling hybrid-array v0.4.14
[INFO] [stderr]    Compiling rustls v0.23.45
[INFO] [stderr]    Compiling crc32fast v1.5.0
[INFO] [stderr]    Compiling tower v0.5.3
[INFO] [stderr]    Compiling http-body-util v0.1.4
[INFO] [stderr]    Compiling aws-types v1.6.0
[INFO] [stderr]    Compiling rustls-pki-types v1.15.1
[INFO] [stderr]    Compiling uuid v1.24.0
[INFO] [stderr]    Compiling bytes-utils v0.1.4
[INFO] [stderr]    Compiling arc-swap v1.9.2
[INFO] [stderr]    Compiling regex-lite v0.1.9
[INFO] [stderr]    Compiling http v0.2.12
[INFO] [stderr]    Compiling xmlparser v0.13.6
[INFO] [stderr]    Compiling serde_core v1.0.229
[INFO] [stderr]    Compiling thiserror v2.0.21
[INFO] [stderr]    Compiling urlencoding v2.1.3
[INFO] [stderr]    Compiling base64-simd v0.8.0
[INFO] [stderr]    Compiling cc v1.4.0
[INFO] [stderr]    Compiling serde v1.0.229
[INFO] [stderr]    Compiling digest v0.10.7
[INFO] [stderr]    Compiling rtrb v0.4.0
[INFO] [stderr]    Compiling sha1 v0.10.7
[INFO] [stderr]    Compiling rustls-native-certs v0.8.4
[INFO] [stderr]    Compiling block-buffer v0.12.1
[INFO] [stderr]    Compiling crypto-common v0.2.2
[INFO] [stderr]    Compiling cmake v0.1.58
[INFO] [stderr]    Compiling time v0.3.55
[INFO] [stderr]    Compiling digest v0.11.3
[INFO] [stderr]    Compiling aws-lc-sys v0.45.0
[INFO] [stderr]    Compiling hmac v0.13.0
[INFO] [stderr]    Compiling sha2 v0.11.0
[INFO] [stderr]    Compiling futures-macro v0.3.34
[INFO] [stderr]    Compiling tokio-macros v2.7.2
[INFO] [stderr]    Compiling displaydoc v0.2.7
[INFO] [stderr]    Compiling thiserror-impl v2.0.21
[INFO] [stderr]    Compiling serde_derive v1.0.229
[INFO] [stderr]    Compiling futures-util v0.3.34
[INFO] [stderr]    Compiling tokio v1.53.1
[INFO] [stderr]    Compiling synstructure v0.13.2
[INFO] [stderr]    Compiling tracing-attributes v0.1.31
[INFO] [stderr]    Compiling aws-smithy-runtime-api-macros v1.1.0
[INFO] [stderr]    Compiling zerofrom-derive v0.1.7
[INFO] [stderr]    Compiling yoke-derive v0.8.2
[INFO] [stderr]    Compiling zerovec-derive v0.11.3
[INFO] [stderr]    Compiling zerofrom v0.1.8
[INFO] [stderr]    Compiling yoke v0.8.3
[INFO] [stderr]    Compiling tracing v0.1.44
[INFO] [stderr]    Compiling zerotrie v0.2.4
[INFO] [stderr]    Compiling zerovec v0.11.6
[INFO] [stderr]    Compiling tinystr v0.8.3
[INFO] [stderr]    Compiling potential_utf v0.1.5
[INFO] [stderr]    Compiling icu_collections v2.2.0
[INFO] [stderr]    Compiling icu_locale_core v2.2.0
[INFO] [stderr]    Compiling futures-executor v0.3.34
[INFO] [stderr]    Compiling futures v0.3.34
[INFO] [stderr]    Compiling icu_provider v2.2.0
[INFO] [stderr]    Compiling icu_normalizer v2.2.0
[INFO] [stderr]    Compiling icu_properties v2.2.0
[INFO] [stderr]    Compiling tokio-util v0.7.19
[INFO] [stderr]    Compiling aws-smithy-async v1.3.0
[INFO] [stderr]    Compiling idna_adapter v1.2.2
[INFO] [stderr]    Compiling idna v1.1.0
[INFO] [stderr]    Compiling url v2.5.8
[INFO] [stderr]    Compiling aws-smithy-types v1.8.1
[INFO] [stderr]    Compiling h2 v0.4.19
[INFO] [stderr]    Compiling ruststream v0.7.0
[INFO] [stderr]    Compiling aws-smithy-runtime-api v1.19.0
[INFO] [stderr]    Compiling aws-smithy-eventstream v0.61.4
[INFO] [stderr]    Compiling aws-smithy-schema v0.2.1
[INFO] [stderr]    Compiling aws-credential-types v1.3.0
[INFO] [stderr]    Compiling aws-smithy-http v0.64.1
[INFO] [stderr]    Compiling aws-smithy-observability v0.3.0
[INFO] [stderr]    Compiling aws-sigv4 v1.6.0
[INFO] [stderr]    Compiling aws-smithy-json v0.63.1
[INFO] [stderr]    Compiling aws-smithy-xml v0.62.0
[INFO] [stderr]    Compiling hyper v1.11.0
[INFO] [stderr]    Compiling rustls-webpki v0.103.15
[INFO] [stderr]    Compiling aws-smithy-query v0.62.0
[INFO] [stderr]    Compiling hyper-util v0.1.20
[INFO] [stderr]    Compiling tokio-rustls v0.26.4
[INFO] [stderr]    Compiling hyper-rustls v0.27.9
[INFO] [stderr]    Compiling aws-smithy-http-client v1.4.2
[INFO] [stderr]    Compiling aws-smithy-runtime v1.15.0
[INFO] [stderr]    Compiling aws-runtime v1.10.0
[INFO] [stderr]    Compiling aws-sdk-sso v1.109.0
[INFO] [stderr]    Compiling aws-sdk-ssooidc v1.111.0
[INFO] [stderr]    Compiling aws-sdk-sts v1.114.0
[INFO] [stderr]    Compiling aws-sdk-kinesis v1.123.0
[INFO] [stderr]    Compiling aws-config v1.12.0
[INFO] [stderr]    Compiling ruststream-kinesis v0.7.0 (/opt/rustwide/workdir)
[INFO] [stderr]     Finished `dev` profile [unoptimized + debuginfo] target(s) in 1m 55s
[INFO] running `Command { std: "docker" "inspect" "3aa437274f5cf1c406cf64e61fb3209f0473b97e2c17b6f278d1b209431fb39d", kill_on_drop: false }`
[INFO] running `Command { std: "docker" "exec" "-e" "SOURCE_DIR=/opt/rustwide/workdir" "-e" "CARGO_HOME=/opt/rustwide/cargo-home" "-e" "RUSTUP_HOME=/opt/rustwide/rustup-home" "-e" "CARGO_TARGET_DIR=/opt/rustwide/target" "-e" "CARGO_INCREMENTAL=0" "-e" "RUST_BACKTRACE=full" "-e" "RUSTFLAGS=--cap-lints=warn" "-e" "RUSTDOCFLAGS=--cap-lints=warn" "-w" "/opt/rustwide/workdir" "--user" "0:0" "3aa437274f5cf1c406cf64e61fb3209f0473b97e2c17b6f278d1b209431fb39d" "/opt/rustwide/cargo-home/bin/cargo" "+1.99.0-beta.8" "test" "--frozen" "--no-run" "--message-format=json", kill_on_drop: false }`
[INFO] [stderr]    Compiling syn v3.0.3
[INFO] [stderr]    Compiling zerocopy-derive v0.8.57
[INFO] [stderr]    Compiling ref-cast v1.0.27
[INFO] [stderr]    Compiling inventory v0.3.24
[INFO] [stderr]    Compiling zerocopy v0.8.57
[INFO] [stderr]    Compiling serde_derive_internals v0.30.0
[INFO] [stderr]    Compiling futures-macro v0.3.34
[INFO] [stderr]    Compiling tokio-macros v2.7.2
[INFO] [stderr]    Compiling displaydoc v0.2.7
[INFO] [stderr]    Compiling serde_derive v1.0.229
[INFO] [stderr]    Compiling thiserror-impl v2.0.21
[INFO] [stderr]    Compiling ruststream-macros v0.7.0
[INFO] [stderr]    Compiling ref-cast-impl v1.0.27
[INFO] [stderr]    Compiling schemars_derive v1.2.2
[INFO] [stderr]    Compiling tinystr v0.8.3
[INFO] [stderr]    Compiling zerotrie v0.2.4
[INFO] [stderr]    Compiling icu_collections v2.2.0
[INFO] [stderr]    Compiling tokio v1.53.1
[INFO] [stderr]    Compiling icu_locale_core v2.2.0
[INFO] [stderr]    Compiling futures-util v0.3.34
[INFO] [stderr]    Compiling thiserror v2.0.21
[INFO] [stderr]    Compiling icu_provider v2.2.0
[INFO] [stderr]    Compiling icu_properties v2.2.0
[INFO] [stderr]    Compiling icu_normalizer v2.2.0
[INFO] [stderr]    Compiling half v2.7.1
[INFO] [stderr]    Compiling ciborium-ll v0.2.2
[INFO] [stderr]    Compiling serde v1.0.229
[INFO] [stderr]    Compiling idna_adapter v1.2.2
[INFO] [stderr]    Compiling idna v1.1.0
[INFO] [stderr]    Compiling url v2.5.8
[INFO] [stderr]    Compiling futures-executor v0.3.34
[INFO] [stderr]    Compiling futures v0.3.34
[INFO] [stderr]    Compiling ciborium v0.2.2
[INFO] [stderr]    Compiling schemars v1.2.2
[INFO] [stderr]    Compiling tokio-util v0.7.19
[INFO] [stderr]    Compiling aws-smithy-async v1.3.0
[INFO] [stderr]    Compiling tokio-rustls v0.26.4
[INFO] [stderr]    Compiling aws-smithy-types v1.8.1
[INFO] [stderr]    Compiling h2 v0.4.19
[INFO] [stderr]    Compiling ruststream v0.7.0
[INFO] [stderr]    Compiling aws-smithy-runtime-api v1.19.0
[INFO] [stderr]    Compiling aws-smithy-eventstream v0.61.4
[INFO] [stderr]    Compiling aws-smithy-schema v0.2.1
[INFO] [stderr]    Compiling aws-credential-types v1.3.0
[INFO] [stderr]    Compiling aws-smithy-http v0.64.1
[INFO] [stderr]    Compiling aws-smithy-observability v0.3.0
[INFO] [stderr]    Compiling aws-sigv4 v1.6.0
[INFO] [stderr]    Compiling aws-types v1.6.0
[INFO] [stderr]    Compiling aws-smithy-json v0.63.1
[INFO] [stderr]    Compiling aws-smithy-xml v0.62.0
[INFO] [stderr]    Compiling aws-smithy-query v0.62.0
[INFO] [stderr]    Compiling hyper v1.11.0
[INFO] [stderr]    Compiling hyper-util v0.1.20
[INFO] [stderr]    Compiling hyper-rustls v0.27.9
[INFO] [stderr]    Compiling aws-smithy-http-client v1.4.2
[INFO] [stderr]    Compiling aws-smithy-runtime v1.15.0
[INFO] [stderr]    Compiling aws-runtime v1.10.0
[INFO] [stderr]    Compiling aws-sdk-ssooidc v1.111.0
[INFO] [stderr]    Compiling aws-sdk-sts v1.114.0
[INFO] [stderr]    Compiling aws-sdk-sso v1.109.0
[INFO] [stderr]    Compiling aws-sdk-kinesis v1.123.0
[INFO] [stderr]    Compiling aws-config v1.12.0
[INFO] [stderr]    Compiling ruststream-kinesis v0.7.0 (/opt/rustwide/workdir)
[INFO] [stderr] error: could not compile `ruststream-kinesis` (example "kinesis_seek")
[INFO] [stderr] 
[INFO] [stderr] Caused by:
[INFO] [stderr]   process didn't exit successfully: `/opt/rustwide/rustup-home/toolchains/1.99.0-beta.8-x86_64-unknown-linux-gnu/bin/rustc --crate-name kinesis_seek --edition=2024 examples/kinesis_seek.rs --error-format=json --json=diagnostic-rendered-ansi,artifacts,future-incompat --crate-type bin --emit=dep-info,link -C embed-bitcode=no -C debuginfo=2 '--deny=clippy::suspicious' '--deny=clippy::perf' '--warn=clippy::pedantic' '--warn=clippy::nursery' '--deny=clippy::correctness' '--warn=clippy::cargo' --warn=unused_qualifications --deny=unsafe_op_in_unsafe_fn --deny=unreachable_pub '--allow=clippy::redundant_pub_crate' '--allow=clippy::multiple_crate_versions' '--allow=clippy::module_name_repetitions' --deny=missing_docs --warn=missing_debug_implementations '--allow=clippy::missing_const_for_fn' --cfg 'feature="default"' --check-cfg 'cfg(docsrs,test)' --check-cfg 'cfg(feature, values("asyncapi", "default", "dynamodb-lease", "testing"))' -C metadata=b0d5ce7a3705634a -C extra-filename=-d2777a89a4842fdc --out-dir /opt/rustwide/target/debug/examples -L dependency=/opt/rustwide/target/debug/deps --extern aws_config=/opt/rustwide/target/debug/deps/libaws_config-24b7485dbc5abfa7.rlib --extern aws_sdk_kinesis=/opt/rustwide/target/debug/deps/libaws_sdk_kinesis-e75f5106d4a16b9e.rlib --extern bytes=/opt/rustwide/target/debug/deps/libbytes-5f66263ae3d5daa8.rlib --extern futures=/opt/rustwide/target/debug/deps/libfutures-6861861a449f8494.rlib --extern ruststream=/opt/rustwide/target/debug/deps/libruststream-fa98c9ce48a791d9.rlib --extern ruststream_kinesis=/opt/rustwide/target/debug/deps/libruststream_kinesis-e811d124f668762e.rlib --extern schemars=/opt/rustwide/target/debug/deps/libschemars-641d19f51ad78e57.rlib --extern serde=/opt/rustwide/target/debug/deps/libserde-66caf82f7e31e767.rlib --extern serde_json=/opt/rustwide/target/debug/deps/libserde_json-3e4d39d9f06fae96.rlib --extern thiserror=/opt/rustwide/target/debug/deps/libthiserror-a685a5584c95014a.rlib --extern tokio=/opt/rustwide/target/debug/deps/libtokio-44eb214d1e5b0edd.rlib --extern tracing=/opt/rustwide/target/debug/deps/libtracing-d97fe4716c0c9cd6.rlib --cap-lints=warn -L native=/opt/rustwide/target/debug/build/aws-lc-sys-767fe0cbfb094c8e/out` (signal: 9, SIGKILL: kill)
[INFO] [stderr] warning: build failed, waiting for other jobs to finish...
[INFO] [stderr] error: could not compile `ruststream-kinesis` (example "kinesis_batches")
[INFO] [stderr] 
[INFO] [stderr] Caused by:
[INFO] [stderr]   process didn't exit successfully: `/opt/rustwide/rustup-home/toolchains/1.99.0-beta.8-x86_64-unknown-linux-gnu/bin/rustc --crate-name kinesis_batches --edition=2024 examples/kinesis_batches.rs --error-format=json --json=diagnostic-rendered-ansi,artifacts,future-incompat --crate-type bin --emit=dep-info,link -C embed-bitcode=no -C debuginfo=2 '--deny=clippy::suspicious' '--deny=clippy::perf' '--warn=clippy::pedantic' '--warn=clippy::nursery' '--deny=clippy::correctness' '--warn=clippy::cargo' --warn=unused_qualifications --deny=unsafe_op_in_unsafe_fn --deny=unreachable_pub '--allow=clippy::redundant_pub_crate' '--allow=clippy::multiple_crate_versions' '--allow=clippy::module_name_repetitions' --deny=missing_docs --warn=missing_debug_implementations '--allow=clippy::missing_const_for_fn' --cfg 'feature="default"' --check-cfg 'cfg(docsrs,test)' --check-cfg 'cfg(feature, values("asyncapi", "default", "dynamodb-lease", "testing"))' -C metadata=c268ace75953a481 -C extra-filename=-0a5bf1c4172d8c44 --out-dir /opt/rustwide/target/debug/examples -L dependency=/opt/rustwide/target/debug/deps --extern aws_config=/opt/rustwide/target/debug/deps/libaws_config-24b7485dbc5abfa7.rlib --extern aws_sdk_kinesis=/opt/rustwide/target/debug/deps/libaws_sdk_kinesis-e75f5106d4a16b9e.rlib --extern bytes=/opt/rustwide/target/debug/deps/libbytes-5f66263ae3d5daa8.rlib --extern futures=/opt/rustwide/target/debug/deps/libfutures-6861861a449f8494.rlib --extern ruststream=/opt/rustwide/target/debug/deps/libruststream-fa98c9ce48a791d9.rlib --extern ruststream_kinesis=/opt/rustwide/target/debug/deps/libruststream_kinesis-e811d124f668762e.rlib --extern schemars=/opt/rustwide/target/debug/deps/libschemars-641d19f51ad78e57.rlib --extern serde=/opt/rustwide/target/debug/deps/libserde-66caf82f7e31e767.rlib --extern serde_json=/opt/rustwide/target/debug/deps/libserde_json-3e4d39d9f06fae96.rlib --extern thiserror=/opt/rustwide/target/debug/deps/libthiserror-a685a5584c95014a.rlib --extern tokio=/opt/rustwide/target/debug/deps/libtokio-44eb214d1e5b0edd.rlib --extern tracing=/opt/rustwide/target/debug/deps/libtracing-d97fe4716c0c9cd6.rlib --cap-lints=warn -L native=/opt/rustwide/target/debug/build/aws-lc-sys-767fe0cbfb094c8e/out` (signal: 9, SIGKILL: kill)
[INFO] [stderr] error: could not compile `ruststream-kinesis` (example "kinesis_retry")
[INFO] [stderr] 
[INFO] [stderr] Caused by:
[INFO] [stderr]   process didn't exit successfully: `/opt/rustwide/rustup-home/toolchains/1.99.0-beta.8-x86_64-unknown-linux-gnu/bin/rustc --crate-name kinesis_retry --edition=2024 examples/kinesis_retry.rs --error-format=json --json=diagnostic-rendered-ansi,artifacts,future-incompat --crate-type bin --emit=dep-info,link -C embed-bitcode=no -C debuginfo=2 '--deny=clippy::suspicious' '--deny=clippy::perf' '--warn=clippy::pedantic' '--warn=clippy::nursery' '--deny=clippy::correctness' '--warn=clippy::cargo' --warn=unused_qualifications --deny=unsafe_op_in_unsafe_fn --deny=unreachable_pub '--allow=clippy::redundant_pub_crate' '--allow=clippy::multiple_crate_versions' '--allow=clippy::module_name_repetitions' --deny=missing_docs --warn=missing_debug_implementations '--allow=clippy::missing_const_for_fn' --cfg 'feature="default"' --check-cfg 'cfg(docsrs,test)' --check-cfg 'cfg(feature, values("asyncapi", "default", "dynamodb-lease", "testing"))' -C metadata=3f189d43b1f45515 -C extra-filename=-06f810582d7231f0 --out-dir /opt/rustwide/target/debug/examples -L dependency=/opt/rustwide/target/debug/deps --extern aws_config=/opt/rustwide/target/debug/deps/libaws_config-24b7485dbc5abfa7.rlib --extern aws_sdk_kinesis=/opt/rustwide/target/debug/deps/libaws_sdk_kinesis-e75f5106d4a16b9e.rlib --extern bytes=/opt/rustwide/target/debug/deps/libbytes-5f66263ae3d5daa8.rlib --extern futures=/opt/rustwide/target/debug/deps/libfutures-6861861a449f8494.rlib --extern ruststream=/opt/rustwide/target/debug/deps/libruststream-fa98c9ce48a791d9.rlib --extern ruststream_kinesis=/opt/rustwide/target/debug/deps/libruststream_kinesis-e811d124f668762e.rlib --extern schemars=/opt/rustwide/target/debug/deps/libschemars-641d19f51ad78e57.rlib --extern serde=/opt/rustwide/target/debug/deps/libserde-66caf82f7e31e767.rlib --extern serde_json=/opt/rustwide/target/debug/deps/libserde_json-3e4d39d9f06fae96.rlib --extern thiserror=/opt/rustwide/target/debug/deps/libthiserror-a685a5584c95014a.rlib --extern tokio=/opt/rustwide/target/debug/deps/libtokio-44eb214d1e5b0edd.rlib --extern tracing=/opt/rustwide/target/debug/deps/libtracing-d97fe4716c0c9cd6.rlib --cap-lints=warn -L native=/opt/rustwide/target/debug/build/aws-lc-sys-767fe0cbfb094c8e/out` (signal: 9, SIGKILL: kill)
[INFO] [stderr] error: could not compile `ruststream-kinesis` (example "kinesis_service")
[INFO] [stderr] 
[INFO] [stderr] Caused by:
[INFO] [stderr]   process didn't exit successfully: `/opt/rustwide/rustup-home/toolchains/1.99.0-beta.8-x86_64-unknown-linux-gnu/bin/rustc --crate-name kinesis_service --edition=2024 examples/kinesis_service.rs --error-format=json --json=diagnostic-rendered-ansi,artifacts,future-incompat --crate-type bin --emit=dep-info,link -C embed-bitcode=no -C debuginfo=2 '--deny=clippy::suspicious' '--deny=clippy::perf' '--warn=clippy::pedantic' '--warn=clippy::nursery' '--deny=clippy::correctness' '--warn=clippy::cargo' --warn=unused_qualifications --deny=unsafe_op_in_unsafe_fn --deny=unreachable_pub '--allow=clippy::redundant_pub_crate' '--allow=clippy::multiple_crate_versions' '--allow=clippy::module_name_repetitions' --deny=missing_docs --warn=missing_debug_implementations '--allow=clippy::missing_const_for_fn' --cfg 'feature="default"' --check-cfg 'cfg(docsrs,test)' --check-cfg 'cfg(feature, values("asyncapi", "default", "dynamodb-lease", "testing"))' -C metadata=b433cdb920b899a5 -C extra-filename=-3b8ebb9e2319fe7b --out-dir /opt/rustwide/target/debug/examples -L dependency=/opt/rustwide/target/debug/deps --extern aws_config=/opt/rustwide/target/debug/deps/libaws_config-24b7485dbc5abfa7.rlib --extern aws_sdk_kinesis=/opt/rustwide/target/debug/deps/libaws_sdk_kinesis-e75f5106d4a16b9e.rlib --extern bytes=/opt/rustwide/target/debug/deps/libbytes-5f66263ae3d5daa8.rlib --extern futures=/opt/rustwide/target/debug/deps/libfutures-6861861a449f8494.rlib --extern ruststream=/opt/rustwide/target/debug/deps/libruststream-fa98c9ce48a791d9.rlib --extern ruststream_kinesis=/opt/rustwide/target/debug/deps/libruststream_kinesis-e811d124f668762e.rlib --extern schemars=/opt/rustwide/target/debug/deps/libschemars-641d19f51ad78e57.rlib --extern serde=/opt/rustwide/target/debug/deps/libserde-66caf82f7e31e767.rlib --extern serde_json=/opt/rustwide/target/debug/deps/libserde_json-3e4d39d9f06fae96.rlib --extern thiserror=/opt/rustwide/target/debug/deps/libthiserror-a685a5584c95014a.rlib --extern tokio=/opt/rustwide/target/debug/deps/libtokio-44eb214d1e5b0edd.rlib --extern tracing=/opt/rustwide/target/debug/deps/libtracing-d97fe4716c0c9cd6.rlib --cap-lints=warn -L native=/opt/rustwide/target/debug/build/aws-lc-sys-767fe0cbfb094c8e/out` (signal: 9, SIGKILL: kill)
[INFO] [stderr] error: could not compile `ruststream-kinesis` (example "kinesis_replies")
[INFO] [stderr] 
[INFO] [stderr] Caused by:
[INFO] [stderr]   process didn't exit successfully: `/opt/rustwide/rustup-home/toolchains/1.99.0-beta.8-x86_64-unknown-linux-gnu/bin/rustc --crate-name kinesis_replies --edition=2024 examples/kinesis_replies.rs --error-format=json --json=diagnostic-rendered-ansi,artifacts,future-incompat --crate-type bin --emit=dep-info,link -C embed-bitcode=no -C debuginfo=2 '--deny=clippy::suspicious' '--deny=clippy::perf' '--warn=clippy::pedantic' '--warn=clippy::nursery' '--deny=clippy::correctness' '--warn=clippy::cargo' --warn=unused_qualifications --deny=unsafe_op_in_unsafe_fn --deny=unreachable_pub '--allow=clippy::redundant_pub_crate' '--allow=clippy::multiple_crate_versions' '--allow=clippy::module_name_repetitions' --deny=missing_docs --warn=missing_debug_implementations '--allow=clippy::missing_const_for_fn' --cfg 'feature="default"' --check-cfg 'cfg(docsrs,test)' --check-cfg 'cfg(feature, values("asyncapi", "default", "dynamodb-lease", "testing"))' -C metadata=525da8c9e9a20a69 -C extra-filename=-812bfda600d5beaa --out-dir /opt/rustwide/target/debug/examples -L dependency=/opt/rustwide/target/debug/deps --extern aws_config=/opt/rustwide/target/debug/deps/libaws_config-24b7485dbc5abfa7.rlib --extern aws_sdk_kinesis=/opt/rustwide/target/debug/deps/libaws_sdk_kinesis-e75f5106d4a16b9e.rlib --extern bytes=/opt/rustwide/target/debug/deps/libbytes-5f66263ae3d5daa8.rlib --extern futures=/opt/rustwide/target/debug/deps/libfutures-6861861a449f8494.rlib --extern ruststream=/opt/rustwide/target/debug/deps/libruststream-fa98c9ce48a791d9.rlib --extern ruststream_kinesis=/opt/rustwide/target/debug/deps/libruststream_kinesis-e811d124f668762e.rlib --extern schemars=/opt/rustwide/target/debug/deps/libschemars-641d19f51ad78e57.rlib --extern serde=/opt/rustwide/target/debug/deps/libserde-66caf82f7e31e767.rlib --extern serde_json=/opt/rustwide/target/debug/deps/libserde_json-3e4d39d9f06fae96.rlib --extern thiserror=/opt/rustwide/target/debug/deps/libthiserror-a685a5584c95014a.rlib --extern tokio=/opt/rustwide/target/debug/deps/libtokio-44eb214d1e5b0edd.rlib --extern tracing=/opt/rustwide/target/debug/deps/libtracing-d97fe4716c0c9cd6.rlib --cap-lints=warn -L native=/opt/rustwide/target/debug/build/aws-lc-sys-767fe0cbfb094c8e/out` (signal: 9, SIGKILL: kill)
[INFO] [stdout] error: linking with `cc` failed: exit status: 1
[INFO] [stdout]   |
[INFO] [stdout]   = note:  "cc" "-m64" "/opt/rustwide/target/debug/deps/rustcN5WDUC/symbols.o" "<17 object files omitted>" "-Wl,--as-needed" "-Wl,-Bstatic" "<sysroot>/lib/rustlib/x86_64-unknown-linux-gnu/lib/{libtest-*,libgetopts-*,librustc_std_workspace_std-*}.rlib" "/opt/rustwide/target/debug/deps/{libruststream_kinesis-e811d124f668762e,libruststream-fa98c9ce48a791d9,libciborium-893fa5f14b95fa17,libciborium_ll-da84f9a7fae26c98,libhalf-a72f2b88058967f0,libzerocopy-dc07e041a7312e9f,libciborium_io-830fc40686b7b55e,libserde_json-3e4d39d9f06fae96,libzmij-2ca2f302097868c6,librtrb-d6af37d95d1156d8,libinventory-4db84d261fa45ba5,libthiserror-a685a5584c95014a,libserde-66caf82f7e31e767,libserde_core-1024909fd700b20f,libfutures-6861861a449f8494,libfutures_executor-719efd19f4a82ac1,libaws_sdk_kinesis-e75f5106d4a16b9e,libaws_config-24b7485dbc5abfa7,liburl-00675a5272c50cb0,libidna-e18edbb0132b84d4,libidna_adapter-11475f91829ec0e2,libicu_properties-7a2252663efe45d4,libicu_properties_data-e6cf238fc98dd59d,libicu_normalizer-02e09b7f87297379,libicu_normalizer_data-8fea05bee0bb4e49,libicu_collections-ab4955d30c60cf4d,libutf8_iter-51566bbad89f3a68,libpotential_utf-01fb0b3db9d07f94,libicu_provider-1573f20bdd81b900,libicu_locale_core-efe05fd56f8a3a13,libtinystr-283d3322a8cf4b97,liblitemap-dc288f07f8f61193,libwriteable-48b3e52227924bb5,libzerovec-696aba01d4606947,libzerotrie-a7a8f57f7bb607aa,libyoke-947001cf3cc88636,libstable_deref_trait-63cbf3f3d3f94e56,libzerofrom-186c7e7c21794d1f,libsha1-90c21e8487db3fe6,libcpufeatures-e04321643d03190d,libdigest-95f71ee2e5bc4751,libblock_buffer-2a52351ae749aaa6,libcrypto_common-4bec392eb03e7564,libgeneric_array-db891871e5606a95,libaws_sdk_ssooidc-c67de2f7b927eea5,libaws_sdk_sso-bc69f4022a77331f,libaws_sdk_sts-391aa58497274f62,libaws_smithy_query-4dbf860f3b6b96b1,liburlencoding-061758bc6028ea3e,libarc_swap-85dcc9ccd548584d,libaws_smithy_xml-2e54b9bc9e6dd148,libxmlparser-fad6613a8b481ba6,libregex_lite-89aafaa622c47d82,libaws_runtime-90f7491a4db6c969,libuuid-3f0668497eddeded,libaws_sigv4-1b14a693057e633a,libform_urlencoded-58b0f0edb59b40d2,libhex-13e08b3b00984ab7,libaws_smithy_http-9ce57e714fa6f80b,libaws_smithy_eventstream-b2da80c64fe02b08,libcrc32fast-77160f4e25d6fc25,libsha2-2dc8bbc458b94079,libcpufeatures-6c1f78f4142e3013,libcfg_if-83060ec5685761ae,libhmac-9dea5f670ccc0a60,libdigest-06c48d1cda7e92ad,libctutils-cb5e4f8f31b44d49,libcmov-427cb834a409c78d,libconst_oid-58507ca40e062d76,libcrypto_common-b7a023d8cd4c0d28,libblock_buffer-738c9c701b99e110,libhybrid_array-e32e9ade2789fa0e,libtypenum-8cba24ab4904c632,libaws_smithy_json-0a547ce6acb96505,libaws_smithy_runtime-75f25d353625c725,libfastrand-bab015aa83fcde07,libaws_smithy_observability-901f365a0c28437b,libaws_smithy_http_client-684010566abf83bc,libhyper_rustls-9cba9e3b1f713860,libtokio_rustls-1bb432bb7089ad09,librustls_native_certs-005aff849dc505f4,libopenssl_probe-6b1b371432012237,librustls-98555c1563e44199,libsubtle-2ae6a7038b9a0630,libwebpki-823785e948f50cbf,libuntrusted-b2f816886faf2178,libaws_lc_rs-2948785663c0b419,libaws_lc_sys-40e9e0e6e1d0d4a8,librustls_pki_types-f9d0b31df971a573,libtower-4406b18574db136e,libtower_layer-d908dd771b239ecd,libhyper_util-cd51bfa6c1340ef4,libbase64-32787b0325ea6df8,libpercent_encoding-fa055ecaa1e57cfa,libipnet-61ca7a5e1c2863d4,libtower_service-3fb88d28c2218805,libhyper-5d0be31f866fdce4,libwant-7a6260b9c50f1479,libtry_lock-8fa2f6971035be84,libsmallvec-3e75e18e66140be0,libhttparse-8c9b827b8f345444,libh2-cae870d7861e3d11,libindexmap-b92bb9c25241b995,libequivalent-6a754676e6af62ae,libhashbrown-d7214d631586fd51,libfnv-79e2cbfbe03dcd16,libatomic_waker-06950c8c08d2b8fa,libaws_types-c23d3e234d9a8d58,libaws_smithy_schema-4b4bc3d647b2e679,libaws_credential_types-ec830c8d9c6073c1,libaws_smithy_runtime_api-4840e7de0ea34498,libaws_smithy_async-987608656f68520f,libtracing-d97fe4716c0c9cd6,libtracing_core-89b602bc4a7d7f8a,libonce_cell-b5bdc597ed9676b3,libzeroize-37b2a6e0a2742c6a,libaws_smithy_types-4bbddd92ee9b559e,libryu-1f4f40e4352371e5,libpin_utils-3860774ad9b215b5,libtime-025196e0baa3979f,libpowerfmt-f6019a2766e431f7,libnum_conv-8bd7073c84ef42cd,libderanged-131d43187e2329b6,libtime_core-87cddcae4f761596,libnum_integer-543d7b0e2ef2b45b,libnum_traits-c2765a255388353b,libtokio_util-8d878f8fa3387392,libfutures_util-c769ee98cfda2856,libmemchr-a932478bde794617,libfutures_io-2de19dd835d0513d,libslab-0582d648e59ab406,libfutures_channel-e55265846f1ca713,libfutures_task-06c0578367ad4cff,libfutures_sink-690a515e9c61c93a,libtokio-44eb214d1e5b0edd,libsignal_hook_registry-f069228503febc45,liberrno-8e3700cb740322be,libsocket2-380ed4e5002278b4,libmio-40dc0d1736264cdd,liblibc-32464e1b8391e223,libbytes_utils-8404713ff2dbd6db,libeither-4fb2bdb17d418903,libhttp_body_util-cc8a8c41c16a9342,libfutures_core-97d9bb84a61d4536,libhttp_body-b57535e6079c1f42,libhttp-0cd9be9a4e5a2536,libitoa-5de11b3b23bfe572,libpin_project_lite-0a15d51c77964692,libbytes-5f66263ae3d5daa8,libbase64_simd-d78819428296f469,liboutref-a8d151a70d892957,libvsimd-df18ed82e402df6e}.rlib" "<sysroot>/lib/rustlib/x86_64-unknown-linux-gnu/lib/{libstd-*,libpanic_unwind-*,libobject-*,libmemchr-*,libaddr2line-*,libgimli-*,libcfg_if-*,librustc_demangle-*,libstd_detect-*,libhashbrown-*,librustc_std_workspace_alloc-*,libminiz_oxide-*,libadler2-*,libunwind-*,liblibc-*,librustc_std_workspace_core-*,liballoc-*,libcore-*,libcompiler_builtins-*}.rlib" "-Wl,-Bdynamic" "-lgcc_s" "-lutil" "-lrt" "-lpthread" "-lm" "-ldl" "-lc" "-L" "/opt/rustwide/target/debug/deps/rustcN5WDUC/raw-dylibs" "-B<sysroot>/lib/rustlib/x86_64-unknown-linux-gnu/bin/gcc-ld" "-fuse-ld=lld" "-Wl,--eh-frame-hdr" "-Wl,-z,noexecstack" "-L" "/opt/rustwide/target/debug/build/aws-lc-sys-767fe0cbfb094c8e/out" "-L" "<sysroot>/lib/rustlib/x86_64-unknown-linux-gnu/lib" "-o" "/opt/rustwide/target/debug/deps/streams_kinesis-3274e43a195f7da8" "-Wl,--gc-sections" "-pie" "-Wl,-z,relro,-z,now" "-nodefaultlibs"
[INFO] [stdout]   = note: some arguments are omitted. use `--verbose` to show all linker arguments
[INFO] [stdout]   = note: collect2: fatal error: ld terminated with signal 9 [Killed]
[INFO] [stdout]           compilation terminated.
[INFO] [stdout]           
[INFO] [stdout] 
[INFO] [stdout] 
[INFO] [stderr] error: could not compile `ruststream-kinesis` (test "streams_kinesis") due to 1 previous error
[INFO] [stdout] error: linking with `cc` failed: exit status: 1
[INFO] [stdout]   |
[INFO] [stdout]   = note:  "cc" "-m64" "/opt/rustwide/target/debug/deps/rustc7C5eQy/symbols.o" "<6 object files omitted>" "-Wl,--as-needed" "-Wl,-Bstatic" "<sysroot>/lib/rustlib/x86_64-unknown-linux-gnu/lib/{libtest-*,libgetopts-*,librustc_std_workspace_std-*}.rlib" "/opt/rustwide/target/debug/deps/{libruststream_kinesis-e811d124f668762e,libruststream-fa98c9ce48a791d9,libciborium-893fa5f14b95fa17,libciborium_ll-da84f9a7fae26c98,libhalf-a72f2b88058967f0,libzerocopy-dc07e041a7312e9f,libciborium_io-830fc40686b7b55e,libserde_json-3e4d39d9f06fae96,libzmij-2ca2f302097868c6,librtrb-d6af37d95d1156d8,libinventory-4db84d261fa45ba5,libthiserror-a685a5584c95014a,libserde-66caf82f7e31e767,libserde_core-1024909fd700b20f,libfutures-6861861a449f8494,libfutures_executor-719efd19f4a82ac1,libaws_sdk_kinesis-e75f5106d4a16b9e,libaws_config-24b7485dbc5abfa7,liburl-00675a5272c50cb0,libidna-e18edbb0132b84d4,libidna_adapter-11475f91829ec0e2,libicu_properties-7a2252663efe45d4,libicu_properties_data-e6cf238fc98dd59d,libicu_normalizer-02e09b7f87297379,libicu_normalizer_data-8fea05bee0bb4e49,libicu_collections-ab4955d30c60cf4d,libutf8_iter-51566bbad89f3a68,libpotential_utf-01fb0b3db9d07f94,libicu_provider-1573f20bdd81b900,libicu_locale_core-efe05fd56f8a3a13,libtinystr-283d3322a8cf4b97,liblitemap-dc288f07f8f61193,libwriteable-48b3e52227924bb5,libzerovec-696aba01d4606947,libzerotrie-a7a8f57f7bb607aa,libyoke-947001cf3cc88636,libstable_deref_trait-63cbf3f3d3f94e56,libzerofrom-186c7e7c21794d1f,libsha1-90c21e8487db3fe6,libcpufeatures-e04321643d03190d,libdigest-95f71ee2e5bc4751,libblock_buffer-2a52351ae749aaa6,libcrypto_common-4bec392eb03e7564,libgeneric_array-db891871e5606a95,libaws_sdk_ssooidc-c67de2f7b927eea5,libaws_sdk_sso-bc69f4022a77331f,libaws_sdk_sts-391aa58497274f62,libaws_smithy_query-4dbf860f3b6b96b1,liburlencoding-061758bc6028ea3e,libarc_swap-85dcc9ccd548584d,libaws_smithy_xml-2e54b9bc9e6dd148,libxmlparser-fad6613a8b481ba6,libregex_lite-89aafaa622c47d82,libaws_runtime-90f7491a4db6c969,libuuid-3f0668497eddeded,libaws_sigv4-1b14a693057e633a,libform_urlencoded-58b0f0edb59b40d2,libhex-13e08b3b00984ab7,libaws_smithy_http-9ce57e714fa6f80b,libaws_smithy_eventstream-b2da80c64fe02b08,libcrc32fast-77160f4e25d6fc25,libsha2-2dc8bbc458b94079,libcpufeatures-6c1f78f4142e3013,libcfg_if-83060ec5685761ae,libhmac-9dea5f670ccc0a60,libdigest-06c48d1cda7e92ad,libctutils-cb5e4f8f31b44d49,libcmov-427cb834a409c78d,libconst_oid-58507ca40e062d76,libcrypto_common-b7a023d8cd4c0d28,libblock_buffer-738c9c701b99e110,libhybrid_array-e32e9ade2789fa0e,libtypenum-8cba24ab4904c632,libaws_smithy_json-0a547ce6acb96505,libaws_smithy_runtime-75f25d353625c725,libfastrand-bab015aa83fcde07,libaws_smithy_observability-901f365a0c28437b,libaws_smithy_http_client-684010566abf83bc,libhyper_rustls-9cba9e3b1f713860,libtokio_rustls-1bb432bb7089ad09,librustls_native_certs-005aff849dc505f4,libopenssl_probe-6b1b371432012237,librustls-98555c1563e44199,libsubtle-2ae6a7038b9a0630,libwebpki-823785e948f50cbf,libuntrusted-b2f816886faf2178,libaws_lc_rs-2948785663c0b419,libaws_lc_sys-40e9e0e6e1d0d4a8,librustls_pki_types-f9d0b31df971a573,libtower-4406b18574db136e,libtower_layer-d908dd771b239ecd,libhyper_util-cd51bfa6c1340ef4,libbase64-32787b0325ea6df8,libpercent_encoding-fa055ecaa1e57cfa,libipnet-61ca7a5e1c2863d4,libtower_service-3fb88d28c2218805,libhyper-5d0be31f866fdce4,libwant-7a6260b9c50f1479,libtry_lock-8fa2f6971035be84,libsmallvec-3e75e18e66140be0,libhttparse-8c9b827b8f345444,libh2-cae870d7861e3d11,libindexmap-b92bb9c25241b995,libequivalent-6a754676e6af62ae,libhashbrown-d7214d631586fd51,libfnv-79e2cbfbe03dcd16,libatomic_waker-06950c8c08d2b8fa,libaws_types-c23d3e234d9a8d58,libaws_smithy_schema-4b4bc3d647b2e679,libaws_credential_types-ec830c8d9c6073c1,libaws_smithy_runtime_api-4840e7de0ea34498,libaws_smithy_async-987608656f68520f,libtracing-d97fe4716c0c9cd6,libtracing_core-89b602bc4a7d7f8a,libonce_cell-b5bdc597ed9676b3,libzeroize-37b2a6e0a2742c6a,libaws_smithy_types-4bbddd92ee9b559e,libryu-1f4f40e4352371e5,libpin_utils-3860774ad9b215b5,libtime-025196e0baa3979f,libpowerfmt-f6019a2766e431f7,libnum_conv-8bd7073c84ef42cd,libderanged-131d43187e2329b6,libtime_core-87cddcae4f761596,libnum_integer-543d7b0e2ef2b45b,libnum_traits-c2765a255388353b,libtokio_util-8d878f8fa3387392,libfutures_util-c769ee98cfda2856,libmemchr-a932478bde794617,libfutures_io-2de19dd835d0513d,libslab-0582d648e59ab406,libfutures_channel-e55265846f1ca713,libfutures_task-06c0578367ad4cff,libfutures_sink-690a515e9c61c93a,libtokio-44eb214d1e5b0edd,libsignal_hook_registry-f069228503febc45,liberrno-8e3700cb740322be,libsocket2-380ed4e5002278b4,libmio-40dc0d1736264cdd,liblibc-32464e1b8391e223,libbytes_utils-8404713ff2dbd6db,libeither-4fb2bdb17d418903,libhttp_body_util-cc8a8c41c16a9342,libfutures_core-97d9bb84a61d4536,libhttp_body-b57535e6079c1f42,libhttp-0cd9be9a4e5a2536,libitoa-5de11b3b23bfe572,libpin_project_lite-0a15d51c77964692,libbytes-5f66263ae3d5daa8,libbase64_simd-d78819428296f469,liboutref-a8d151a70d892957,libvsimd-df18ed82e402df6e}.rlib" "<sysroot>/lib/rustlib/x86_64-unknown-linux-gnu/lib/{libstd-*,libpanic_unwind-*,libobject-*,libmemchr-*,libaddr2line-*,libgimli-*,libcfg_if-*,librustc_demangle-*,libstd_detect-*,libhashbrown-*,librustc_std_workspace_alloc-*,libminiz_oxide-*,libadler2-*,libunwind-*,liblibc-*,librustc_std_workspace_core-*,liballoc-*,libcore-*,libcompiler_builtins-*}.rlib" "-Wl,-Bdynamic" "-lgcc_s" "-lutil" "-lrt" "-lpthread" "-lm" "-ldl" "-lc" "-L" "/opt/rustwide/target/debug/deps/rustc7C5eQy/raw-dylibs" "-B<sysroot>/lib/rustlib/x86_64-unknown-linux-gnu/bin/gcc-ld" "-fuse-ld=lld" "-Wl,--eh-frame-hdr" "-Wl,-z,noexecstack" "-L" "/opt/rustwide/target/debug/build/aws-lc-sys-767fe0cbfb094c8e/out" "-L" "<sysroot>/lib/rustlib/x86_64-unknown-linux-gnu/lib" "-o" "/opt/rustwide/target/debug/deps/runtimes_kinesis-fa2d0ab66c167fd0" "-Wl,--gc-sections" "-pie" "-Wl,-z,relro,-z,now" "-nodefaultlibs"
[INFO] [stdout]   = note: some arguments are omitted. use `--verbose` to show all linker arguments
[INFO] [stdout]   = note: collect2: fatal error: ld terminated with signal 9 [Killed]
[INFO] [stdout]           compilation terminated.
[INFO] [stdout]           
[INFO] [stdout] 
[INFO] [stdout] 
[INFO] [stderr] error: could not compile `ruststream-kinesis` (test "runtimes_kinesis") due to 1 previous error
[INFO] [stdout] error: linking with `cc` failed: exit status: 1
[INFO] [stdout]   |
[INFO] [stdout]   = note:  "cc" "-m64" "/opt/rustwide/target/debug/deps/rustcTv2W5X/symbols.o" "<17 object files omitted>" "-Wl,--as-needed" "-Wl,-Bstatic" "<sysroot>/lib/rustlib/x86_64-unknown-linux-gnu/lib/{libtest-*,libgetopts-*,librustc_std_workspace_std-*}.rlib" "/opt/rustwide/target/debug/deps/{libruststream_kinesis-e811d124f668762e,libruststream-fa98c9ce48a791d9,libciborium-893fa5f14b95fa17,libciborium_ll-da84f9a7fae26c98,libhalf-a72f2b88058967f0,libzerocopy-dc07e041a7312e9f,libciborium_io-830fc40686b7b55e,libserde_json-3e4d39d9f06fae96,libzmij-2ca2f302097868c6,librtrb-d6af37d95d1156d8,libinventory-4db84d261fa45ba5,libthiserror-a685a5584c95014a,libserde-66caf82f7e31e767,libserde_core-1024909fd700b20f,libfutures-6861861a449f8494,libfutures_executor-719efd19f4a82ac1,libaws_sdk_kinesis-e75f5106d4a16b9e,libaws_config-24b7485dbc5abfa7,liburl-00675a5272c50cb0,libidna-e18edbb0132b84d4,libidna_adapter-11475f91829ec0e2,libicu_properties-7a2252663efe45d4,libicu_properties_data-e6cf238fc98dd59d,libicu_normalizer-02e09b7f87297379,libicu_normalizer_data-8fea05bee0bb4e49,libicu_collections-ab4955d30c60cf4d,libutf8_iter-51566bbad89f3a68,libpotential_utf-01fb0b3db9d07f94,libicu_provider-1573f20bdd81b900,libicu_locale_core-efe05fd56f8a3a13,libtinystr-283d3322a8cf4b97,liblitemap-dc288f07f8f61193,libwriteable-48b3e52227924bb5,libzerovec-696aba01d4606947,libzerotrie-a7a8f57f7bb607aa,libyoke-947001cf3cc88636,libstable_deref_trait-63cbf3f3d3f94e56,libzerofrom-186c7e7c21794d1f,libsha1-90c21e8487db3fe6,libcpufeatures-e04321643d03190d,libdigest-95f71ee2e5bc4751,libblock_buffer-2a52351ae749aaa6,libcrypto_common-4bec392eb03e7564,libgeneric_array-db891871e5606a95,libaws_sdk_ssooidc-c67de2f7b927eea5,libaws_sdk_sso-bc69f4022a77331f,libaws_sdk_sts-391aa58497274f62,libaws_smithy_query-4dbf860f3b6b96b1,liburlencoding-061758bc6028ea3e,libarc_swap-85dcc9ccd548584d,libaws_smithy_xml-2e54b9bc9e6dd148,libxmlparser-fad6613a8b481ba6,libregex_lite-89aafaa622c47d82,libaws_runtime-90f7491a4db6c969,libuuid-3f0668497eddeded,libaws_sigv4-1b14a693057e633a,libform_urlencoded-58b0f0edb59b40d2,libhex-13e08b3b00984ab7,libaws_smithy_http-9ce57e714fa6f80b,libaws_smithy_eventstream-b2da80c64fe02b08,libcrc32fast-77160f4e25d6fc25,libsha2-2dc8bbc458b94079,libcpufeatures-6c1f78f4142e3013,libcfg_if-83060ec5685761ae,libhmac-9dea5f670ccc0a60,libdigest-06c48d1cda7e92ad,libctutils-cb5e4f8f31b44d49,libcmov-427cb834a409c78d,libconst_oid-58507ca40e062d76,libcrypto_common-b7a023d8cd4c0d28,libblock_buffer-738c9c701b99e110,libhybrid_array-e32e9ade2789fa0e,libtypenum-8cba24ab4904c632,libaws_smithy_json-0a547ce6acb96505,libaws_smithy_runtime-75f25d353625c725,libfastrand-bab015aa83fcde07,libaws_smithy_observability-901f365a0c28437b,libaws_smithy_http_client-684010566abf83bc,libhyper_rustls-9cba9e3b1f713860,libtokio_rustls-1bb432bb7089ad09,librustls_native_certs-005aff849dc505f4,libopenssl_probe-6b1b371432012237,librustls-98555c1563e44199,libsubtle-2ae6a7038b9a0630,libwebpki-823785e948f50cbf,libuntrusted-b2f816886faf2178,libaws_lc_rs-2948785663c0b419,libaws_lc_sys-40e9e0e6e1d0d4a8,librustls_pki_types-f9d0b31df971a573,libtower-4406b18574db136e,libtower_layer-d908dd771b239ecd,libhyper_util-cd51bfa6c1340ef4,libbase64-32787b0325ea6df8,libpercent_encoding-fa055ecaa1e57cfa,libipnet-61ca7a5e1c2863d4,libtower_service-3fb88d28c2218805,libhyper-5d0be31f866fdce4,libwant-7a6260b9c50f1479,libtry_lock-8fa2f6971035be84,libsmallvec-3e75e18e66140be0,libhttparse-8c9b827b8f345444,libh2-cae870d7861e3d11,libindexmap-b92bb9c25241b995,libequivalent-6a754676e6af62ae,libhashbrown-d7214d631586fd51,libfnv-79e2cbfbe03dcd16,libatomic_waker-06950c8c08d2b8fa,libaws_types-c23d3e234d9a8d58,libaws_smithy_schema-4b4bc3d647b2e679,libaws_credential_types-ec830c8d9c6073c1,libaws_smithy_runtime_api-4840e7de0ea34498,libaws_smithy_async-987608656f68520f,libtracing-d97fe4716c0c9cd6,libtracing_core-89b602bc4a7d7f8a,libonce_cell-b5bdc597ed9676b3,libzeroize-37b2a6e0a2742c6a,libaws_smithy_types-4bbddd92ee9b559e,libryu-1f4f40e4352371e5,libpin_utils-3860774ad9b215b5,libtime-025196e0baa3979f,libpowerfmt-f6019a2766e431f7,libnum_conv-8bd7073c84ef42cd,libderanged-131d43187e2329b6,libtime_core-87cddcae4f761596,libnum_integer-543d7b0e2ef2b45b,libnum_traits-c2765a255388353b,libtokio_util-8d878f8fa3387392,libfutures_util-c769ee98cfda2856,libmemchr-a932478bde794617,libfutures_io-2de19dd835d0513d,libslab-0582d648e59ab406,libfutures_channel-e55265846f1ca713,libfutures_task-06c0578367ad4cff,libfutures_sink-690a515e9c61c93a,libtokio-44eb214d1e5b0edd,libsignal_hook_registry-f069228503febc45,liberrno-8e3700cb740322be,libsocket2-380ed4e5002278b4,libmio-40dc0d1736264cdd,liblibc-32464e1b8391e223,libbytes_utils-8404713ff2dbd6db,libeither-4fb2bdb17d418903,libhttp_body_util-cc8a8c41c16a9342,libfutures_core-97d9bb84a61d4536,libhttp_body-b57535e6079c1f42,libhttp-0cd9be9a4e5a2536,libitoa-5de11b3b23bfe572,libpin_project_lite-0a15d51c77964692,libbytes-5f66263ae3d5daa8,libbase64_simd-d78819428296f469,liboutref-a8d151a70d892957,libvsimd-df18ed82e402df6e}.rlib" "<sysroot>/lib/rustlib/x86_64-unknown-linux-gnu/lib/{libstd-*,libpanic_unwind-*,libobject-*,libmemchr-*,libaddr2line-*,libgimli-*,libcfg_if-*,librustc_demangle-*,libstd_detect-*,libhashbrown-*,librustc_std_workspace_alloc-*,libminiz_oxide-*,libadler2-*,libunwind-*,liblibc-*,librustc_std_workspace_core-*,liballoc-*,libcore-*,libcompiler_builtins-*}.rlib" "-Wl,-Bdynamic" "-lgcc_s" "-lutil" "-lrt" "-lpthread" "-lm" "-ldl" "-lc" "-L" "/opt/rustwide/target/debug/deps/rustcTv2W5X/raw-dylibs" "-B<sysroot>/lib/rustlib/x86_64-unknown-linux-gnu/bin/gcc-ld" "-fuse-ld=lld" "-Wl,--eh-frame-hdr" "-Wl,-z,noexecstack" "-L" "/opt/rustwide/target/debug/build/aws-lc-sys-767fe0cbfb094c8e/out" "-L" "<sysroot>/lib/rustlib/x86_64-unknown-linux-gnu/lib" "-o" "/opt/rustwide/target/debug/deps/positions_kinesis-c1258f73cbb4d804" "-Wl,--gc-sections" "-pie" "-Wl,-z,relro,-z,now" "-nodefaultlibs"
[INFO] [stdout]   = note: some arguments are omitted. use `--verbose` to show all linker arguments
[INFO] [stdout]   = note: collect2: fatal error: ld terminated with signal 9 [Killed]
[INFO] [stdout]           compilation terminated.
[INFO] [stdout]           
[INFO] [stdout] 
[INFO] [stdout] 
[INFO] [stderr] error: could not compile `ruststream-kinesis` (test "positions_kinesis") due to 1 previous error
[INFO] running `Command { std: "docker" "inspect" "3aa437274f5cf1c406cf64e61fb3209f0473b97e2c17b6f278d1b209431fb39d", kill_on_drop: false }`
[INFO] running `Command { std: "docker" "rm" "-f" "3aa437274f5cf1c406cf64e61fb3209f0473b97e2c17b6f278d1b209431fb39d", kill_on_drop: false }`
[INFO] [stdout] 3aa437274f5cf1c406cf64e61fb3209f0473b97e2c17b6f278d1b209431fb39d
