[INFO] fetching crate rustsat-cadical 0.7.5...
[INFO] testing rustsat-cadical-0.7.5 against 1.100.0-beta.1 for beta-1.100-2
[INFO] extracting crate rustsat-cadical 0.7.5 into /workspace/builds/worker-0-tc2/source
[INFO] started tweaking crates.io crate rustsat-cadical 0.7.5
[INFO] removed 0 missing examples
[INFO] finished tweaking crates.io crate rustsat-cadical 0.7.5
[INFO] tweaked toml for crates.io crate rustsat-cadical 0.7.5 written to /workspace/builds/worker-0-tc2/source/Cargo.toml
[INFO] validating manifest of crates.io crate rustsat-cadical 0.7.5 on toolchain 1.100.0-beta.1
[INFO] running `Command { std: CARGO_HOME="/workspace/cargo-home" RUSTUP_HOME="/workspace/rustup-home" "/workspace/cargo-home/bin/cargo" "+1.100.0-beta.1" "metadata" "--manifest-path" "Cargo.toml" "--no-deps", kill_on_drop: false }`
[INFO] crate crates.io crate rustsat-cadical 0.7.5 already has a lockfile, it will not be regenerated
[INFO] running `Command { std: CARGO_HOME="/workspace/cargo-home" RUSTUP_HOME="/workspace/rustup-home" "/workspace/cargo-home/bin/cargo" "+1.100.0-beta.1" "fetch" "--manifest-path" "Cargo.toml", kill_on_drop: false }`
[INFO] running `Command { std: "docker" "create" "-v" "/var/lib/crater-agent-workspace/builds/worker-0-tc2/source:/opt/rustwide/workdir:ro,Z" "-v" "/var/lib/crater-agent-workspace/builds/worker-0-tc2/target:/opt/rustwide/target:rw,Z" "-v" "/var/lib/crater-agent-workspace/cargo-home:/opt/rustwide/cargo-home:ro,Z" "-v" "/var/lib/crater-agent-workspace/rustup-home:/opt/rustwide/rustup-home:ro,Z" "-m" "1610612736" "--network" "none" "ghcr.io/rust-lang/crates-build-env/linux@sha256:3111399a4047eeb3a02b7a90e478d715f38a8c6669b5c4b49d30a17385265909" "sleep" "infinity", kill_on_drop: false }`
[INFO] [stdout] 0c882aa689b5df294b2800cec179b4891b4d2d953ad13e712f5d1fc5568057b2
[INFO] running `Command { std: "docker" "start" "0c882aa689b5df294b2800cec179b4891b4d2d953ad13e712f5d1fc5568057b2", kill_on_drop: false }`
[INFO] running `Command { std: "docker" "inspect" "0c882aa689b5df294b2800cec179b4891b4d2d953ad13e712f5d1fc5568057b2", kill_on_drop: false }`
[INFO] running `Command { std: "docker" "exec" "-e" "SOURCE_DIR=/opt/rustwide/workdir" "-e" "CARGO_HOME=/opt/rustwide/cargo-home" "-e" "RUSTUP_HOME=/opt/rustwide/rustup-home" "-e" "CARGO_TARGET_DIR=/opt/rustwide/target" "-w" "/opt/rustwide/workdir" "--user" "0:0" "0c882aa689b5df294b2800cec179b4891b4d2d953ad13e712f5d1fc5568057b2" "/opt/rustwide/cargo-home/bin/cargo" "+1.100.0-beta.1" "metadata" "--no-deps" "--format-version=1", kill_on_drop: false }`
[INFO] running `Command { std: "docker" "inspect" "0c882aa689b5df294b2800cec179b4891b4d2d953ad13e712f5d1fc5568057b2", kill_on_drop: false }`
[INFO] running `Command { std: "docker" "exec" "-e" "SOURCE_DIR=/opt/rustwide/workdir" "-e" "CARGO_HOME=/opt/rustwide/cargo-home" "-e" "RUSTUP_HOME=/opt/rustwide/rustup-home" "-e" "CARGO_TARGET_DIR=/opt/rustwide/target" "-e" "CARGO_INCREMENTAL=0" "-e" "RUST_BACKTRACE=full" "-e" "RUSTFLAGS=--cap-lints=warn" "-e" "RUSTDOCFLAGS=--cap-lints=warn" "-w" "/opt/rustwide/workdir" "--user" "0:0" "0c882aa689b5df294b2800cec179b4891b4d2d953ad13e712f5d1fc5568057b2" "/opt/rustwide/cargo-home/bin/cargo" "+1.100.0-beta.1" "build" "--frozen" "--message-format=json", kill_on_drop: false }`
[INFO] [stderr]    Compiling libc v0.2.180
[INFO] [stderr]    Compiling proc-macro2 v1.0.106
[INFO] [stderr]    Compiling quote v1.0.44
[INFO] [stderr]    Compiling unicode-ident v1.0.22
[INFO] [stderr]    Compiling cfg-if v1.0.4
[INFO] [stderr]    Compiling glob v0.3.3
[INFO] [stderr]    Compiling memchr v2.7.6
[INFO] [stderr]    Compiling minimal-lexical v0.2.1
[INFO] [stderr]    Compiling autocfg v1.5.0
[INFO] [stderr]    Compiling regex-syntax v0.8.8
[INFO] [stderr]    Compiling shlex v1.3.0
[INFO] [stderr]    Compiling either v1.15.0
[INFO] [stderr]    Compiling rustix v1.1.3
[INFO] [stderr]    Compiling getrandom v0.3.4
[INFO] [stderr]    Compiling bindgen v0.72.1
[INFO] [stderr]    Compiling anyhow v1.0.100
[INFO] [stderr]    Compiling libloading v0.8.9
[INFO] [stderr]    Compiling find-msvc-tools v0.1.9
[INFO] [stderr]    Compiling linux-raw-sys v0.11.0
[INFO] [stderr]    Compiling thiserror v2.0.18
[INFO] [stderr]    Compiling itertools v0.13.0
[INFO] [stderr]    Compiling rustc-hash v2.1.1
[INFO] [stderr]    Compiling iana-time-zone v0.1.65
[INFO] [stderr]    Compiling bitflags v2.10.0
[INFO] [stderr]    Compiling once_cell v1.21.3
[INFO] [stderr]    Compiling fastrand v2.3.0
[INFO] [stderr]    Compiling clang-sys v1.8.1
[INFO] [stderr]    Compiling itertools v0.14.0
[INFO] [stderr]    Compiling num-traits v0.2.19
[INFO] [stderr]    Compiling nom v7.1.3
[INFO] [stderr]    Compiling syn v2.0.114
[INFO] [stderr]    Compiling chrono v0.4.43
[INFO] [stderr]    Compiling jobserver v0.1.34
[INFO] [stderr]    Compiling cpu-time v1.0.0
[INFO] [stderr]    Compiling cc v1.2.55
[INFO] [stderr]    Compiling regex-automata v0.4.13
[INFO] [stderr]    Compiling cexpr v0.6.0
[INFO] [stderr]    Compiling tempfile v3.24.0
[INFO] [stderr]    Compiling regex v1.12.2
[INFO] [stderr]    Compiling thiserror-impl v2.0.18
[INFO] [stderr]    Compiling rustsat v0.7.5
[INFO] [stderr]    Compiling rustsat-cadical v0.7.5 (/opt/rustwide/workdir)
[INFO] [stderr] warning: rustsat-cadical@0.7.5: c++: fatal error: Killed signal terminated program cc1plus
[INFO] [stderr] warning: rustsat-cadical@0.7.5: compilation terminated.
[INFO] [stderr] warning: rustsat-cadical@0.7.5: ToolExecError: command did not execute successfully (status code exit status: 1): LC_ALL="C" "c++" "-O3" "-ffunction-sections" "-fdata-sections" "-fPIC" "-g" "-gdwarf-4" "-fno-omit-frame-pointer" "-m64" "-std=c++11" "-I" "/opt/rustwide/target/debug/build/rustsat-cadical/c2aeb7a75e278c4f/out" "-I" "cppsrc/src" "-I" "cpp-extension" "-w" "-DNDEBUG" "-DNCONTRACTS" "-DNTRACING" "-DQUIET" "-DNUNLOCKED" "-DV154" "-DV160" "-DV190" "-DV194" "-DV200" "-DV213" "-DV220" "-o" "/opt/rustwide/target/debug/build/rustsat-cadical/c2aeb7a75e278c4f/out/69138f56505aea00-config.o" "-c" "cppsrc/src/config.cpp"cargo:warning=c++: fatal error: Killed signal terminated program cc1plus
[INFO] [stderr] warning: rustsat-cadical@0.7.5: compilation terminated.
[INFO] [stderr] warning: rustsat-cadical@0.7.5: ToolExecError: command did not execute successfully (status code exit status: 1): LC_ALL="C" "c++" "-O3" "-ffunction-sections" "-fdata-sections" "-fPIC" "-g" "-gdwarf-4" "-fno-omit-frame-pointer" "-m64" "-std=c++11" "-I" "/opt/rustwide/target/debug/build/rustsat-cadical/c2aeb7a75e278c4f/out" "-I" "cppsrc/src" "-I" "cpp-extension" "-w" "-DNDEBUG" "-DNCONTRACTS" "-DNTRACING" "-DQUIET" "-DNUNLOCKED" "-DV154" "-DV160" "-DV190" "-DV194" "-DV200" "-DV213" "-DV220" "-o" "/opt/rustwide/target/debug/build/rustsat-cadical/c2aeb7a75e278c4f/out/69138f56505aea00-collect.o" "-c" "cppsrc/src/collect.cpp"cargo:warning=c++: fatal error: Killed signal terminated program cc1plus
[INFO] [stderr] warning: rustsat-cadical@0.7.5: compilation terminated.
[INFO] [stderr] warning: rustsat-cadical@0.7.5: ToolExecError: command did not execute successfully (status code exit status: 1): LC_ALL="C" "c++" "-O3" "-ffunction-sections" "-fdata-sections" "-fPIC" "-g" "-gdwarf-4" "-fno-omit-frame-pointer" "-m64" "-std=c++11" "-I" "/opt/rustwide/target/debug/build/rustsat-cadical/c2aeb7a75e278c4f/out" "-I" "cppsrc/src" "-I" "cpp-extension" "-w" "-DNDEBUG" "-DNCONTRACTS" "-DNTRACING" "-DQUIET" "-DNUNLOCKED" "-DV154" "-DV160" "-DV190" "-DV194" "-DV200" "-DV213" "-DV220" "-o" "/opt/rustwide/target/debug/build/rustsat-cadical/c2aeb7a75e278c4f/out/69138f56505aea00-analyze.o" "-c" "cppsrc/src/analyze.cpp"cargo:warning=c++: fatal error: Killed signal terminated program cc1plus
[INFO] [stderr] warning: rustsat-cadical@0.7.5: compilation terminated.
[INFO] [stderr] warning: rustsat-cadical@0.7.5: ToolExecError: command did not execute successfully (status code exit status: 1): LC_ALL="C" "c++" "-O3" "-ffunction-sections" "-fdata-sections" "-fPIC" "-g" "-gdwarf-4" "-fno-omit-frame-pointer" "-m64" "-std=c++11" "-I" "/opt/rustwide/target/debug/build/rustsat-cadical/c2aeb7a75e278c4f/out" "-I" "cppsrc/src" "-I" "cpp-extension" "-w" "-DNDEBUG" "-DNCONTRACTS" "-DNTRACING" "-DQUIET" "-DNUNLOCKED" "-DV154" "-DV160" "-DV190" "-DV194" "-DV200" "-DV213" "-DV220" "-o" "/opt/rustwide/target/debug/build/rustsat-cadical/c2aeb7a75e278c4f/out/69138f56505aea00-clause.o" "-c" "cppsrc/src/clause.cpp"cargo:warning=c++: fatal error: Killed signal terminated program cc1plus
[INFO] [stderr] warning: rustsat-cadical@0.7.5: compilation terminated.
[INFO] [stderr] warning: rustsat-cadical@0.7.5: ToolExecError: command did not execute successfully (status code exit status: 1): LC_ALL="C" "c++" "-O3" "-ffunction-sections" "-fdata-sections" "-fPIC" "-g" "-gdwarf-4" "-fno-omit-frame-pointer" "-m64" "-std=c++11" "-I" "/opt/rustwide/target/debug/build/rustsat-cadical/c2aeb7a75e278c4f/out" "-I" "cppsrc/src" "-I" "cpp-extension" "-w" "-DNDEBUG" "-DNCONTRACTS" "-DNTRACING" "-DQUIET" "-DNUNLOCKED" "-DV154" "-DV160" "-DV190" "-DV194" "-DV200" "-DV213" "-DV220" "-o" "/opt/rustwide/target/debug/build/rustsat-cadical/c2aeb7a75e278c4f/out/69138f56505aea00-condition.o" "-c" "cppsrc/src/condition.cpp"cargo:warning=c++: fatal error: Killed signal terminated program cc1plus
[INFO] [stderr] warning: rustsat-cadical@0.7.5: compilation terminated.
[INFO] [stderr] warning: rustsat-cadical@0.7.5: ToolExecError: command did not execute successfully (status code exit status: 1): LC_ALL="C" "c++" "-O3" "-ffunction-sections" "-fdata-sections" "-fPIC" "-g" "-gdwarf-4" "-fno-omit-frame-pointer" "-m64" "-std=c++11" "-I" "/opt/rustwide/target/debug/build/rustsat-cadical/c2aeb7a75e278c4f/out" "-I" "cppsrc/src" "-I" "cpp-extension" "-w" "-DNDEBUG" "-DNCONTRACTS" "-DNTRACING" "-DQUIET" "-DNUNLOCKED" "-DV154" "-DV160" "-DV190" "-DV194" "-DV200" "-DV213" "-DV220" "-o" "/opt/rustwide/target/debug/build/rustsat-cadical/c2aeb7a75e278c4f/out/69138f56505aea00-backtrack.o" "-c" "cppsrc/src/backtrack.cpp"cargo:warning=c++: fatal error: Killed signal terminated program cc1plus
[INFO] [stderr] warning: rustsat-cadical@0.7.5: compilation terminated.
[INFO] [stderr] warning: rustsat-cadical@0.7.5: ToolExecError: command did not execute successfully (status code exit status: 1): LC_ALL="C" "c++" "-O3" "-ffunction-sections" "-fdata-sections" "-fPIC" "-g" "-gdwarf-4" "-fno-omit-frame-pointer" "-m64" "-std=c++11" "-I" "/opt/rustwide/target/debug/build/rustsat-cadical/c2aeb7a75e278c4f/out" "-I" "cppsrc/src" "-I" "cpp-extension" "-w" "-DNDEBUG" "-DNCONTRACTS" "-DNTRACING" "-DQUIET" "-DNUNLOCKED" "-DV154" "-DV160" "-DV190" "-DV194" "-DV200" "-DV213" "-DV220" "-o" "/opt/rustwide/target/debug/build/rustsat-cadical/c2aeb7a75e278c4f/out/69138f56505aea00-compact.o" "-c" "cppsrc/src/compact.cpp"cargo:warning=c++: fatal error: Killed signal terminated program cc1plus
[INFO] [stderr] warning: rustsat-cadical@0.7.5: compilation terminated.
[INFO] [stderr] warning: rustsat-cadical@0.7.5: ToolExecError: command did not execute successfully (status code exit status: 1): LC_ALL="C" "c++" "-O3" "-ffunction-sections" "-fdata-sections" "-fPIC" "-g" "-gdwarf-4" "-fno-omit-frame-pointer" "-m64" "-std=c++11" "-I" "/opt/rustwide/target/debug/build/rustsat-cadical/c2aeb7a75e278c4f/out" "-I" "cppsrc/src" "-I" "cpp-extension" "-w" "-DNDEBUG" "-DNCONTRACTS" "-DNTRACING" "-DQUIET" "-DNUNLOCKED" "-DV154" "-DV160" "-DV190" "-DV194" "-DV200" "-DV213" "-DV220" "-o" "/opt/rustwide/target/debug/build/rustsat-cadical/c2aeb7a75e278c4f/out/69138f56505aea00-bins.o" "-c" "cppsrc/src/bins.cpp"cargo:warning=c++: fatal error: Killed signal terminated program cc1plus
[INFO] [stderr] warning: rustsat-cadical@0.7.5: compilation terminated.
[INFO] [stderr] warning: rustsat-cadical@0.7.5: ToolExecError: command did not execute successfully (status code exit status: 1): LC_ALL="C" "c++" "-O3" "-ffunction-sections" "-fdata-sections" "-fPIC" "-g" "-gdwarf-4" "-fno-omit-frame-pointer" "-m64" "-std=c++11" "-I" "/opt/rustwide/target/debug/build/rustsat-cadical/c2aeb7a75e278c4f/out" "-I" "cppsrc/src" "-I" "cpp-extension" "-w" "-DNDEBUG" "-DNCONTRACTS" "-DNTRACING" "-DQUIET" "-DNUNLOCKED" "-DV154" "-DV160" "-DV190" "-DV194" "-DV200" "-DV213" "-DV220" "-o" "/opt/rustwide/target/debug/build/rustsat-cadical/c2aeb7a75e278c4f/out/69138f56505aea00-block.o" "-c" "cppsrc/src/block.cpp"cargo:warning=c++: fatal error: Killed signal terminated program cc1plus
[INFO] [stderr] warning: rustsat-cadical@0.7.5: compilation terminated.
[INFO] [stderr] warning: rustsat-cadical@0.7.5: ToolExecError: command did not execute successfully (status code exit status: 1): LC_ALL="C" "c++" "-O3" "-ffunction-sections" "-fdata-sections" "-fPIC" "-g" "-gdwarf-4" "-fno-omit-frame-pointer" "-m64" "-std=c++11" "-I" "/opt/rustwide/target/debug/build/rustsat-cadical/c2aeb7a75e278c4f/out" "-I" "cppsrc/src" "-I" "cpp-extension" "-w" "-DNDEBUG" "-DNCONTRACTS" "-DNTRACING" "-DQUIET" "-DNUNLOCKED" "-DV154" "-DV160" "-DV190" "-DV194" "-DV200" "-DV213" "-DV220" "-o" "/opt/rustwide/target/debug/build/rustsat-cadical/c2aeb7a75e278c4f/out/69138f56505aea00-backward.o" "-c" "cppsrc/src/backward.cpp"cargo:warning=c++: fatal error: Killed signal terminated program cc1plus
[INFO] [stderr] warning: rustsat-cadical@0.7.5: compilation terminated.
[INFO] [stderr] warning: rustsat-cadical@0.7.5: ToolExecError: command did not execute successfully (status code exit status: 1): LC_ALL="C" "c++" "-O3" "-ffunction-sections" "-fdata-sections" "-fPIC" "-g" "-gdwarf-4" "-fno-omit-frame-pointer" "-m64" "-std=c++11" "-I" "/opt/rustwide/target/debug/build/rustsat-cadical/c2aeb7a75e278c4f/out" "-I" "cppsrc/src" "-I" "cpp-extension" "-w" "-DNDEBUG" "-DNCONTRACTS" "-DNTRACING" "-DQUIET" "-DNUNLOCKED" "-DV154" "-DV160" "-DV190" "-DV194" "-DV200" "-DV213" "-DV220" "-o" "/opt/rustwide/target/debug/build/rustsat-cadical/c2aeb7a75e278c4f/out/69138f56505aea00-assume.o" "-c" "cppsrc/src/assume.cpp"cargo:warning=c++: fatal error: Killed signal terminated program cc1plus
[INFO] [stderr] warning: rustsat-cadical@0.7.5: compilation terminated.
[INFO] [stderr] warning: rustsat-cadical@0.7.5: ToolExecError: command did not execute successfully (status code exit status: 1): LC_ALL="C" "c++" "-O3" "-ffunction-sections" "-fdata-sections" "-fPIC" "-g" "-gdwarf-4" "-fno-omit-frame-pointer" "-m64" "-std=c++11" "-I" "/opt/rustwide/target/debug/build/rustsat-cadical/c2aeb7a75e278c4f/out" "-I" "cppsrc/src" "-I" "cpp-extension" "-w" "-DNDEBUG" "-DNCONTRACTS" "-DNTRACING" "-DQUIET" "-DNUNLOCKED" "-DV154" "-DV160" "-DV190" "-DV194" "-DV200" "-DV213" "-DV220" "-o" "/opt/rustwide/target/debug/build/rustsat-cadical/c2aeb7a75e278c4f/out/69138f56505aea00-backbone.o" "-c" "cppsrc/src/backbone.cpp"cargo:warning=c++: fatal error: Killed signal terminated program cc1plus
[INFO] [stderr] warning: rustsat-cadical@0.7.5: compilation terminated.
[INFO] [stderr] warning: rustsat-cadical@0.7.5: ToolExecError: command did not execute successfully (status code exit status: 1): LC_ALL="C" "c++" "-O3" "-ffunction-sections" "-fdata-sections" "-fPIC" "-g" "-gdwarf-4" "-fno-omit-frame-pointer" "-m64" "-std=c++11" "-I" "/opt/rustwide/target/debug/build/rustsat-cadical/c2aeb7a75e278c4f/out" "-I" "cppsrc/src" "-I" "cpp-extension" "-w" "-DNDEBUG" "-DNCONTRACTS" "-DNTRACING" "-DQUIET" "-DNUNLOCKED" "-DV154" "-DV160" "-DV190" "-DV194" "-DV200" "-DV213" "-DV220" "-o" "/opt/rustwide/target/debug/build/rustsat-cadical/c2aeb7a75e278c4f/out/69138f56505aea00-congruence.o" "-c" "cppsrc/src/congruence.cpp"cargo:warning=c++: fatal error: Killed signal terminated program cc1plus
[INFO] [stderr] warning: rustsat-cadical@0.7.5: compilation terminated.
[INFO] [stderr] warning: rustsat-cadical@0.7.5: ToolExecError: command did not execute successfully (status code exit status: 1): LC_ALL="C" "c++" "-O3" "-ffunction-sections" "-fdata-sections" "-fPIC" "-g" "-gdwarf-4" "-fno-omit-frame-pointer" "-m64" "-std=c++11" "-I" "/opt/rustwide/target/debug/build/rustsat-cadical/c2aeb7a75e278c4f/out" "-I" "cppsrc/src" "-I" "cpp-extension" "-w" "-DNDEBUG" "-DNCONTRACTS" "-DNTRACING" "-DQUIET" "-DNUNLOCKED" "-DV154" "-DV160" "-DV190" "-DV194" "-DV200" "-DV213" "-DV220" "-o" "/opt/rustwide/target/debug/build/rustsat-cadical/c2aeb7a75e278c4f/out/69138f56505aea00-decompose.o" "-c" "cppsrc/src/decompose.cpp"cargo:warning=c++: fatal error: Killed signal terminated program cc1plus
[INFO] [stderr] warning: rustsat-cadical@0.7.5: compilation terminated.
[INFO] [stderr] warning: rustsat-cadical@0.7.5: ToolExecError: command did not execute successfully (status code exit status: 1): LC_ALL="C" "c++" "-O3" "-ffunction-sections" "-fdata-sections" "-fPIC" "-g" "-gdwarf-4" "-fno-omit-frame-pointer" "-m64" "-std=c++11" "-I" "/opt/rustwide/target/debug/build/rustsat-cadical/c2aeb7a75e278c4f/out" "-I" "cppsrc/src" "-I" "cpp-extension" "-w" "-DNDEBUG" "-DNCONTRACTS" "-DNTRACING" "-DQUIET" "-DNUNLOCKED" "-DV154" "-DV160" "-DV190" "-DV194" "-DV200" "-DV213" "-DV220" "-o" "/opt/rustwide/target/debug/build/rustsat-cadical/c2aeb7a75e278c4f/out/69138f56505aea00-checker.o" "-c" "cppsrc/src/checker.cpp"cargo:warning=c++: fatal error: Killed signal terminated program cc1plus
[INFO] [stderr] warning: rustsat-cadical@0.7.5: compilation terminated.
[INFO] [stderr] warning: rustsat-cadical@0.7.5: ToolExecError: command did not execute successfully (status code exit status: 1): LC_ALL="C" "c++" "-O3" "-ffunction-sections" "-fdata-sections" "-fPIC" "-g" "-gdwarf-4" "-fno-omit-frame-pointer" "-m64" "-std=c++11" "-I" "/opt/rustwide/target/debug/build/rustsat-cadical/c2aeb7a75e278c4f/out" "-I" "cppsrc/src" "-I" "cpp-extension" "-w" "-DNDEBUG" "-DNCONTRACTS" "-DNTRACING" "-DQUIET" "-DNUNLOCKED" "-DV154" "-DV160" "-DV190" "-DV194" "-DV200" "-DV213" "-DV220" "-o" "/opt/rustwide/target/debug/build/rustsat-cadical/c2aeb7a75e278c4f/out/69138f56505aea00-deduplicate.o" "-c" "cppsrc/src/deduplicate.cpp"cargo:warning=c++: fatal error: Killed signal terminated program cc1plus
[INFO] [stderr] warning: rustsat-cadical@0.7.5: compilation terminated.
[INFO] [stderr] warning: rustsat-cadical@0.7.5: ToolExecError: command did not execute successfully (status code exit status: 1): LC_ALL="C" "c++" "-O3" "-ffunction-sections" "-fdata-sections" "-fPIC" "-g" "-gdwarf-4" "-fno-omit-frame-pointer" "-m64" "-std=c++11" "-I" "/opt/rustwide/target/debug/build/rustsat-cadical/c2aeb7a75e278c4f/out" "-I" "cppsrc/src" "-I" "cpp-extension" "-w" "-DNDEBUG" "-DNCONTRACTS" "-DNTRACING" "-DQUIET" "-DNUNLOCKED" "-DV154" "-DV160" "-DV190" "-DV194" "-DV200" "-DV213" "-DV220" "-o" "/opt/rustwide/target/debug/build/rustsat-cadical/c2aeb7a75e278c4f/out/69138f56505aea00-external.o" "-c" "cppsrc/src/external.cpp"cargo:warning=c++: fatal error: Killed signal terminated program cc1plus
[INFO] [stderr] warning: rustsat-cadical@0.7.5: compilation terminated.
[INFO] [stderr] warning: rustsat-cadical@0.7.5: ToolExecError: command did not execute successfully (status code exit status: 1): LC_ALL="C" "c++" "-O3" "-ffunction-sections" "-fdata-sections" "-fPIC" "-g" "-gdwarf-4" "-fno-omit-frame-pointer" "-m64" "-std=c++11" "-I" "/opt/rustwide/target/debug/build/rustsat-cadical/c2aeb7a75e278c4f/out" "-I" "cppsrc/src" "-I" "cpp-extension" "-w" "-DNDEBUG" "-DNCONTRACTS" "-DNTRACING" "-DQUIET" "-DNUNLOCKED" "-DV154" "-DV160" "-DV190" "-DV194" "-DV200" "-DV213" "-DV220" "-o" "/opt/rustwide/target/debug/build/rustsat-cadical/c2aeb7a75e278c4f/out/69138f56505aea00-cover.o" "-c" "cppsrc/src/cover.cpp"cargo:warning=c++: fatal error: Killed signal terminated program cc1plus
[INFO] [stderr] warning: rustsat-cadical@0.7.5: compilation terminated.
[INFO] [stderr] warning: rustsat-cadical@0.7.5: ToolExecError: command did not execute successfully (status code exit status: 1): LC_ALL="C" "c++" "-O3" "-ffunction-sections" "-fdata-sections" "-fPIC" "-g" "-gdwarf-4" "-fno-omit-frame-pointer" "-m64" "-std=c++11" "-I" "/opt/rustwide/target/debug/build/rustsat-cadical/c2aeb7a75e278c4f/out" "-I" "cppsrc/src" "-I" "cpp-extension" "-w" "-DNDEBUG" "-DNCONTRACTS" "-DNTRACING" "-DQUIET" "-DNUNLOCKED" "-DV154" "-DV160" "-DV190" "-DV194" "-DV200" "-DV213" "-DV220" "-o" "/opt/rustwide/target/debug/build/rustsat-cadical/c2aeb7a75e278c4f/out/69138f56505aea00-decide.o" "-c" "cppsrc/src/decide.cpp"cargo:warning=c++: fatal error: Killed signal terminated program cc1plus
[INFO] [stderr] warning: rustsat-cadical@0.7.5: compilation terminated.
[INFO] [stderr] warning: rustsat-cadical@0.7.5: ToolExecError: command did not execute successfully (status code exit status: 1): LC_ALL="C" "c++" "-O3" "-ffunction-sections" "-fdata-sections" "-fPIC" "-g" "-gdwarf-4" "-fno-omit-frame-pointer" "-m64" "-std=c++11" "-I" "/opt/rustwide/target/debug/build/rustsat-cadical/c2aeb7a75e278c4f/out" "-I" "cppsrc/src" "-I" "cpp-extension" "-w" "-DNDEBUG" "-DNCONTRACTS" "-DNTRACING" "-DQUIET" "-DNUNLOCKED" "-DV154" "-DV160" "-DV190" "-DV194" "-DV200" "-DV213" "-DV220" "-o" "/opt/rustwide/target/debug/build/rustsat-cadical/c2aeb7a75e278c4f/out/69138f56505aea00-elim.o" "-c" "cppsrc/src/elim.cpp"cargo:warning=c++: fatal error: Killed signal terminated program cc1plus
[INFO] [stderr] warning: rustsat-cadical@0.7.5: compilation terminated.
[INFO] [stderr] warning: rustsat-cadical@0.7.5: ToolExecError: command did not execute successfully (status code exit status: 1): LC_ALL="C" "c++" "-O3" "-ffunction-sections" "-fdata-sections" "-fPIC" "-g" "-gdwarf-4" "-fno-omit-frame-pointer" "-m64" "-std=c++11" "-I" "/opt/rustwide/target/debug/build/rustsat-cadical/c2aeb7a75e278c4f/out" "-I" "cppsrc/src" "-I" "cpp-extension" "-w" "-DNDEBUG" "-DNCONTRACTS" "-DNTRACING" "-DQUIET" "-DNUNLOCKED" "-DV154" "-DV160" "-DV190" "-DV194" "-DV200" "-DV213" "-DV220" "-o" "/opt/rustwide/target/debug/build/rustsat-cadical/c2aeb7a75e278c4f/out/69138f56505aea00-definition.o" "-c" "cppsrc/src/definition.cpp"cargo:warning=c++: fatal error: Killed signal terminated program cc1plus
[INFO] [stderr] warning: rustsat-cadical@0.7.5: compilation terminated.
[INFO] [stderr] warning: rustsat-cadical@0.7.5: ToolExecError: command did not execute successfully (status code exit status: 1): LC_ALL="C" "c++" "-O3" "-ffunction-sections" "-fdata-sections" "-fPIC" "-g" "-gdwarf-4" "-fno-omit-frame-pointer" "-m64" "-std=c++11" "-I" "/opt/rustwide/target/debug/build/rustsat-cadical/c2aeb7a75e278c4f/out" "-I" "cppsrc/src" "-I" "cpp-extension" "-w" "-DNDEBUG" "-DNCONTRACTS" "-DNTRACING" "-DQUIET" "-DNUNLOCKED" "-DV154" "-DV160" "-DV190" "-DV194" "-DV200" "-DV213" "-DV220" "-o" "/opt/rustwide/target/debug/build/rustsat-cadical/c2aeb7a75e278c4f/out/69138f56505aea00-extend.o" "-c" "cppsrc/src/extend.cpp"cargo:warning=c++: fatal error: Killed signal terminated program cc1plus
[INFO] [stderr] warning: rustsat-cadical@0.7.5: compilation terminated.
[INFO] [stderr] warning: rustsat-cadical@0.7.5: ToolExecError: command did not execute successfully (status code exit status: 1): LC_ALL="C" "c++" "-O3" "-ffunction-sections" "-fdata-sections" "-fPIC" "-g" "-gdwarf-4" "-fno-omit-frame-pointer" "-m64" "-std=c++11" "-I" "/opt/rustwide/target/debug/build/rustsat-cadical/c2aeb7a75e278c4f/out" "-I" "cppsrc/src" "-I" "cpp-extension" "-w" "-DNDEBUG" "-DNCONTRACTS" "-DNTRACING" "-DQUIET" "-DNUNLOCKED" "-DV154" "-DV160" "-DV190" "-DV194" "-DV200" "-DV213" "-DV220" "-o" "/opt/rustwide/target/debug/build/rustsat-cadical/c2aeb7a75e278c4f/out/69138f56505aea00-external_propagate.o" "-c" "cppsrc/src/external_propagate.cpp"cargo:warning=c++: fatal error: Killed signal terminated program cc1plus
[INFO] [stderr] warning: rustsat-cadical@0.7.5: compilation terminated.
[INFO] [stderr] warning: rustsat-cadical@0.7.5: ToolExecError: command did not execute successfully (status code exit status: 1): LC_ALL="C" "c++" "-O3" "-ffunction-sections" "-fdata-sections" "-fPIC" "-g" "-gdwarf-4" "-fno-omit-frame-pointer" "-m64" "-std=c++11" "-I" "/opt/rustwide/target/debug/build/rustsat-cadical/c2aeb7a75e278c4f/out" "-I" "cppsrc/src" "-I" "cpp-extension" "-w" "-DNDEBUG" "-DNCONTRACTS" "-DNTRACING" "-DQUIET" "-DNUNLOCKED" "-DV154" "-DV160" "-DV190" "-DV194" "-DV200" "-DV213" "-DV220" "-o" "/opt/rustwide/target/debug/build/rustsat-cadical/c2aeb7a75e278c4f/out/69138f56505aea00-factor.o" "-c" "cppsrc/src/factor.cpp"cargo:warning=c++: fatal error: Killed signal terminated program cc1plus
[INFO] [stderr] warning: rustsat-cadical@0.7.5: compilation terminated.
[INFO] [stderr] warning: rustsat-cadical@0.7.5: ToolExecError: command did not execute successfully (status code exit status: 1): LC_ALL="C" "c++" "-O3" "-ffunction-sections" "-fdata-sections" "-fPIC" "-g" "-gdwarf-4" "-fno-omit-frame-pointer" "-m64" "-std=c++11" "-I" "/opt/rustwide/target/debug/build/rustsat-cadical/c2aeb7a75e278c4f/out" "-I" "cppsrc/src" "-I" "cpp-extension" "-w" "-DNDEBUG" "-DNCONTRACTS" "-DNTRACING" "-DQUIET" "-DNUNLOCKED" "-DV154" "-DV160" "-DV190" "-DV194" "-DV200" "-DV213" "-DV220" "-o" "/opt/rustwide/target/debug/build/rustsat-cadical/c2aeb7a75e278c4f/out/69138f56505aea00-elimfast.o" "-c" "cppsrc/src/elimfast.cpp"cargo:warning=c++: fatal error: Killed signal terminated program cc1plus
[INFO] [stderr] warning: rustsat-cadical@0.7.5: compilation terminated.
[INFO] [stderr] warning: rustsat-cadical@0.7.5: ToolExecError: command did not execute successfully (status code exit status: 1): LC_ALL="C" "c++" "-O3" "-ffunction-sections" "-fdata-sections" "-fPIC" "-g" "-gdwarf-4" "-fno-omit-frame-pointer" "-m64" "-std=c++11" "-I" "/opt/rustwide/target/debug/build/rustsat-cadical/c2aeb7a75e278c4f/out" "-I" "cppsrc/src" "-I" "cpp-extension" "-w" "-DNDEBUG" "-DNCONTRACTS" "-DNTRACING" "-DQUIET" "-DNUNLOCKED" "-DV154" "-DV160" "-DV190" "-DV194" "-DV200" "-DV213" "-DV220" "-o" "/opt/rustwide/target/debug/build/rustsat-cadical/c2aeb7a75e278c4f/out/69138f56505aea00-idruptracer.o" "-c" "cppsrc/src/idruptracer.cpp"cargo:warning=c++: fatal error: Killed signal terminated program cc1plus
[INFO] [stderr] warning: rustsat-cadical@0.7.5: compilation terminated.
[INFO] [stderr] warning: rustsat-cadical@0.7.5: ToolExecError: command did not execute successfully (status code exit status: 1): LC_ALL="C" "c++" "-O3" "-ffunction-sections" "-fdata-sections" "-fPIC" "-g" "-gdwarf-4" "-fno-omit-frame-pointer" "-m64" "-std=c++11" "-I" "/opt/rustwide/target/debug/build/rustsat-cadical/c2aeb7a75e278c4f/out" "-I" "cppsrc/src" "-I" "cpp-extension" "-w" "-DNDEBUG" "-DNCONTRACTS" "-DNTRACING" "-DQUIET" "-DNUNLOCKED" "-DV154" "-DV160" "-DV190" "-DV194" "-DV200" "-DV213" "-DV220" "-o" "/opt/rustwide/target/debug/build/rustsat-cadical/c2aeb7a75e278c4f/out/69138f56505aea00-instantiate.o" "-c" "cppsrc/src/instantiate.cpp"cargo:warning=c++: fatal error: Killed signal terminated program cc1plus
[INFO] [stderr] warning: rustsat-cadical@0.7.5: compilation terminated.
[INFO] [stderr] warning: rustsat-cadical@0.7.5: ToolExecError: command did not execute successfully (status code exit status: 1): LC_ALL="C" "c++" "-O3" "-ffunction-sections" "-fdata-sections" "-fPIC" "-g" "-gdwarf-4" "-fno-omit-frame-pointer" "-m64" "-std=c++11" "-I" "/opt/rustwide/target/debug/build/rustsat-cadical/c2aeb7a75e278c4f/out" "-I" "cppsrc/src" "-I" "cpp-extension" "-w" "-DNDEBUG" "-DNCONTRACTS" "-DNTRACING" "-DQUIET" "-DNUNLOCKED" "-DV154" "-DV160" "-DV190" "-DV194" "-DV200" "-DV213" "-DV220" "-o" "/opt/rustwide/target/debug/build/rustsat-cadical/c2aeb7a75e278c4f/out/69138f56505aea00-gates.o" "-c" "cppsrc/src/gates.cpp"cargo:warning=c++: fatal error: Killed signal terminated program cc1plus
[INFO] [stderr] warning: rustsat-cadical@0.7.5: compilation terminated.
[INFO] [stderr] warning: rustsat-cadical@0.7.5: ToolExecError: command did not execute successfully (status code exit status: 1): LC_ALL="C" "c++" "-O3" "-ffunction-sections" "-fdata-sections" "-fPIC" "-g" "-gdwarf-4" "-fno-omit-frame-pointer" "-m64" "-std=c++11" "-I" "/opt/rustwide/target/debug/build/rustsat-cadical/c2aeb7a75e278c4f/out" "-I" "cppsrc/src" "-I" "cpp-extension" "-w" "-DNDEBUG" "-DNCONTRACTS" "-DNTRACING" "-DQUIET" "-DNUNLOCKED" "-DV154" "-DV160" "-DV190" "-DV194" "-DV200" "-DV213" "-DV220" "-o" "/opt/rustwide/target/debug/build/rustsat-cadical/c2aeb7a75e278c4f/out/69138f56505aea00-internal.o" "-c" "cppsrc/src/internal.cpp"cargo:warning=c++: fatal error: Killed signal terminated program cc1plus
[INFO] [stderr] warning: rustsat-cadical@0.7.5: compilation terminated.
[INFO] [stderr] warning: rustsat-cadical@0.7.5: ToolExecError: command did not execute successfully (status code exit status: 1): LC_ALL="C" "c++" "-O3" "-ffunction-sections" "-fdata-sections" "-fPIC" "-g" "-gdwarf-4" "-fno-omit-frame-pointer" "-m64" "-std=c++11" "-I" "/opt/rustwide/target/debug/build/rustsat-cadical/c2aeb7a75e278c4f/out" "-I" "cppsrc/src" "-I" "cpp-extension" "-w" "-DNDEBUG" "-DNCONTRACTS" "-DNTRACING" "-DQUIET" "-DNUNLOCKED" "-DV154" "-DV160" "-DV190" "-DV194" "-DV200" "-DV213" "-DV220" "-o" "/opt/rustwide/target/debug/build/rustsat-cadical/c2aeb7a75e278c4f/out/69138f56505aea00-options.o" "-c" "cppsrc/src/options.cpp"cargo:warning=c++: fatal error: Killed signal terminated program cc1plus
[INFO] [stderr] warning: rustsat-cadical@0.7.5: compilation terminated.
[INFO] [stderr] warning: rustsat-cadical@0.7.5: ToolExecError: command did not execute successfully (status code exit status: 1): LC_ALL="C" "c++" "-O3" "-ffunction-sections" "-fdata-sections" "-fPIC" "-g" "-gdwarf-4" "-fno-omit-frame-pointer" "-m64" "-std=c++11" "-I" "/opt/rustwide/target/debug/build/rustsat-cadical/c2aeb7a75e278c4f/out" "-I" "cppsrc/src" "-I" "cpp-extension" "-w" "-DNDEBUG" "-DNCONTRACTS" "-DNTRACING" "-DQUIET" "-DNUNLOCKED" "-DV154" "-DV160" "-DV190" "-DV194" "-DV200" "-DV213" "-DV220" "-o" "/opt/rustwide/target/debug/build/rustsat-cadical/c2aeb7a75e278c4f/out/69138f56505aea00-lratchecker.o" "-c" "cppsrc/src/lratchecker.cpp"cargo:warning=c++: fatal error: Killed signal terminated program cc1plus
[INFO] [stderr] warning: rustsat-cadical@0.7.5: compilation terminated.
[INFO] [stderr] warning: rustsat-cadical@0.7.5: ToolExecError: command did not execute successfully (status code exit status: 1): LC_ALL="C" "c++" "-O3" "-ffunction-sections" "-fdata-sections" "-fPIC" "-g" "-gdwarf-4" "-fno-omit-frame-pointer" "-m64" "-std=c++11" "-I" "/opt/rustwide/target/debug/build/rustsat-cadical/c2aeb7a75e278c4f/out" "-I" "cppsrc/src" "-I" "cpp-extension" "-w" "-DNDEBUG" "-DNCONTRACTS" "-DNTRACING" "-DQUIET" "-DNUNLOCKED" "-DV154" "-DV160" "-DV190" "-DV194" "-DV200" "-DV213" "-DV220" "-o" "/opt/rustwide/target/debug/build/rustsat-cadical/c2aeb7a75e278c4f/out/69138f56505aea00-lookahead.o" "-c" "cppsrc/src/lookahead.cpp"cargo:warning=c++: fatal error: Killed signal terminated program cc1plus
[INFO] [stderr] warning: rustsat-cadical@0.7.5: compilation terminated.
[INFO] [stderr] warning: rustsat-cadical@0.7.5: ToolExecError: command did not execute successfully (status code exit status: 1): LC_ALL="C" "c++" "-O3" "-ffunction-sections" "-fdata-sections" "-fPIC" "-g" "-gdwarf-4" "-fno-omit-frame-pointer" "-m64" "-std=c++11" "-I" "/opt/rustwide/target/debug/build/rustsat-cadical/c2aeb7a75e278c4f/out" "-I" "cppsrc/src" "-I" "cpp-extension" "-w" "-DNDEBUG" "-DNCONTRACTS" "-DNTRACING" "-DQUIET" "-DNUNLOCKED" "-DV154" "-DV160" "-DV190" "-DV194" "-DV200" "-DV213" "-DV220" "-o" "/opt/rustwide/target/debug/build/rustsat-cadical/c2aeb7a75e278c4f/out/69138f56505aea00-lidruptracer.o" "-c" "cppsrc/src/lidruptracer.cpp"cargo:warning=c++: fatal error: Killed signal terminated program cc1plus
[INFO] [stderr] warning: rustsat-cadical@0.7.5: compilation terminated.
[INFO] [stderr] warning: rustsat-cadical@0.7.5: ToolExecError: command did not execute successfully (status code exit status: 1): LC_ALL="C" "c++" "-O3" "-ffunction-sections" "-fdata-sections" "-fPIC" "-g" "-gdwarf-4" "-fno-omit-frame-pointer" "-m64" "-std=c++11" "-I" "/opt/rustwide/target/debug/build/rustsat-cadical/c2aeb7a75e278c4f/out" "-I" "cppsrc/src" "-I" "cpp-extension" "-w" "-DNDEBUG" "-DNCONTRACTS" "-DNTRACING" "-DQUIET" "-DNUNLOCKED" "-DV154" "-DV160" "-DV190" "-DV194" "-DV200" "-DV213" "-DV220" "-o" "/opt/rustwide/target/debug/build/rustsat-cadical/c2aeb7a75e278c4f/out/69138f56505aea00-probe.o" "-c" "cppsrc/src/probe.cpp"cargo:warning=c++: fatal error: Killed signal terminated program cc1plus
[INFO] [stderr] warning: rustsat-cadical@0.7.5: compilation terminated.
[INFO] [stderr] warning: rustsat-cadical@0.7.5: ToolExecError: command did not execute successfully (status code exit status: 1): LC_ALL="C" "c++" "-O3" "-ffunction-sections" "-fdata-sections" "-fPIC" "-g" "-gdwarf-4" "-fno-omit-frame-pointer" "-m64" "-std=c++11" "-I" "/opt/rustwide/target/debug/build/rustsat-cadical/c2aeb7a75e278c4f/out" "-I" "cppsrc/src" "-I" "cpp-extension" "-w" "-DNDEBUG" "-DNCONTRACTS" "-DNTRACING" "-DQUIET" "-DNUNLOCKED" "-DV154" "-DV160" "-DV190" "-DV194" "-DV200" "-DV213" "-DV220" "-o" "/opt/rustwide/target/debug/build/rustsat-cadical/c2aeb7a75e278c4f/out/69138f56505aea00-proof.o" "-c" "cppsrc/src/proof.cpp"cargo:warning=c++: fatal error: Killed signal terminated program cc1plus
[INFO] [stderr] warning: rustsat-cadical@0.7.5: compilation terminated.
[INFO] [stderr] warning: rustsat-cadical@0.7.5: ToolExecError: command did not execute successfully (status code exit status: 1): LC_ALL="C" "c++" "-O3" "-ffunction-sections" "-fdata-sections" "-fPIC" "-g" "-gdwarf-4" "-fno-omit-frame-pointer" "-m64" "-std=c++11" "-I" "/opt/rustwide/target/debug/build/rustsat-cadical/c2aeb7a75e278c4f/out" "-I" "cppsrc/src" "-I" "cpp-extension" "-w" "-DNDEBUG" "-DNCONTRACTS" "-DNTRACING" "-DQUIET" "-DNUNLOCKED" "-DV154" "-DV160" "-DV190" "-DV194" "-DV200" "-DV213" "-DV220" "-o" "/opt/rustwide/target/debug/build/rustsat-cadical/c2aeb7a75e278c4f/out/69138f56505aea00-reduce.o" "-c" "cppsrc/src/reduce.cpp"cargo:warning=c++: fatal error: Killed signal terminated program cc1plus
[INFO] [stderr] warning: rustsat-cadical@0.7.5: compilation terminated.
[INFO] [stderr] warning: rustsat-cadical@0.7.5: ToolExecError: command did not execute successfully (status code exit status: 1): LC_ALL="C" "c++" "-O3" "-ffunction-sections" "-fdata-sections" "-fPIC" "-g" "-gdwarf-4" "-fno-omit-frame-pointer" "-m64" "-std=c++11" "-I" "/opt/rustwide/target/debug/build/rustsat-cadical/c2aeb7a75e278c4f/out" "-I" "cppsrc/src" "-I" "cpp-extension" "-w" "-DNDEBUG" "-DNCONTRACTS" "-DNTRACING" "-DQUIET" "-DNUNLOCKED" "-DV154" "-DV160" "-DV190" "-DV194" "-DV200" "-DV213" "-DV220" "-o" "/opt/rustwide/target/debug/build/rustsat-cadical/c2aeb7a75e278c4f/out/69138f56505aea00-restore.o" "-c" "cppsrc/src/restore.cpp"cargo:warning=c++: fatal error: Killed signal terminated program cc1plus
[INFO] [stderr] warning: rustsat-cadical@0.7.5: compilation terminated.
[INFO] [stderr] warning: rustsat-cadical@0.7.5: ToolExecError: command did not execute successfully (status code exit status: 1): LC_ALL="C" "c++" "-O3" "-ffunction-sections" "-fdata-sections" "-fPIC" "-g" "-gdwarf-4" "-fno-omit-frame-pointer" "-m64" "-std=c++11" "-I" "/opt/rustwide/target/debug/build/rustsat-cadical/c2aeb7a75e278c4f/out" "-I" "cppsrc/src" "-I" "cpp-extension" "-w" "-DNDEBUG" "-DNCONTRACTS" "-DNTRACING" "-DQUIET" "-DNUNLOCKED" "-DV154" "-DV160" "-DV190" "-DV194" "-DV200" "-DV213" "-DV220" "-o" "/opt/rustwide/target/debug/build/rustsat-cadical/c2aeb7a75e278c4f/out/69138f56505aea00-score.o" "-c" "cppsrc/src/score.cpp"cargo:warning=c++: fatal error: Killed signal terminated program cc1plus
[INFO] [stderr] warning: rustsat-cadical@0.7.5: compilation terminated.
[INFO] [stderr] warning: rustsat-cadical@0.7.5: ToolExecError: command did not execute successfully (status code exit status: 1): LC_ALL="C" "c++" "-O3" "-ffunction-sections" "-fdata-sections" "-fPIC" "-g" "-gdwarf-4" "-fno-omit-frame-pointer" "-m64" "-std=c++11" "-I" "/opt/rustwide/target/debug/build/rustsat-cadical/c2aeb7a75e278c4f/out" "-I" "cppsrc/src" "-I" "cpp-extension" "-w" "-DNDEBUG" "-DNCONTRACTS" "-DNTRACING" "-DQUIET" "-DNUNLOCKED" "-DV154" "-DV160" "-DV190" "-DV194" "-DV200" "-DV213" "-DV220" "-o" "/opt/rustwide/target/debug/build/rustsat-cadical/c2aeb7a75e278c4f/out/69138f56505aea00-shrink.o" "-c" "cppsrc/src/shrink.cpp"cargo:warning=c++: fatal error: Killed signal terminated program cc1plus
[INFO] [stderr] warning: rustsat-cadical@0.7.5: compilation terminated.
[INFO] [stderr] warning: rustsat-cadical@0.7.5: ToolExecError: command did not execute successfully (status code exit status: 1): LC_ALL="C" "c++" "-O3" "-ffunction-sections" "-fdata-sections" "-fPIC" "-g" "-gdwarf-4" "-fno-omit-frame-pointer" "-m64" "-std=c++11" "-I" "/opt/rustwide/target/debug/build/rustsat-cadical/c2aeb7a75e278c4f/out" "-I" "cppsrc/src" "-I" "cpp-extension" "-w" "-DNDEBUG" "-DNCONTRACTS" "-DNTRACING" "-DQUIET" "-DNUNLOCKED" "-DV154" "-DV160" "-DV190" "-DV194" "-DV200" "-DV213" "-DV220" "-o" "/opt/rustwide/target/debug/build/rustsat-cadical/c2aeb7a75e278c4f/out/69138f56505aea00-solver.o" "-c" "cppsrc/src/solver.cpp"cargo:warning=c++: fatal error: Killed signal terminated program cc1plus
[INFO] [stderr] warning: rustsat-cadical@0.7.5: compilation terminated.
[INFO] [stderr] warning: rustsat-cadical@0.7.5: ToolExecError: command did not execute successfully (status code exit status: 1): LC_ALL="C" "c++" "-O3" "-ffunction-sections" "-fdata-sections" "-fPIC" "-g" "-gdwarf-4" "-fno-omit-frame-pointer" "-m64" "-std=c++11" "-I" "/opt/rustwide/target/debug/build/rustsat-cadical/c2aeb7a75e278c4f/out" "-I" "cppsrc/src" "-I" "cpp-extension" "-w" "-DNDEBUG" "-DNCONTRACTS" "-DNTRACING" "-DQUIET" "-DNUNLOCKED" "-DV154" "-DV160" "-DV190" "-DV194" "-DV200" "-DV213" "-DV220" "-o" "/opt/rustwide/target/debug/build/rustsat-cadical/c2aeb7a75e278c4f/out/69138f56505aea00-subsume.o" "-c" "cppsrc/src/subsume.cpp"cargo:warning=c++: fatal error: Killed signal terminated program cc1plus
[INFO] [stderr] warning: rustsat-cadical@0.7.5: compilation terminated.
[INFO] [stderr] warning: rustsat-cadical@0.7.5: ToolExecError: command did not execute successfully (status code exit status: 1): LC_ALL="C" "c++" "-O3" "-ffunction-sections" "-fdata-sections" "-fPIC" "-g" "-gdwarf-4" "-fno-omit-frame-pointer" "-m64" "-std=c++11" "-I" "/opt/rustwide/target/debug/build/rustsat-cadical/c2aeb7a75e278c4f/out" "-I" "cppsrc/src" "-I" "cpp-extension" "-w" "-DNDEBUG" "-DNCONTRACTS" "-DNTRACING" "-DQUIET" "-DNUNLOCKED" "-DV154" "-DV160" "-DV190" "-DV194" "-DV200" "-DV213" "-DV220" "-o" "/opt/rustwide/target/debug/build/rustsat-cadical/c2aeb7a75e278c4f/out/69138f56505aea00-sweep.o" "-c" "cppsrc/src/sweep.cpp"
[INFO] [stderr] error: failed to run custom build command for `rustsat-cadical v0.7.5 (/opt/rustwide/workdir)`
[INFO] [stderr] note: To improve backtraces for build dependencies, set the CARGO_PROFILE_DEV_BUILD_OVERRIDE_DEBUG=true environment variable to enable debug information generation.
[INFO] [stderr] 
[INFO] [stderr] Caused by:
[INFO] [stderr]   process didn't exit successfully: `/opt/rustwide/target/debug/build/rustsat-cadical/ea044050757410f1/out/build_script_build` (exit status: 1)
[INFO] [stderr]   --- stdout
[INFO] [stderr]   OPT_LEVEL = Some(0)
[INFO] [stderr]   OUT_DIR = Some(/opt/rustwide/target/debug/build/rustsat-cadical/c2aeb7a75e278c4f/out)
[INFO] [stderr]   TARGET = Some(x86_64-unknown-linux-gnu)
[INFO] [stderr]   CARGO_ENCODED_RUSTFLAGS = Some(--cap-lints=warn)
[INFO] [stderr]   HOST = Some(x86_64-unknown-linux-gnu)
[INFO] [stderr]   cargo:rerun-if-env-changed=CXX_x86_64-unknown-linux-gnu
[INFO] [stderr]   CXX_x86_64-unknown-linux-gnu = None
[INFO] [stderr]   cargo:rerun-if-env-changed=CXX_x86_64_unknown_linux_gnu
[INFO] [stderr]   CXX_x86_64_unknown_linux_gnu = None
[INFO] [stderr]   cargo:rerun-if-env-changed=HOST_CXX
[INFO] [stderr]   HOST_CXX = None
[INFO] [stderr]   cargo:rerun-if-env-changed=CXX
[INFO] [stderr]   CXX = None
[INFO] [stderr]   cargo:rerun-if-env-changed=CC_ENABLE_DEBUG_OUTPUT
[INFO] [stderr]   RUSTC_WRAPPER = None
[INFO] [stderr]   cargo:rerun-if-env-changed=CRATE_CC_NO_DEFAULTS
[INFO] [stderr]   CRATE_CC_NO_DEFAULTS = None
[INFO] [stderr]   DEBUG = Some(true)
[INFO] [stderr]   CARGO_CFG_TARGET_FEATURE = Some(fxsr,sse,sse2)
[INFO] [stderr]   cargo:rerun-if-env-changed=CXXFLAGS
[INFO] [stderr]   CXXFLAGS = None
[INFO] [stderr]   cargo:rerun-if-env-changed=HOST_CXXFLAGS
[INFO] [stderr]   HOST_CXXFLAGS = None
[INFO] [stderr]   cargo:rerun-if-env-changed=CXXFLAGS_x86_64_unknown_linux_gnu
[INFO] [stderr]   CXXFLAGS_x86_64_unknown_linux_gnu = None
[INFO] [stderr]   cargo:rerun-if-env-changed=CXXFLAGS_x86_64-unknown-linux-gnu
[INFO] [stderr]   CXXFLAGS_x86_64-unknown-linux-gnu = None
[INFO] [stderr]   OPT_LEVEL = Some(0)
[INFO] [stderr]   OUT_DIR = Some(/opt/rustwide/target/debug/build/rustsat-cadical/c2aeb7a75e278c4f/out)
[INFO] [stderr]   TARGET = Some(x86_64-unknown-linux-gnu)
[INFO] [stderr]   CARGO_ENCODED_RUSTFLAGS = Some(--cap-lints=warn)
[INFO] [stderr]   HOST = Some(x86_64-unknown-linux-gnu)
[INFO] [stderr]   cargo:rerun-if-env-changed=CXX_x86_64-unknown-linux-gnu
[INFO] [stderr]   CXX_x86_64-unknown-linux-gnu = None
[INFO] [stderr]   cargo:rerun-if-env-changed=CXX_x86_64_unknown_linux_gnu
[INFO] [stderr]   CXX_x86_64_unknown_linux_gnu = None
[INFO] [stderr]   cargo:rerun-if-env-changed=HOST_CXX
[INFO] [stderr]   HOST_CXX = None
[INFO] [stderr]   cargo:rerun-if-env-changed=CXX
[INFO] [stderr]   CXX = None
[INFO] [stderr]   cargo:rerun-if-env-changed=CC_ENABLE_DEBUG_OUTPUT
[INFO] [stderr]   RUSTC_WRAPPER = None
[INFO] [stderr]   cargo:rerun-if-env-changed=CRATE_CC_NO_DEFAULTS
[INFO] [stderr]   CRATE_CC_NO_DEFAULTS = None
[INFO] [stderr]   DEBUG = Some(true)
[INFO] [stderr]   CARGO_CFG_TARGET_FEATURE = Some(fxsr,sse,sse2)
[INFO] [stderr]   cargo:rerun-if-env-changed=CXXFLAGS
[INFO] [stderr]   CXXFLAGS = None
[INFO] [stderr]   cargo:rerun-if-env-changed=HOST_CXXFLAGS
[INFO] [stderr]   HOST_CXXFLAGS = None
[INFO] [stderr]   cargo:rerun-if-env-changed=CXXFLAGS_x86_64_unknown_linux_gnu
[INFO] [stderr]   CXXFLAGS_x86_64_unknown_linux_gnu = None
[INFO] [stderr]   cargo:rerun-if-env-changed=CXXFLAGS_x86_64-unknown-linux-gnu
[INFO] [stderr]   CXXFLAGS_x86_64-unknown-linux-gnu = None
[INFO] [stderr]   OPT_LEVEL = Some(0)
[INFO] [stderr]   OUT_DIR = Some(/opt/rustwide/target/debug/build/rustsat-cadical/c2aeb7a75e278c4f/out)
[INFO] [stderr]   TARGET = Some(x86_64-unknown-linux-gnu)
[INFO] [stderr]   CARGO_ENCODED_RUSTFLAGS = Some(--cap-lints=warn)
[INFO] [stderr]   HOST = Some(x86_64-unknown-linux-gnu)
[INFO] [stderr]   cargo:rerun-if-env-changed=CXX_x86_64-unknown-linux-gnu
[INFO] [stderr]   CXX_x86_64-unknown-linux-gnu = None
[INFO] [stderr]   cargo:rerun-if-env-changed=CXX_x86_64_unknown_linux_gnu
[INFO] [stderr]   CXX_x86_64_unknown_linux_gnu = None
[INFO] [stderr]   cargo:rerun-if-env-changed=HOST_CXX
[INFO] [stderr]   HOST_CXX = None
[INFO] [stderr]   cargo:rerun-if-env-changed=CXX
[INFO] [stderr]   CXX = None
[INFO] [stderr]   cargo:rerun-if-env-changed=CC_ENABLE_DEBUG_OUTPUT
[INFO] [stderr]   RUSTC_WRAPPER = None
[INFO] [stderr]   cargo:rerun-if-env-changed=CRATE_CC_NO_DEFAULTS
[INFO] [stderr]   CRATE_CC_NO_DEFAULTS = None
[INFO] [stderr]   DEBUG = Some(true)
[INFO] [stderr]   CARGO_CFG_TARGET_FEATURE = Some(fxsr,sse,sse2)
[INFO] [stderr]   cargo:rerun-if-env-changed=CXXFLAGS
[INFO] [stderr]   CXXFLAGS = None
[INFO] [stderr]   cargo:rerun-if-env-changed=HOST_CXXFLAGS
[INFO] [stderr]   HOST_CXXFLAGS = None
[INFO] [stderr]   cargo:rerun-if-env-changed=CXXFLAGS_x86_64_unknown_linux_gnu
[INFO] [stderr]   CXXFLAGS_x86_64_unknown_linux_gnu = None
[INFO] [stderr]   cargo:rerun-if-env-changed=CXXFLAGS_x86_64-unknown-linux-gnu
[INFO] [stderr]   CXXFLAGS_x86_64-unknown-linux-gnu = None
[INFO] [stderr]   OUT_DIR = Some(/opt/rustwide/target/debug/build/rustsat-cadical/c2aeb7a75e278c4f/out)
[INFO] [stderr]   TARGET = Some(x86_64-unknown-linux-gnu)
[INFO] [stderr]   CARGO_ENCODED_RUSTFLAGS = Some(--cap-lints=warn)
[INFO] [stderr]   HOST = Some(x86_64-unknown-linux-gnu)
[INFO] [stderr]   cargo:rerun-if-env-changed=CXX_x86_64-unknown-linux-gnu
[INFO] [stderr]   CXX_x86_64-unknown-linux-gnu = None
[INFO] [stderr]   cargo:rerun-if-env-changed=CXX_x86_64_unknown_linux_gnu
[INFO] [stderr]   CXX_x86_64_unknown_linux_gnu = None
[INFO] [stderr]   cargo:rerun-if-env-changed=HOST_CXX
[INFO] [stderr]   HOST_CXX = None
[INFO] [stderr]   cargo:rerun-if-env-changed=CXX
[INFO] [stderr]   CXX = None
[INFO] [stderr]   cargo:rerun-if-env-changed=CC_ENABLE_DEBUG_OUTPUT
[INFO] [stderr]   RUSTC_WRAPPER = None
[INFO] [stderr]   cargo:rerun-if-env-changed=CRATE_CC_NO_DEFAULTS
[INFO] [stderr]   CRATE_CC_NO_DEFAULTS = None
[INFO] [stderr]   DEBUG = Some(true)
[INFO] [stderr]   CARGO_CFG_TARGET_FEATURE = Some(fxsr,sse,sse2)
[INFO] [stderr]   cargo:rerun-if-env-changed=CXXFLAGS
[INFO] [stderr]   CXXFLAGS = None
[INFO] [stderr]   cargo:rerun-if-env-changed=HOST_CXXFLAGS
[INFO] [stderr]   HOST_CXXFLAGS = None
[INFO] [stderr]   cargo:rerun-if-env-changed=CXXFLAGS_x86_64_unknown_linux_gnu
[INFO] [stderr]   CXXFLAGS_x86_64_unknown_linux_gnu = None
[INFO] [stderr]   cargo:rerun-if-env-changed=CXXFLAGS_x86_64-unknown-linux-gnu
[INFO] [stderr]   CXXFLAGS_x86_64-unknown-linux-gnu = None
[INFO] [stderr]   cargo:rerun-if-env-changed=CC_x86_64-unknown-linux-gnu
[INFO] [stderr]   CC_x86_64-unknown-linux-gnu = None
[INFO] [stderr]   cargo:rerun-if-env-changed=CC_x86_64_unknown_linux_gnu
[INFO] [stderr]   CC_x86_64_unknown_linux_gnu = None
[INFO] [stderr]   cargo:rerun-if-env-changed=HOST_CC
[INFO] [stderr]   HOST_CC = None
[INFO] [stderr]   cargo:rerun-if-env-changed=CC
[INFO] [stderr]   CC = None
[INFO] [stderr]   cargo:rerun-if-env-changed=CFLAGS
[INFO] [stderr]   CFLAGS = None
[INFO] [stderr]   cargo:rerun-if-env-changed=HOST_CFLAGS
[INFO] [stderr]   HOST_CFLAGS = None
[INFO] [stderr]   cargo:rerun-if-env-changed=CFLAGS_x86_64_unknown_linux_gnu
[INFO] [stderr]   CFLAGS_x86_64_unknown_linux_gnu = None
[INFO] [stderr]   cargo:rerun-if-env-changed=CFLAGS_x86_64-unknown-linux-gnu
[INFO] [stderr]   CFLAGS_x86_64-unknown-linux-gnu = None
[INFO] [stderr]   cargo:rerun-if-env-changed=AR_x86_64-unknown-linux-gnu
[INFO] [stderr]   AR_x86_64-unknown-linux-gnu = None
[INFO] [stderr]   cargo:rerun-if-env-changed=AR_x86_64_unknown_linux_gnu
[INFO] [stderr]   AR_x86_64_unknown_linux_gnu = None
[INFO] [stderr]   cargo:rerun-if-env-changed=HOST_AR
[INFO] [stderr]   HOST_AR = None
[INFO] [stderr]   cargo:rerun-if-env-changed=AR
[INFO] [stderr]   AR = None
[INFO] [stderr]   cargo:rerun-if-env-changed=ARFLAGS
[INFO] [stderr]   ARFLAGS = None
[INFO] [stderr]   cargo:rerun-if-env-changed=HOST_ARFLAGS
[INFO] [stderr]   HOST_ARFLAGS = None
[INFO] [stderr]   cargo:rerun-if-env-changed=ARFLAGS_x86_64_unknown_linux_gnu
[INFO] [stderr]   ARFLAGS_x86_64_unknown_linux_gnu = None
[INFO] [stderr]   cargo:rerun-if-env-changed=ARFLAGS_x86_64-unknown-linux-gnu
[INFO] [stderr]   ARFLAGS_x86_64-unknown-linux-gnu = None
[INFO] [stderr]   cargo:rustc-link-lib=static=kitten
[INFO] [stderr]   cargo:rustc-link-search=native=/opt/rustwide/target/debug/build/rustsat-cadical/c2aeb7a75e278c4f/out
[INFO] [stderr]   cargo:warning=c++: fatal error: Killed signal terminated program cc1plus
[INFO] [stderr]   cargo:warning=compilation terminated.
[INFO] [stderr]   exit status: 0
[INFO] [stderr]   exit status: 1
[INFO] [stderr]   cargo:warning=ToolExecError: command did not execute successfully (status code exit status: 1): LC_ALL="C" "c++" "-O3" "-ffunction-sections" "-fdata-sections" "-fPIC" "-g" "-gdwarf-4" "-fno-omit-frame-pointer" "-m64" "-std=c++11" "-I" "/opt/rustwide/target/debug/build/rustsat-cadical/c2aeb7a75e278c4f/out" "-I" "cppsrc/src" "-I" "cpp-extension" "-w" "-DNDEBUG" "-DNCONTRACTS" "-DNTRACING" "-DQUIET" "-DNUNLOCKED" "-DV154" "-DV160" "-DV190" "-DV194" "-DV200" "-DV213" "-DV220" "-o" "/opt/rustwide/target/debug/build/rustsat-cadical/c2aeb7a75e278c4f/out/69138f56505aea00-config.o" "-c" "cppsrc/src/config.cpp"cargo:warning=c++: fatal error: Killed signal terminated program cc1plus
[INFO] [stderr]   cargo:warning=compilation terminated.
[INFO] [stderr] 
[INFO] [stderr]   exit status: 1
[INFO] [stderr]   cargo:warning=ToolExecError: command did not execute successfully (status code exit status: 1): LC_ALL="C" "c++" "-O3" "-ffunction-sections" "-fdata-sections" "-fPIC" "-g" "-gdwarf-4" "-fno-omit-frame-pointer" "-m64" "-std=c++11" "-I" "/opt/rustwide/target/debug/build/rustsat-cadical/c2aeb7a75e278c4f/out" "-I" "cppsrc/src" "-I" "cpp-extension" "-w" "-DNDEBUG" "-DNCONTRACTS" "-DNTRACING" "-DQUIET" "-DNUNLOCKED" "-DV154" "-DV160" "-DV190" "-DV194" "-DV200" "-DV213" "-DV220" "-o" "/opt/rustwide/target/debug/build/rustsat-cadical/c2aeb7a75e278c4f/out/69138f56505aea00-collect.o" "-c" "cppsrc/src/collect.cpp"cargo:warning=c++: fatal error: Killed signal terminated program cc1plus
[INFO] [stderr]   cargo:warning=compilation terminated.
[INFO] [stderr] 
[INFO] [stderr]   exit status: 0
[INFO] [stderr]   exit status: 1
[INFO] [stderr]   cargo:warning=ToolExecError: command did not execute successfully (status code exit status: 1): LC_ALL="C" "c++" "-O3" "-ffunction-sections" "-fdata-sections" "-fPIC" "-g" "-gdwarf-4" "-fno-omit-frame-pointer" "-m64" "-std=c++11" "-I" "/opt/rustwide/target/debug/build/rustsat-cadical/c2aeb7a75e278c4f/out" "-I" "cppsrc/src" "-I" "cpp-extension" "-w" "-DNDEBUG" "-DNCONTRACTS" "-DNTRACING" "-DQUIET" "-DNUNLOCKED" "-DV154" "-DV160" "-DV190" "-DV194" "-DV200" "-DV213" "-DV220" "-o" "/opt/rustwide/target/debug/build/rustsat-cadical/c2aeb7a75e278c4f/out/69138f56505aea00-analyze.o" "-c" "cppsrc/src/analyze.cpp"cargo:warning=c++: fatal error: Killed signal terminated program cc1plus
[INFO] [stderr]   cargo:warning=compilation terminated.
[INFO] [stderr] 
[INFO] [stderr]   exit status: 1
[INFO] [stderr]   cargo:warning=ToolExecError: command did not execute successfully (status code exit status: 1): LC_ALL="C" "c++" "-O3" "-ffunction-sections" "-fdata-sections" "-fPIC" "-g" "-gdwarf-4" "-fno-omit-frame-pointer" "-m64" "-std=c++11" "-I" "/opt/rustwide/target/debug/build/rustsat-cadical/c2aeb7a75e278c4f/out" "-I" "cppsrc/src" "-I" "cpp-extension" "-w" "-DNDEBUG" "-DNCONTRACTS" "-DNTRACING" "-DQUIET" "-DNUNLOCKED" "-DV154" "-DV160" "-DV190" "-DV194" "-DV200" "-DV213" "-DV220" "-o" "/opt/rustwide/target/debug/build/rustsat-cadical/c2aeb7a75e278c4f/out/69138f56505aea00-clause.o" "-c" "cppsrc/src/clause.cpp"cargo:warning=c++: fatal error: Killed signal terminated program cc1plus
[INFO] [stderr]   cargo:warning=compilation terminated.
[INFO] [stderr] 
[INFO] [stderr]   exit status: 1
[INFO] [stderr]   cargo:warning=ToolExecError: command did not execute successfully (status code exit status: 1): LC_ALL="C" "c++" "-O3" "-ffunction-sections" "-fdata-sections" "-fPIC" "-g" "-gdwarf-4" "-fno-omit-frame-pointer" "-m64" "-std=c++11" "-I" "/opt/rustwide/target/debug/build/rustsat-cadical/c2aeb7a75e278c4f/out" "-I" "cppsrc/src" "-I" "cpp-extension" "-w" "-DNDEBUG" "-DNCONTRACTS" "-DNTRACING" "-DQUIET" "-DNUNLOCKED" "-DV154" "-DV160" "-DV190" "-DV194" "-DV200" "-DV213" "-DV220" "-o" "/opt/rustwide/target/debug/build/rustsat-cadical/c2aeb7a75e278c4f/out/69138f56505aea00-condition.o" "-c" "cppsrc/src/condition.cpp"cargo:warning=c++: fatal error: Killed signal terminated program cc1plus
[INFO] [stderr]   cargo:warning=compilation terminated.
[INFO] [stderr] 
[INFO] [stderr]   exit status: 1
[INFO] [stderr]   cargo:warning=ToolExecError: command did not execute successfully (status code exit status: 1): LC_ALL="C" "c++" "-O3" "-ffunction-sections" "-fdata-sections" "-fPIC" "-g" "-gdwarf-4" "-fno-omit-frame-pointer" "-m64" "-std=c++11" "-I" "/opt/rustwide/target/debug/build/rustsat-cadical/c2aeb7a75e278c4f/out" "-I" "cppsrc/src" "-I" "cpp-extension" "-w" "-DNDEBUG" "-DNCONTRACTS" "-DNTRACING" "-DQUIET" "-DNUNLOCKED" "-DV154" "-DV160" "-DV190" "-DV194" "-DV200" "-DV213" "-DV220" "-o" "/opt/rustwide/target/debug/build/rustsat-cadical/c2aeb7a75e278c4f/out/69138f56505aea00-backtrack.o" "-c" "cppsrc/src/backtrack.cpp"cargo:warning=c++: fatal error: Killed signal terminated program cc1plus
[INFO] [stderr]   cargo:warning=compilation terminated.
[INFO] [stderr] 
[INFO] [stderr]   exit status: 1
[INFO] [stderr]   cargo:warning=ToolExecError: command did not execute successfully (status code exit status: 1): LC_ALL="C" "c++" "-O3" "-ffunction-sections" "-fdata-sections" "-fPIC" "-g" "-gdwarf-4" "-fno-omit-frame-pointer" "-m64" "-std=c++11" "-I" "/opt/rustwide/target/debug/build/rustsat-cadical/c2aeb7a75e278c4f/out" "-I" "cppsrc/src" "-I" "cpp-extension" "-w" "-DNDEBUG" "-DNCONTRACTS" "-DNTRACING" "-DQUIET" "-DNUNLOCKED" "-DV154" "-DV160" "-DV190" "-DV194" "-DV200" "-DV213" "-DV220" "-o" "/opt/rustwide/target/debug/build/rustsat-cadical/c2aeb7a75e278c4f/out/69138f56505aea00-compact.o" "-c" "cppsrc/src/compact.cpp"cargo:warning=c++: fatal error: Killed signal terminated program cc1plus
[INFO] [stderr]   cargo:warning=compilation terminated.
[INFO] [stderr] 
[INFO] [stderr]   exit status: 0
[INFO] [stderr]   exit status: 1
[INFO] [stderr]   cargo:warning=ToolExecError: command did not execute successfully (status code exit status: 1): LC_ALL="C" "c++" "-O3" "-ffunction-sections" "-fdata-sections" "-fPIC" "-g" "-gdwarf-4" "-fno-omit-frame-pointer" "-m64" "-std=c++11" "-I" "/opt/rustwide/target/debug/build/rustsat-cadical/c2aeb7a75e278c4f/out" "-I" "cppsrc/src" "-I" "cpp-extension" "-w" "-DNDEBUG" "-DNCONTRACTS" "-DNTRACING" "-DQUIET" "-DNUNLOCKED" "-DV154" "-DV160" "-DV190" "-DV194" "-DV200" "-DV213" "-DV220" "-o" "/opt/rustwide/target/debug/build/rustsat-cadical/c2aeb7a75e278c4f/out/69138f56505aea00-bins.o" "-c" "cppsrc/src/bins.cpp"cargo:warning=c++: fatal error: Killed signal terminated program cc1plus
[INFO] [stderr]   cargo:warning=compilation terminated.
[INFO] [stderr] 
[INFO] [stderr]   exit status: 1
[INFO] [stderr]   cargo:warning=ToolExecError: command did not execute successfully (status code exit status: 1): LC_ALL="C" "c++" "-O3" "-ffunction-sections" "-fdata-sections" "-fPIC" "-g" "-gdwarf-4" "-fno-omit-frame-pointer" "-m64" "-std=c++11" "-I" "/opt/rustwide/target/debug/build/rustsat-cadical/c2aeb7a75e278c4f/out" "-I" "cppsrc/src" "-I" "cpp-extension" "-w" "-DNDEBUG" "-DNCONTRACTS" "-DNTRACING" "-DQUIET" "-DNUNLOCKED" "-DV154" "-DV160" "-DV190" "-DV194" "-DV200" "-DV213" "-DV220" "-o" "/opt/rustwide/target/debug/build/rustsat-cadical/c2aeb7a75e278c4f/out/69138f56505aea00-block.o" "-c" "cppsrc/src/block.cpp"cargo:warning=c++: fatal error: Killed signal terminated program cc1plus
[INFO] [stderr]   cargo:warning=compilation terminated.
[INFO] [stderr] 
[INFO] [stderr]   exit status: 1
[INFO] [stderr]   cargo:warning=ToolExecError: command did not execute successfully (status code exit status: 1): LC_ALL="C" "c++" "-O3" "-ffunction-sections" "-fdata-sections" "-fPIC" "-g" "-gdwarf-4" "-fno-omit-frame-pointer" "-m64" "-std=c++11" "-I" "/opt/rustwide/target/debug/build/rustsat-cadical/c2aeb7a75e278c4f/out" "-I" "cppsrc/src" "-I" "cpp-extension" "-w" "-DNDEBUG" "-DNCONTRACTS" "-DNTRACING" "-DQUIET" "-DNUNLOCKED" "-DV154" "-DV160" "-DV190" "-DV194" "-DV200" "-DV213" "-DV220" "-o" "/opt/rustwide/target/debug/build/rustsat-cadical/c2aeb7a75e278c4f/out/69138f56505aea00-backward.o" "-c" "cppsrc/src/backward.cpp"cargo:warning=c++: fatal error: Killed signal terminated program cc1plus
[INFO] [stderr]   cargo:warning=compilation terminated.
[INFO] [stderr] 
[INFO] [stderr]   exit status: 0
[INFO] [stderr]   exit status: 1
[INFO] [stderr]   cargo:warning=ToolExecError: command did not execute successfully (status code exit status: 1): LC_ALL="C" "c++" "-O3" "-ffunction-sections" "-fdata-sections" "-fPIC" "-g" "-gdwarf-4" "-fno-omit-frame-pointer" "-m64" "-std=c++11" "-I" "/opt/rustwide/target/debug/build/rustsat-cadical/c2aeb7a75e278c4f/out" "-I" "cppsrc/src" "-I" "cpp-extension" "-w" "-DNDEBUG" "-DNCONTRACTS" "-DNTRACING" "-DQUIET" "-DNUNLOCKED" "-DV154" "-DV160" "-DV190" "-DV194" "-DV200" "-DV213" "-DV220" "-o" "/opt/rustwide/target/debug/build/rustsat-cadical/c2aeb7a75e278c4f/out/69138f56505aea00-assume.o" "-c" "cppsrc/src/assume.cpp"cargo:warning=c++: fatal error: Killed signal terminated program cc1plus
[INFO] [stderr]   cargo:warning=compilation terminated.
[INFO] [stderr] 
[INFO] [stderr]   exit status: 1
[INFO] [stderr]   cargo:warning=ToolExecError: command did not execute successfully (status code exit status: 1): LC_ALL="C" "c++" "-O3" "-ffunction-sections" "-fdata-sections" "-fPIC" "-g" "-gdwarf-4" "-fno-omit-frame-pointer" "-m64" "-std=c++11" "-I" "/opt/rustwide/target/debug/build/rustsat-cadical/c2aeb7a75e278c4f/out" "-I" "cppsrc/src" "-I" "cpp-extension" "-w" "-DNDEBUG" "-DNCONTRACTS" "-DNTRACING" "-DQUIET" "-DNUNLOCKED" "-DV154" "-DV160" "-DV190" "-DV194" "-DV200" "-DV213" "-DV220" "-o" "/opt/rustwide/target/debug/build/rustsat-cadical/c2aeb7a75e278c4f/out/69138f56505aea00-backbone.o" "-c" "cppsrc/src/backbone.cpp"cargo:warning=c++: fatal error: Killed signal terminated program cc1plus
[INFO] [stderr]   cargo:warning=compilation terminated.
[INFO] [stderr] 
[INFO] [stderr]   exit status: 1
[INFO] [stderr]   cargo:warning=ToolExecError: command did not execute successfully (status code exit status: 1): LC_ALL="C" "c++" "-O3" "-ffunction-sections" "-fdata-sections" "-fPIC" "-g" "-gdwarf-4" "-fno-omit-frame-pointer" "-m64" "-std=c++11" "-I" "/opt/rustwide/target/debug/build/rustsat-cadical/c2aeb7a75e278c4f/out" "-I" "cppsrc/src" "-I" "cpp-extension" "-w" "-DNDEBUG" "-DNCONTRACTS" "-DNTRACING" "-DQUIET" "-DNUNLOCKED" "-DV154" "-DV160" "-DV190" "-DV194" "-DV200" "-DV213" "-DV220" "-o" "/opt/rustwide/target/debug/build/rustsat-cadical/c2aeb7a75e278c4f/out/69138f56505aea00-congruence.o" "-c" "cppsrc/src/congruence.cpp"cargo:warning=c++: fatal error: Killed signal terminated program cc1plus
[INFO] [stderr]   cargo:warning=compilation terminated.
[INFO] [stderr] 
[INFO] [stderr]   exit status: 0
[INFO] [stderr]   exit status: 1
[INFO] [stderr]   cargo:warning=ToolExecError: command did not execute successfully (status code exit status: 1): LC_ALL="C" "c++" "-O3" "-ffunction-sections" "-fdata-sections" "-fPIC" "-g" "-gdwarf-4" "-fno-omit-frame-pointer" "-m64" "-std=c++11" "-I" "/opt/rustwide/target/debug/build/rustsat-cadical/c2aeb7a75e278c4f/out" "-I" "cppsrc/src" "-I" "cpp-extension" "-w" "-DNDEBUG" "-DNCONTRACTS" "-DNTRACING" "-DQUIET" "-DNUNLOCKED" "-DV154" "-DV160" "-DV190" "-DV194" "-DV200" "-DV213" "-DV220" "-o" "/opt/rustwide/target/debug/build/rustsat-cadical/c2aeb7a75e278c4f/out/69138f56505aea00-decompose.o" "-c" "cppsrc/src/decompose.cpp"cargo:warning=c++: fatal error: Killed signal terminated program cc1plus
[INFO] [stderr]   cargo:warning=compilation terminated.
[INFO] [stderr] 
[INFO] [stderr]   exit status: 1
[INFO] [stderr]   cargo:warning=ToolExecError: command did not execute successfully (status code exit status: 1): LC_ALL="C" "c++" "-O3" "-ffunction-sections" "-fdata-sections" "-fPIC" "-g" "-gdwarf-4" "-fno-omit-frame-pointer" "-m64" "-std=c++11" "-I" "/opt/rustwide/target/debug/build/rustsat-cadical/c2aeb7a75e278c4f/out" "-I" "cppsrc/src" "-I" "cpp-extension" "-w" "-DNDEBUG" "-DNCONTRACTS" "-DNTRACING" "-DQUIET" "-DNUNLOCKED" "-DV154" "-DV160" "-DV190" "-DV194" "-DV200" "-DV213" "-DV220" "-o" "/opt/rustwide/target/debug/build/rustsat-cadical/c2aeb7a75e278c4f/out/69138f56505aea00-checker.o" "-c" "cppsrc/src/checker.cpp"cargo:warning=c++: fatal error: Killed signal terminated program cc1plus
[INFO] [stderr]   cargo:warning=compilation terminated.
[INFO] [stderr] 
[INFO] [stderr]   exit status: 0
[INFO] [stderr]   exit status: 0
[INFO] [stderr]   exit status: 1
[INFO] [stderr]   cargo:warning=ToolExecError: command did not execute successfully (status code exit status: 1): LC_ALL="C" "c++" "-O3" "-ffunction-sections" "-fdata-sections" "-fPIC" "-g" "-gdwarf-4" "-fno-omit-frame-pointer" "-m64" "-std=c++11" "-I" "/opt/rustwide/target/debug/build/rustsat-cadical/c2aeb7a75e278c4f/out" "-I" "cppsrc/src" "-I" "cpp-extension" "-w" "-DNDEBUG" "-DNCONTRACTS" "-DNTRACING" "-DQUIET" "-DNUNLOCKED" "-DV154" "-DV160" "-DV190" "-DV194" "-DV200" "-DV213" "-DV220" "-o" "/opt/rustwide/target/debug/build/rustsat-cadical/c2aeb7a75e278c4f/out/69138f56505aea00-deduplicate.o" "-c" "cppsrc/src/deduplicate.cpp"cargo:warning=c++: fatal error: Killed signal terminated program cc1plus
[INFO] [stderr]   cargo:warning=compilation terminated.
[INFO] [stderr] 
[INFO] [stderr]   exit status: 1
[INFO] [stderr]   cargo:warning=ToolExecError: command did not execute successfully (status code exit status: 1): LC_ALL="C" "c++" "-O3" "-ffunction-sections" "-fdata-sections" "-fPIC" "-g" "-gdwarf-4" "-fno-omit-frame-pointer" "-m64" "-std=c++11" "-I" "/opt/rustwide/target/debug/build/rustsat-cadical/c2aeb7a75e278c4f/out" "-I" "cppsrc/src" "-I" "cpp-extension" "-w" "-DNDEBUG" "-DNCONTRACTS" "-DNTRACING" "-DQUIET" "-DNUNLOCKED" "-DV154" "-DV160" "-DV190" "-DV194" "-DV200" "-DV213" "-DV220" "-o" "/opt/rustwide/target/debug/build/rustsat-cadical/c2aeb7a75e278c4f/out/69138f56505aea00-external.o" "-c" "cppsrc/src/external.cpp"cargo:warning=c++: fatal error: Killed signal terminated program cc1plus
[INFO] [stderr]   cargo:warning=compilation terminated.
[INFO] [stderr] 
[INFO] [stderr]   exit status: 1
[INFO] [stderr]   cargo:warning=ToolExecError: command did not execute successfully (status code exit status: 1): LC_ALL="C" "c++" "-O3" "-ffunction-sections" "-fdata-sections" "-fPIC" "-g" "-gdwarf-4" "-fno-omit-frame-pointer" "-m64" "-std=c++11" "-I" "/opt/rustwide/target/debug/build/rustsat-cadical/c2aeb7a75e278c4f/out" "-I" "cppsrc/src" "-I" "cpp-extension" "-w" "-DNDEBUG" "-DNCONTRACTS" "-DNTRACING" "-DQUIET" "-DNUNLOCKED" "-DV154" "-DV160" "-DV190" "-DV194" "-DV200" "-DV213" "-DV220" "-o" "/opt/rustwide/target/debug/build/rustsat-cadical/c2aeb7a75e278c4f/out/69138f56505aea00-cover.o" "-c" "cppsrc/src/cover.cpp"cargo:warning=c++: fatal error: Killed signal terminated program cc1plus
[INFO] [stderr]   cargo:warning=compilation terminated.
[INFO] [stderr] 
[INFO] [stderr]   exit status: 1
[INFO] [stderr]   cargo:warning=ToolExecError: command did not execute successfully (status code exit status: 1): LC_ALL="C" "c++" "-O3" "-ffunction-sections" "-fdata-sections" "-fPIC" "-g" "-gdwarf-4" "-fno-omit-frame-pointer" "-m64" "-std=c++11" "-I" "/opt/rustwide/target/debug/build/rustsat-cadical/c2aeb7a75e278c4f/out" "-I" "cppsrc/src" "-I" "cpp-extension" "-w" "-DNDEBUG" "-DNCONTRACTS" "-DNTRACING" "-DQUIET" "-DNUNLOCKED" "-DV154" "-DV160" "-DV190" "-DV194" "-DV200" "-DV213" "-DV220" "-o" "/opt/rustwide/target/debug/build/rustsat-cadical/c2aeb7a75e278c4f/out/69138f56505aea00-decide.o" "-c" "cppsrc/src/decide.cpp"cargo:warning=c++: fatal error: Killed signal terminated program cc1plus
[INFO] [stderr]   cargo:warning=compilation terminated.
[INFO] [stderr] 
[INFO] [stderr]   exit status: 1
[INFO] [stderr]   cargo:warning=ToolExecError: command did not execute successfully (status code exit status: 1): LC_ALL="C" "c++" "-O3" "-ffunction-sections" "-fdata-sections" "-fPIC" "-g" "-gdwarf-4" "-fno-omit-frame-pointer" "-m64" "-std=c++11" "-I" "/opt/rustwide/target/debug/build/rustsat-cadical/c2aeb7a75e278c4f/out" "-I" "cppsrc/src" "-I" "cpp-extension" "-w" "-DNDEBUG" "-DNCONTRACTS" "-DNTRACING" "-DQUIET" "-DNUNLOCKED" "-DV154" "-DV160" "-DV190" "-DV194" "-DV200" "-DV213" "-DV220" "-o" "/opt/rustwide/target/debug/build/rustsat-cadical/c2aeb7a75e278c4f/out/69138f56505aea00-elim.o" "-c" "cppsrc/src/elim.cpp"cargo:warning=c++: fatal error: Killed signal terminated program cc1plus
[INFO] [stderr]   cargo:warning=compilation terminated.
[INFO] [stderr] 
[INFO] [stderr]   exit status: 1
[INFO] [stderr]   cargo:warning=ToolExecError: command did not execute successfully (status code exit status: 1): LC_ALL="C" "c++" "-O3" "-ffunction-sections" "-fdata-sections" "-fPIC" "-g" "-gdwarf-4" "-fno-omit-frame-pointer" "-m64" "-std=c++11" "-I" "/opt/rustwide/target/debug/build/rustsat-cadical/c2aeb7a75e278c4f/out" "-I" "cppsrc/src" "-I" "cpp-extension" "-w" "-DNDEBUG" "-DNCONTRACTS" "-DNTRACING" "-DQUIET" "-DNUNLOCKED" "-DV154" "-DV160" "-DV190" "-DV194" "-DV200" "-DV213" "-DV220" "-o" "/opt/rustwide/target/debug/build/rustsat-cadical/c2aeb7a75e278c4f/out/69138f56505aea00-definition.o" "-c" "cppsrc/src/definition.cpp"cargo:warning=c++: fatal error: Killed signal terminated program cc1plus
[INFO] [stderr]   cargo:warning=compilation terminated.
[INFO] [stderr] 
[INFO] [stderr]   exit status: 1
[INFO] [stderr]   cargo:warning=ToolExecError: command did not execute successfully (status code exit status: 1): LC_ALL="C" "c++" "-O3" "-ffunction-sections" "-fdata-sections" "-fPIC" "-g" "-gdwarf-4" "-fno-omit-frame-pointer" "-m64" "-std=c++11" "-I" "/opt/rustwide/target/debug/build/rustsat-cadical/c2aeb7a75e278c4f/out" "-I" "cppsrc/src" "-I" "cpp-extension" "-w" "-DNDEBUG" "-DNCONTRACTS" "-DNTRACING" "-DQUIET" "-DNUNLOCKED" "-DV154" "-DV160" "-DV190" "-DV194" "-DV200" "-DV213" "-DV220" "-o" "/opt/rustwide/target/debug/build/rustsat-cadical/c2aeb7a75e278c4f/out/69138f56505aea00-extend.o" "-c" "cppsrc/src/extend.cpp"cargo:warning=c++: fatal error: Killed signal terminated program cc1plus
[INFO] [stderr]   cargo:warning=compilation terminated.
[INFO] [stderr] 
[INFO] [stderr]   exit status: 1
[INFO] [stderr]   cargo:warning=ToolExecError: command did not execute successfully (status code exit status: 1): LC_ALL="C" "c++" "-O3" "-ffunction-sections" "-fdata-sections" "-fPIC" "-g" "-gdwarf-4" "-fno-omit-frame-pointer" "-m64" "-std=c++11" "-I" "/opt/rustwide/target/debug/build/rustsat-cadical/c2aeb7a75e278c4f/out" "-I" "cppsrc/src" "-I" "cpp-extension" "-w" "-DNDEBUG" "-DNCONTRACTS" "-DNTRACING" "-DQUIET" "-DNUNLOCKED" "-DV154" "-DV160" "-DV190" "-DV194" "-DV200" "-DV213" "-DV220" "-o" "/opt/rustwide/target/debug/build/rustsat-cadical/c2aeb7a75e278c4f/out/69138f56505aea00-external_propagate.o" "-c" "cppsrc/src/external_propagate.cpp"cargo:warning=c++: fatal error: Killed signal terminated program cc1plus
[INFO] [stderr]   cargo:warning=compilation terminated.
[INFO] [stderr] 
[INFO] [stderr]   exit status: 1
[INFO] [stderr]   cargo:warning=ToolExecError: command did not execute successfully (status code exit status: 1): LC_ALL="C" "c++" "-O3" "-ffunction-sections" "-fdata-sections" "-fPIC" "-g" "-gdwarf-4" "-fno-omit-frame-pointer" "-m64" "-std=c++11" "-I" "/opt/rustwide/target/debug/build/rustsat-cadical/c2aeb7a75e278c4f/out" "-I" "cppsrc/src" "-I" "cpp-extension" "-w" "-DNDEBUG" "-DNCONTRACTS" "-DNTRACING" "-DQUIET" "-DNUNLOCKED" "-DV154" "-DV160" "-DV190" "-DV194" "-DV200" "-DV213" "-DV220" "-o" "/opt/rustwide/target/debug/build/rustsat-cadical/c2aeb7a75e278c4f/out/69138f56505aea00-factor.o" "-c" "cppsrc/src/factor.cpp"cargo:warning=c++: fatal error: Killed signal terminated program cc1plus
[INFO] [stderr]   cargo:warning=compilation terminated.
[INFO] [stderr] 
[INFO] [stderr]   exit status: 0
[INFO] [stderr]   exit status: 0
[INFO] [stderr]   exit status: 0
[INFO] [stderr]   exit status: 0
[INFO] [stderr]   exit status: 0
[INFO] [stderr]   exit status: 1
[INFO] [stderr]   cargo:warning=ToolExecError: command did not execute successfully (status code exit status: 1): LC_ALL="C" "c++" "-O3" "-ffunction-sections" "-fdata-sections" "-fPIC" "-g" "-gdwarf-4" "-fno-omit-frame-pointer" "-m64" "-std=c++11" "-I" "/opt/rustwide/target/debug/build/rustsat-cadical/c2aeb7a75e278c4f/out" "-I" "cppsrc/src" "-I" "cpp-extension" "-w" "-DNDEBUG" "-DNCONTRACTS" "-DNTRACING" "-DQUIET" "-DNUNLOCKED" "-DV154" "-DV160" "-DV190" "-DV194" "-DV200" "-DV213" "-DV220" "-o" "/opt/rustwide/target/debug/build/rustsat-cadical/c2aeb7a75e278c4f/out/69138f56505aea00-elimfast.o" "-c" "cppsrc/src/elimfast.cpp"cargo:warning=c++: fatal error: Killed signal terminated program cc1plus
[INFO] [stderr]   cargo:warning=compilation terminated.
[INFO] [stderr] 
[INFO] [stderr]   exit status: 1
[INFO] [stderr]   cargo:warning=ToolExecError: command did not execute successfully (status code exit status: 1): LC_ALL="C" "c++" "-O3" "-ffunction-sections" "-fdata-sections" "-fPIC" "-g" "-gdwarf-4" "-fno-omit-frame-pointer" "-m64" "-std=c++11" "-I" "/opt/rustwide/target/debug/build/rustsat-cadical/c2aeb7a75e278c4f/out" "-I" "cppsrc/src" "-I" "cpp-extension" "-w" "-DNDEBUG" "-DNCONTRACTS" "-DNTRACING" "-DQUIET" "-DNUNLOCKED" "-DV154" "-DV160" "-DV190" "-DV194" "-DV200" "-DV213" "-DV220" "-o" "/opt/rustwide/target/debug/build/rustsat-cadical/c2aeb7a75e278c4f/out/69138f56505aea00-idruptracer.o" "-c" "cppsrc/src/idruptracer.cpp"cargo:warning=c++: fatal error: Killed signal terminated program cc1plus
[INFO] [stderr]   cargo:warning=compilation terminated.
[INFO] [stderr] 
[INFO] [stderr]   exit status: 1
[INFO] [stderr]   cargo:warning=ToolExecError: command did not execute successfully (status code exit status: 1): LC_ALL="C" "c++" "-O3" "-ffunction-sections" "-fdata-sections" "-fPIC" "-g" "-gdwarf-4" "-fno-omit-frame-pointer" "-m64" "-std=c++11" "-I" "/opt/rustwide/target/debug/build/rustsat-cadical/c2aeb7a75e278c4f/out" "-I" "cppsrc/src" "-I" "cpp-extension" "-w" "-DNDEBUG" "-DNCONTRACTS" "-DNTRACING" "-DQUIET" "-DNUNLOCKED" "-DV154" "-DV160" "-DV190" "-DV194" "-DV200" "-DV213" "-DV220" "-o" "/opt/rustwide/target/debug/build/rustsat-cadical/c2aeb7a75e278c4f/out/69138f56505aea00-instantiate.o" "-c" "cppsrc/src/instantiate.cpp"cargo:warning=c++: fatal error: Killed signal terminated program cc1plus
[INFO] [stderr]   cargo:warning=compilation terminated.
[INFO] [stderr] 
[INFO] [stderr]   exit status: 0
[INFO] [stderr]   exit status: 1
[INFO] [stderr]   cargo:warning=ToolExecError: command did not execute successfully (status code exit status: 1): LC_ALL="C" "c++" "-O3" "-ffunction-sections" "-fdata-sections" "-fPIC" "-g" "-gdwarf-4" "-fno-omit-frame-pointer" "-m64" "-std=c++11" "-I" "/opt/rustwide/target/debug/build/rustsat-cadical/c2aeb7a75e278c4f/out" "-I" "cppsrc/src" "-I" "cpp-extension" "-w" "-DNDEBUG" "-DNCONTRACTS" "-DNTRACING" "-DQUIET" "-DNUNLOCKED" "-DV154" "-DV160" "-DV190" "-DV194" "-DV200" "-DV213" "-DV220" "-o" "/opt/rustwide/target/debug/build/rustsat-cadical/c2aeb7a75e278c4f/out/69138f56505aea00-gates.o" "-c" "cppsrc/src/gates.cpp"cargo:warning=c++: fatal error: Killed signal terminated program cc1plus
[INFO] [stderr]   cargo:warning=compilation terminated.
[INFO] [stderr] 
[INFO] [stderr]   exit status: 1
[INFO] [stderr]   cargo:warning=ToolExecError: command did not execute successfully (status code exit status: 1): LC_ALL="C" "c++" "-O3" "-ffunction-sections" "-fdata-sections" "-fPIC" "-g" "-gdwarf-4" "-fno-omit-frame-pointer" "-m64" "-std=c++11" "-I" "/opt/rustwide/target/debug/build/rustsat-cadical/c2aeb7a75e278c4f/out" "-I" "cppsrc/src" "-I" "cpp-extension" "-w" "-DNDEBUG" "-DNCONTRACTS" "-DNTRACING" "-DQUIET" "-DNUNLOCKED" "-DV154" "-DV160" "-DV190" "-DV194" "-DV200" "-DV213" "-DV220" "-o" "/opt/rustwide/target/debug/build/rustsat-cadical/c2aeb7a75e278c4f/out/69138f56505aea00-internal.o" "-c" "cppsrc/src/internal.cpp"cargo:warning=c++: fatal error: Killed signal terminated program cc1plus
[INFO] [stderr]   cargo:warning=compilation terminated.
[INFO] [stderr] 
[INFO] [stderr]   exit status: 0
[INFO] [stderr]   exit status: 0
[INFO] [stderr]   exit status: 0
[INFO] [stderr]   exit status: 0
[INFO] [stderr]   exit status: 0
[INFO] [stderr]   exit status: 0
[INFO] [stderr]   exit status: 1
[INFO] [stderr]   cargo:warning=ToolExecError: command did not execute successfully (status code exit status: 1): LC_ALL="C" "c++" "-O3" "-ffunction-sections" "-fdata-sections" "-fPIC" "-g" "-gdwarf-4" "-fno-omit-frame-pointer" "-m64" "-std=c++11" "-I" "/opt/rustwide/target/debug/build/rustsat-cadical/c2aeb7a75e278c4f/out" "-I" "cppsrc/src" "-I" "cpp-extension" "-w" "-DNDEBUG" "-DNCONTRACTS" "-DNTRACING" "-DQUIET" "-DNUNLOCKED" "-DV154" "-DV160" "-DV190" "-DV194" "-DV200" "-DV213" "-DV220" "-o" "/opt/rustwide/target/debug/build/rustsat-cadical/c2aeb7a75e278c4f/out/69138f56505aea00-options.o" "-c" "cppsrc/src/options.cpp"cargo:warning=c++: fatal error: Killed signal terminated program cc1plus
[INFO] [stderr]   cargo:warning=compilation terminated.
[INFO] [stderr] 
[INFO] [stderr]   exit status: 0
[INFO] [stderr]   exit status: 1
[INFO] [stderr]   cargo:warning=ToolExecError: command did not execute successfully (status code exit status: 1): LC_ALL="C" "c++" "-O3" "-ffunction-sections" "-fdata-sections" "-fPIC" "-g" "-gdwarf-4" "-fno-omit-frame-pointer" "-m64" "-std=c++11" "-I" "/opt/rustwide/target/debug/build/rustsat-cadical/c2aeb7a75e278c4f/out" "-I" "cppsrc/src" "-I" "cpp-extension" "-w" "-DNDEBUG" "-DNCONTRACTS" "-DNTRACING" "-DQUIET" "-DNUNLOCKED" "-DV154" "-DV160" "-DV190" "-DV194" "-DV200" "-DV213" "-DV220" "-o" "/opt/rustwide/target/debug/build/rustsat-cadical/c2aeb7a75e278c4f/out/69138f56505aea00-lratchecker.o" "-c" "cppsrc/src/lratchecker.cpp"cargo:warning=c++: fatal error: Killed signal terminated program cc1plus
[INFO] [stderr]   cargo:warning=compilation terminated.
[INFO] [stderr] 
[INFO] [stderr]   exit status: 1
[INFO] [stderr]   cargo:warning=ToolExecError: command did not execute successfully (status code exit status: 1): LC_ALL="C" "c++" "-O3" "-ffunction-sections" "-fdata-sections" "-fPIC" "-g" "-gdwarf-4" "-fno-omit-frame-pointer" "-m64" "-std=c++11" "-I" "/opt/rustwide/target/debug/build/rustsat-cadical/c2aeb7a75e278c4f/out" "-I" "cppsrc/src" "-I" "cpp-extension" "-w" "-DNDEBUG" "-DNCONTRACTS" "-DNTRACING" "-DQUIET" "-DNUNLOCKED" "-DV154" "-DV160" "-DV190" "-DV194" "-DV200" "-DV213" "-DV220" "-o" "/opt/rustwide/target/debug/build/rustsat-cadical/c2aeb7a75e278c4f/out/69138f56505aea00-lookahead.o" "-c" "cppsrc/src/lookahead.cpp"cargo:warning=c++: fatal error: Killed signal terminated program cc1plus
[INFO] [stderr]   cargo:warning=compilation terminated.
[INFO] [stderr] 
[INFO] [stderr]   exit status: 0
[INFO] [stderr]   exit status: 1
[INFO] [stderr]   cargo:warning=ToolExecError: command did not execute successfully (status code exit status: 1): LC_ALL="C" "c++" "-O3" "-ffunction-sections" "-fdata-sections" "-fPIC" "-g" "-gdwarf-4" "-fno-omit-frame-pointer" "-m64" "-std=c++11" "-I" "/opt/rustwide/target/debug/build/rustsat-cadical/c2aeb7a75e278c4f/out" "-I" "cppsrc/src" "-I" "cpp-extension" "-w" "-DNDEBUG" "-DNCONTRACTS" "-DNTRACING" "-DQUIET" "-DNUNLOCKED" "-DV154" "-DV160" "-DV190" "-DV194" "-DV200" "-DV213" "-DV220" "-o" "/opt/rustwide/target/debug/build/rustsat-cadical/c2aeb7a75e278c4f/out/69138f56505aea00-lidruptracer.o" "-c" "cppsrc/src/lidruptracer.cpp"cargo:warning=c++: fatal error: Killed signal terminated program cc1plus
[INFO] [stderr]   cargo:warning=compilation terminated.
[INFO] [stderr] 
[INFO] [stderr]   exit status: 0
[INFO] [stderr]   exit status: 0
[INFO] [stderr]   exit status: 0
[INFO] [stderr]   exit status: 0
[INFO] [stderr]   exit status: 1
[INFO] [stderr]   cargo:warning=ToolExecError: command did not execute successfully (status code exit status: 1): LC_ALL="C" "c++" "-O3" "-ffunction-sections" "-fdata-sections" "-fPIC" "-g" "-gdwarf-4" "-fno-omit-frame-pointer" "-m64" "-std=c++11" "-I" "/opt/rustwide/target/debug/build/rustsat-cadical/c2aeb7a75e278c4f/out" "-I" "cppsrc/src" "-I" "cpp-extension" "-w" "-DNDEBUG" "-DNCONTRACTS" "-DNTRACING" "-DQUIET" "-DNUNLOCKED" "-DV154" "-DV160" "-DV190" "-DV194" "-DV200" "-DV213" "-DV220" "-o" "/opt/rustwide/target/debug/build/rustsat-cadical/c2aeb7a75e278c4f/out/69138f56505aea00-probe.o" "-c" "cppsrc/src/probe.cpp"cargo:warning=c++: fatal error: Killed signal terminated program cc1plus
[INFO] [stderr]   cargo:warning=compilation terminated.
[INFO] [stderr] 
[INFO] [stderr]   exit status: 0
[INFO] [stderr]   exit status: 0
[INFO] [stderr]   exit status: 0
[INFO] [stderr]   exit status: 1
[INFO] [stderr]   cargo:warning=ToolExecError: command did not execute successfully (status code exit status: 1): LC_ALL="C" "c++" "-O3" "-ffunction-sections" "-fdata-sections" "-fPIC" "-g" "-gdwarf-4" "-fno-omit-frame-pointer" "-m64" "-std=c++11" "-I" "/opt/rustwide/target/debug/build/rustsat-cadical/c2aeb7a75e278c4f/out" "-I" "cppsrc/src" "-I" "cpp-extension" "-w" "-DNDEBUG" "-DNCONTRACTS" "-DNTRACING" "-DQUIET" "-DNUNLOCKED" "-DV154" "-DV160" "-DV190" "-DV194" "-DV200" "-DV213" "-DV220" "-o" "/opt/rustwide/target/debug/build/rustsat-cadical/c2aeb7a75e278c4f/out/69138f56505aea00-proof.o" "-c" "cppsrc/src/proof.cpp"cargo:warning=c++: fatal error: Killed signal terminated program cc1plus
[INFO] [stderr]   cargo:warning=compilation terminated.
[INFO] [stderr] 
[INFO] [stderr]   exit status: 1
[INFO] [stderr]   cargo:warning=ToolExecError: command did not execute successfully (status code exit status: 1): LC_ALL="C" "c++" "-O3" "-ffunction-sections" "-fdata-sections" "-fPIC" "-g" "-gdwarf-4" "-fno-omit-frame-pointer" "-m64" "-std=c++11" "-I" "/opt/rustwide/target/debug/build/rustsat-cadical/c2aeb7a75e278c4f/out" "-I" "cppsrc/src" "-I" "cpp-extension" "-w" "-DNDEBUG" "-DNCONTRACTS" "-DNTRACING" "-DQUIET" "-DNUNLOCKED" "-DV154" "-DV160" "-DV190" "-DV194" "-DV200" "-DV213" "-DV220" "-o" "/opt/rustwide/target/debug/build/rustsat-cadical/c2aeb7a75e278c4f/out/69138f56505aea00-reduce.o" "-c" "cppsrc/src/reduce.cpp"cargo:warning=c++: fatal error: Killed signal terminated program cc1plus
[INFO] [stderr]   cargo:warning=compilation terminated.
[INFO] [stderr] 
[INFO] [stderr]   exit status: 0
[INFO] [stderr]   exit status: 0
[INFO] [stderr]   exit status: 0
[INFO] [stderr]   exit status: 0
[INFO] [stderr]   exit status: 0
[INFO] [stderr]   exit status: 0
[INFO] [stderr]   exit status: 0
[INFO] [stderr]   exit status: 1
[INFO] [stderr]   cargo:warning=ToolExecError: command did not execute successfully (status code exit status: 1): LC_ALL="C" "c++" "-O3" "-ffunction-sections" "-fdata-sections" "-fPIC" "-g" "-gdwarf-4" "-fno-omit-frame-pointer" "-m64" "-std=c++11" "-I" "/opt/rustwide/target/debug/build/rustsat-cadical/c2aeb7a75e278c4f/out" "-I" "cppsrc/src" "-I" "cpp-extension" "-w" "-DNDEBUG" "-DNCONTRACTS" "-DNTRACING" "-DQUIET" "-DNUNLOCKED" "-DV154" "-DV160" "-DV190" "-DV194" "-DV200" "-DV213" "-DV220" "-o" "/opt/rustwide/target/debug/build/rustsat-cadical/c2aeb7a75e278c4f/out/69138f56505aea00-restore.o" "-c" "cppsrc/src/restore.cpp"cargo:warning=c++: fatal error: Killed signal terminated program cc1plus
[INFO] [stderr]   cargo:warning=compilation terminated.
[INFO] [stderr] 
[INFO] [stderr]   exit status: 1
[INFO] [stderr]   cargo:warning=ToolExecError: command did not execute successfully (status code exit status: 1): LC_ALL="C" "c++" "-O3" "-ffunction-sections" "-fdata-sections" "-fPIC" "-g" "-gdwarf-4" "-fno-omit-frame-pointer" "-m64" "-std=c++11" "-I" "/opt/rustwide/target/debug/build/rustsat-cadical/c2aeb7a75e278c4f/out" "-I" "cppsrc/src" "-I" "cpp-extension" "-w" "-DNDEBUG" "-DNCONTRACTS" "-DNTRACING" "-DQUIET" "-DNUNLOCKED" "-DV154" "-DV160" "-DV190" "-DV194" "-DV200" "-DV213" "-DV220" "-o" "/opt/rustwide/target/debug/build/rustsat-cadical/c2aeb7a75e278c4f/out/69138f56505aea00-score.o" "-c" "cppsrc/src/score.cpp"cargo:warning=c++: fatal error: Killed signal terminated program cc1plus
[INFO] [stderr]   cargo:warning=compilation terminated.
[INFO] [stderr] 
[INFO] [stderr]   exit status: 0
[INFO] [stderr]   exit status: 1
[INFO] [stderr]   cargo:warning=ToolExecError: command did not execute successfully (status code exit status: 1): LC_ALL="C" "c++" "-O3" "-ffunction-sections" "-fdata-sections" "-fPIC" "-g" "-gdwarf-4" "-fno-omit-frame-pointer" "-m64" "-std=c++11" "-I" "/opt/rustwide/target/debug/build/rustsat-cadical/c2aeb7a75e278c4f/out" "-I" "cppsrc/src" "-I" "cpp-extension" "-w" "-DNDEBUG" "-DNCONTRACTS" "-DNTRACING" "-DQUIET" "-DNUNLOCKED" "-DV154" "-DV160" "-DV190" "-DV194" "-DV200" "-DV213" "-DV220" "-o" "/opt/rustwide/target/debug/build/rustsat-cadical/c2aeb7a75e278c4f/out/69138f56505aea00-shrink.o" "-c" "cppsrc/src/shrink.cpp"cargo:warning=c++: fatal error: Killed signal terminated program cc1plus
[INFO] [stderr]   cargo:warning=compilation terminated.
[INFO] [stderr] 
[INFO] [stderr]   exit status: 1
[INFO] [stderr]   cargo:warning=ToolExecError: command did not execute successfully (status code exit status: 1): LC_ALL="C" "c++" "-O3" "-ffunction-sections" "-fdata-sections" "-fPIC" "-g" "-gdwarf-4" "-fno-omit-frame-pointer" "-m64" "-std=c++11" "-I" "/opt/rustwide/target/debug/build/rustsat-cadical/c2aeb7a75e278c4f/out" "-I" "cppsrc/src" "-I" "cpp-extension" "-w" "-DNDEBUG" "-DNCONTRACTS" "-DNTRACING" "-DQUIET" "-DNUNLOCKED" "-DV154" "-DV160" "-DV190" "-DV194" "-DV200" "-DV213" "-DV220" "-o" "/opt/rustwide/target/debug/build/rustsat-cadical/c2aeb7a75e278c4f/out/69138f56505aea00-solver.o" "-c" "cppsrc/src/solver.cpp"cargo:warning=c++: fatal error: Killed signal terminated program cc1plus
[INFO] [stderr]   cargo:warning=compilation terminated.
[INFO] [stderr] 
[INFO] [stderr]   exit status: 0
[INFO] [stderr]   exit status: 1
[INFO] [stderr]   cargo:warning=ToolExecError: command did not execute successfully (status code exit status: 1): LC_ALL="C" "c++" "-O3" "-ffunction-sections" "-fdata-sections" "-fPIC" "-g" "-gdwarf-4" "-fno-omit-frame-pointer" "-m64" "-std=c++11" "-I" "/opt/rustwide/target/debug/build/rustsat-cadical/c2aeb7a75e278c4f/out" "-I" "cppsrc/src" "-I" "cpp-extension" "-w" "-DNDEBUG" "-DNCONTRACTS" "-DNTRACING" "-DQUIET" "-DNUNLOCKED" "-DV154" "-DV160" "-DV190" "-DV194" "-DV200" "-DV213" "-DV220" "-o" "/opt/rustwide/target/debug/build/rustsat-cadical/c2aeb7a75e278c4f/out/69138f56505aea00-subsume.o" "-c" "cppsrc/src/subsume.cpp"cargo:warning=c++: fatal error: Killed signal terminated program cc1plus
[INFO] [stderr]   cargo:warning=compilation terminated.
[INFO] [stderr] 
[INFO] [stderr]   exit status: 1
[INFO] [stderr]   cargo:warning=ToolExecError: command did not execute successfully (status code exit status: 1): LC_ALL="C" "c++" "-O3" "-ffunction-sections" "-fdata-sections" "-fPIC" "-g" "-gdwarf-4" "-fno-omit-frame-pointer" "-m64" "-std=c++11" "-I" "/opt/rustwide/target/debug/build/rustsat-cadical/c2aeb7a75e278c4f/out" "-I" "cppsrc/src" "-I" "cpp-extension" "-w" "-DNDEBUG" "-DNCONTRACTS" "-DNTRACING" "-DQUIET" "-DNUNLOCKED" "-DV154" "-DV160" "-DV190" "-DV194" "-DV200" "-DV213" "-DV220" "-o" "/opt/rustwide/target/debug/build/rustsat-cadical/c2aeb7a75e278c4f/out/69138f56505aea00-sweep.o" "-c" "cppsrc/src/sweep.cpp"
[INFO] [stderr]   exit status: 0
[INFO] [stderr]   exit status: 0
[INFO] [stderr]   exit status: 0
[INFO] [stderr]   exit status: 0
[INFO] [stderr]   exit status: 0
[INFO] [stderr]   exit status: 0
[INFO] [stderr]   exit status: 0
[INFO] [stderr]   exit status: 0
[INFO] [stderr]   exit status: 0
[INFO] [stderr]   exit status: 0
[INFO] [stderr]   exit status: 0
[INFO] [stderr] 
[INFO] [stderr]   --- stderr
[INFO] [stderr] 
[INFO] [stderr] 
[INFO] [stderr]   error occurred in cc-rs: command did not execute successfully (status code exit status: 1): LC_ALL="C" "c++" "-O3" "-ffunction-sections" "-fdata-sections" "-fPIC" "-g" "-gdwarf-4" "-fno-omit-frame-pointer" "-m64" "-std=c++11" "-I" "/opt/rustwide/target/debug/build/rustsat-cadical/c2aeb7a75e278c4f/out" "-I" "cppsrc/src" "-I" "cpp-extension" "-w" "-DNDEBUG" "-DNCONTRACTS" "-DNTRACING" "-DQUIET" "-DNUNLOCKED" "-DV154" "-DV160" "-DV190" "-DV194" "-DV200" "-DV213" "-DV220" "-o" "/opt/rustwide/target/debug/build/rustsat-cadical/c2aeb7a75e278c4f/out/69138f56505aea00-sweep.o" "-c" "cppsrc/src/sweep.cpp"
[INFO] [stderr] 
[INFO] [stderr] 
[INFO] running `Command { std: "docker" "inspect" "0c882aa689b5df294b2800cec179b4891b4d2d953ad13e712f5d1fc5568057b2", kill_on_drop: false }`
[INFO] running `Command { std: "docker" "rm" "-f" "0c882aa689b5df294b2800cec179b4891b4d2d953ad13e712f5d1fc5568057b2", kill_on_drop: false }`
[INFO] [stdout] 0c882aa689b5df294b2800cec179b4891b4d2d953ad13e712f5d1fc5568057b2
