[INFO] fetching crate rustledger-query 0.24.0...
[INFO] testing rustledger-query-0.24.0 against 1.99.0-beta.8 for beta-1.100-2
[INFO] extracting crate rustledger-query 0.24.0 into /workspace/builds/worker-3-tc1/source
[INFO] started tweaking crates.io crate rustledger-query 0.24.0
[INFO] removed 0 missing examples
[INFO] removed 0 missing tests
[INFO] finished tweaking crates.io crate rustledger-query 0.24.0
[INFO] tweaked toml for crates.io crate rustledger-query 0.24.0 written to /workspace/builds/worker-3-tc1/source/Cargo.toml
[INFO] validating manifest of crates.io crate rustledger-query 0.24.0 on toolchain 1.99.0-beta.8
[INFO] running `Command { std: CARGO_HOME="/workspace/cargo-home" RUSTUP_HOME="/workspace/rustup-home" "/workspace/cargo-home/bin/cargo" "+1.99.0-beta.8" "metadata" "--manifest-path" "Cargo.toml" "--no-deps", kill_on_drop: false }`
[INFO] crate crates.io crate rustledger-query 0.24.0 already has a lockfile, it will not be regenerated
[INFO] running `Command { std: CARGO_HOME="/workspace/cargo-home" RUSTUP_HOME="/workspace/rustup-home" "/workspace/cargo-home/bin/cargo" "+1.99.0-beta.8" "fetch" "--manifest-path" "Cargo.toml", kill_on_drop: false }`
[INFO] [stderr]     Updating crates.io index
[INFO] [stderr]  Downloading crates ...
[INFO] [stderr]   Downloaded rust_decimal_macros v1.40.0
[INFO] [stderr]   Downloaded rustledger-returns v0.24.0
[INFO] [stderr]   Downloaded rustledger-core v0.24.0
[INFO] [stderr]   Downloaded rend v0.5.3
[INFO] [stderr]   Downloaded munge_macro v0.4.7
[INFO] [stderr]   Downloaded borsh-derive v1.6.1
[INFO] [stderr]   Downloaded ptr_meta v0.3.1
[INFO] [stderr]   Downloaded ptr_meta_derive v0.3.1
[INFO] [stderr]   Downloaded bytecheck v0.8.2
[INFO] [stderr]   Downloaded bytecheck_derive v0.8.2
[INFO] [stderr]   Downloaded defmt v1.1.0
[INFO] [stderr]   Downloaded defmt-macros v1.1.0
[INFO] [stderr]   Downloaded rancor v0.1.1
[INFO] [stderr]   Downloaded munge v0.4.7
[INFO] [stderr]   Downloaded rustledger-loader v0.24.0
[INFO] [stderr]   Downloaded logos-codegen v0.16.1
[INFO] [stderr]   Downloaded text-size v1.1.1
[INFO] [stderr]   Downloaded rustledger-booking v0.24.0
[INFO] [stderr]   Downloaded logos-derive v0.16.1
[INFO] [stderr]   Downloaded rustledger-budget v0.24.0
[INFO] [stderr]   Downloaded imbl v7.0.1
[INFO] [stderr]   Downloaded borsh v1.6.1
[INFO] [stderr]   Downloaded archery v1.2.2
[INFO] [stderr]   Downloaded countme v3.0.1
[INFO] [stderr]   Downloaded rustledger-plugin-types v0.24.0
[INFO] [stderr]   Downloaded logos v0.16.1
[INFO] [stderr]   Downloaded rowan v0.17.0
[INFO] [stderr]   Downloaded rustledger-validate v0.24.0
[INFO] [stderr]   Downloaded rustledger-plugin v0.24.0
[INFO] [stderr]   Downloaded imbl-sized-chunks v0.1.3
[INFO] [stderr]   Downloaded rustledger-parser v0.24.0
[INFO] [stderr]   Downloaded rustledger-ops v0.24.0
[INFO] [stderr]   Downloaded chumsky v1.0.0-alpha.8
[INFO] [stderr]   Downloaded ar_archive_writer v0.5.2
[INFO] [stderr]   Downloaded regex-automata v0.3.9
[INFO] running `Command { std: "docker" "create" "-v" "/var/lib/crater-agent-workspace/builds/worker-3-tc1/source:/opt/rustwide/workdir:ro,Z" "-v" "/var/lib/crater-agent-workspace/builds/worker-3-tc1/target:/opt/rustwide/target:rw,Z" "-v" "/var/lib/crater-agent-workspace/cargo-home:/opt/rustwide/cargo-home:ro,Z" "-v" "/var/lib/crater-agent-workspace/rustup-home:/opt/rustwide/rustup-home:ro,Z" "-m" "1610612736" "--network" "none" "ghcr.io/rust-lang/crates-build-env/linux@sha256:3111399a4047eeb3a02b7a90e478d715f38a8c6669b5c4b49d30a17385265909" "sleep" "infinity", kill_on_drop: false }`
[INFO] [stdout] 46ce137e832a4ebc5f118f77e006ce1b2dcbdcd4e9e941b9f03b528ad35495bd
[INFO] running `Command { std: "docker" "start" "46ce137e832a4ebc5f118f77e006ce1b2dcbdcd4e9e941b9f03b528ad35495bd", kill_on_drop: false }`
[INFO] running `Command { std: "docker" "inspect" "46ce137e832a4ebc5f118f77e006ce1b2dcbdcd4e9e941b9f03b528ad35495bd", kill_on_drop: false }`
[INFO] running `Command { std: "docker" "exec" "-e" "SOURCE_DIR=/opt/rustwide/workdir" "-e" "CARGO_HOME=/opt/rustwide/cargo-home" "-e" "RUSTUP_HOME=/opt/rustwide/rustup-home" "-e" "CARGO_TARGET_DIR=/opt/rustwide/target" "-w" "/opt/rustwide/workdir" "--user" "0:0" "46ce137e832a4ebc5f118f77e006ce1b2dcbdcd4e9e941b9f03b528ad35495bd" "/opt/rustwide/cargo-home/bin/cargo" "+1.99.0-beta.8" "metadata" "--no-deps" "--format-version=1", kill_on_drop: false }`
[INFO] running `Command { std: "docker" "inspect" "46ce137e832a4ebc5f118f77e006ce1b2dcbdcd4e9e941b9f03b528ad35495bd", kill_on_drop: false }`
[INFO] running `Command { std: "docker" "exec" "-e" "SOURCE_DIR=/opt/rustwide/workdir" "-e" "CARGO_HOME=/opt/rustwide/cargo-home" "-e" "RUSTUP_HOME=/opt/rustwide/rustup-home" "-e" "CARGO_TARGET_DIR=/opt/rustwide/target" "-e" "CARGO_INCREMENTAL=0" "-e" "RUST_BACKTRACE=full" "-e" "RUSTFLAGS=--cap-lints=warn" "-e" "RUSTDOCFLAGS=--cap-lints=warn" "-w" "/opt/rustwide/workdir" "--user" "0:0" "46ce137e832a4ebc5f118f77e006ce1b2dcbdcd4e9e941b9f03b528ad35495bd" "/opt/rustwide/cargo-home/bin/cargo" "+1.99.0-beta.8" "build" "--frozen" "--message-format=json", kill_on_drop: false }`
[INFO] [stderr]    Compiling unicode-ident v1.0.24
[INFO] [stderr]    Compiling memchr v2.8.2
[INFO] [stderr]    Compiling simdutf8 v0.1.5
[INFO] [stderr]    Compiling bytemuck v1.25.0
[INFO] [stderr]    Compiling smallvec v1.15.2
[INFO] [stderr]    Compiling cc v1.2.64
[INFO] [stderr]    Compiling arrayvec v0.7.6
[INFO] [stderr]    Compiling bitmaps v3.2.1
[INFO] [stderr]    Compiling rand_core v0.9.5
[INFO] [stderr]    Compiling rust_decimal v1.42.1
[INFO] [stderr]    Compiling num-traits v0.2.19
[INFO] [stderr]    Compiling archery v1.2.2
[INFO] [stderr]    Compiling jiff v0.2.35
[INFO] [stderr]    Compiling winnow v1.0.3
[INFO] [stderr]    Compiling object v0.37.3
[INFO] [stderr]    Compiling bigdecimal v0.4.10
[INFO] [stderr]    Compiling proc-macro2 v1.0.106
[INFO] [stderr]    Compiling memoffset v0.9.1
[INFO] [stderr]    Compiling crossbeam-epoch v0.9.20
[INFO] [stderr]    Compiling safe_arch v0.7.4
[INFO] [stderr]    Compiling rand_xoshiro v0.7.0
[INFO] [stderr]    Compiling hashbrown v0.14.5
[INFO] [stderr]    Compiling aho-corasick v1.1.4
[INFO] [stderr]    Compiling serde_json v1.0.151
[INFO] [stderr]    Compiling countme v3.0.1
[INFO] [stderr]    Compiling text-size v1.1.1
[INFO] [stderr]    Compiling rustc-hash v1.1.0
[INFO] [stderr]    Compiling wide v0.7.33
[INFO] [stderr]    Compiling constant_time_eq v0.4.2
[INFO] [stderr]    Compiling rowan v0.17.0
[INFO] [stderr]    Compiling either v1.16.0
[INFO] [stderr]    Compiling rustledger-plugin v0.24.0
[INFO] [stderr]    Compiling crossbeam-deque v0.8.6
[INFO] [stderr]    Compiling chumsky v1.0.0-alpha.8
[INFO] [stderr]    Compiling parking_lot_core v0.9.12
[INFO] [stderr]    Compiling quote v1.0.45
[INFO] [stderr]    Compiling rayon-core v1.13.0
[INFO] [stderr]    Compiling imbl-sized-chunks v0.1.3
[INFO] [stderr]    Compiling syn v2.0.117
[INFO] [stderr]    Compiling syn v3.0.2
[INFO] [stderr]    Compiling parking_lot v0.12.5
[INFO] [stderr]    Compiling num-integer v0.1.46
[INFO] [stderr]    Compiling rmp v0.8.15
[INFO] [stderr]    Compiling num-bigint v0.4.6
[INFO] [stderr]    Compiling rayon v1.12.0
[INFO] [stderr]    Compiling toml_parser v1.1.2+spec-1.1.0
[INFO] [stderr]    Compiling blake3 v1.8.7
[INFO] [stderr]    Compiling stacker v0.1.24
[INFO] [stderr]    Compiling regex-automata v0.4.16
[INFO] [stderr]    Compiling toml_edit v0.25.12+spec-1.1.0
[INFO] [stderr]    Compiling imbl v7.0.1
[INFO] [stderr]    Compiling proc-macro-crate v3.5.0
[INFO] [stderr]    Compiling serde_derive v1.0.229
[INFO] [stderr]    Compiling rkyv_derive v0.8.18
[INFO] [stderr]    Compiling thiserror-impl v2.0.20
[INFO] [stderr]    Compiling thiserror v2.0.20
[INFO] [stderr]    Compiling serde v1.0.229
[INFO] [stderr]    Compiling ar_archive_writer v0.5.2
[INFO] [stderr]    Compiling rustledger-plugin-types v0.24.0
[INFO] [stderr]    Compiling rmp-serde v1.3.1
[INFO] [stderr]    Compiling regex v1.13.1
[INFO] [stderr]    Compiling ptr_meta_derive v0.3.1
[INFO] [stderr]    Compiling bytecheck_derive v0.8.2
[INFO] [stderr]    Compiling munge_macro v0.4.7
[INFO] [stderr]    Compiling rust_decimal_macros v1.40.0
[INFO] [stderr]    Compiling num_enum_derive v0.7.6
[INFO] [stderr]    Compiling psm v0.1.31
[INFO] [stderr]    Compiling munge v0.4.7
[INFO] [stderr]    Compiling ptr_meta v0.3.1
[INFO] [stderr]    Compiling rancor v0.1.1
[INFO] [stderr]    Compiling bytecheck v0.8.2
[INFO] [stderr]    Compiling rend v0.5.3
[INFO] [stderr]    Compiling num_enum v0.7.6
[INFO] [stderr]    Compiling logos-codegen v0.16.1
[INFO] [stderr]    Compiling logos-derive v0.16.1
[INFO] [stderr]    Compiling logos v0.16.1
[INFO] [stderr]    Compiling rkyv v0.8.18
[INFO] [stderr]    Compiling rustledger-core v0.24.0
[INFO] [stderr]    Compiling rustledger-booking v0.24.0
[INFO] [stderr]    Compiling rustledger-parser v0.24.0
[INFO] [stderr]    Compiling rustledger-ops v0.24.0
[INFO] [stderr]    Compiling rustledger-returns v0.24.0
[INFO] [stderr]    Compiling rustledger-budget v0.24.0
[INFO] [stderr]    Compiling rustledger-validate v0.24.0
[INFO] [stderr]    Compiling rustledger-loader v0.24.0
[INFO] [stderr]    Compiling rustledger-query v0.24.0 (/opt/rustwide/workdir)
[INFO] [stderr]     Finished `dev` profile [unoptimized + debuginfo] target(s) in 1m 22s
[INFO] running `Command { std: "docker" "inspect" "46ce137e832a4ebc5f118f77e006ce1b2dcbdcd4e9e941b9f03b528ad35495bd", kill_on_drop: false }`
[INFO] running `Command { std: "docker" "exec" "-e" "SOURCE_DIR=/opt/rustwide/workdir" "-e" "CARGO_HOME=/opt/rustwide/cargo-home" "-e" "RUSTUP_HOME=/opt/rustwide/rustup-home" "-e" "CARGO_TARGET_DIR=/opt/rustwide/target" "-e" "CARGO_INCREMENTAL=0" "-e" "RUST_BACKTRACE=full" "-e" "RUSTFLAGS=--cap-lints=warn" "-e" "RUSTDOCFLAGS=--cap-lints=warn" "-w" "/opt/rustwide/workdir" "--user" "0:0" "46ce137e832a4ebc5f118f77e006ce1b2dcbdcd4e9e941b9f03b528ad35495bd" "/opt/rustwide/cargo-home/bin/cargo" "+1.99.0-beta.8" "test" "--frozen" "--no-run" "--message-format=json", kill_on_drop: false }`
[INFO] [stderr]    Compiling getrandom v0.3.4
[INFO] [stderr]    Compiling zerocopy v0.8.52
[INFO] [stderr]    Compiling serde v1.0.229
[INFO] [stderr]    Compiling zerocopy-derive v0.8.52
[INFO] [stderr]    Compiling num-integer v0.1.46
[INFO] [stderr]    Compiling logos-codegen v0.16.1
[INFO] [stderr]    Compiling bitflags v2.13.0
[INFO] [stderr]    Compiling rayon v1.12.0
[INFO] [stderr]    Compiling rmp v0.8.15
[INFO] [stderr]    Compiling alloca v0.4.0
[INFO] [stderr]    Compiling clap_builder v4.6.6
[INFO] [stderr]    Compiling itertools v0.13.0
[INFO] [stderr]    Compiling bit-vec v0.8.0
[INFO] [stderr]    Compiling quick-error v1.2.3
[INFO] [stderr]    Compiling plotters v0.3.7
[INFO] [stderr]    Compiling console v0.16.3
[INFO] [stderr]    Compiling rand_core v0.9.5
[INFO] [stderr]    Compiling rustix v1.1.4
[INFO] [stderr]    Compiling bit-set v0.8.0
[INFO] [stderr]    Compiling rand_xoshiro v0.7.0
[INFO] [stderr]    Compiling num-bigint v0.4.6
[INFO] [stderr]    Compiling rand v0.9.4
[INFO] [stderr]    Compiling rand_xorshift v0.4.0
[INFO] [stderr]    Compiling page_size v0.6.0
[INFO] [stderr]    Compiling similar v2.7.0
[INFO] [stderr]    Compiling unarray v0.1.4
[INFO] [stderr]    Compiling imbl v7.0.1
[INFO] [stderr]    Compiling rust_decimal v1.42.1
[INFO] [stderr]    Compiling rustledger-plugin-types v0.24.0
[INFO] [stderr]    Compiling rmp-serde v1.3.1
[INFO] [stderr]    Compiling tinytemplate v1.2.1
[INFO] [stderr]    Compiling logos-derive v0.16.1
[INFO] [stderr]    Compiling bigdecimal v0.4.10
[INFO] [stderr]    Compiling rustledger-core v0.24.0
[INFO] [stderr]    Compiling logos v0.16.1
[INFO] [stderr]    Compiling criterion-plot v0.8.2
[INFO] [stderr]    Compiling tempfile v3.27.0
[INFO] [stderr]    Compiling rusty-fork v0.3.1
[INFO] [stderr]    Compiling insta v1.48.0
[INFO] [stderr]    Compiling clap v4.6.6
[INFO] [stderr]    Compiling half v2.7.1
[INFO] [stderr]    Compiling ppv-lite86 v0.2.21
[INFO] [stderr]    Compiling rustledger-booking v0.24.0
[INFO] [stderr]    Compiling rustledger-parser v0.24.0
[INFO] [stderr]    Compiling rustledger-ops v0.24.0
[INFO] [stderr]    Compiling rustledger-returns v0.24.0
[INFO] [stderr]    Compiling rand_chacha v0.9.0
[INFO] [stderr]    Compiling proptest v1.11.0
[INFO] [stderr]    Compiling ciborium-ll v0.2.2
[INFO] [stderr]    Compiling ciborium v0.2.2
[INFO] [stderr]    Compiling rustledger-plugin v0.24.0
[INFO] [stderr]    Compiling criterion v0.8.2
[INFO] [stderr]    Compiling rustledger-budget v0.24.0
[INFO] [stderr]    Compiling rustledger-validate v0.24.0
[INFO] [stderr]    Compiling rustledger-loader v0.24.0
[INFO] [stderr]    Compiling rustledger-query v0.24.0 (/opt/rustwide/workdir)
[INFO] [stderr] error: could not compile `rustledger-query` (lib test)
[INFO] [stderr] 
[INFO] [stderr] Caused by:
[INFO] [stderr]   process didn't exit successfully: `/opt/rustwide/rustup-home/toolchains/1.99.0-beta.8-x86_64-unknown-linux-gnu/bin/rustc --crate-name rustledger_query --edition=2024 src/lib.rs --error-format=json --json=diagnostic-rendered-ansi,artifacts,future-incompat --emit=dep-info,link -C embed-bitcode=no -C debuginfo=2 '--warn=clippy::pedantic' '--warn=clippy::nursery' '--warn=clippy::cargo' '--warn=clippy::all' '--allow=clippy::unused_self' --deny=unsafe_code '--allow=clippy::unnecessary_wraps' --warn=unexpected_cfgs '--allow=clippy::type_complexity' '--allow=clippy::too_many_lines' '--allow=clippy::struct_excessive_bools' '--allow=clippy::similar_names' '--allow=clippy::return_self_not_must_use' '--allow=clippy::ref_option' '--allow=clippy::ptr_arg' '--allow=clippy::or_fun_call' '--allow=clippy::option_if_let_else' '--allow=clippy::must_use_candidate' '--allow=clippy::multiple_crate_versions' '--allow=clippy::module_name_repetitions' '--allow=clippy::missing_panics_doc' '--allow=clippy::missing_errors_doc' --warn=missing_docs '--allow=clippy::match_same_arms' '--allow=clippy::manual_let_else' '--allow=clippy::format_push_string' '--allow=clippy::default_trait_access' '--allow=clippy::cast_sign_loss' '--allow=clippy::cast_precision_loss' '--allow=clippy::cast_possible_wrap' '--allow=clippy::cast_possible_truncation' --check-cfg 'cfg(kani)' --test --check-cfg 'cfg(docsrs,test)' --check-cfg 'cfg(feature, values())' -C metadata=de75236a65636b38 -C extra-filename=-0cba715832fcd5bc --out-dir /opt/rustwide/target/debug/deps -L dependency=/opt/rustwide/target/debug/deps --extern chumsky=/opt/rustwide/target/debug/deps/libchumsky-70a9df739c6b3757.rlib --extern criterion=/opt/rustwide/target/debug/deps/libcriterion-2911f4032399fdb4.rlib --extern insta=/opt/rustwide/target/debug/deps/libinsta-dce1e087bff81329.rlib --extern jiff=/opt/rustwide/target/debug/deps/libjiff-5177c5136825ac77.rlib --extern parking_lot=/opt/rustwide/target/debug/deps/libparking_lot-87c562d52e17841e.rlib --extern proptest=/opt/rustwide/target/debug/deps/libproptest-9ba238537b79aad9.rlib --extern rayon=/opt/rustwide/target/debug/deps/librayon-b6a0476ff33675e5.rlib --extern regex=/opt/rustwide/target/debug/deps/libregex-81a55bd9203d21ba.rlib --extern rust_decimal=/opt/rustwide/target/debug/deps/librust_decimal-aa2200807fb2a29a.rlib --extern rust_decimal_macros=/opt/rustwide/target/debug/deps/librust_decimal_macros-9e94ff2f5a0cf1da.so --extern rustc_hash=/opt/rustwide/target/debug/deps/librustc_hash-b8839ccb4a020d2d.rlib --extern rustledger_booking=/opt/rustwide/target/debug/deps/librustledger_booking-fde378a558f77b18.rlib --extern rustledger_core=/opt/rustwide/target/debug/deps/librustledger_core-b0919b43b1eb3afe.rlib --extern rustledger_loader=/opt/rustwide/target/debug/deps/librustledger_loader-983d0b22e78d459d.rlib --extern rustledger_parser=/opt/rustwide/target/debug/deps/librustledger_parser-18763ca6aebe21ae.rlib --extern rustledger_returns=/opt/rustwide/target/debug/deps/librustledger_returns-5719e72a730f4027.rlib --extern serde_json=/opt/rustwide/target/debug/deps/libserde_json-4cfff476c4c5e1e1.rlib --extern thiserror=/opt/rustwide/target/debug/deps/libthiserror-dbfc193cfdc4bfa5.rlib --cap-lints=warn -L native=/opt/rustwide/target/debug/build/psm-2edf10e4f5593224/out -L native=/opt/rustwide/target/debug/build/alloca-c369c26e8530cbfb/out -L native=/opt/rustwide/target/debug/build/blake3-e0d2baf2040c6f2a/out -L native=/opt/rustwide/target/debug/build/blake3-e0d2baf2040c6f2a/out` (signal: 9, SIGKILL: kill)
[INFO] [stderr] warning: build failed, waiting for other jobs to finish...
[INFO] [stdout] error: linking with `cc` failed: exit status: 1
[INFO] [stdout]   |
[INFO] [stdout]   = note:  "cc" "-m64" "/opt/rustwide/target/debug/deps/rustcBV3z1J/symbols.o" "<2 object files omitted>" "-Wl,--as-needed" "-Wl,-Bstatic" "<sysroot>/lib/rustlib/x86_64-unknown-linux-gnu/lib/{libtest-*,libgetopts-*,librustc_std_workspace_std-*}.rlib" "/opt/rustwide/target/debug/deps/{librustledger_query-beb040b3a14caf5e,librustledger_returns-5719e72a730f4027,libchumsky-70a9df739c6b3757,libunicode_ident-1996c11fff15f062,libstacker-ca5161b77bb9c87f,libpsm-d51ca1795843f8d8,libunicode_segmentation-7adb7faea6d97d51,libhashbrown-621f4a290160b487,libfoldhash-07f233db1c671507,liballocator_api2-8d9c1e895dea53bd,librustledger_loader-983d0b22e78d459d,libglob-9ed1b461ddded6dd,librustledger_validate-2d2191104b032793,librustledger_budget-a5cb832aafbb54cd,librayon-b6a0476ff33675e5,librayon_core-35c8aab5fe3d049d,libcrossbeam_deque-055f098e821a63e6,libcrossbeam_epoch-567bb89aeff17335,libcrossbeam_utils-f696a08ab1e94e7a,libeither-21143ee48619ce75,librustledger_plugin-59ad6ebfd0901b18,librustledger_ops-f25f61631e6ab108,librustledger_plugin_types-3d4ca49c656a12d6,librustledger_booking-fde378a558f77b18,libbigdecimal-80b452b731569d8c,liblibm-24398d5f7d3c709c,libnum_bigint-299544c4feb30d4f,libnum_integer-3242497c441c9502,librustledger_parser-18763ca6aebe21ae,liblogos-b0a3b0b944a36472,libnum_enum-a87d72f242f6ec09,librowan-fdccf034bec6b195,libtext_size-dddad08085c6b846,libmemoffset-c85e7f1a92075f90,librustc_hash-d7c4a66f98a2548f,libhashbrown-d212151049f8b41a,libcountme-274fc52838de187e,libblake3-cb78044c7197a48d,libconstant_time_eq-1a60f1c89abc6683,libcpufeatures-6c1f78f4142e3013,libregex-81a55bd9203d21ba,libregex_automata-4963ba37d2341a69,libaho_corasick-fed11ac64c71c0d6,libregex_syntax-801391c65a42f645,libparking_lot-87c562d52e17841e,libparking_lot_core-d90dceb1a72b3467,liblock_api-16d46fed645f7bff,libscopeguard-7ec2214574194454,libthiserror-dbfc193cfdc4bfa5,librustledger_core-b0919b43b1eb3afe,libserde_json-4cfff476c4c5e1e1,libmemchr-25f2248dc1705570,libitoa-5de11b3b23bfe572,libzmij-ef63f1da73704b4c,libjiff-5177c5136825ac77,libjiff_core-9bd13c856863b10c,libsmallvec-49e7c38b3e8bf1d7,libimbl-8f86ca7c4bb1a5da,librand_xoshiro-1f47f93d10636cc7,libwide-39af4076487b165c,libsafe_arch-3211880b841392c6,libbytemuck-6bf6ebae036d989e,librand_core-b115fb9b5d781658,libgetrandom-a73f2f085e83d825,liblibc-612664c2206eec43,libcfg_if-83060ec5685761ae,libimbl_sized_chunks-9da42e6fe7032a8a,libbitmaps-1ad8db0a5e7fec43,libequivalent-6a754676e6af62ae,libarchery-fa46ab21daeed662,librkyv-d45771c967966243,libhashbrown-d7214d631586fd51,librend-976f998c4fcdfed3,libmunge-a44703f7e7d1b4a8,libbytecheck-0036ed19d6cee158,libsimdutf8-0b1b63a7b11d4058,librancor-5af7ec808ba94099,libptr_meta-3ba4541e2f9ea522,librustc_hash-b8839ccb4a020d2d,librust_decimal-aa2200807fb2a29a,libserde-78ce9a46b9a8e37d,libserde_core-7370a7595b05d50c,libarrayvec-9d0aa62fa88910b3,libnum_traits-888f07a85755f3c0}.rlib" "<sysroot>/lib/rustlib/x86_64-unknown-linux-gnu/lib/{libstd-*,libpanic_unwind-*,libobject-*,libmemchr-*,libaddr2line-*,libgimli-*,libcfg_if-*,librustc_demangle-*,libstd_detect-*,libhashbrown-*,librustc_std_workspace_alloc-*,libminiz_oxide-*,libadler2-*,libunwind-*,liblibc-*,librustc_std_workspace_core-*,liballoc-*,libcore-*,libcompiler_builtins-*}.rlib" "-Wl,-Bdynamic" "-lgcc_s" "-lutil" "-lrt" "-lpthread" "-lm" "-ldl" "-lc" "-L" "/opt/rustwide/target/debug/deps/rustcBV3z1J/raw-dylibs" "-B<sysroot>/lib/rustlib/x86_64-unknown-linux-gnu/bin/gcc-ld" "-fuse-ld=lld" "-Wl,--eh-frame-hdr" "-Wl,-z,noexecstack" "-L" "/opt/rustwide/target/debug/build/psm-2edf10e4f5593224/out" "-L" "/opt/rustwide/target/debug/build/alloca-c369c26e8530cbfb/out" "-L" "/opt/rustwide/target/debug/build/blake3-e0d2baf2040c6f2a/out" "-L" "<sysroot>/lib/rustlib/x86_64-unknown-linux-gnu/lib" "-o" "/opt/rustwide/target/debug/deps/tla_behavior_replay-1367f56e22f114ee" "-Wl,--gc-sections" "-pie" "-Wl,-z,relro,-z,now" "-nodefaultlibs"
[INFO] [stdout]   = note: some arguments are omitted. use `--verbose` to show all linker arguments
[INFO] [stdout]   = note: collect2: fatal error: ld terminated with signal 9 [Killed]
[INFO] [stdout]           compilation terminated.
[INFO] [stdout]           
[INFO] [stdout] 
[INFO] [stdout] 
[INFO] [stderr] error: could not compile `rustledger-query` (test "tla_behavior_replay") due to 1 previous error
[INFO] [stdout] error: linking with `cc` failed: exit status: 1
[INFO] [stdout]   |
[INFO] [stdout]   = note:  "cc" "-m64" "/opt/rustwide/target/debug/deps/rustctRMJ43/symbols.o" "<2 object files omitted>" "-Wl,--as-needed" "-Wl,-Bstatic" "<sysroot>/lib/rustlib/x86_64-unknown-linux-gnu/lib/{libtest-*,libgetopts-*,librustc_std_workspace_std-*}.rlib" "/opt/rustwide/target/debug/deps/{librustledger_query-beb040b3a14caf5e,librustledger_returns-5719e72a730f4027,libchumsky-70a9df739c6b3757,libunicode_ident-1996c11fff15f062,libstacker-ca5161b77bb9c87f,libpsm-d51ca1795843f8d8,libunicode_segmentation-7adb7faea6d97d51,libhashbrown-621f4a290160b487,libfoldhash-07f233db1c671507,liballocator_api2-8d9c1e895dea53bd,librustledger_loader-983d0b22e78d459d,libglob-9ed1b461ddded6dd,librustledger_validate-2d2191104b032793,librustledger_budget-a5cb832aafbb54cd,librayon-b6a0476ff33675e5,librayon_core-35c8aab5fe3d049d,libcrossbeam_deque-055f098e821a63e6,libcrossbeam_epoch-567bb89aeff17335,libcrossbeam_utils-f696a08ab1e94e7a,libeither-21143ee48619ce75,librustledger_plugin-59ad6ebfd0901b18,librustledger_ops-f25f61631e6ab108,librustledger_plugin_types-3d4ca49c656a12d6,librustledger_booking-fde378a558f77b18,libbigdecimal-80b452b731569d8c,liblibm-24398d5f7d3c709c,libnum_bigint-299544c4feb30d4f,libnum_integer-3242497c441c9502,librustledger_parser-18763ca6aebe21ae,liblogos-b0a3b0b944a36472,libnum_enum-a87d72f242f6ec09,librowan-fdccf034bec6b195,libtext_size-dddad08085c6b846,libmemoffset-c85e7f1a92075f90,librustc_hash-d7c4a66f98a2548f,libhashbrown-d212151049f8b41a,libcountme-274fc52838de187e,libblake3-cb78044c7197a48d,libconstant_time_eq-1a60f1c89abc6683,libcpufeatures-6c1f78f4142e3013,libregex-81a55bd9203d21ba,libregex_automata-4963ba37d2341a69,libaho_corasick-fed11ac64c71c0d6,libregex_syntax-801391c65a42f645,libparking_lot-87c562d52e17841e,libparking_lot_core-d90dceb1a72b3467,liblock_api-16d46fed645f7bff,libscopeguard-7ec2214574194454,libthiserror-dbfc193cfdc4bfa5,librustledger_core-b0919b43b1eb3afe,libserde_json-4cfff476c4c5e1e1,libmemchr-25f2248dc1705570,libitoa-5de11b3b23bfe572,libzmij-ef63f1da73704b4c,libjiff-5177c5136825ac77,libjiff_core-9bd13c856863b10c,libsmallvec-49e7c38b3e8bf1d7,libimbl-8f86ca7c4bb1a5da,librand_xoshiro-1f47f93d10636cc7,libwide-39af4076487b165c,libsafe_arch-3211880b841392c6,libbytemuck-6bf6ebae036d989e,librand_core-b115fb9b5d781658,libgetrandom-a73f2f085e83d825,liblibc-612664c2206eec43,libcfg_if-83060ec5685761ae,libimbl_sized_chunks-9da42e6fe7032a8a,libbitmaps-1ad8db0a5e7fec43,libequivalent-6a754676e6af62ae,libarchery-fa46ab21daeed662,librkyv-d45771c967966243,libhashbrown-d7214d631586fd51,librend-976f998c4fcdfed3,libmunge-a44703f7e7d1b4a8,libbytecheck-0036ed19d6cee158,libsimdutf8-0b1b63a7b11d4058,librancor-5af7ec808ba94099,libptr_meta-3ba4541e2f9ea522,librustc_hash-b8839ccb4a020d2d,librust_decimal-aa2200807fb2a29a,libserde-78ce9a46b9a8e37d,libserde_core-7370a7595b05d50c,libarrayvec-9d0aa62fa88910b3,libnum_traits-888f07a85755f3c0}.rlib" "<sysroot>/lib/rustlib/x86_64-unknown-linux-gnu/lib/{libstd-*,libpanic_unwind-*,libobject-*,libmemchr-*,libaddr2line-*,libgimli-*,libcfg_if-*,librustc_demangle-*,libstd_detect-*,libhashbrown-*,librustc_std_workspace_alloc-*,libminiz_oxide-*,libadler2-*,libunwind-*,liblibc-*,librustc_std_workspace_core-*,liballoc-*,libcore-*,libcompiler_builtins-*}.rlib" "-Wl,-Bdynamic" "-lgcc_s" "-lutil" "-lrt" "-lpthread" "-lm" "-ldl" "-lc" "-L" "/opt/rustwide/target/debug/deps/rustctRMJ43/raw-dylibs" "-B<sysroot>/lib/rustlib/x86_64-unknown-linux-gnu/bin/gcc-ld" "-fuse-ld=lld" "-Wl,--eh-frame-hdr" "-Wl,-z,noexecstack" "-L" "/opt/rustwide/target/debug/build/psm-2edf10e4f5593224/out" "-L" "/opt/rustwide/target/debug/build/alloca-c369c26e8530cbfb/out" "-L" "/opt/rustwide/target/debug/build/blake3-e0d2baf2040c6f2a/out" "-L" "<sysroot>/lib/rustlib/x86_64-unknown-linux-gnu/lib" "-o" "/opt/rustwide/target/debug/deps/messy_returns_test-ad132e6dee175f88" "-Wl,--gc-sections" "-pie" "-Wl,-z,relro,-z,now" "-nodefaultlibs"
[INFO] [stdout]   = note: some arguments are omitted. use `--verbose` to show all linker arguments
[INFO] [stdout]   = note: collect2: fatal error: ld terminated with signal 9 [Killed]
[INFO] [stdout]           compilation terminated.
[INFO] [stdout]           
[INFO] [stdout] 
[INFO] [stdout] 
[INFO] [stderr] error: could not compile `rustledger-query` (test "messy_returns_test") due to 1 previous error
[INFO] [stdout] error: linking with `cc` failed: exit status: 1
[INFO] [stdout]   |
[INFO] [stdout]   = note:  "cc" "-m64" "/opt/rustwide/target/debug/deps/rustcUzxbRE/symbols.o" "<2 object files omitted>" "-Wl,--as-needed" "-Wl,-Bstatic" "<sysroot>/lib/rustlib/x86_64-unknown-linux-gnu/lib/{libtest-*,libgetopts-*,librustc_std_workspace_std-*}.rlib" "/opt/rustwide/target/debug/deps/{librustledger_query-beb040b3a14caf5e,librustledger_returns-5719e72a730f4027,libchumsky-70a9df739c6b3757,libunicode_ident-1996c11fff15f062,libstacker-ca5161b77bb9c87f,libpsm-d51ca1795843f8d8,libunicode_segmentation-7adb7faea6d97d51,libhashbrown-621f4a290160b487,libfoldhash-07f233db1c671507,liballocator_api2-8d9c1e895dea53bd,librustledger_loader-983d0b22e78d459d,libglob-9ed1b461ddded6dd,librustledger_validate-2d2191104b032793,librustledger_budget-a5cb832aafbb54cd,librayon-b6a0476ff33675e5,librayon_core-35c8aab5fe3d049d,libcrossbeam_deque-055f098e821a63e6,libcrossbeam_epoch-567bb89aeff17335,libcrossbeam_utils-f696a08ab1e94e7a,libeither-21143ee48619ce75,librustledger_plugin-59ad6ebfd0901b18,librustledger_ops-f25f61631e6ab108,librustledger_plugin_types-3d4ca49c656a12d6,librustledger_booking-fde378a558f77b18,libbigdecimal-80b452b731569d8c,liblibm-24398d5f7d3c709c,libnum_bigint-299544c4feb30d4f,libnum_integer-3242497c441c9502,librustledger_parser-18763ca6aebe21ae,liblogos-b0a3b0b944a36472,libnum_enum-a87d72f242f6ec09,librowan-fdccf034bec6b195,libtext_size-dddad08085c6b846,libmemoffset-c85e7f1a92075f90,librustc_hash-d7c4a66f98a2548f,libhashbrown-d212151049f8b41a,libcountme-274fc52838de187e,libblake3-cb78044c7197a48d,libconstant_time_eq-1a60f1c89abc6683,libcpufeatures-6c1f78f4142e3013,libregex-81a55bd9203d21ba,libregex_automata-4963ba37d2341a69,libaho_corasick-fed11ac64c71c0d6,libregex_syntax-801391c65a42f645,libparking_lot-87c562d52e17841e,libparking_lot_core-d90dceb1a72b3467,liblock_api-16d46fed645f7bff,libscopeguard-7ec2214574194454,libthiserror-dbfc193cfdc4bfa5,librustledger_core-b0919b43b1eb3afe,libserde_json-4cfff476c4c5e1e1,libmemchr-25f2248dc1705570,libitoa-5de11b3b23bfe572,libzmij-ef63f1da73704b4c,libjiff-5177c5136825ac77,libjiff_core-9bd13c856863b10c,libsmallvec-49e7c38b3e8bf1d7,libimbl-8f86ca7c4bb1a5da,librand_xoshiro-1f47f93d10636cc7,libwide-39af4076487b165c,libsafe_arch-3211880b841392c6,libbytemuck-6bf6ebae036d989e,librand_core-b115fb9b5d781658,libgetrandom-a73f2f085e83d825,liblibc-612664c2206eec43,libcfg_if-83060ec5685761ae,libimbl_sized_chunks-9da42e6fe7032a8a,libbitmaps-1ad8db0a5e7fec43,libequivalent-6a754676e6af62ae,libarchery-fa46ab21daeed662,librkyv-d45771c967966243,libhashbrown-d7214d631586fd51,librend-976f998c4fcdfed3,libmunge-a44703f7e7d1b4a8,libbytecheck-0036ed19d6cee158,libsimdutf8-0b1b63a7b11d4058,librancor-5af7ec808ba94099,libptr_meta-3ba4541e2f9ea522,librustc_hash-b8839ccb4a020d2d,librust_decimal-aa2200807fb2a29a,libserde-78ce9a46b9a8e37d,libserde_core-7370a7595b05d50c,libarrayvec-9d0aa62fa88910b3,libnum_traits-888f07a85755f3c0}.rlib" "<sysroot>/lib/rustlib/x86_64-unknown-linux-gnu/lib/{libstd-*,libpanic_unwind-*,libobject-*,libmemchr-*,libaddr2line-*,libgimli-*,libcfg_if-*,librustc_demangle-*,libstd_detect-*,libhashbrown-*,librustc_std_workspace_alloc-*,libminiz_oxide-*,libadler2-*,libunwind-*,liblibc-*,librustc_std_workspace_core-*,liballoc-*,libcore-*,libcompiler_builtins-*}.rlib" "-Wl,-Bdynamic" "-lgcc_s" "-lutil" "-lrt" "-lpthread" "-lm" "-ldl" "-lc" "-L" "/opt/rustwide/target/debug/deps/rustcUzxbRE/raw-dylibs" "-B<sysroot>/lib/rustlib/x86_64-unknown-linux-gnu/bin/gcc-ld" "-fuse-ld=lld" "-Wl,--eh-frame-hdr" "-Wl,-z,noexecstack" "-L" "/opt/rustwide/target/debug/build/psm-2edf10e4f5593224/out" "-L" "/opt/rustwide/target/debug/build/alloca-c369c26e8530cbfb/out" "-L" "/opt/rustwide/target/debug/build/blake3-e0d2baf2040c6f2a/out" "-L" "<sysroot>/lib/rustlib/x86_64-unknown-linux-gnu/lib" "-o" "/opt/rustwide/target/debug/deps/sort_null_order_test-02571543e42d5b62" "-Wl,--gc-sections" "-pie" "-Wl,-z,relro,-z,now" "-nodefaultlibs"
[INFO] [stdout]   = note: some arguments are omitted. use `--verbose` to show all linker arguments
[INFO] [stdout]   = note: collect2: fatal error: ld terminated with signal 9 [Killed]
[INFO] [stdout]           compilation terminated.
[INFO] [stdout]           
[INFO] [stdout] 
[INFO] [stdout] 
[INFO] [stdout] error: linking with `cc` failed: exit status: 1
[INFO] [stdout]   |
[INFO] [stdout]   = note:  "cc" "-m64" "/opt/rustwide/target/debug/deps/rustcSOj9CU/symbols.o" "<2 object files omitted>" "-Wl,--as-needed" "-Wl,-Bstatic" "<sysroot>/lib/rustlib/x86_64-unknown-linux-gnu/lib/{libtest-*,libgetopts-*,librustc_std_workspace_std-*}.rlib" "/opt/rustwide/target/debug/deps/{librustledger_query-beb040b3a14caf5e,librustledger_returns-5719e72a730f4027,libchumsky-70a9df739c6b3757,libunicode_ident-1996c11fff15f062,libstacker-ca5161b77bb9c87f,libpsm-d51ca1795843f8d8,libunicode_segmentation-7adb7faea6d97d51,libhashbrown-621f4a290160b487,libfoldhash-07f233db1c671507,liballocator_api2-8d9c1e895dea53bd,librustledger_loader-983d0b22e78d459d,libglob-9ed1b461ddded6dd,librustledger_validate-2d2191104b032793,librustledger_budget-a5cb832aafbb54cd,librayon-b6a0476ff33675e5,librayon_core-35c8aab5fe3d049d,libcrossbeam_deque-055f098e821a63e6,libcrossbeam_epoch-567bb89aeff17335,libcrossbeam_utils-f696a08ab1e94e7a,libeither-21143ee48619ce75,librustledger_plugin-59ad6ebfd0901b18,librustledger_ops-f25f61631e6ab108,librustledger_plugin_types-3d4ca49c656a12d6,librustledger_booking-fde378a558f77b18,libbigdecimal-80b452b731569d8c,liblibm-24398d5f7d3c709c,libnum_bigint-299544c4feb30d4f,libnum_integer-3242497c441c9502,librustledger_parser-18763ca6aebe21ae,liblogos-b0a3b0b944a36472,libnum_enum-a87d72f242f6ec09,librowan-fdccf034bec6b195,libtext_size-dddad08085c6b846,libmemoffset-c85e7f1a92075f90,librustc_hash-d7c4a66f98a2548f,libhashbrown-d212151049f8b41a,libcountme-274fc52838de187e,libblake3-cb78044c7197a48d,libconstant_time_eq-1a60f1c89abc6683,libcpufeatures-6c1f78f4142e3013,libregex-81a55bd9203d21ba,libregex_automata-4963ba37d2341a69,libaho_corasick-fed11ac64c71c0d6,libregex_syntax-801391c65a42f645,libparking_lot-87c562d52e17841e,libparking_lot_core-d90dceb1a72b3467,liblock_api-16d46fed645f7bff,libscopeguard-7ec2214574194454,libthiserror-dbfc193cfdc4bfa5,librustledger_core-b0919b43b1eb3afe,libserde_json-4cfff476c4c5e1e1,libmemchr-25f2248dc1705570,libitoa-5de11b3b23bfe572,libzmij-ef63f1da73704b4c,libjiff-5177c5136825ac77,libjiff_core-9bd13c856863b10c,libsmallvec-49e7c38b3e8bf1d7,libimbl-8f86ca7c4bb1a5da,librand_xoshiro-1f47f93d10636cc7,libwide-39af4076487b165c,libsafe_arch-3211880b841392c6,libbytemuck-6bf6ebae036d989e,librand_core-b115fb9b5d781658,libgetrandom-a73f2f085e83d825,liblibc-612664c2206eec43,libcfg_if-83060ec5685761ae,libimbl_sized_chunks-9da42e6fe7032a8a,libbitmaps-1ad8db0a5e7fec43,libequivalent-6a754676e6af62ae,libarchery-fa46ab21daeed662,librkyv-d45771c967966243,libhashbrown-d7214d631586fd51,librend-976f998c4fcdfed3,libmunge-a44703f7e7d1b4a8,libbytecheck-0036ed19d6cee158,libsimdutf8-0b1b63a7b11d4058,librancor-5af7ec808ba94099,libptr_meta-3ba4541e2f9ea522,librustc_hash-b8839ccb4a020d2d,librust_decimal-aa2200807fb2a29a,libserde-78ce9a46b9a8e37d,libserde_core-7370a7595b05d50c,libarrayvec-9d0aa62fa88910b3,libnum_traits-888f07a85755f3c0}.rlib" "<sysroot>/lib/rustlib/x86_64-unknown-linux-gnu/lib/{libstd-*,libpanic_unwind-*,libobject-*,libmemchr-*,libaddr2line-*,libgimli-*,libcfg_if-*,librustc_demangle-*,libstd_detect-*,libhashbrown-*,librustc_std_workspace_alloc-*,libminiz_oxide-*,libadler2-*,libunwind-*,liblibc-*,librustc_std_workspace_core-*,liballoc-*,libcore-*,libcompiler_builtins-*}.rlib" "-Wl,-Bdynamic" "-lgcc_s" "-lutil" "-lrt" "-lpthread" "-lm" "-ldl" "-lc" "-L" "/opt/rustwide/target/debug/deps/rustcSOj9CU/raw-dylibs" "-B<sysroot>/lib/rustlib/x86_64-unknown-linux-gnu/bin/gcc-ld" "-fuse-ld=lld" "-Wl,--eh-frame-hdr" "-Wl,-z,noexecstack" "-L" "/opt/rustwide/target/debug/build/psm-2edf10e4f5593224/out" "-L" "/opt/rustwide/target/debug/build/alloca-c369c26e8530cbfb/out" "-L" "/opt/rustwide/target/debug/build/blake3-e0d2baf2040c6f2a/out" "-L" "<sysroot>/lib/rustlib/x86_64-unknown-linux-gnu/lib" "-o" "/opt/rustwide/target/debug/deps/weekday_string_test-f6368a42ceb4b82b" "-Wl,--gc-sections" "-pie" "-Wl,-z,relro,-z,now" "-nodefaultlibs"
[INFO] [stdout]   = note: some arguments are omitted. use `--verbose` to show all linker arguments
[INFO] [stdout]   = note: collect2: fatal error: ld terminated with signal 9 [Killed]
[INFO] [stdout]           compilation terminated.
[INFO] [stdout]           
[INFO] [stdout] 
[INFO] [stdout] 
[INFO] [stderr] error: could not compile `rustledger-query` (test "sort_null_order_test") due to 1 previous error
[INFO] [stderr] error: could not compile `rustledger-query` (test "weekday_string_test") due to 1 previous error
[ERROR] error running command: no output for 300 seconds
[INFO] running `Command { std: "docker" "inspect" "46ce137e832a4ebc5f118f77e006ce1b2dcbdcd4e9e941b9f03b528ad35495bd", kill_on_drop: false }`
[INFO] running `Command { std: "docker" "rm" "-f" "46ce137e832a4ebc5f118f77e006ce1b2dcbdcd4e9e941b9f03b528ad35495bd", kill_on_drop: false }`
[INFO] [stdout] 46ce137e832a4ebc5f118f77e006ce1b2dcbdcd4e9e941b9f03b528ad35495bd
