[INFO] fetching crate rustauth-sqlx 0.3.0...
[INFO] testing rustauth-sqlx-0.3.0 against 1.99.0-beta.8 for beta-1.100-2
[INFO] extracting crate rustauth-sqlx 0.3.0 into /workspace/builds/worker-7-tc1/source
[INFO] started tweaking crates.io crate rustauth-sqlx 0.3.0
[INFO] removed 0 missing examples
[INFO] removed 0 missing tests
[INFO] finished tweaking crates.io crate rustauth-sqlx 0.3.0
[INFO] tweaked toml for crates.io crate rustauth-sqlx 0.3.0 written to /workspace/builds/worker-7-tc1/source/Cargo.toml
[INFO] validating manifest of crates.io crate rustauth-sqlx 0.3.0 on toolchain 1.99.0-beta.8
[INFO] running `Command { std: CARGO_HOME="/workspace/cargo-home" RUSTUP_HOME="/workspace/rustup-home" "/workspace/cargo-home/bin/cargo" "+1.99.0-beta.8" "metadata" "--manifest-path" "Cargo.toml" "--no-deps", kill_on_drop: false }`
[INFO] crate crates.io crate rustauth-sqlx 0.3.0 already has a lockfile, it will not be regenerated
[INFO] running `Command { std: CARGO_HOME="/workspace/cargo-home" RUSTUP_HOME="/workspace/rustup-home" "/workspace/cargo-home/bin/cargo" "+1.99.0-beta.8" "fetch" "--manifest-path" "Cargo.toml", kill_on_drop: false }`
[INFO] [stderr]     Updating crates.io index
[INFO] [stderr]  Downloading crates ...
[INFO] [stderr]   Downloaded wasm-bindgen-macro v0.2.125
[INFO] [stderr]   Downloaded libredox v0.1.17
[INFO] [stderr]   Downloaded wasm-bindgen-shared v0.2.125
[INFO] [stderr]   Downloaded scrypt v0.11.0
[INFO] [stderr]   Downloaded salsa20 v0.10.2
[INFO] [stderr]   Downloaded time-macros v0.2.29
[INFO] [stderr]   Downloaded redox_syscall v0.8.1
[INFO] [stderr]   Downloaded wasm-bindgen-macro-support v0.2.125
[INFO] [stderr]   Downloaded js-sys v0.3.102
[INFO] [stderr]   Downloaded wasm-bindgen v0.2.125
[INFO] [stderr]   Downloaded log v0.4.32
[INFO] [stderr]   Downloaded cc v1.2.64
[INFO] [stderr]   Downloaded time v0.3.49
[INFO] [stderr]   Downloaded rustauth-core v0.3.0
[INFO] running `Command { std: "docker" "create" "-v" "/var/lib/crater-agent-workspace/builds/worker-7-tc1/source:/opt/rustwide/workdir:ro,Z" "-v" "/var/lib/crater-agent-workspace/builds/worker-7-tc1/target:/opt/rustwide/target:rw,Z" "-v" "/var/lib/crater-agent-workspace/cargo-home:/opt/rustwide/cargo-home:ro,Z" "-v" "/var/lib/crater-agent-workspace/rustup-home:/opt/rustwide/rustup-home:ro,Z" "-m" "1610612736" "--network" "none" "ghcr.io/rust-lang/crates-build-env/linux@sha256:3111399a4047eeb3a02b7a90e478d715f38a8c6669b5c4b49d30a17385265909" "sleep" "infinity", kill_on_drop: false }`
[INFO] [stdout] 1dfe9410596889468bee4a147374439bb37f7731c759233eaf1320ddf5d88b87
[INFO] running `Command { std: "docker" "start" "1dfe9410596889468bee4a147374439bb37f7731c759233eaf1320ddf5d88b87", kill_on_drop: false }`
[INFO] running `Command { std: "docker" "inspect" "1dfe9410596889468bee4a147374439bb37f7731c759233eaf1320ddf5d88b87", kill_on_drop: false }`
[INFO] running `Command { std: "docker" "exec" "-e" "SOURCE_DIR=/opt/rustwide/workdir" "-e" "CARGO_HOME=/opt/rustwide/cargo-home" "-e" "RUSTUP_HOME=/opt/rustwide/rustup-home" "-e" "CARGO_TARGET_DIR=/opt/rustwide/target" "-w" "/opt/rustwide/workdir" "--user" "0:0" "1dfe9410596889468bee4a147374439bb37f7731c759233eaf1320ddf5d88b87" "/opt/rustwide/cargo-home/bin/cargo" "+1.99.0-beta.8" "metadata" "--no-deps" "--format-version=1", kill_on_drop: false }`
[INFO] running `Command { std: "docker" "inspect" "1dfe9410596889468bee4a147374439bb37f7731c759233eaf1320ddf5d88b87", kill_on_drop: false }`
[INFO] running `Command { std: "docker" "exec" "-e" "SOURCE_DIR=/opt/rustwide/workdir" "-e" "CARGO_HOME=/opt/rustwide/cargo-home" "-e" "RUSTUP_HOME=/opt/rustwide/rustup-home" "-e" "CARGO_TARGET_DIR=/opt/rustwide/target" "-e" "CARGO_INCREMENTAL=0" "-e" "RUST_BACKTRACE=full" "-e" "RUSTFLAGS=--cap-lints=warn" "-e" "RUSTDOCFLAGS=--cap-lints=warn" "-w" "/opt/rustwide/workdir" "--user" "0:0" "1dfe9410596889468bee4a147374439bb37f7731c759233eaf1320ddf5d88b87" "/opt/rustwide/cargo-home/bin/cargo" "+1.99.0-beta.8" "build" "--frozen" "--message-format=json", kill_on_drop: false }`
[INFO] [stderr]    Compiling libc v0.2.186
[INFO] [stderr]    Compiling smallvec v1.15.2
[INFO] [stderr]    Compiling zerovec-derive v0.11.3
[INFO] [stderr]    Compiling displaydoc v0.2.6
[INFO] [stderr]    Compiling zerofrom-derive v0.1.7
[INFO] [stderr]    Compiling yoke-derive v0.8.2
[INFO] [stderr]    Compiling inout v0.1.4
[INFO] [stderr]    Compiling memchr v2.8.2
[INFO] [stderr]    Compiling zeroize v1.9.0
[INFO] [stderr]    Compiling zerocopy v0.8.52
[INFO] [stderr]    Compiling tokio-macros v2.7.0
[INFO] [stderr]    Compiling serde_json v1.0.150
[INFO] [stderr]    Compiling futures-util v0.3.32
[INFO] [stderr]    Compiling time-macros v0.2.29
[INFO] [stderr]    Compiling deranged v0.5.8
[INFO] [stderr]    Compiling portable-atomic v1.13.1
[INFO] [stderr]    Compiling indexmap v2.14.0
[INFO] [stderr]    Compiling zerofrom v0.1.8
[INFO] [stderr]    Compiling yoke v0.8.3
[INFO] [stderr]    Compiling zerovec v0.11.6
[INFO] [stderr]    Compiling zerotrie v0.2.4
[INFO] [stderr]    Compiling getrandom v0.2.17
[INFO] [stderr]    Compiling rand_core v0.6.4
[INFO] [stderr]    Compiling parking_lot_core v0.9.12
[INFO] [stderr]    Compiling crypto-common v0.1.7
[INFO] [stderr]    Compiling digest v0.10.7
[INFO] [stderr]    Compiling parking_lot v0.12.5
[INFO] [stderr]    Compiling cipher v0.4.4
[INFO] [stderr]    Compiling tinystr v0.8.3
[INFO] [stderr]    Compiling potential_utf v0.1.5
[INFO] [stderr]    Compiling icu_collections v2.2.0
[INFO] [stderr]    Compiling socket2 v0.6.4
[INFO] [stderr]    Compiling icu_locale_core v2.2.0
[INFO] [stderr]    Compiling mio v1.2.1
[INFO] [stderr]    Compiling hmac v0.12.1
[INFO] [stderr]    Compiling sha2 v0.10.9
[INFO] [stderr]    Compiling time v0.3.49
[INFO] [stderr]    Compiling universal-hash v0.5.1
[INFO] [stderr]    Compiling concurrent-queue v2.5.0
[INFO] [stderr]    Compiling tokio v1.52.3
[INFO] [stderr]    Compiling log v0.4.32
[INFO] [stderr]    Compiling crc-catalog v2.5.0
[INFO] [stderr]    Compiling poly1305 v0.8.0
[INFO] [stderr]    Compiling tracing v0.1.44
[INFO] [stderr]    Compiling icu_provider v2.2.0
[INFO] [stderr]    Compiling dashmap v6.2.1
[INFO] [stderr]    Compiling icu_normalizer v2.2.0
[INFO] [stderr]    Compiling icu_properties v2.2.0
[INFO] [stderr]    Compiling event-listener v5.4.1
[INFO] [stderr]    Compiling crc v3.4.0
[INFO] [stderr]    Compiling password-hash v0.5.0
[INFO] [stderr]    Compiling tinyvec v1.11.0
[INFO] [stderr]    Compiling hashlink v0.10.0
[INFO] [stderr]    Compiling pbkdf2 v0.12.2
[INFO] [stderr]    Compiling salsa20 v0.10.2
[INFO] [stderr]    Compiling chacha20 v0.9.1
[INFO] [stderr]    Compiling futures-intrusive v0.5.0
[INFO] [stderr]    Compiling aead v0.5.2
[INFO] [stderr]    Compiling either v1.16.0
[INFO] [stderr]    Compiling crossbeam-queue v0.3.12
[INFO] [stderr]    Compiling spinning_top v0.3.0
[INFO] [stderr]    Compiling nonzero_ext v0.3.0
[INFO] [stderr]    Compiling chacha20poly1305 v0.10.1
[INFO] [stderr]    Compiling scrypt v0.11.0
[INFO] [stderr]    Compiling governor v0.10.4
[INFO] [stderr]    Compiling unicode-normalization v0.1.25
[INFO] [stderr]    Compiling idna_adapter v1.2.2
[INFO] [stderr]    Compiling ppv-lite86 v0.2.21
[INFO] [stderr]    Compiling idna v1.1.0
[INFO] [stderr]    Compiling hkdf v0.12.4
[INFO] [stderr]    Compiling http v1.4.2
[INFO] [stderr]    Compiling url v2.5.8
[INFO] [stderr]    Compiling rand_chacha v0.3.1
[INFO] [stderr]    Compiling rand v0.8.6
[INFO] [stderr]    Compiling tokio-stream v0.1.18
[INFO] [stderr]    Compiling rustauth-core v0.3.0
[INFO] [stderr]    Compiling sqlx-core v0.8.6
[INFO] [stderr]    Compiling sqlx v0.8.6
[INFO] [stderr]    Compiling rustauth-sqlx v0.3.0 (/opt/rustwide/workdir)
[INFO] [stdout] warning: unused import: `std::sync::Arc`
[INFO] [stdout]  --> src/stores.rs:3:5
[INFO] [stdout]   |
[INFO] [stdout] 3 | use std::sync::Arc;
[INFO] [stdout]   |     ^^^^^^^^^^^^^^
[INFO] [stdout]   |
[INFO] [stdout]   = note: `#[warn(unused_imports)]` (part of `#[warn(unused)]`) on by default
[INFO] [stdout] 
[INFO] [stdout] 
[INFO] [stdout] warning: unused imports: `AuthSchemaOptions`, `DbAdapter`, `DbSchema`, and `auth_schema`
[INFO] [stdout]  --> src/stores.rs:5:25
[INFO] [stdout]   |
[INFO] [stdout] 5 | use rustauth_core::db::{auth_schema, AuthSchemaOptions, DbAdapter, DbSchema};
[INFO] [stdout]   |                         ^^^^^^^^^^^  ^^^^^^^^^^^^^^^^^  ^^^^^^^^^  ^^^^^^^^
[INFO] [stdout] 
[INFO] [stdout] 
[INFO] [stdout] warning: unused import: `rustauth_core::error::RustAuthError`
[INFO] [stdout]  --> src/stores.rs:6:5
[INFO] [stdout]   |
[INFO] [stdout] 6 | use rustauth_core::error::RustAuthError;
[INFO] [stdout]   |     ^^^^^^^^^^^^^^^^^^^^^^^^^^^^^^^^^^^
[INFO] [stdout] 
[INFO] [stdout] 
[INFO] [stdout] warning: unused imports: `RateLimitOptions` and `RustAuthOptions`
[INFO] [stdout]  --> src/stores.rs:7:30
[INFO] [stdout]   |
[INFO] [stdout] 7 | use rustauth_core::options::{RateLimitOptions, RustAuthOptions};
[INFO] [stdout]   |                              ^^^^^^^^^^^^^^^^  ^^^^^^^^^^^^^^^
[INFO] [stdout] 
[INFO] [stdout] 
[INFO] [stdout] warning: unused macro definition: `sql_stores`
[INFO] [stdout]  --> src/stores.rs:9:14
[INFO] [stdout]   |
[INFO] [stdout] 9 | macro_rules! sql_stores {
[INFO] [stdout]   |              ^^^^^^^^^^
[INFO] [stdout]   |
[INFO] [stdout]   = note: `#[warn(unused_macros)]` (part of `#[warn(unused)]`) on by default
[INFO] [stdout] 
[INFO] [stdout] 
[INFO] [stdout] warning: unused imports: `SqlRateLimitNames as RateLimitSqlNames`, `consume_sql_rate_limit_record as consume_record`, `rate_limit_count_from_i64 as count_from_i64`, and `rate_limit_count_to_i64 as count_to_i64`
[INFO] [stdout]   --> src/lib.rs:43:5
[INFO] [stdout]    |
[INFO] [stdout] 43 |     consume_sql_rate_limit_record as consume_record, rate_limit_count_from_i64 as count_from_i64,
[INFO] [stdout]    |     ^^^^^^^^^^^^^^^^^^^^^^^^^^^^^^^^^^^^^^^^^^^^^^^  ^^^^^^^^^^^^^^^^^^^^^^^^^^^^^^^^^^^^^^^^^^^
[INFO] [stdout] 44 |     rate_limit_count_to_i64 as count_to_i64, SqlRateLimitNames as RateLimitSqlNames,
[INFO] [stdout]    |     ^^^^^^^^^^^^^^^^^^^^^^^^^^^^^^^^^^^^^^^  ^^^^^^^^^^^^^^^^^^^^^^^^^^^^^^^^^^^^^^
[INFO] [stdout] 
[INFO] [stdout] 
[INFO] [stdout] warning: function `ensure_executable` is never used
[INFO] [stdout]  --> src/migration.rs:8:15
[INFO] [stdout]   |
[INFO] [stdout] 8 | pub(crate) fn ensure_executable(plan: &SchemaMigrationPlan) -> Result<(), RustAuthError> {
[INFO] [stdout]   |               ^^^^^^^^^^^^^^^^^
[INFO] [stdout]   |
[INFO] [stdout]   = note: `#[warn(dead_code)]` (part of `#[warn(unused)]`) on by default
[INFO] [stdout] 
[INFO] [stdout] 
[INFO] [stdout] warning: function `write_schema_file` is never used
[INFO] [stdout]   --> src/migration.rs:12:21
[INFO] [stdout]    |
[INFO] [stdout] 12 | pub(crate) async fn write_schema_file(
[INFO] [stdout]    |                     ^^^^^^^^^^^^^^^^^
[INFO] [stdout] 
[INFO] [stdout] 
[INFO] [stderr]     Finished `dev` profile [unoptimized + debuginfo] target(s) in 1m 08s
[INFO] running `Command { std: "docker" "inspect" "1dfe9410596889468bee4a147374439bb37f7731c759233eaf1320ddf5d88b87", kill_on_drop: false }`
[INFO] running `Command { std: "docker" "exec" "-e" "SOURCE_DIR=/opt/rustwide/workdir" "-e" "CARGO_HOME=/opt/rustwide/cargo-home" "-e" "RUSTUP_HOME=/opt/rustwide/rustup-home" "-e" "CARGO_TARGET_DIR=/opt/rustwide/target" "-e" "CARGO_INCREMENTAL=0" "-e" "RUST_BACKTRACE=full" "-e" "RUSTFLAGS=--cap-lints=warn" "-e" "RUSTDOCFLAGS=--cap-lints=warn" "-w" "/opt/rustwide/workdir" "--user" "0:0" "1dfe9410596889468bee4a147374439bb37f7731c759233eaf1320ddf5d88b87" "/opt/rustwide/cargo-home/bin/cargo" "+1.99.0-beta.8" "test" "--frozen" "--no-run" "--message-format=json", kill_on_drop: false }`
[INFO] [stderr]    Compiling rustauth-core v0.3.0
[INFO] [stderr]    Compiling rustauth-sqlx v0.3.0 (/opt/rustwide/workdir)
[INFO] [stdout] warning: unused import: `std::sync::Arc`
[INFO] [stdout]  --> src/stores.rs:3:5
[INFO] [stdout]   |
[INFO] [stdout] 3 | use std::sync::Arc;
[INFO] [stdout]   |     ^^^^^^^^^^^^^^
[INFO] [stdout]   |
[INFO] [stdout]   = note: `#[warn(unused_imports)]` (part of `#[warn(unused)]`) on by default
[INFO] [stdout] 
[INFO] [stdout] 
[INFO] [stdout] warning: unused imports: `AuthSchemaOptions`, `DbAdapter`, `DbSchema`, and `auth_schema`
[INFO] [stdout]  --> src/stores.rs:5:25
[INFO] [stdout]   |
[INFO] [stdout] 5 | use rustauth_core::db::{auth_schema, AuthSchemaOptions, DbAdapter, DbSchema};
[INFO] [stdout]   |                         ^^^^^^^^^^^  ^^^^^^^^^^^^^^^^^  ^^^^^^^^^  ^^^^^^^^
[INFO] [stdout] 
[INFO] [stdout] 
[INFO] [stdout] warning: unused import: `rustauth_core::error::RustAuthError`
[INFO] [stdout]  --> src/stores.rs:6:5
[INFO] [stdout]   |
[INFO] [stdout] 6 | use rustauth_core::error::RustAuthError;
[INFO] [stdout]   |     ^^^^^^^^^^^^^^^^^^^^^^^^^^^^^^^^^^^
[INFO] [stdout] 
[INFO] [stdout] 
[INFO] [stdout] warning: unused imports: `RateLimitOptions` and `RustAuthOptions`
[INFO] [stdout]  --> src/stores.rs:7:30
[INFO] [stdout]   |
[INFO] [stdout] 7 | use rustauth_core::options::{RateLimitOptions, RustAuthOptions};
[INFO] [stdout]   |                              ^^^^^^^^^^^^^^^^  ^^^^^^^^^^^^^^^
[INFO] [stdout] 
[INFO] [stdout] 
[INFO] [stdout] warning: unused macro definition: `sql_stores`
[INFO] [stdout]  --> src/stores.rs:9:14
[INFO] [stdout]   |
[INFO] [stdout] 9 | macro_rules! sql_stores {
[INFO] [stdout]   |              ^^^^^^^^^^
[INFO] [stdout]   |
[INFO] [stdout]   = note: `#[warn(unused_macros)]` (part of `#[warn(unused)]`) on by default
[INFO] [stdout] 
[INFO] [stdout] 
[INFO] [stdout] warning: unused imports: `SqlRateLimitNames as RateLimitSqlNames`, `consume_sql_rate_limit_record as consume_record`, `rate_limit_count_from_i64 as count_from_i64`, and `rate_limit_count_to_i64 as count_to_i64`
[INFO] [stdout]   --> src/lib.rs:43:5
[INFO] [stdout]    |
[INFO] [stdout] 43 |     consume_sql_rate_limit_record as consume_record, rate_limit_count_from_i64 as count_from_i64,
[INFO] [stdout]    |     ^^^^^^^^^^^^^^^^^^^^^^^^^^^^^^^^^^^^^^^^^^^^^^^  ^^^^^^^^^^^^^^^^^^^^^^^^^^^^^^^^^^^^^^^^^^^
[INFO] [stdout] 44 |     rate_limit_count_to_i64 as count_to_i64, SqlRateLimitNames as RateLimitSqlNames,
[INFO] [stdout]    |     ^^^^^^^^^^^^^^^^^^^^^^^^^^^^^^^^^^^^^^^  ^^^^^^^^^^^^^^^^^^^^^^^^^^^^^^^^^^^^^^
[INFO] [stdout] 
[INFO] [stdout] 
[INFO] [stdout] warning: function `ensure_executable` is never used
[INFO] [stdout]  --> src/migration.rs:8:15
[INFO] [stdout]   |
[INFO] [stdout] 8 | pub(crate) fn ensure_executable(plan: &SchemaMigrationPlan) -> Result<(), RustAuthError> {
[INFO] [stdout]   |               ^^^^^^^^^^^^^^^^^
[INFO] [stdout]   |
[INFO] [stdout]   = note: `#[warn(dead_code)]` (part of `#[warn(unused)]`) on by default
[INFO] [stdout] 
[INFO] [stdout] 
[INFO] [stdout] warning: function `write_schema_file` is never used
[INFO] [stdout]   --> src/migration.rs:12:21
[INFO] [stdout]    |
[INFO] [stdout] 12 | pub(crate) async fn write_schema_file(
[INFO] [stdout]    |                     ^^^^^^^^^^^^^^^^^
[INFO] [stdout] 
[INFO] [stdout] 
[INFO] [stdout] warning: unused import: `std::sync::Arc`
[INFO] [stdout]  --> src/stores.rs:3:5
[INFO] [stdout]   |
[INFO] [stdout] 3 | use std::sync::Arc;
[INFO] [stdout]   |     ^^^^^^^^^^^^^^
[INFO] [stdout]   |
[INFO] [stdout]   = note: `#[warn(unused_imports)]` (part of `#[warn(unused)]`) on by default
[INFO] [stdout] 
[INFO] [stdout] 
[INFO] [stdout] warning: unused imports: `AuthSchemaOptions`, `DbAdapter`, `DbSchema`, and `auth_schema`
[INFO] [stdout]  --> src/stores.rs:5:25
[INFO] [stdout]   |
[INFO] [stdout] 5 | use rustauth_core::db::{auth_schema, AuthSchemaOptions, DbAdapter, DbSchema};
[INFO] [stdout]   |                         ^^^^^^^^^^^  ^^^^^^^^^^^^^^^^^  ^^^^^^^^^  ^^^^^^^^
[INFO] [stdout] 
[INFO] [stdout] 
[INFO] [stdout] warning: unused import: `rustauth_core::error::RustAuthError`
[INFO] [stdout]  --> src/stores.rs:6:5
[INFO] [stdout]   |
[INFO] [stdout] 6 | use rustauth_core::error::RustAuthError;
[INFO] [stdout]   |     ^^^^^^^^^^^^^^^^^^^^^^^^^^^^^^^^^^^
[INFO] [stdout] 
[INFO] [stdout] 
[INFO] [stdout] warning: unused imports: `RateLimitOptions` and `RustAuthOptions`
[INFO] [stdout]  --> src/stores.rs:7:30
[INFO] [stdout]   |
[INFO] [stdout] 7 | use rustauth_core::options::{RateLimitOptions, RustAuthOptions};
[INFO] [stdout]   |                              ^^^^^^^^^^^^^^^^  ^^^^^^^^^^^^^^^
[INFO] [stdout] 
[INFO] [stdout] 
[INFO] [stdout] warning: unused macro definition: `sql_stores`
[INFO] [stdout]  --> src/stores.rs:9:14
[INFO] [stdout]   |
[INFO] [stdout] 9 | macro_rules! sql_stores {
[INFO] [stdout]   |              ^^^^^^^^^^
[INFO] [stdout]   |
[INFO] [stdout]   = note: `#[warn(unused_macros)]` (part of `#[warn(unused)]`) on by default
[INFO] [stdout] 
[INFO] [stdout] 
[INFO] [stdout] warning: unused imports: `SqlRateLimitNames as RateLimitSqlNames`, `consume_sql_rate_limit_record as consume_record`, `rate_limit_count_from_i64 as count_from_i64`, and `rate_limit_count_to_i64 as count_to_i64`
[INFO] [stdout]   --> src/lib.rs:43:5
[INFO] [stdout]    |
[INFO] [stdout] 43 |     consume_sql_rate_limit_record as consume_record, rate_limit_count_from_i64 as count_from_i64,
[INFO] [stdout]    |     ^^^^^^^^^^^^^^^^^^^^^^^^^^^^^^^^^^^^^^^^^^^^^^^  ^^^^^^^^^^^^^^^^^^^^^^^^^^^^^^^^^^^^^^^^^^^
[INFO] [stdout] 44 |     rate_limit_count_to_i64 as count_to_i64, SqlRateLimitNames as RateLimitSqlNames,
[INFO] [stdout]    |     ^^^^^^^^^^^^^^^^^^^^^^^^^^^^^^^^^^^^^^^  ^^^^^^^^^^^^^^^^^^^^^^^^^^^^^^^^^^^^^^
[INFO] [stdout] 
[INFO] [stdout] 
[INFO] [stdout] warning: function `ensure_executable` is never used
[INFO] [stdout]  --> src/migration.rs:8:15
[INFO] [stdout]   |
[INFO] [stdout] 8 | pub(crate) fn ensure_executable(plan: &SchemaMigrationPlan) -> Result<(), RustAuthError> {
[INFO] [stdout]   |               ^^^^^^^^^^^^^^^^^
[INFO] [stdout]   |
[INFO] [stdout]   = note: `#[warn(dead_code)]` (part of `#[warn(unused)]`) on by default
[INFO] [stdout] 
[INFO] [stdout] 
[INFO] [stdout] warning: function `write_schema_file` is never used
[INFO] [stdout]   --> src/migration.rs:12:21
[INFO] [stdout]    |
[INFO] [stdout] 12 | pub(crate) async fn write_schema_file(
[INFO] [stdout]    |                     ^^^^^^^^^^^^^^^^^
[INFO] [stdout] 
[INFO] [stdout] 
[INFO] [stdout] error[E0432]: unresolved import `rustauth_sqlx::SqliteStores`
[INFO] [stdout]   --> examples/sqlite_stores.rs:2:5
[INFO] [stdout]    |
[INFO] [stdout]  2 | use rustauth_sqlx::SqliteStores;
[INFO] [stdout]    |     ^^^^^^^^^^^^^^^------------
[INFO] [stdout]    |                    |
[INFO] [stdout]    |                    no `SqliteStores` in the root
[INFO] [stdout]    |
[INFO] [stdout] note: found an item that was configured out
[INFO] [stdout]   --> src/lib.rs:34:18
[INFO] [stdout]    |
[INFO] [stdout] 33 | #[cfg(feature = "sqlite")]
[INFO] [stdout]    |       ------------------ the item is gated behind the `sqlite` feature
[INFO] [stdout] 34 | pub use stores::{SqliteStores, SqliteStoresBuilder};
[INFO] [stdout]    |                  ^^^^^^^^^^^^
[INFO] [stdout] 
[INFO] [stdout] 
[INFO] [stdout] warning: method call on a diverging inference variable
[INFO] [stdout]   --> examples/sqlite_stores.rs:13:12
[INFO] [stdout]    |
[INFO] [stdout] 13 |     stores.adapter_ref().run_migrations(&schema).await?;
[INFO] [stdout]    |            ^^^^^^^^^^^
[INFO] [stdout]    |
[INFO] [stdout]    = help: consider providing a type annotation
[INFO] [stdout]    = warning: this was previously accepted by the compiler but is being phased out; it will become a hard error in a future release!
[INFO] [stdout]    = note: for more information, see issue #156047 <https://github.com/rust-lang/rust/issues/156047>
[INFO] [stdout]    = note: `#[warn(method_call_on_diverging_infer_var)]` (part of `#[warn(future_incompatible)]`) on by default
[INFO] [stdout] 
[INFO] [stdout] 
[INFO] [stdout] error[E0599]: no method named `adapter_ref` found for type `!` in the current scope
[INFO] [stdout]   --> examples/sqlite_stores.rs:13:12
[INFO] [stdout]    |
[INFO] [stdout] 13 |     stores.adapter_ref().run_migrations(&schema).await?;
[INFO] [stdout]    |            ^^^^^^^^^^^ method not found in `!`
[INFO] [stdout] 
[INFO] [stdout] 
[INFO] [stdout] error[E0599]: no method named `apply_to_options` found for type `!` in the current scope
[INFO] [stdout]   --> examples/sqlite_stores.rs:14:27
[INFO] [stdout]    |
[INFO] [stdout] 14 |     let _options = stores.apply_to_options(rustauth_core::options::RustAuthOptions::default());
[INFO] [stdout]    |                           ^^^^^^^^^^^^^^^^ method not found in `!`
[INFO] [stdout] 
[INFO] [stdout] 
[INFO] [stdout] warning: unreachable expression
[INFO] [stdout]   --> examples/sqlite_stores.rs:14:44
[INFO] [stdout]    |
[INFO] [stdout] 14 |     let _options = stores.apply_to_options(rustauth_core::options::RustAuthOptions::default());
[INFO] [stdout]    |                    ------                  ^^^^^^^^^^^^^^^^^^^^^^^^^^^^^^^^^^^^^^^^^^^^^^^^^^ unreachable expression
[INFO] [stdout]    |                    |
[INFO] [stdout]    |                    any code following this expression is unreachable
[INFO] [stdout]    |
[INFO] [stdout]    = note: `#[warn(unreachable_code)]` (part of `#[warn(unused)]`) on by default
[INFO] [stdout] 
[INFO] [stdout] 
[INFO] [stdout] Some errors have detailed explanations: E0432, E0599.
[INFO] [stdout] 
[INFO] [stdout] For more information about an error, try `rustc --explain E0432`.
[INFO] [stdout] 
[INFO] [stderr] error: could not compile `rustauth-sqlx` (example "sqlite_stores") due to 3 previous errors; 3 warnings emitted
[INFO] [stderr] warning: build failed, waiting for other jobs to finish...
[INFO] running `Command { std: "docker" "inspect" "1dfe9410596889468bee4a147374439bb37f7731c759233eaf1320ddf5d88b87", kill_on_drop: false }`
[INFO] running `Command { std: "docker" "rm" "-f" "1dfe9410596889468bee4a147374439bb37f7731c759233eaf1320ddf5d88b87", kill_on_drop: false }`
[INFO] [stdout] 1dfe9410596889468bee4a147374439bb37f7731c759233eaf1320ddf5d88b87
