[INFO] fetching crate rustauth-actix-web 0.3.0...
[INFO] testing rustauth-actix-web-0.3.0 against 1.99.0-beta.8 for beta-1.100-2
[INFO] extracting crate rustauth-actix-web 0.3.0 into /workspace/builds/worker-4-tc1/source
[INFO] started tweaking crates.io crate rustauth-actix-web 0.3.0
[INFO] removed 0 missing tests
[INFO] finished tweaking crates.io crate rustauth-actix-web 0.3.0
[INFO] tweaked toml for crates.io crate rustauth-actix-web 0.3.0 written to /workspace/builds/worker-4-tc1/source/Cargo.toml
[INFO] validating manifest of crates.io crate rustauth-actix-web 0.3.0 on toolchain 1.99.0-beta.8
[INFO] running `Command { std: CARGO_HOME="/workspace/cargo-home" RUSTUP_HOME="/workspace/rustup-home" "/workspace/cargo-home/bin/cargo" "+1.99.0-beta.8" "metadata" "--manifest-path" "Cargo.toml" "--no-deps", kill_on_drop: false }`
[INFO] crate crates.io crate rustauth-actix-web 0.3.0 already has a lockfile, it will not be regenerated
[INFO] running `Command { std: CARGO_HOME="/workspace/cargo-home" RUSTUP_HOME="/workspace/rustup-home" "/workspace/cargo-home/bin/cargo" "+1.99.0-beta.8" "fetch" "--manifest-path" "Cargo.toml", kill_on_drop: false }`
[INFO] [stderr]     Updating crates.io index
[INFO] [stderr]  Downloading crates ...
[INFO] [stderr]   Downloaded time-macros v0.2.29
[INFO] [stderr]   Downloaded time v0.3.49
[INFO] [stderr]   Downloaded rustauth-core v0.3.0
[INFO] [stderr]   Downloaded scrypt v0.11.0
[INFO] [stderr]   Downloaded salsa20 v0.10.2
[INFO] [stderr]   Downloaded rustauth-social-providers v0.3.0
[INFO] [stderr]   Downloaded actix-http v3.12.1
[INFO] [stderr]   Downloaded actix-router v0.5.4
[INFO] [stderr]   Downloaded rustauth v0.3.0
[INFO] [stderr]   Downloaded josekit v0.10.3
[INFO] [stderr]   Downloaded actix-web v4.13.0
[INFO] [stderr]   Downloaded rustauth-oauth v0.3.0
[INFO] running `Command { std: "docker" "create" "-v" "/var/lib/crater-agent-workspace/builds/worker-4-tc1/source:/opt/rustwide/workdir:ro,Z" "-v" "/var/lib/crater-agent-workspace/builds/worker-4-tc1/target:/opt/rustwide/target:rw,Z" "-v" "/var/lib/crater-agent-workspace/cargo-home:/opt/rustwide/cargo-home:ro,Z" "-v" "/var/lib/crater-agent-workspace/rustup-home:/opt/rustwide/rustup-home:ro,Z" "-m" "1610612736" "--network" "none" "ghcr.io/rust-lang/crates-build-env/linux@sha256:3111399a4047eeb3a02b7a90e478d715f38a8c6669b5c4b49d30a17385265909" "sleep" "infinity", kill_on_drop: false }`
[INFO] [stdout] 28de5550b4915be8797d84879d631114299c054ff9556d76e00764fb8e142dd5
[INFO] running `Command { std: "docker" "start" "28de5550b4915be8797d84879d631114299c054ff9556d76e00764fb8e142dd5", kill_on_drop: false }`
[INFO] running `Command { std: "docker" "inspect" "28de5550b4915be8797d84879d631114299c054ff9556d76e00764fb8e142dd5", kill_on_drop: false }`
[INFO] running `Command { std: "docker" "exec" "-e" "SOURCE_DIR=/opt/rustwide/workdir" "-e" "CARGO_HOME=/opt/rustwide/cargo-home" "-e" "RUSTUP_HOME=/opt/rustwide/rustup-home" "-e" "CARGO_TARGET_DIR=/opt/rustwide/target" "-w" "/opt/rustwide/workdir" "--user" "0:0" "28de5550b4915be8797d84879d631114299c054ff9556d76e00764fb8e142dd5" "/opt/rustwide/cargo-home/bin/cargo" "+1.99.0-beta.8" "metadata" "--no-deps" "--format-version=1", kill_on_drop: false }`
[INFO] running `Command { std: "docker" "inspect" "28de5550b4915be8797d84879d631114299c054ff9556d76e00764fb8e142dd5", kill_on_drop: false }`
[INFO] running `Command { std: "docker" "exec" "-e" "SOURCE_DIR=/opt/rustwide/workdir" "-e" "CARGO_HOME=/opt/rustwide/cargo-home" "-e" "RUSTUP_HOME=/opt/rustwide/rustup-home" "-e" "CARGO_TARGET_DIR=/opt/rustwide/target" "-e" "CARGO_INCREMENTAL=0" "-e" "RUST_BACKTRACE=full" "-e" "RUSTFLAGS=--cap-lints=warn" "-e" "RUSTDOCFLAGS=--cap-lints=warn" "-w" "/opt/rustwide/workdir" "--user" "0:0" "28de5550b4915be8797d84879d631114299c054ff9556d76e00764fb8e142dd5" "/opt/rustwide/cargo-home/bin/cargo" "+1.99.0-beta.8" "build" "--frozen" "--message-format=json", kill_on_drop: false }`
[INFO] [stderr]    Compiling getrandom v0.2.17
[INFO] [stderr]    Compiling smallvec v1.15.2
[INFO] [stderr]    Compiling subtle v2.6.1
[INFO] [stderr]    Compiling errno v0.3.14
[INFO] [stderr]    Compiling mio v1.2.1
[INFO] [stderr]    Compiling tokio-macros v2.7.0
[INFO] [stderr]    Compiling inout v0.1.4
[INFO] [stderr]    Compiling zeroize v1.9.0
[INFO] [stderr]    Compiling zerocopy v0.8.52
[INFO] [stderr]    Compiling serde v1.0.228
[INFO] [stderr]    Compiling futures-util v0.3.32
[INFO] [stderr]    Compiling tracing v0.1.44
[INFO] [stderr]    Compiling portable-atomic v1.13.1
[INFO] [stderr]    Compiling unicode-segmentation v1.13.3
[INFO] [stderr]    Compiling serde_json v1.0.150
[INFO] [stderr]    Compiling deranged v0.5.8
[INFO] [stderr]    Compiling rand_core v0.6.4
[INFO] [stderr]    Compiling base64ct v1.8.3
[INFO] [stderr]    Compiling signal-hook-registry v1.4.8
[INFO] [stderr]    Compiling parking_lot_core v0.9.12
[INFO] [stderr]    Compiling icu_normalizer v2.2.0
[INFO] [stderr]    Compiling local-waker v0.1.4
[INFO] [stderr]    Compiling hashbrown v0.14.5
[INFO] [stderr]    Compiling parking_lot v0.12.5
[INFO] [stderr]    Compiling convert_case v0.10.0
[INFO] [stderr]    Compiling crypto-common v0.1.7
[INFO] [stderr]    Compiling num-conv v0.2.2
[INFO] [stderr]    Compiling digest v0.10.7
[INFO] [stderr]    Compiling cipher v0.4.4
[INFO] [stderr]    Compiling universal-hash v0.5.1
[INFO] [stderr]    Compiling time-core v0.1.9
[INFO] [stderr]    Compiling tinyvec_macros v0.1.1
[INFO] [stderr]    Compiling poly1305 v0.8.0
[INFO] [stderr]    Compiling hmac v0.12.1
[INFO] [stderr]    Compiling sha2 v0.10.9
[INFO] [stderr]    Compiling pbkdf2 v0.12.2
[INFO] [stderr]    Compiling http v0.2.12
[INFO] [stderr]    Compiling derive_more-impl v2.1.1
[INFO] [stderr]    Compiling tinyvec v1.11.0
[INFO] [stderr]    Compiling tokio v1.52.3
[INFO] [stderr]    Compiling actix-utils v3.0.1
[INFO] [stderr]    Compiling aead v0.5.2
[INFO] [stderr]    Compiling password-hash v0.5.0
[INFO] [stderr]    Compiling idna_adapter v1.2.2
[INFO] [stderr]    Compiling chacha20 v0.9.1
[INFO] [stderr]    Compiling salsa20 v0.10.2
[INFO] [stderr]    Compiling idna v1.1.0
[INFO] [stderr]    Compiling spinning_top v0.3.0
[INFO] [stderr]    Compiling bytestring v1.5.1
[INFO] [stderr]    Compiling actix-service v2.0.3
[INFO] [stderr]    Compiling dashmap v6.2.1
[INFO] [stderr]    Compiling bitflags v2.13.0
[INFO] [stderr]    Compiling hashbrown v0.17.1
[INFO] [stderr]    Compiling futures-timer v3.0.4
[INFO] [stderr]    Compiling web-time v1.1.0
[INFO] [stderr]    Compiling nonzero_ext v0.3.0
[INFO] [stderr]    Compiling unicode-normalization v0.1.25
[INFO] [stderr]    Compiling url v2.5.8
[INFO] [stderr]    Compiling chacha20poly1305 v0.10.1
[INFO] [stderr]    Compiling scrypt v0.11.0
[INFO] [stderr]    Compiling hkdf v0.12.4
[INFO] [stderr]    Compiling socket2 v0.5.10
[INFO] [stderr]    Compiling regex-lite v0.1.9
[INFO] [stderr]    Compiling foldhash v0.1.5
[INFO] [stderr]    Compiling language-tags v0.3.2
[INFO] [stderr]    Compiling indexmap v2.14.0
[INFO] [stderr]    Compiling httpdate v1.0.3
[INFO] [stderr]    Compiling serde_urlencoded v0.7.1
[INFO] [stderr]    Compiling time v0.3.49
[INFO] [stderr]    Compiling impl-more v0.1.9
[INFO] [stderr]    Compiling governor v0.10.4
[INFO] [stderr]    Compiling actix-router v0.5.4
[INFO] [stderr]    Compiling derive_more v2.1.1
[INFO] [stderr]    Compiling tokio-util v0.7.18
[INFO] [stderr]    Compiling actix-rt v2.11.0
[INFO] [stderr]    Compiling ppv-lite86 v0.2.21
[INFO] [stderr]    Compiling rand_chacha v0.3.1
[INFO] [stderr]    Compiling rand v0.8.6
[INFO] [stderr]    Compiling actix-server v2.6.0
[INFO] [stderr]    Compiling actix-codec v0.5.2
[INFO] [stderr]    Compiling actix-http v3.12.1
[INFO] [stderr]    Compiling rustauth-core v0.3.0
[INFO] [stderr]    Compiling actix-web v4.13.0
[INFO] [stderr]    Compiling rustauth v0.3.0
[INFO] [stderr]    Compiling rustauth-actix-web v0.3.0 (/opt/rustwide/workdir)
[INFO] [stderr]     Finished `dev` profile [unoptimized + debuginfo] target(s) in 41.59s
[INFO] running `Command { std: "docker" "inspect" "28de5550b4915be8797d84879d631114299c054ff9556d76e00764fb8e142dd5", kill_on_drop: false }`
[INFO] running `Command { std: "docker" "exec" "-e" "SOURCE_DIR=/opt/rustwide/workdir" "-e" "CARGO_HOME=/opt/rustwide/cargo-home" "-e" "RUSTUP_HOME=/opt/rustwide/rustup-home" "-e" "CARGO_TARGET_DIR=/opt/rustwide/target" "-e" "CARGO_INCREMENTAL=0" "-e" "RUST_BACKTRACE=full" "-e" "RUSTFLAGS=--cap-lints=warn" "-e" "RUSTDOCFLAGS=--cap-lints=warn" "-w" "/opt/rustwide/workdir" "--user" "0:0" "28de5550b4915be8797d84879d631114299c054ff9556d76e00764fb8e142dd5" "/opt/rustwide/cargo-home/bin/cargo" "+1.99.0-beta.8" "test" "--frozen" "--no-run" "--message-format=json", kill_on_drop: false }`
[INFO] [stderr]    Compiling ring v0.17.14
[INFO] [stderr]    Compiling tokio v1.52.3
[INFO] [stderr]    Compiling futures-util v0.3.32
[INFO] [stderr]    Compiling rustls v0.23.40
[INFO] [stderr]    Compiling serde_json v1.0.150
[INFO] [stderr]    Compiling anyhow v1.0.102
[INFO] [stderr]    Compiling simd-adler32 v0.3.9
[INFO] [stderr]    Compiling cipher v0.4.4
[INFO] [stderr]    Compiling webpki-roots v1.0.7
[INFO] [stderr]    Compiling openssl v0.10.81
[INFO] [stderr]    Compiling url v2.5.8
[INFO] [stderr]    Compiling dashmap v6.2.1
[INFO] [stderr]    Compiling chacha20 v0.9.1
[INFO] [stderr]    Compiling salsa20 v0.10.2
[INFO] [stderr]    Compiling scrypt v0.11.0
[INFO] [stderr]    Compiling miniz_oxide v0.8.9
[INFO] [stderr]    Compiling chacha20poly1305 v0.10.1
[INFO] [stderr]    Compiling flate2 v1.1.9
[INFO] [stderr]    Compiling governor v0.10.4
[INFO] [stderr]    Compiling josekit v0.10.3
[INFO] [stderr]    Compiling hyper v1.10.1
[INFO] [stderr]    Compiling tower v0.5.3
[INFO] [stderr]    Compiling tokio-util v0.7.18
[INFO] [stderr]    Compiling actix-rt v2.11.0
[INFO] [stderr]    Compiling actix-server v2.6.0
[INFO] [stderr]    Compiling rustls-webpki v0.103.13
[INFO] [stderr]    Compiling tower-http v0.6.11
[INFO] [stderr]    Compiling actix-codec v0.5.2
[INFO] [stderr]    Compiling actix-http v3.12.1
[INFO] [stderr]    Compiling hyper-util v0.1.20
[INFO] [stderr]    Compiling actix-web v4.13.0
[INFO] [stderr]    Compiling tokio-rustls v0.26.4
[INFO] [stderr]    Compiling hyper-rustls v0.27.9
[INFO] [stderr]    Compiling reqwest v0.12.28
[INFO] [stderr]    Compiling rustauth-oauth v0.3.0
[INFO] [stderr]    Compiling rustauth-social-providers v0.3.0
[INFO] [stderr]    Compiling rustauth-core v0.3.0
[INFO] [stderr]    Compiling rustauth v0.3.0
[INFO] [stderr]    Compiling rustauth-actix-web v0.3.0 (/opt/rustwide/workdir)
[INFO] [stderr] error: could not compile `rustauth-actix-web` (test "adapter_regression")
[INFO] [stderr] 
[INFO] [stderr] Caused by:
[INFO] [stderr]   process didn't exit successfully: `/opt/rustwide/rustup-home/toolchains/1.99.0-beta.8-x86_64-unknown-linux-gnu/bin/rustc --crate-name adapter_regression --edition=2021 tests/adapter_regression.rs --error-format=json --json=diagnostic-rendered-ansi,artifacts,future-incompat --emit=dep-info,link -C embed-bitcode=no -C debuginfo=2 '--warn=clippy::unwrap_used' --forbid=unsafe_code '--warn=clippy::panic' '--warn=clippy::expect_used' --test --check-cfg 'cfg(docsrs,test)' --check-cfg 'cfg(feature, values("test-utils"))' -C metadata=343698ffa5e85228 -C extra-filename=-93d817478089f09b --out-dir /opt/rustwide/target/debug/deps -L dependency=/opt/rustwide/target/debug/deps --extern actix_web=/opt/rustwide/target/debug/deps/libactix_web-05df56c373f752f0.rlib --extern futures_util=/opt/rustwide/target/debug/deps/libfutures_util-8652d597bd2798a4.rlib --extern http=/opt/rustwide/target/debug/deps/libhttp-4ba5360fa6400f90.rlib --extern rustauth=/opt/rustwide/target/debug/deps/librustauth-f39b81e5fca5ac2e.rlib --extern rustauth_actix_web=/opt/rustwide/target/debug/deps/librustauth_actix_web-e1d69aa5d62a2e45.rlib --extern rustauth_core=/opt/rustwide/target/debug/deps/librustauth_core-ad6e38413e340737.rlib --extern serde_json=/opt/rustwide/target/debug/deps/libserde_json-808f330ff6965d10.rlib --extern thiserror=/opt/rustwide/target/debug/deps/libthiserror-5e90adc18491a337.rlib --extern time=/opt/rustwide/target/debug/deps/libtime-191e72fc2915e151.rlib --extern tokio=/opt/rustwide/target/debug/deps/libtokio-87d5d56abe070e65.rlib --extern url=/opt/rustwide/target/debug/deps/liburl-72650d2baf03935b.rlib --cap-lints=warn -L native=/opt/rustwide/target/debug/build/ring-a8d7dc5e535564b7/out` (signal: 9, SIGKILL: kill)
[INFO] [stderr] warning: build failed, waiting for other jobs to finish...
[INFO] [stderr] error: could not compile `rustauth-actix-web` (test "routing")
[INFO] [stderr] 
[INFO] [stderr] Caused by:
[INFO] [stderr]   process didn't exit successfully: `/opt/rustwide/rustup-home/toolchains/1.99.0-beta.8-x86_64-unknown-linux-gnu/bin/rustc --crate-name routing --edition=2021 tests/routing.rs --error-format=json --json=diagnostic-rendered-ansi,artifacts,future-incompat --emit=dep-info,link -C embed-bitcode=no -C debuginfo=2 '--warn=clippy::unwrap_used' --forbid=unsafe_code '--warn=clippy::panic' '--warn=clippy::expect_used' --test --check-cfg 'cfg(docsrs,test)' --check-cfg 'cfg(feature, values("test-utils"))' -C metadata=f0b1c977be550705 -C extra-filename=-1396e756629cbd4e --out-dir /opt/rustwide/target/debug/deps -L dependency=/opt/rustwide/target/debug/deps --extern actix_web=/opt/rustwide/target/debug/deps/libactix_web-05df56c373f752f0.rlib --extern futures_util=/opt/rustwide/target/debug/deps/libfutures_util-8652d597bd2798a4.rlib --extern http=/opt/rustwide/target/debug/deps/libhttp-4ba5360fa6400f90.rlib --extern rustauth=/opt/rustwide/target/debug/deps/librustauth-f39b81e5fca5ac2e.rlib --extern rustauth_actix_web=/opt/rustwide/target/debug/deps/librustauth_actix_web-e1d69aa5d62a2e45.rlib --extern rustauth_core=/opt/rustwide/target/debug/deps/librustauth_core-ad6e38413e340737.rlib --extern serde_json=/opt/rustwide/target/debug/deps/libserde_json-808f330ff6965d10.rlib --extern thiserror=/opt/rustwide/target/debug/deps/libthiserror-5e90adc18491a337.rlib --extern time=/opt/rustwide/target/debug/deps/libtime-191e72fc2915e151.rlib --extern tokio=/opt/rustwide/target/debug/deps/libtokio-87d5d56abe070e65.rlib --extern url=/opt/rustwide/target/debug/deps/liburl-72650d2baf03935b.rlib --cap-lints=warn -L native=/opt/rustwide/target/debug/build/ring-a8d7dc5e535564b7/out` (signal: 9, SIGKILL: kill)
[INFO] [stderr] error: could not compile `rustauth-actix-web` (test "http_contract")
[INFO] [stderr] 
[INFO] [stderr] Caused by:
[INFO] [stderr]   process didn't exit successfully: `/opt/rustwide/rustup-home/toolchains/1.99.0-beta.8-x86_64-unknown-linux-gnu/bin/rustc --crate-name http_contract --edition=2021 tests/http_contract.rs --error-format=json --json=diagnostic-rendered-ansi,artifacts,future-incompat --emit=dep-info,link -C embed-bitcode=no -C debuginfo=2 '--warn=clippy::unwrap_used' --forbid=unsafe_code '--warn=clippy::panic' '--warn=clippy::expect_used' --test --check-cfg 'cfg(docsrs,test)' --check-cfg 'cfg(feature, values("test-utils"))' -C metadata=357814b6ffbdeccf -C extra-filename=-11905f866a74ad03 --out-dir /opt/rustwide/target/debug/deps -L dependency=/opt/rustwide/target/debug/deps --extern actix_web=/opt/rustwide/target/debug/deps/libactix_web-05df56c373f752f0.rlib --extern futures_util=/opt/rustwide/target/debug/deps/libfutures_util-8652d597bd2798a4.rlib --extern http=/opt/rustwide/target/debug/deps/libhttp-4ba5360fa6400f90.rlib --extern rustauth=/opt/rustwide/target/debug/deps/librustauth-f39b81e5fca5ac2e.rlib --extern rustauth_actix_web=/opt/rustwide/target/debug/deps/librustauth_actix_web-e1d69aa5d62a2e45.rlib --extern rustauth_core=/opt/rustwide/target/debug/deps/librustauth_core-ad6e38413e340737.rlib --extern serde_json=/opt/rustwide/target/debug/deps/libserde_json-808f330ff6965d10.rlib --extern thiserror=/opt/rustwide/target/debug/deps/libthiserror-5e90adc18491a337.rlib --extern time=/opt/rustwide/target/debug/deps/libtime-191e72fc2915e151.rlib --extern tokio=/opt/rustwide/target/debug/deps/libtokio-87d5d56abe070e65.rlib --extern url=/opt/rustwide/target/debug/deps/liburl-72650d2baf03935b.rlib --cap-lints=warn -L native=/opt/rustwide/target/debug/build/ring-a8d7dc5e535564b7/out` (signal: 9, SIGKILL: kill)
[INFO] [stdout] error: linking with `cc` failed: exit status: 1
[INFO] [stdout]   |
[INFO] [stdout]   = note:  "cc" "-m64" "/opt/rustwide/target/debug/deps/rustc41G0kE/symbols.o" "<9 object files omitted>" "-Wl,--as-needed" "-Wl,-Bstatic" "<sysroot>/lib/rustlib/x86_64-unknown-linux-gnu/lib/{libtest-*,libgetopts-*,librustc_std_workspace_std-*}.rlib" "/opt/rustwide/target/debug/deps/{librustauth_actix_web-e1d69aa5d62a2e45,librustauth-f39b81e5fca5ac2e,librustauth_core-ad6e38413e340737,libhex-13e08b3b00984ab7,librustauth_social_providers-52b70fa9055eb8dc,libchacha20poly1305-b91f716a3e567559,libchacha20-06fb4a6334f5e766,libpoly1305-e1a5109938c18525,libopaque_debug-90e66d859d53ff28,libuniversal_hash-d717510e9b93e8e5,libaead-cd9e0d49d71d8b4d,libunicode_normalization-38897611c04e14d9,libtinyvec-aaac35e3e185f648,libtinyvec_macros-7b77ea21c73594ca,libscrypt-489ed75261b35e5f,libsalsa20-731d240b20ce079a,libcipher-c64622ab9ef4d269,libinout-8d21a13f43326a23,libpassword_hash-a16937c2f89cac76,libbase64ct-b30f8e87c575df64,libpbkdf2-27074358e0e152a6,librand-e42e64dcb0ce16d2,librand_chacha-443fbb46f572c3b0,libppv_lite86-777369bdcdfa9d1d,libzerocopy-75aa8ee85b4f20a8,libhkdf-940726e68796452b,libhmac-4da2b7c141c53565,librustauth_oauth-1d9574088d8acafd,libsha2-5eb6ed1210664875,libcpufeatures-e04321643d03190d,libdigest-dc2c81cf572d9030,libblock_buffer-43b51fc1d06b3057,libcrypto_common-e3456a608eafd507,libgeneric_array-745cace30f1ed372,libtypenum-ed2b1c93b2a4333a,librand_core-86e43b95b9d88fa9,libjosekit-e552f271426e6780,libregex-f5ecc2d3c2494973,libregex_automata-a49529364cfb6768,libaho_corasick-879963fcf148ece0,libregex_syntax-801391c65a42f645,libflate2-84acb1666c285b0c,libminiz_oxide-6d5382b540dd717a,libsimd_adler32-7babdb89f91b6742,libcrc32fast-77160f4e25d6fc25,libopenssl-54c235180d6f56cc,libforeign_types-4fe1886d5d9265b9,libforeign_types_shared-47b443a4583fd949,libopenssl_sys-eb7e198d30e52464,libanyhow-9e4c44ac98d8e4ea,libreqwest-e8cadf3ad528a1d8,libhyper_rustls-9b663ed2198a933e,libwebpki_roots-7c3f366026b7b598,libtokio_rustls-d763861a09974aa5,librustls-497883d1244d8576,libsubtle-9600f7efd1e82d97,libwebpki-cbbbcda811c50c2b,libring-2d64bd5d51fe8c5b,libgetrandom-f25a51f78d9871ba,libuntrusted-b2f816886faf2178,librustls_pki_types-006bcc122d18cfc1,libzeroize-37b2a6e0a2742c6a,libtower_http-915eaff5db03e514,libtower-78b6690fa4053eb8,libtower_layer-d908dd771b239ecd,libhyper_util-1d0c8658f7e36982,libbase64-32787b0325ea6df8,libipnet-61ca7a5e1c2863d4,libtower_service-3fb88d28c2218805,libhyper-23133e2994e588e7,libwant-7a6260b9c50f1479,libtry_lock-8fa2f6971035be84,libatomic_waker-06950c8c08d2b8fa,libfutures_channel-94289a78f74303ed,libhttp_body_util-81e4d7974f4bf260,libhttp_body-b69ed18c56792f32,libsync_wrapper-6bdfbc29c4269203,libthiserror-5e90adc18491a337,libhttp-4ba5360fa6400f90,libactix_web-05df56c373f752f0,libimpl_more-7d8093f282a8f115,libtime-191e72fc2915e151,libpowerfmt-f6019a2766e431f7,libnum_conv-8bd7073c84ef42cd,libderanged-76b4abea1e82a866,libtime_core-87cddcae4f761596,liburl-72650d2baf03935b,libidna-237725573f050cf2,libidna_adapter-c7da97809de543dc,libicu_properties-b5e9578cbbaa3146,libicu_properties_data-e6cf238fc98dd59d,libicu_normalizer-aa8c00e40b0cc4e4,libicu_normalizer_data-8fea05bee0bb4e49,libicu_collections-f680403c7a20d60e,libutf8_iter-51566bbad89f3a68,libpotential_utf-625d383612e0b2b2,libicu_provider-4d443995d9a54e64,libicu_locale_core-7ab8aa7c7e16959e,libtinystr-cbbc6b93c694c29c,liblitemap-dc288f07f8f61193,libwriteable-48b3e52227924bb5,libzerovec-b4c2e904228c04d5,libzerotrie-615aada4d01c3756,libyoke-0740200ce37b266e,libstable_deref_trait-63cbf3f3d3f94e56,libzerofrom-aa2bed5d30bbc07f,libserde_urlencoded-8b496b8bcd77153e,libryu-1f4f40e4352371e5,libform_urlencoded-58b0f0edb59b40d2,libserde_json-808f330ff6965d10,libzmij-ef63f1da73704b4c,libindexmap-33c8161e751c4494,libequivalent-6a754676e6af62ae,libhashbrown-d7214d631586fd51,libactix_server-7b5a0f71816e59b9,libsocket2-b92ce3818e705409,libactix_router-87c6d7f3f1867fcf,libregex_lite-89aafaa622c47d82,libserde-0e6778ac27690a20,libserde_core-21f22ac7b803fb0e,libfutures_util-8652d597bd2798a4,libslab-ed301aba3460fb05,libfutures_task-36f327cfab86eddc,libactix_http-14b6fe08d060a20b,libhttparse-8c9b827b8f345444,libhttpdate-331798cefc82cc7e,libbytestring-243c16379f8498ed,libencoding_rs-c7a67ac351c2b19f,liblanguage_tags-458019a498dd9479,libfoldhash-d6b73c06654b8dc9,libmime-0188e0814ca7ddbf,libpercent_encoding-fa055ecaa1e57cfa,libactix_service-940b87a31f791489,libactix_codec-799100ce5ae8d8c0,libtracing-af203092802c73bc,libtracing_core-89b602bc4a7d7f8a,libonce_cell-b5bdc597ed9676b3,libmemchr-2857f5b45a031ab1,libbitflags-c11c4f5488569199,libtokio_util-b3beef4091139595,libfutures_sink-3971bde37bb30e19,libderive_more-1da3a049b77b1c79,libactix_utils-688ac6da22fe4dac,liblocal_waker-256d3526e6604f95,libactix_rt-769485f321d4b392,libtokio-87d5d56abe070e65,libsignal_hook_registry-97fb91977beb15cc,liberrno-40a43d7c8a9b8122,libsocket2-73b9b85db3553b3d,libmio-70ad9af1df3b80ea,liblog-8cf4e7719eca0054,libparking_lot-055e48606f9dbc88,libparking_lot_core-4b8ca3fd72428851,liblibc-612664c2206eec43,libcfg_if-83060ec5685761ae,libsmallvec-3e75e18e66140be0,liblock_api-16d46fed645f7bff,libscopeguard-7ec2214574194454,libpin_project_lite-0a15d51c77964692,libfutures_core-1121ff913ed87f93,libhttp-59da2a0bfabc2669,libitoa-5de11b3b23bfe572,libbytes-2ed9460101f17bbf,libfnv-79e2cbfbe03dcd16}.rlib" "<sysroot>/lib/rustlib/x86_64-unknown-linux-gnu/lib/{libstd-*,libpanic_unwind-*,libobject-*,libmemchr-*,libaddr2line-*,libgimli-*,libcfg_if-*,librustc_demangle-*,libstd_detect-*,libhashbrown-*,librustc_std_workspace_alloc-*,libminiz_oxide-*,libadler2-*,libunwind-*,liblibc-*,librustc_std_workspace_core-*,liballoc-*,libcore-*,libcompiler_builtins-*}.rlib" "-Wl,-Bdynamic" "-lssl" "-lcrypto" "-lgcc_s" "-lutil" "-lrt" "-lpthread" "-lm" "-ldl" "-lc" "-L" "/opt/rustwide/target/debug/deps/rustc41G0kE/raw-dylibs" "-B<sysroot>/lib/rustlib/x86_64-unknown-linux-gnu/bin/gcc-ld" "-fuse-ld=lld" "-Wl,--eh-frame-hdr" "-Wl,-z,noexecstack" "-L" "/opt/rustwide/target/debug/build/ring-a8d7dc5e535564b7/out" "-L" "<sysroot>/lib/rustlib/x86_64-unknown-linux-gnu/lib" "-o" "/opt/rustwide/target/debug/deps/session_fields-d72d1aebc97e6d31" "-Wl,--gc-sections" "-pie" "-Wl,-z,relro,-z,now" "-nodefaultlibs"
[INFO] [stdout]   = note: some arguments are omitted. use `--verbose` to show all linker arguments
[INFO] [stdout]   = note: collect2: fatal error: ld terminated with signal 9 [Killed]
[INFO] [stdout]           compilation terminated.
[INFO] [stdout]           
[INFO] [stdout] 
[INFO] [stdout] 
[INFO] [stderr] error: could not compile `rustauth-actix-web` (test "session_fields") due to 1 previous error
[INFO] [stdout] error: linking with `cc` failed: exit status: 1
[INFO] [stdout]   |
[INFO] [stdout]   = note:  "cc" "-m64" "/opt/rustwide/target/debug/deps/rustcy0nJ6c/symbols.o" "<9 object files omitted>" "-Wl,--as-needed" "-Wl,-Bstatic" "<sysroot>/lib/rustlib/x86_64-unknown-linux-gnu/lib/{libtest-*,libgetopts-*,librustc_std_workspace_std-*}.rlib" "/opt/rustwide/target/debug/deps/{librustauth_actix_web-e1d69aa5d62a2e45,librustauth-f39b81e5fca5ac2e,librustauth_core-ad6e38413e340737,libhex-13e08b3b00984ab7,librustauth_social_providers-52b70fa9055eb8dc,libchacha20poly1305-b91f716a3e567559,libchacha20-06fb4a6334f5e766,libpoly1305-e1a5109938c18525,libopaque_debug-90e66d859d53ff28,libuniversal_hash-d717510e9b93e8e5,libaead-cd9e0d49d71d8b4d,libunicode_normalization-38897611c04e14d9,libtinyvec-aaac35e3e185f648,libtinyvec_macros-7b77ea21c73594ca,libscrypt-489ed75261b35e5f,libsalsa20-731d240b20ce079a,libcipher-c64622ab9ef4d269,libinout-8d21a13f43326a23,libpassword_hash-a16937c2f89cac76,libbase64ct-b30f8e87c575df64,libpbkdf2-27074358e0e152a6,librand-e42e64dcb0ce16d2,librand_chacha-443fbb46f572c3b0,libppv_lite86-777369bdcdfa9d1d,libzerocopy-75aa8ee85b4f20a8,libhkdf-940726e68796452b,libhmac-4da2b7c141c53565,librustauth_oauth-1d9574088d8acafd,libsha2-5eb6ed1210664875,libcpufeatures-e04321643d03190d,libdigest-dc2c81cf572d9030,libblock_buffer-43b51fc1d06b3057,libcrypto_common-e3456a608eafd507,libgeneric_array-745cace30f1ed372,libtypenum-ed2b1c93b2a4333a,librand_core-86e43b95b9d88fa9,libjosekit-e552f271426e6780,libregex-f5ecc2d3c2494973,libregex_automata-a49529364cfb6768,libaho_corasick-879963fcf148ece0,libregex_syntax-801391c65a42f645,libflate2-84acb1666c285b0c,libminiz_oxide-6d5382b540dd717a,libsimd_adler32-7babdb89f91b6742,libcrc32fast-77160f4e25d6fc25,libopenssl-54c235180d6f56cc,libforeign_types-4fe1886d5d9265b9,libforeign_types_shared-47b443a4583fd949,libopenssl_sys-eb7e198d30e52464,libanyhow-9e4c44ac98d8e4ea,libreqwest-e8cadf3ad528a1d8,libhyper_rustls-9b663ed2198a933e,libwebpki_roots-7c3f366026b7b598,libtokio_rustls-d763861a09974aa5,librustls-497883d1244d8576,libsubtle-9600f7efd1e82d97,libwebpki-cbbbcda811c50c2b,libring-2d64bd5d51fe8c5b,libgetrandom-f25a51f78d9871ba,libuntrusted-b2f816886faf2178,librustls_pki_types-006bcc122d18cfc1,libzeroize-37b2a6e0a2742c6a,libtower_http-915eaff5db03e514,libtower-78b6690fa4053eb8,libtower_layer-d908dd771b239ecd,libhyper_util-1d0c8658f7e36982,libbase64-32787b0325ea6df8,libipnet-61ca7a5e1c2863d4,libtower_service-3fb88d28c2218805,libhyper-23133e2994e588e7,libwant-7a6260b9c50f1479,libtry_lock-8fa2f6971035be84,libatomic_waker-06950c8c08d2b8fa,libfutures_channel-94289a78f74303ed,libhttp_body_util-81e4d7974f4bf260,libhttp_body-b69ed18c56792f32,libsync_wrapper-6bdfbc29c4269203,libthiserror-5e90adc18491a337,libhttp-4ba5360fa6400f90,libactix_web-05df56c373f752f0,libimpl_more-7d8093f282a8f115,libtime-191e72fc2915e151,libpowerfmt-f6019a2766e431f7,libnum_conv-8bd7073c84ef42cd,libderanged-76b4abea1e82a866,libtime_core-87cddcae4f761596,liburl-72650d2baf03935b,libidna-237725573f050cf2,libidna_adapter-c7da97809de543dc,libicu_properties-b5e9578cbbaa3146,libicu_properties_data-e6cf238fc98dd59d,libicu_normalizer-aa8c00e40b0cc4e4,libicu_normalizer_data-8fea05bee0bb4e49,libicu_collections-f680403c7a20d60e,libutf8_iter-51566bbad89f3a68,libpotential_utf-625d383612e0b2b2,libicu_provider-4d443995d9a54e64,libicu_locale_core-7ab8aa7c7e16959e,libtinystr-cbbc6b93c694c29c,liblitemap-dc288f07f8f61193,libwriteable-48b3e52227924bb5,libzerovec-b4c2e904228c04d5,libzerotrie-615aada4d01c3756,libyoke-0740200ce37b266e,libstable_deref_trait-63cbf3f3d3f94e56,libzerofrom-aa2bed5d30bbc07f,libserde_urlencoded-8b496b8bcd77153e,libryu-1f4f40e4352371e5,libform_urlencoded-58b0f0edb59b40d2,libserde_json-808f330ff6965d10,libzmij-ef63f1da73704b4c,libindexmap-33c8161e751c4494,libequivalent-6a754676e6af62ae,libhashbrown-d7214d631586fd51,libactix_server-7b5a0f71816e59b9,libsocket2-b92ce3818e705409,libactix_router-87c6d7f3f1867fcf,libregex_lite-89aafaa622c47d82,libserde-0e6778ac27690a20,libserde_core-21f22ac7b803fb0e,libfutures_util-8652d597bd2798a4,libslab-ed301aba3460fb05,libfutures_task-36f327cfab86eddc,libactix_http-14b6fe08d060a20b,libhttparse-8c9b827b8f345444,libhttpdate-331798cefc82cc7e,libbytestring-243c16379f8498ed,libencoding_rs-c7a67ac351c2b19f,liblanguage_tags-458019a498dd9479,libfoldhash-d6b73c06654b8dc9,libmime-0188e0814ca7ddbf,libpercent_encoding-fa055ecaa1e57cfa,libactix_service-940b87a31f791489,libactix_codec-799100ce5ae8d8c0,libtracing-af203092802c73bc,libtracing_core-89b602bc4a7d7f8a,libonce_cell-b5bdc597ed9676b3,libmemchr-2857f5b45a031ab1,libbitflags-c11c4f5488569199,libtokio_util-b3beef4091139595,libfutures_sink-3971bde37bb30e19,libderive_more-1da3a049b77b1c79,libactix_utils-688ac6da22fe4dac,liblocal_waker-256d3526e6604f95,libactix_rt-769485f321d4b392,libtokio-87d5d56abe070e65,libsignal_hook_registry-97fb91977beb15cc,liberrno-40a43d7c8a9b8122,libsocket2-73b9b85db3553b3d,libmio-70ad9af1df3b80ea,liblog-8cf4e7719eca0054,libparking_lot-055e48606f9dbc88,libparking_lot_core-4b8ca3fd72428851,liblibc-612664c2206eec43,libcfg_if-83060ec5685761ae,libsmallvec-3e75e18e66140be0,liblock_api-16d46fed645f7bff,libscopeguard-7ec2214574194454,libpin_project_lite-0a15d51c77964692,libfutures_core-1121ff913ed87f93,libhttp-59da2a0bfabc2669,libitoa-5de11b3b23bfe572,libbytes-2ed9460101f17bbf,libfnv-79e2cbfbe03dcd16}.rlib" "<sysroot>/lib/rustlib/x86_64-unknown-linux-gnu/lib/{libstd-*,libpanic_unwind-*,libobject-*,libmemchr-*,libaddr2line-*,libgimli-*,libcfg_if-*,librustc_demangle-*,libstd_detect-*,libhashbrown-*,librustc_std_workspace_alloc-*,libminiz_oxide-*,libadler2-*,libunwind-*,liblibc-*,librustc_std_workspace_core-*,liballoc-*,libcore-*,libcompiler_builtins-*}.rlib" "-Wl,-Bdynamic" "-lssl" "-lcrypto" "-lgcc_s" "-lutil" "-lrt" "-lpthread" "-lm" "-ldl" "-lc" "-L" "/opt/rustwide/target/debug/deps/rustcy0nJ6c/raw-dylibs" "-B<sysroot>/lib/rustlib/x86_64-unknown-linux-gnu/bin/gcc-ld" "-fuse-ld=lld" "-Wl,--eh-frame-hdr" "-Wl,-z,noexecstack" "-L" "/opt/rustwide/target/debug/build/ring-a8d7dc5e535564b7/out" "-L" "<sysroot>/lib/rustlib/x86_64-unknown-linux-gnu/lib" "-o" "/opt/rustwide/target/debug/deps/storage_smoke-396e0b5bd813f98a" "-Wl,--gc-sections" "-pie" "-Wl,-z,relro,-z,now" "-nodefaultlibs"
[INFO] [stdout]   = note: some arguments are omitted. use `--verbose` to show all linker arguments
[INFO] [stdout]   = note: collect2: fatal error: ld terminated with signal 9 [Killed]
[INFO] [stdout]           compilation terminated.
[INFO] [stdout]           
[INFO] [stdout] 
[INFO] [stdout] 
[INFO] [stderr] error: could not compile `rustauth-actix-web` (test "storage_smoke") due to 1 previous error
[INFO] [stderr] error: could not compile `rustauth-actix-web` (test "social")
[INFO] [stderr] 
[INFO] [stderr] Caused by:
[INFO] [stderr]   process didn't exit successfully: `/opt/rustwide/rustup-home/toolchains/1.99.0-beta.8-x86_64-unknown-linux-gnu/bin/rustc --crate-name social --edition=2021 tests/social.rs --error-format=json --json=diagnostic-rendered-ansi,artifacts,future-incompat --emit=dep-info,link -C embed-bitcode=no -C debuginfo=2 '--warn=clippy::unwrap_used' --forbid=unsafe_code '--warn=clippy::panic' '--warn=clippy::expect_used' --test --check-cfg 'cfg(docsrs,test)' --check-cfg 'cfg(feature, values("test-utils"))' -C metadata=542528fcee23b938 -C extra-filename=-f8b0037ea1ba70de --out-dir /opt/rustwide/target/debug/deps -L dependency=/opt/rustwide/target/debug/deps --extern actix_web=/opt/rustwide/target/debug/deps/libactix_web-05df56c373f752f0.rlib --extern futures_util=/opt/rustwide/target/debug/deps/libfutures_util-8652d597bd2798a4.rlib --extern http=/opt/rustwide/target/debug/deps/libhttp-4ba5360fa6400f90.rlib --extern rustauth=/opt/rustwide/target/debug/deps/librustauth-f39b81e5fca5ac2e.rlib --extern rustauth_actix_web=/opt/rustwide/target/debug/deps/librustauth_actix_web-e1d69aa5d62a2e45.rlib --extern rustauth_core=/opt/rustwide/target/debug/deps/librustauth_core-ad6e38413e340737.rlib --extern serde_json=/opt/rustwide/target/debug/deps/libserde_json-808f330ff6965d10.rlib --extern thiserror=/opt/rustwide/target/debug/deps/libthiserror-5e90adc18491a337.rlib --extern time=/opt/rustwide/target/debug/deps/libtime-191e72fc2915e151.rlib --extern tokio=/opt/rustwide/target/debug/deps/libtokio-87d5d56abe070e65.rlib --extern url=/opt/rustwide/target/debug/deps/liburl-72650d2baf03935b.rlib --cap-lints=warn -L native=/opt/rustwide/target/debug/build/ring-a8d7dc5e535564b7/out` (signal: 9, SIGKILL: kill)
[INFO] [stderr] error: could not compile `rustauth-actix-web` (test "accounts")
[INFO] [stderr] 
[INFO] [stderr] Caused by:
[INFO] [stderr]   process didn't exit successfully: `/opt/rustwide/rustup-home/toolchains/1.99.0-beta.8-x86_64-unknown-linux-gnu/bin/rustc --crate-name accounts --edition=2021 tests/accounts.rs --error-format=json --json=diagnostic-rendered-ansi,artifacts,future-incompat --emit=dep-info,link -C embed-bitcode=no -C debuginfo=2 '--warn=clippy::unwrap_used' --forbid=unsafe_code '--warn=clippy::panic' '--warn=clippy::expect_used' --test --check-cfg 'cfg(docsrs,test)' --check-cfg 'cfg(feature, values("test-utils"))' -C metadata=0e82887819be5edd -C extra-filename=-ad298c30fc3fbe58 --out-dir /opt/rustwide/target/debug/deps -L dependency=/opt/rustwide/target/debug/deps --extern actix_web=/opt/rustwide/target/debug/deps/libactix_web-05df56c373f752f0.rlib --extern futures_util=/opt/rustwide/target/debug/deps/libfutures_util-8652d597bd2798a4.rlib --extern http=/opt/rustwide/target/debug/deps/libhttp-4ba5360fa6400f90.rlib --extern rustauth=/opt/rustwide/target/debug/deps/librustauth-f39b81e5fca5ac2e.rlib --extern rustauth_actix_web=/opt/rustwide/target/debug/deps/librustauth_actix_web-e1d69aa5d62a2e45.rlib --extern rustauth_core=/opt/rustwide/target/debug/deps/librustauth_core-ad6e38413e340737.rlib --extern serde_json=/opt/rustwide/target/debug/deps/libserde_json-808f330ff6965d10.rlib --extern thiserror=/opt/rustwide/target/debug/deps/libthiserror-5e90adc18491a337.rlib --extern time=/opt/rustwide/target/debug/deps/libtime-191e72fc2915e151.rlib --extern tokio=/opt/rustwide/target/debug/deps/libtokio-87d5d56abe070e65.rlib --extern url=/opt/rustwide/target/debug/deps/liburl-72650d2baf03935b.rlib --cap-lints=warn -L native=/opt/rustwide/target/debug/build/ring-a8d7dc5e535564b7/out` (signal: 9, SIGKILL: kill)
[INFO] [stdout] error: linking with `cc` failed: exit status: 1
[INFO] [stdout]   |
[INFO] [stdout]   = note:  "cc" "-m64" "/opt/rustwide/target/debug/deps/rustcwH06oR/symbols.o" "<9 object files omitted>" "-Wl,--as-needed" "-Wl,-Bstatic" "<sysroot>/lib/rustlib/x86_64-unknown-linux-gnu/lib/{libtest-*,libgetopts-*,librustc_std_workspace_std-*}.rlib" "/opt/rustwide/target/debug/deps/{librustauth_actix_web-e1d69aa5d62a2e45,librustauth-f39b81e5fca5ac2e,librustauth_core-ad6e38413e340737,libhex-13e08b3b00984ab7,librustauth_social_providers-52b70fa9055eb8dc,libchacha20poly1305-b91f716a3e567559,libchacha20-06fb4a6334f5e766,libpoly1305-e1a5109938c18525,libopaque_debug-90e66d859d53ff28,libuniversal_hash-d717510e9b93e8e5,libaead-cd9e0d49d71d8b4d,libunicode_normalization-38897611c04e14d9,libtinyvec-aaac35e3e185f648,libtinyvec_macros-7b77ea21c73594ca,libscrypt-489ed75261b35e5f,libsalsa20-731d240b20ce079a,libcipher-c64622ab9ef4d269,libinout-8d21a13f43326a23,libpassword_hash-a16937c2f89cac76,libbase64ct-b30f8e87c575df64,libpbkdf2-27074358e0e152a6,librand-e42e64dcb0ce16d2,librand_chacha-443fbb46f572c3b0,libppv_lite86-777369bdcdfa9d1d,libzerocopy-75aa8ee85b4f20a8,libhkdf-940726e68796452b,libhmac-4da2b7c141c53565,librustauth_oauth-1d9574088d8acafd,libsha2-5eb6ed1210664875,libcpufeatures-e04321643d03190d,libdigest-dc2c81cf572d9030,libblock_buffer-43b51fc1d06b3057,libcrypto_common-e3456a608eafd507,libgeneric_array-745cace30f1ed372,libtypenum-ed2b1c93b2a4333a,librand_core-86e43b95b9d88fa9,libjosekit-e552f271426e6780,libregex-f5ecc2d3c2494973,libregex_automata-a49529364cfb6768,libaho_corasick-879963fcf148ece0,libregex_syntax-801391c65a42f645,libflate2-84acb1666c285b0c,libminiz_oxide-6d5382b540dd717a,libsimd_adler32-7babdb89f91b6742,libcrc32fast-77160f4e25d6fc25,libopenssl-54c235180d6f56cc,libforeign_types-4fe1886d5d9265b9,libforeign_types_shared-47b443a4583fd949,libopenssl_sys-eb7e198d30e52464,libanyhow-9e4c44ac98d8e4ea,libreqwest-e8cadf3ad528a1d8,libhyper_rustls-9b663ed2198a933e,libwebpki_roots-7c3f366026b7b598,libtokio_rustls-d763861a09974aa5,librustls-497883d1244d8576,libsubtle-9600f7efd1e82d97,libwebpki-cbbbcda811c50c2b,libring-2d64bd5d51fe8c5b,libgetrandom-f25a51f78d9871ba,libuntrusted-b2f816886faf2178,librustls_pki_types-006bcc122d18cfc1,libzeroize-37b2a6e0a2742c6a,libtower_http-915eaff5db03e514,libtower-78b6690fa4053eb8,libtower_layer-d908dd771b239ecd,libhyper_util-1d0c8658f7e36982,libbase64-32787b0325ea6df8,libipnet-61ca7a5e1c2863d4,libtower_service-3fb88d28c2218805,libhyper-23133e2994e588e7,libwant-7a6260b9c50f1479,libtry_lock-8fa2f6971035be84,libatomic_waker-06950c8c08d2b8fa,libfutures_channel-94289a78f74303ed,libhttp_body_util-81e4d7974f4bf260,libhttp_body-b69ed18c56792f32,libsync_wrapper-6bdfbc29c4269203,libthiserror-5e90adc18491a337,libhttp-4ba5360fa6400f90,libactix_web-05df56c373f752f0,libimpl_more-7d8093f282a8f115,libtime-191e72fc2915e151,libpowerfmt-f6019a2766e431f7,libnum_conv-8bd7073c84ef42cd,libderanged-76b4abea1e82a866,libtime_core-87cddcae4f761596,liburl-72650d2baf03935b,libidna-237725573f050cf2,libidna_adapter-c7da97809de543dc,libicu_properties-b5e9578cbbaa3146,libicu_properties_data-e6cf238fc98dd59d,libicu_normalizer-aa8c00e40b0cc4e4,libicu_normalizer_data-8fea05bee0bb4e49,libicu_collections-f680403c7a20d60e,libutf8_iter-51566bbad89f3a68,libpotential_utf-625d383612e0b2b2,libicu_provider-4d443995d9a54e64,libicu_locale_core-7ab8aa7c7e16959e,libtinystr-cbbc6b93c694c29c,liblitemap-dc288f07f8f61193,libwriteable-48b3e52227924bb5,libzerovec-b4c2e904228c04d5,libzerotrie-615aada4d01c3756,libyoke-0740200ce37b266e,libstable_deref_trait-63cbf3f3d3f94e56,libzerofrom-aa2bed5d30bbc07f,libserde_urlencoded-8b496b8bcd77153e,libryu-1f4f40e4352371e5,libform_urlencoded-58b0f0edb59b40d2,libserde_json-808f330ff6965d10,libzmij-ef63f1da73704b4c,libindexmap-33c8161e751c4494,libequivalent-6a754676e6af62ae,libhashbrown-d7214d631586fd51,libactix_server-7b5a0f71816e59b9,libsocket2-b92ce3818e705409,libactix_router-87c6d7f3f1867fcf,libregex_lite-89aafaa622c47d82,libserde-0e6778ac27690a20,libserde_core-21f22ac7b803fb0e,libfutures_util-8652d597bd2798a4,libslab-ed301aba3460fb05,libfutures_task-36f327cfab86eddc,libactix_http-14b6fe08d060a20b,libhttparse-8c9b827b8f345444,libhttpdate-331798cefc82cc7e,libbytestring-243c16379f8498ed,libencoding_rs-c7a67ac351c2b19f,liblanguage_tags-458019a498dd9479,libfoldhash-d6b73c06654b8dc9,libmime-0188e0814ca7ddbf,libpercent_encoding-fa055ecaa1e57cfa,libactix_service-940b87a31f791489,libactix_codec-799100ce5ae8d8c0,libtracing-af203092802c73bc,libtracing_core-89b602bc4a7d7f8a,libonce_cell-b5bdc597ed9676b3,libmemchr-2857f5b45a031ab1,libbitflags-c11c4f5488569199,libtokio_util-b3beef4091139595,libfutures_sink-3971bde37bb30e19,libderive_more-1da3a049b77b1c79,libactix_utils-688ac6da22fe4dac,liblocal_waker-256d3526e6604f95,libactix_rt-769485f321d4b392,libtokio-87d5d56abe070e65,libsignal_hook_registry-97fb91977beb15cc,liberrno-40a43d7c8a9b8122,libsocket2-73b9b85db3553b3d,libmio-70ad9af1df3b80ea,liblog-8cf4e7719eca0054,libparking_lot-055e48606f9dbc88,libparking_lot_core-4b8ca3fd72428851,liblibc-612664c2206eec43,libcfg_if-83060ec5685761ae,libsmallvec-3e75e18e66140be0,liblock_api-16d46fed645f7bff,libscopeguard-7ec2214574194454,libpin_project_lite-0a15d51c77964692,libfutures_core-1121ff913ed87f93,libhttp-59da2a0bfabc2669,libitoa-5de11b3b23bfe572,libbytes-2ed9460101f17bbf,libfnv-79e2cbfbe03dcd16}.rlib" "<sysroot>/lib/rustlib/x86_64-unknown-linux-gnu/lib/{libstd-*,libpanic_unwind-*,libobject-*,libmemchr-*,libaddr2line-*,libgimli-*,libcfg_if-*,librustc_demangle-*,libstd_detect-*,libhashbrown-*,librustc_std_workspace_alloc-*,libminiz_oxide-*,libadler2-*,libunwind-*,liblibc-*,librustc_std_workspace_core-*,liballoc-*,libcore-*,libcompiler_builtins-*}.rlib" "-Wl,-Bdynamic" "-lssl" "-lcrypto" "-lgcc_s" "-lutil" "-lrt" "-lpthread" "-lm" "-ldl" "-lc" "-L" "/opt/rustwide/target/debug/deps/rustcwH06oR/raw-dylibs" "-B<sysroot>/lib/rustlib/x86_64-unknown-linux-gnu/bin/gcc-ld" "-fuse-ld=lld" "-Wl,--eh-frame-hdr" "-Wl,-z,noexecstack" "-L" "/opt/rustwide/target/debug/build/ring-a8d7dc5e535564b7/out" "-L" "<sysroot>/lib/rustlib/x86_64-unknown-linux-gnu/lib" "-o" "/opt/rustwide/target/debug/deps/user_session_lifecycle-34093917bab23191" "-Wl,--gc-sections" "-pie" "-Wl,-z,relro,-z,now" "-nodefaultlibs"
[INFO] [stdout]   = note: some arguments are omitted. use `--verbose` to show all linker arguments
[INFO] [stdout]   = note: collect2: fatal error: ld terminated with signal 9 [Killed]
[INFO] [stdout]           compilation terminated.
[INFO] [stdout]           
[INFO] [stdout] 
[INFO] [stdout] 
[INFO] [stderr] error: could not compile `rustauth-actix-web` (test "user_session_lifecycle") due to 1 previous error
[INFO] [stdout] error: linking with `cc` failed: exit status: 1
[INFO] [stdout]   |
[INFO] [stdout]   = note:  "cc" "-m64" "/opt/rustwide/target/debug/deps/rustc0TdHu6/symbols.o" "<9 object files omitted>" "-Wl,--as-needed" "-Wl,-Bstatic" "<sysroot>/lib/rustlib/x86_64-unknown-linux-gnu/lib/{libtest-*,libgetopts-*,librustc_std_workspace_std-*}.rlib" "/opt/rustwide/target/debug/deps/{librustauth_actix_web-e1d69aa5d62a2e45,librustauth-f39b81e5fca5ac2e,librustauth_core-ad6e38413e340737,libhex-13e08b3b00984ab7,librustauth_social_providers-52b70fa9055eb8dc,libchacha20poly1305-b91f716a3e567559,libchacha20-06fb4a6334f5e766,libpoly1305-e1a5109938c18525,libopaque_debug-90e66d859d53ff28,libuniversal_hash-d717510e9b93e8e5,libaead-cd9e0d49d71d8b4d,libunicode_normalization-38897611c04e14d9,libtinyvec-aaac35e3e185f648,libtinyvec_macros-7b77ea21c73594ca,libscrypt-489ed75261b35e5f,libsalsa20-731d240b20ce079a,libcipher-c64622ab9ef4d269,libinout-8d21a13f43326a23,libpassword_hash-a16937c2f89cac76,libbase64ct-b30f8e87c575df64,libpbkdf2-27074358e0e152a6,librand-e42e64dcb0ce16d2,librand_chacha-443fbb46f572c3b0,libppv_lite86-777369bdcdfa9d1d,libzerocopy-75aa8ee85b4f20a8,libhkdf-940726e68796452b,libhmac-4da2b7c141c53565,librustauth_oauth-1d9574088d8acafd,libsha2-5eb6ed1210664875,libcpufeatures-e04321643d03190d,libdigest-dc2c81cf572d9030,libblock_buffer-43b51fc1d06b3057,libcrypto_common-e3456a608eafd507,libgeneric_array-745cace30f1ed372,libtypenum-ed2b1c93b2a4333a,librand_core-86e43b95b9d88fa9,libjosekit-e552f271426e6780,libregex-f5ecc2d3c2494973,libregex_automata-a49529364cfb6768,libaho_corasick-879963fcf148ece0,libregex_syntax-801391c65a42f645,libflate2-84acb1666c285b0c,libminiz_oxide-6d5382b540dd717a,libsimd_adler32-7babdb89f91b6742,libcrc32fast-77160f4e25d6fc25,libopenssl-54c235180d6f56cc,libforeign_types-4fe1886d5d9265b9,libforeign_types_shared-47b443a4583fd949,libopenssl_sys-eb7e198d30e52464,libanyhow-9e4c44ac98d8e4ea,libreqwest-e8cadf3ad528a1d8,libhyper_rustls-9b663ed2198a933e,libwebpki_roots-7c3f366026b7b598,libtokio_rustls-d763861a09974aa5,librustls-497883d1244d8576,libsubtle-9600f7efd1e82d97,libwebpki-cbbbcda811c50c2b,libring-2d64bd5d51fe8c5b,libgetrandom-f25a51f78d9871ba,libuntrusted-b2f816886faf2178,librustls_pki_types-006bcc122d18cfc1,libzeroize-37b2a6e0a2742c6a,libtower_http-915eaff5db03e514,libtower-78b6690fa4053eb8,libtower_layer-d908dd771b239ecd,libhyper_util-1d0c8658f7e36982,libbase64-32787b0325ea6df8,libipnet-61ca7a5e1c2863d4,libtower_service-3fb88d28c2218805,libhyper-23133e2994e588e7,libwant-7a6260b9c50f1479,libtry_lock-8fa2f6971035be84,libatomic_waker-06950c8c08d2b8fa,libfutures_channel-94289a78f74303ed,libhttp_body_util-81e4d7974f4bf260,libhttp_body-b69ed18c56792f32,libsync_wrapper-6bdfbc29c4269203,libthiserror-5e90adc18491a337,libhttp-4ba5360fa6400f90,libactix_web-05df56c373f752f0,libimpl_more-7d8093f282a8f115,libtime-191e72fc2915e151,libpowerfmt-f6019a2766e431f7,libnum_conv-8bd7073c84ef42cd,libderanged-76b4abea1e82a866,libtime_core-87cddcae4f761596,liburl-72650d2baf03935b,libidna-237725573f050cf2,libidna_adapter-c7da97809de543dc,libicu_properties-b5e9578cbbaa3146,libicu_properties_data-e6cf238fc98dd59d,libicu_normalizer-aa8c00e40b0cc4e4,libicu_normalizer_data-8fea05bee0bb4e49,libicu_collections-f680403c7a20d60e,libutf8_iter-51566bbad89f3a68,libpotential_utf-625d383612e0b2b2,libicu_provider-4d443995d9a54e64,libicu_locale_core-7ab8aa7c7e16959e,libtinystr-cbbc6b93c694c29c,liblitemap-dc288f07f8f61193,libwriteable-48b3e52227924bb5,libzerovec-b4c2e904228c04d5,libzerotrie-615aada4d01c3756,libyoke-0740200ce37b266e,libstable_deref_trait-63cbf3f3d3f94e56,libzerofrom-aa2bed5d30bbc07f,libserde_urlencoded-8b496b8bcd77153e,libryu-1f4f40e4352371e5,libform_urlencoded-58b0f0edb59b40d2,libserde_json-808f330ff6965d10,libzmij-ef63f1da73704b4c,libindexmap-33c8161e751c4494,libequivalent-6a754676e6af62ae,libhashbrown-d7214d631586fd51,libactix_server-7b5a0f71816e59b9,libsocket2-b92ce3818e705409,libactix_router-87c6d7f3f1867fcf,libregex_lite-89aafaa622c47d82,libserde-0e6778ac27690a20,libserde_core-21f22ac7b803fb0e,libfutures_util-8652d597bd2798a4,libslab-ed301aba3460fb05,libfutures_task-36f327cfab86eddc,libactix_http-14b6fe08d060a20b,libhttparse-8c9b827b8f345444,libhttpdate-331798cefc82cc7e,libbytestring-243c16379f8498ed,libencoding_rs-c7a67ac351c2b19f,liblanguage_tags-458019a498dd9479,libfoldhash-d6b73c06654b8dc9,libmime-0188e0814ca7ddbf,libpercent_encoding-fa055ecaa1e57cfa,libactix_service-940b87a31f791489,libactix_codec-799100ce5ae8d8c0,libtracing-af203092802c73bc,libtracing_core-89b602bc4a7d7f8a,libonce_cell-b5bdc597ed9676b3,libmemchr-2857f5b45a031ab1,libbitflags-c11c4f5488569199,libtokio_util-b3beef4091139595,libfutures_sink-3971bde37bb30e19,libderive_more-1da3a049b77b1c79,libactix_utils-688ac6da22fe4dac,liblocal_waker-256d3526e6604f95,libactix_rt-769485f321d4b392,libtokio-87d5d56abe070e65,libsignal_hook_registry-97fb91977beb15cc,liberrno-40a43d7c8a9b8122,libsocket2-73b9b85db3553b3d,libmio-70ad9af1df3b80ea,liblog-8cf4e7719eca0054,libparking_lot-055e48606f9dbc88,libparking_lot_core-4b8ca3fd72428851,liblibc-612664c2206eec43,libcfg_if-83060ec5685761ae,libsmallvec-3e75e18e66140be0,liblock_api-16d46fed645f7bff,libscopeguard-7ec2214574194454,libpin_project_lite-0a15d51c77964692,libfutures_core-1121ff913ed87f93,libhttp-59da2a0bfabc2669,libitoa-5de11b3b23bfe572,libbytes-2ed9460101f17bbf,libfnv-79e2cbfbe03dcd16}.rlib" "<sysroot>/lib/rustlib/x86_64-unknown-linux-gnu/lib/{libstd-*,libpanic_unwind-*,libobject-*,libmemchr-*,libaddr2line-*,libgimli-*,libcfg_if-*,librustc_demangle-*,libstd_detect-*,libhashbrown-*,librustc_std_workspace_alloc-*,libminiz_oxide-*,libadler2-*,libunwind-*,liblibc-*,librustc_std_workspace_core-*,liballoc-*,libcore-*,libcompiler_builtins-*}.rlib" "-Wl,-Bdynamic" "-lssl" "-lcrypto" "-lgcc_s" "-lutil" "-lrt" "-lpthread" "-lm" "-ldl" "-lc" "-L" "/opt/rustwide/target/debug/deps/rustc0TdHu6/raw-dylibs" "-B<sysroot>/lib/rustlib/x86_64-unknown-linux-gnu/bin/gcc-ld" "-fuse-ld=lld" "-Wl,--eh-frame-hdr" "-Wl,-z,noexecstack" "-L" "/opt/rustwide/target/debug/build/ring-a8d7dc5e535564b7/out" "-L" "<sysroot>/lib/rustlib/x86_64-unknown-linux-gnu/lib" "-o" "/opt/rustwide/target/debug/deps/body_limit-836396c4005af70b" "-Wl,--gc-sections" "-pie" "-Wl,-z,relro,-z,now" "-nodefaultlibs"
[INFO] [stdout]   = note: some arguments are omitted. use `--verbose` to show all linker arguments
[INFO] [stdout]   = note: collect2: fatal error: ld terminated with signal 9 [Killed]
[INFO] [stdout]           compilation terminated.
[INFO] [stdout]           
[INFO] [stdout] 
[INFO] [stdout] 
[INFO] [stderr] error: could not compile `rustauth-actix-web` (test "body_limit") due to 1 previous error
[ERROR] error running command: no output for 300 seconds
[INFO] running `Command { std: "docker" "inspect" "28de5550b4915be8797d84879d631114299c054ff9556d76e00764fb8e142dd5", kill_on_drop: false }`
[INFO] running `Command { std: "docker" "rm" "-f" "28de5550b4915be8797d84879d631114299c054ff9556d76e00764fb8e142dd5", kill_on_drop: false }`
[INFO] [stdout] 28de5550b4915be8797d84879d631114299c054ff9556d76e00764fb8e142dd5
