[INFO] fetching crate rustapi-mcp 0.2.2...
[INFO] testing rustapi-mcp-0.2.2 against 1.100.0-beta.1 for beta-1.100-2
[INFO] extracting crate rustapi-mcp 0.2.2 into /workspace/builds/worker-7-tc2/source
[INFO] started tweaking crates.io crate rustapi-mcp 0.2.2
[INFO] removed 0 missing tests
[INFO] finished tweaking crates.io crate rustapi-mcp 0.2.2
[INFO] tweaked toml for crates.io crate rustapi-mcp 0.2.2 written to /workspace/builds/worker-7-tc2/source/Cargo.toml
[INFO] validating manifest of crates.io crate rustapi-mcp 0.2.2 on toolchain 1.100.0-beta.1
[INFO] running `Command { std: CARGO_HOME="/workspace/cargo-home" RUSTUP_HOME="/workspace/rustup-home" "/workspace/cargo-home/bin/cargo" "+1.100.0-beta.1" "metadata" "--manifest-path" "Cargo.toml" "--no-deps", kill_on_drop: false }`
[INFO] crate crates.io crate rustapi-mcp 0.2.2 already has a lockfile, it will not be regenerated
[INFO] running `Command { std: CARGO_HOME="/workspace/cargo-home" RUSTUP_HOME="/workspace/rustup-home" "/workspace/cargo-home/bin/cargo" "+1.100.0-beta.1" "fetch" "--manifest-path" "Cargo.toml", kill_on_drop: false }`
[INFO] running `Command { std: "docker" "create" "-v" "/var/lib/crater-agent-workspace/builds/worker-7-tc2/source:/opt/rustwide/workdir:ro,Z" "-v" "/var/lib/crater-agent-workspace/builds/worker-7-tc2/target:/opt/rustwide/target:rw,Z" "-v" "/var/lib/crater-agent-workspace/cargo-home:/opt/rustwide/cargo-home:ro,Z" "-v" "/var/lib/crater-agent-workspace/rustup-home:/opt/rustwide/rustup-home:ro,Z" "-m" "1610612736" "--network" "none" "ghcr.io/rust-lang/crates-build-env/linux@sha256:3111399a4047eeb3a02b7a90e478d715f38a8c6669b5c4b49d30a17385265909" "sleep" "infinity", kill_on_drop: false }`
[INFO] [stdout] b0813de0a44789b64b22e347016ea71a1ed47b947b9b42a26af4ca16a6328cca
[INFO] running `Command { std: "docker" "start" "b0813de0a44789b64b22e347016ea71a1ed47b947b9b42a26af4ca16a6328cca", kill_on_drop: false }`
[INFO] running `Command { std: "docker" "inspect" "b0813de0a44789b64b22e347016ea71a1ed47b947b9b42a26af4ca16a6328cca", kill_on_drop: false }`
[INFO] running `Command { std: "docker" "exec" "-e" "SOURCE_DIR=/opt/rustwide/workdir" "-e" "CARGO_HOME=/opt/rustwide/cargo-home" "-e" "RUSTUP_HOME=/opt/rustwide/rustup-home" "-e" "CARGO_TARGET_DIR=/opt/rustwide/target" "-w" "/opt/rustwide/workdir" "--user" "0:0" "b0813de0a44789b64b22e347016ea71a1ed47b947b9b42a26af4ca16a6328cca" "/opt/rustwide/cargo-home/bin/cargo" "+1.100.0-beta.1" "metadata" "--no-deps" "--format-version=1", kill_on_drop: false }`
[INFO] running `Command { std: "docker" "inspect" "b0813de0a44789b64b22e347016ea71a1ed47b947b9b42a26af4ca16a6328cca", kill_on_drop: false }`
[INFO] running `Command { std: "docker" "exec" "-e" "SOURCE_DIR=/opt/rustwide/workdir" "-e" "CARGO_HOME=/opt/rustwide/cargo-home" "-e" "RUSTUP_HOME=/opt/rustwide/rustup-home" "-e" "CARGO_TARGET_DIR=/opt/rustwide/target" "-e" "CARGO_INCREMENTAL=0" "-e" "RUST_BACKTRACE=full" "-e" "RUSTFLAGS=--cap-lints=warn" "-e" "RUSTDOCFLAGS=--cap-lints=warn" "-w" "/opt/rustwide/workdir" "--user" "0:0" "b0813de0a44789b64b22e347016ea71a1ed47b947b9b42a26af4ca16a6328cca" "/opt/rustwide/cargo-home/bin/cargo" "+1.100.0-beta.1" "build" "--frozen" "--message-format=json", kill_on_drop: false }`
[INFO] [stderr]    Compiling find-msvc-tools v0.1.10
[INFO] [stderr]    Compiling smallvec v1.15.2
[INFO] [stderr]    Compiling litemap v0.8.2
[INFO] [stderr]    Compiling proc-macro2 v1.0.107
[INFO] [stderr]    Compiling http v1.5.0
[INFO] [stderr]    Compiling writeable v0.6.3
[INFO] [stderr]    Compiling icu_normalizer_data v2.2.0
[INFO] [stderr]    Compiling icu_properties_data v2.2.0
[INFO] [stderr]    Compiling slab v0.4.12
[INFO] [stderr]    Compiling mio v1.2.2
[INFO] [stderr]    Compiling hashbrown v0.17.1
[INFO] [stderr]    Compiling equivalent v1.0.2
[INFO] [stderr]    Compiling winnow v1.0.4
[INFO] [stderr]    Compiling serde_core v1.0.229
[INFO] [stderr]    Compiling rustls-pki-types v1.15.1
[INFO] [stderr]    Compiling getrandom v0.2.17
[INFO] [stderr]    Compiling toml_datetime v1.1.1+spec-1.1.0
[INFO] [stderr]    Compiling untrusted v0.9.0
[INFO] [stderr]    Compiling cc v1.4.2
[INFO] [stderr]    Compiling futures-channel v0.3.34
[INFO] [stderr]    Compiling memchr v2.8.3
[INFO] [stderr]    Compiling rustls v0.23.45
[INFO] [stderr]    Compiling aho-corasick v1.1.5
[INFO] [stderr]    Compiling regex-syntax v0.8.11
[INFO] [stderr]    Compiling ipnet v2.12.1
[INFO] [stderr]    Compiling getrandom v0.4.3
[INFO] [stderr]    Compiling linkme-impl v0.3.37
[INFO] [stderr]    Compiling multer v3.1.0
[INFO] [stderr]    Compiling sync_wrapper v1.0.2
[INFO] [stderr]    Compiling linkme v0.3.37
[INFO] [stderr]    Compiling spin v0.9.9
[INFO] [stderr]    Compiling thiserror v2.0.20
[INFO] [stderr]    Compiling quote v1.0.47
[INFO] [stderr]    Compiling webpki-roots v1.0.9
[INFO] [stderr]    Compiling bitflags v2.13.1
[INFO] [stderr]    Compiling uuid v1.26.1
[INFO] [stderr]    Compiling log v0.4.33
[INFO] [stderr]    Compiling matchit v0.7.3
[INFO] [stderr]    Compiling syn v3.0.6
[INFO] [stderr]    Compiling syn v2.0.119
[INFO] [stderr]    Compiling indexmap v2.14.0
[INFO] [stderr]    Compiling http-body v1.1.0
[INFO] [stderr]    Compiling http-body-util v0.1.4
[INFO] [stderr]    Compiling toml_parser v1.1.3+spec-1.1.0
[INFO] [stderr]    Compiling ring v0.17.14
[INFO] [stderr]    Compiling toml_edit v0.25.15+spec-1.1.0
[INFO] [stderr]    Compiling proc-macro-crate v3.5.0
[INFO] [stderr]    Compiling regex-automata v0.4.18
[INFO] [stderr]    Compiling serde_json v1.0.151
[INFO] [stderr]    Compiling regex v1.13.1
[INFO] [stderr]    Compiling synstructure v0.13.2
[INFO] [stderr]    Compiling displaydoc v0.2.7
[INFO] [stderr]    Compiling tokio-macros v2.7.2
[INFO] [stderr]    Compiling futures-macro v0.3.34
[INFO] [stderr]    Compiling serde_derive v1.0.229
[INFO] [stderr]    Compiling rustapi-macros v0.2.2
[INFO] [stderr]    Compiling async-trait v0.1.92
[INFO] [stderr]    Compiling thiserror-impl v2.0.20
[INFO] [stderr]    Compiling tokio v1.53.1
[INFO] [stderr]    Compiling rustls-webpki v0.103.14
[INFO] [stderr]    Compiling futures-util v0.3.34
[INFO] [stderr]    Compiling zerofrom-derive v0.1.7
[INFO] [stderr]    Compiling yoke-derive v0.8.2
[INFO] [stderr]    Compiling zerovec-derive v0.11.3
[INFO] [stderr]    Compiling tracing-attributes v0.1.31
[INFO] [stderr]    Compiling zerofrom v0.1.8
[INFO] [stderr]    Compiling yoke v0.8.3
[INFO] [stderr]    Compiling tracing v0.1.44
[INFO] [stderr]    Compiling zerovec v0.11.6
[INFO] [stderr]    Compiling zerotrie v0.2.4
[INFO] [stderr]    Compiling serde v1.0.229
[INFO] [stderr]    Compiling tinystr v0.8.3
[INFO] [stderr]    Compiling potential_utf v0.1.5
[INFO] [stderr]    Compiling serde_urlencoded v0.7.1
[INFO] [stderr]    Compiling rustapi-validate v0.2.2
[INFO] [stderr]    Compiling rustapi-openapi v0.2.2
[INFO] [stderr]    Compiling icu_collections v2.2.0
[INFO] [stderr]    Compiling icu_locale_core v2.2.0
[INFO] [stderr]    Compiling icu_provider v2.2.0
[INFO] [stderr]    Compiling icu_properties v2.2.0
[INFO] [stderr]    Compiling icu_normalizer v2.2.0
[INFO] [stderr]    Compiling idna_adapter v1.2.2
[INFO] [stderr]    Compiling idna v1.1.0
[INFO] [stderr]    Compiling hyper v1.11.1
[INFO] [stderr]    Compiling tokio-rustls v0.26.4
[INFO] [stderr]    Compiling tower v0.5.3
[INFO] [stderr]    Compiling url v2.5.8
[INFO] [stderr]    Compiling tower-http v0.6.11
[INFO] [stderr]    Compiling hyper-util v0.1.20
[INFO] [stderr]    Compiling hyper-rustls v0.27.9
[INFO] [stderr]    Compiling rustapi-core v0.2.2
[INFO] [stderr]    Compiling reqwest v0.12.28
[INFO] [stderr]    Compiling rustapi-mcp v0.2.2 (/opt/rustwide/workdir)
[INFO] [stderr]     Finished `dev` profile [unoptimized + debuginfo] target(s) in 1m 00s
[INFO] running `Command { std: "docker" "inspect" "b0813de0a44789b64b22e347016ea71a1ed47b947b9b42a26af4ca16a6328cca", kill_on_drop: false }`
[INFO] running `Command { std: "docker" "exec" "-e" "SOURCE_DIR=/opt/rustwide/workdir" "-e" "CARGO_HOME=/opt/rustwide/cargo-home" "-e" "RUSTUP_HOME=/opt/rustwide/rustup-home" "-e" "CARGO_TARGET_DIR=/opt/rustwide/target" "-e" "CARGO_INCREMENTAL=0" "-e" "RUST_BACKTRACE=full" "-e" "RUSTFLAGS=--cap-lints=warn" "-e" "RUSTDOCFLAGS=--cap-lints=warn" "-w" "/opt/rustwide/workdir" "--user" "0:0" "b0813de0a44789b64b22e347016ea71a1ed47b947b9b42a26af4ca16a6328cca" "/opt/rustwide/cargo-home/bin/cargo" "+1.100.0-beta.1" "test" "--frozen" "--no-run" "--message-format=json", kill_on_drop: false }`
[INFO] [stderr]    Compiling tokio v1.53.1
[INFO] [stderr]    Compiling hyper v1.11.1
[INFO] [stderr]    Compiling tower v0.5.3
[INFO] [stderr]    Compiling tokio-rustls v0.26.4
[INFO] [stderr]    Compiling tower-http v0.6.11
[INFO] [stderr]    Compiling hyper-util v0.1.20
[INFO] [stderr]    Compiling hyper-rustls v0.27.9
[INFO] [stderr]    Compiling rustapi-core v0.2.2
[INFO] [stderr]    Compiling reqwest v0.12.28
[INFO] [stderr]    Compiling rustapi-mcp v0.2.2 (/opt/rustwide/workdir)
[INFO] [stdout] error[E0433]: cannot find module or crate `rustapi_rs` in this scope
[INFO] [stdout]   --> tests/mcp_e2e.rs:10:5
[INFO] [stdout]    |
[INFO] [stdout] 10 | use rustapi_rs::prelude::*;
[INFO] [stdout]    |     ^^^^^^^^^^ use of unresolved module or unlinked crate `rustapi_rs`
[INFO] [stdout]    |
[INFO] [stdout] help: there is a crate or module with a similar name
[INFO] [stdout]    |
[INFO] [stdout] 10 - use rustapi_rs::prelude::*;
[INFO] [stdout] 10 + use rustapi_mcp::prelude::*;
[INFO] [stdout]    |
[INFO] [stdout] 
[INFO] [stdout] 
[INFO] [stdout] error[E0433]: cannot find module or crate `rustapi_rs` in this scope
[INFO] [stdout]   --> tests/mcp_e2e.rs:11:5
[INFO] [stdout]    |
[INFO] [stdout] 11 | use rustapi_rs::protocol::mcp::{
[INFO] [stdout]    |     ^^^^^^^^^^ use of unresolved module or unlinked crate `rustapi_rs`
[INFO] [stdout]    |
[INFO] [stdout] help: there is a crate or module with a similar name
[INFO] [stdout]    |
[INFO] [stdout] 11 - use rustapi_rs::protocol::mcp::{
[INFO] [stdout] 11 + use rustapi_mcp::protocol::mcp::{
[INFO] [stdout]    |
[INFO] [stdout] 
[INFO] [stdout] 
[INFO] [stdout] error[E0432]: unresolved imports `rustapi_rs::protocol::mcp::run_rustapi_and_mcp_with_shutdown`, `rustapi_rs::protocol::mcp::InvocationMode`, `rustapi_rs::protocol::mcp::McpConfig`, `rustapi_rs::protocol::mcp::McpServer`
[INFO] [stdout]   --> tests/mcp_e2e.rs:12:5
[INFO] [stdout]    |
[INFO] [stdout] 12 |     run_rustapi_and_mcp_with_shutdown, InvocationMode, McpConfig, McpServer,
[INFO] [stdout]    |     ^^^^^^^^^^^^^^^^^^^^^^^^^^^^^^^^^  ^^^^^^^^^^^^^^  ^^^^^^^^^  ^^^^^^^^^
[INFO] [stdout] 
[INFO] [stdout] 
[INFO] [stdout] error[E0433]: cannot find module or crate `rustapi_rs` in this scope
[INFO] [stdout]   --> tests/mcp_e2e.rs:39:3
[INFO] [stdout]    |
[INFO] [stdout] 39 | #[rustapi_rs::get("/weather/{city}")]
[INFO] [stdout]    |   ^^^^^^^^^^ use of unresolved module or unlinked crate `rustapi_rs`
[INFO] [stdout] 
[INFO] [stdout] 
[INFO] [stdout] error[E0433]: cannot find module or crate `rustapi_rs` in this scope
[INFO] [stdout]   --> tests/mcp_e2e.rs:40:3
[INFO] [stdout]    |
[INFO] [stdout] 40 | #[rustapi_rs::tag("agent")]
[INFO] [stdout]    |   ^^^^^^^^^^ use of unresolved module or unlinked crate `rustapi_rs`
[INFO] [stdout] 
[INFO] [stdout] 
[INFO] [stdout] error[E0433]: cannot find module or crate `rustapi_rs` in this scope
[INFO] [stdout]   --> tests/mcp_e2e.rs:41:3
[INFO] [stdout]    |
[INFO] [stdout] 41 | #[rustapi_rs::summary("Get current weather for a city")]
[INFO] [stdout]    |   ^^^^^^^^^^ use of unresolved module or unlinked crate `rustapi_rs`
[INFO] [stdout] 
[INFO] [stdout] 
[INFO] [stdout] error[E0433]: cannot find module or crate `rustapi_rs` in this scope
[INFO] [stdout]   --> tests/mcp_e2e.rs:50:3
[INFO] [stdout]    |
[INFO] [stdout] 50 | #[rustapi_rs::post("/compute")]
[INFO] [stdout]    |   ^^^^^^^^^^ use of unresolved module or unlinked crate `rustapi_rs`
[INFO] [stdout] 
[INFO] [stdout] 
[INFO] [stdout] error[E0433]: cannot find module or crate `rustapi_rs` in this scope
[INFO] [stdout]   --> tests/mcp_e2e.rs:51:3
[INFO] [stdout]    |
[INFO] [stdout] 51 | #[rustapi_rs::tag("agent")]
[INFO] [stdout]    |   ^^^^^^^^^^ use of unresolved module or unlinked crate `rustapi_rs`
[INFO] [stdout] 
[INFO] [stdout] 
[INFO] [stdout] error[E0433]: cannot find module or crate `rustapi_rs` in this scope
[INFO] [stdout]   --> tests/mcp_e2e.rs:52:3
[INFO] [stdout]    |
[INFO] [stdout] 52 | #[rustapi_rs::summary("Compute the sum of two numbers")]
[INFO] [stdout]    |   ^^^^^^^^^^ use of unresolved module or unlinked crate `rustapi_rs`
[INFO] [stdout] 
[INFO] [stdout] 
[INFO] [stdout] error[E0433]: cannot find module or crate `rustapi_rs` in this scope
[INFO] [stdout]   --> tests/mcp_e2e.rs:70:3
[INFO] [stdout]    |
[INFO] [stdout] 70 | #[rustapi_rs::get("/search")]
[INFO] [stdout]    |   ^^^^^^^^^^ use of unresolved module or unlinked crate `rustapi_rs`
[INFO] [stdout] 
[INFO] [stdout] 
[INFO] [stdout] error[E0433]: cannot find module or crate `rustapi_rs` in this scope
[INFO] [stdout]   --> tests/mcp_e2e.rs:71:3
[INFO] [stdout]    |
[INFO] [stdout] 71 | #[rustapi_rs::tag("agent")]
[INFO] [stdout]    |   ^^^^^^^^^^ use of unresolved module or unlinked crate `rustapi_rs`
[INFO] [stdout] 
[INFO] [stdout] 
[INFO] [stdout] error[E0433]: cannot find module or crate `rustapi_rs` in this scope
[INFO] [stdout]   --> tests/mcp_e2e.rs:72:3
[INFO] [stdout]    |
[INFO] [stdout] 72 | #[rustapi_rs::summary("Search with query parameters")]
[INFO] [stdout]    |   ^^^^^^^^^^ use of unresolved module or unlinked crate `rustapi_rs`
[INFO] [stdout] 
[INFO] [stdout] 
[INFO] [stdout] error[E0433]: cannot find module or crate `rustapi_rs` in this scope
[INFO] [stdout]   --> tests/mcp_e2e.rs:82:3
[INFO] [stdout]    |
[INFO] [stdout] 82 | #[rustapi_rs::get("/admin/secret")]
[INFO] [stdout]    |   ^^^^^^^^^^ use of unresolved module or unlinked crate `rustapi_rs`
[INFO] [stdout] 
[INFO] [stdout] 
[INFO] [stdout] error: cannot find derive macro `Schema` in this scope
[INFO] [stdout]   --> tests/mcp_e2e.rs:18:21
[INFO] [stdout]    |
[INFO] [stdout] 18 | #[derive(Serialize, Schema)]
[INFO] [stdout]    |                     ^^^^^^
[INFO] [stdout] 
[INFO] [stdout] 
[INFO] [stdout] error: cannot find derive macro `Schema` in this scope
[INFO] [stdout]   --> tests/mcp_e2e.rs:26:21
[INFO] [stdout]    |
[INFO] [stdout] 26 | #[derive(Serialize, Schema, Deserialize)]
[INFO] [stdout]    |                     ^^^^^^
[INFO] [stdout] 
[INFO] [stdout] 
[INFO] [stdout] error: cannot find derive macro `Schema` in this scope
[INFO] [stdout]   --> tests/mcp_e2e.rs:32:21
[INFO] [stdout]    |
[INFO] [stdout] 32 | #[derive(Serialize, Schema)]
[INFO] [stdout]    |                     ^^^^^^
[INFO] [stdout] 
[INFO] [stdout] 
[INFO] [stdout] error: cannot find derive macro `Schema` in this scope
[INFO] [stdout]   --> tests/mcp_e2e.rs:57:34
[INFO] [stdout]    |
[INFO] [stdout] 57 | #[derive(Deserialize, Serialize, Schema)]
[INFO] [stdout]    |                                  ^^^^^^
[INFO] [stdout] 
[INFO] [stdout] 
[INFO] [stdout] error: cannot find derive macro `Schema` in this scope
[INFO] [stdout]   --> tests/mcp_e2e.rs:64:21
[INFO] [stdout]    |
[INFO] [stdout] 64 | #[derive(Serialize, Schema)]
[INFO] [stdout]    |                     ^^^^^^
[INFO] [stdout] 
[INFO] [stdout] 
[INFO] [stdout] error[E0433]: cannot find module or crate `rustapi_rs` in this scope
[INFO] [stdout]    --> tests/mcp_e2e.rs:551:20
[INFO] [stdout]     |
[INFO] [stdout] 551 |     let call_req = rustapi_rs::protocol::mcp::ToolCallRequest {
[INFO] [stdout]     |                    ^^^^^^^^^^ use of unresolved module or unlinked crate `rustapi_rs`
[INFO] [stdout]     |
[INFO] [stdout] help: there is a crate or module with a similar name
[INFO] [stdout]     |
[INFO] [stdout] 551 -     let call_req = rustapi_rs::protocol::mcp::ToolCallRequest {
[INFO] [stdout] 551 +     let call_req = rustapi_mcp::protocol::mcp::ToolCallRequest {
[INFO] [stdout]     |
[INFO] [stdout] 
[INFO] [stdout] 
[INFO] [stdout] error[E0531]: cannot find tuple struct or tuple variant `Path` in this scope
[INFO] [stdout]   --> tests/mcp_e2e.rs:42:22
[INFO] [stdout]    |
[INFO] [stdout] 42 | async fn get_weather(Path(city): Path<String>) -> Json<Weather> {
[INFO] [stdout]    |                      ^^^^ not found in this scope
[INFO] [stdout] 
[INFO] [stdout] 
[INFO] [stdout] error[E0425]: cannot find type `Path` in this scope
[INFO] [stdout]   --> tests/mcp_e2e.rs:42:34
[INFO] [stdout]    |
[INFO] [stdout] 42 | async fn get_weather(Path(city): Path<String>) -> Json<Weather> {
[INFO] [stdout]    |                                  ^^^^ not found in this scope
[INFO] [stdout]    |
[INFO] [stdout] help: consider importing this struct
[INFO] [stdout]    |
[INFO] [stdout]  8 + use std::path::Path;
[INFO] [stdout]    |
[INFO] [stdout] 
[INFO] [stdout] 
[INFO] [stdout] error[E0425]: cannot find type `Json` in this scope
[INFO] [stdout]   --> tests/mcp_e2e.rs:42:51
[INFO] [stdout]    |
[INFO] [stdout] 42 | async fn get_weather(Path(city): Path<String>) -> Json<Weather> {
[INFO] [stdout]    |                                                   ^^^^ not found in this scope
[INFO] [stdout] 
[INFO] [stdout] 
[INFO] [stdout] error[E0531]: cannot find tuple struct or tuple variant `Json` in this scope
[INFO] [stdout]   --> tests/mcp_e2e.rs:53:18
[INFO] [stdout]    |
[INFO] [stdout] 53 | async fn compute(Json(req): Json<ComputeRequest>) -> Json<ComputeResponse> {
[INFO] [stdout]    |                  ^^^^ not found in this scope
[INFO] [stdout] 
[INFO] [stdout] 
[INFO] [stdout] error[E0425]: cannot find type `Json` in this scope
[INFO] [stdout]   --> tests/mcp_e2e.rs:53:29
[INFO] [stdout]    |
[INFO] [stdout] 53 | async fn compute(Json(req): Json<ComputeRequest>) -> Json<ComputeResponse> {
[INFO] [stdout]    |                             ^^^^ not found in this scope
[INFO] [stdout] 
[INFO] [stdout] 
[INFO] [stdout] error[E0425]: cannot find type `Json` in this scope
[INFO] [stdout]   --> tests/mcp_e2e.rs:53:54
[INFO] [stdout]    |
[INFO] [stdout] 53 | async fn compute(Json(req): Json<ComputeRequest>) -> Json<ComputeResponse> {
[INFO] [stdout]    |                                                      ^^^^ not found in this scope
[INFO] [stdout] 
[INFO] [stdout] 
[INFO] [stdout] error[E0531]: cannot find tuple struct or tuple variant `Query` in this scope
[INFO] [stdout]   --> tests/mcp_e2e.rs:73:17
[INFO] [stdout]    |
[INFO] [stdout] 73 | async fn search(Query(params): Query<SearchQuery>) -> Json<SearchResult> {
[INFO] [stdout]    |                 ^^^^^ not found in this scope
[INFO] [stdout] 
[INFO] [stdout] 
[INFO] [stdout] error[E0425]: cannot find type `Query` in this scope
[INFO] [stdout]   --> tests/mcp_e2e.rs:73:32
[INFO] [stdout]    |
[INFO] [stdout] 73 | async fn search(Query(params): Query<SearchQuery>) -> Json<SearchResult> {
[INFO] [stdout]    |                                ^^^^^ not found in this scope
[INFO] [stdout] 
[INFO] [stdout] 
[INFO] [stdout] error[E0425]: cannot find type `Json` in this scope
[INFO] [stdout]   --> tests/mcp_e2e.rs:73:55
[INFO] [stdout]    |
[INFO] [stdout] 73 | async fn search(Query(params): Query<SearchQuery>) -> Json<SearchResult> {
[INFO] [stdout]    |                                                       ^^^^ not found in this scope
[INFO] [stdout] 
[INFO] [stdout] 
[INFO] [stdout] error[E0425]: cannot find function, tuple struct or tuple variant `Json` in this scope
[INFO] [stdout]   --> tests/mcp_e2e.rs:43:5
[INFO] [stdout]    |
[INFO] [stdout] 43 |     Json(Weather {
[INFO] [stdout]    |     ^^^^ not found in this scope
[INFO] [stdout] 
[INFO] [stdout] 
[INFO] [stdout] error[E0425]: cannot find function, tuple struct or tuple variant `Json` in this scope
[INFO] [stdout]   --> tests/mcp_e2e.rs:54:5
[INFO] [stdout]    |
[INFO] [stdout] 54 |     Json(ComputeResponse { sum: req.a + req.b })
[INFO] [stdout]    |     ^^^^ not found in this scope
[INFO] [stdout] 
[INFO] [stdout] 
[INFO] [stdout] error[E0425]: cannot find function, tuple struct or tuple variant `Json` in this scope
[INFO] [stdout]   --> tests/mcp_e2e.rs:74:5
[INFO] [stdout]    |
[INFO] [stdout] 74 |     Json(SearchResult {
[INFO] [stdout]    |     ^^^^ not found in this scope
[INFO] [stdout] 
[INFO] [stdout] 
[INFO] [stdout] error[E0433]: cannot find type `RustApi` in this scope
[INFO] [stdout]   --> tests/mcp_e2e.rs:89:15
[INFO] [stdout]    |
[INFO] [stdout] 89 |     let app = RustApi::auto();
[INFO] [stdout]    |               ^^^^^^^ use of undeclared type `RustApi`
[INFO] [stdout] 
[INFO] [stdout] 
[INFO] [stdout] error[E0433]: cannot find type `RustApi` in this scope
[INFO] [stdout]    --> tests/mcp_e2e.rs:191:15
[INFO] [stdout]     |
[INFO] [stdout] 191 |     let app = RustApi::auto();
[INFO] [stdout]     |               ^^^^^^^ use of undeclared type `RustApi`
[INFO] [stdout] 
[INFO] [stdout] 
[INFO] [stdout] error[E0433]: cannot find type `RustApi` in this scope
[INFO] [stdout]    --> tests/mcp_e2e.rs:331:15
[INFO] [stdout]     |
[INFO] [stdout] 331 |     let app = RustApi::auto();
[INFO] [stdout]     |               ^^^^^^^ use of undeclared type `RustApi`
[INFO] [stdout] 
[INFO] [stdout] 
[INFO] [stdout] error[E0433]: cannot find type `RustApi` in this scope
[INFO] [stdout]    --> tests/mcp_e2e.rs:435:15
[INFO] [stdout]     |
[INFO] [stdout] 435 |     let app = RustApi::auto();
[INFO] [stdout]     |               ^^^^^^^ use of undeclared type `RustApi`
[INFO] [stdout] 
[INFO] [stdout] 
[INFO] [stdout] error[E0433]: cannot find type `RustApi` in this scope
[INFO] [stdout]    --> tests/mcp_e2e.rs:537:20
[INFO] [stdout]     |
[INFO] [stdout] 537 |     let app_disc = RustApi::auto();
[INFO] [stdout]     |                    ^^^^^^^ use of undeclared type `RustApi`
[INFO] [stdout] 
[INFO] [stdout] 
[INFO] [stdout] error[E0433]: cannot find type `RustApi` in this scope
[INFO] [stdout]    --> tests/mcp_e2e.rs:557:18
[INFO] [stdout]     |
[INFO] [stdout] 557 |     let app_in = RustApi::auto();
[INFO] [stdout]     |                  ^^^^^^^ use of undeclared type `RustApi`
[INFO] [stdout] 
[INFO] [stdout] 
[INFO] [stdout] error[E0433]: cannot find type `RustApi` in this scope
[INFO] [stdout]    --> tests/mcp_e2e.rs:576:17
[INFO] [stdout]     |
[INFO] [stdout] 576 |     let app_p = RustApi::auto();
[INFO] [stdout]     |                 ^^^^^^^ use of undeclared type `RustApi`
[INFO] [stdout] 
[INFO] [stdout] 
[INFO] [stdout] error[E0433]: cannot find type `RustApi` in this scope
[INFO] [stdout]    --> tests/mcp_e2e.rs:647:15
[INFO] [stdout]     |
[INFO] [stdout] 647 |     let app = RustApi::auto();
[INFO] [stdout]     |               ^^^^^^^ use of undeclared type `RustApi`
[INFO] [stdout] 
[INFO] [stdout] 
[INFO] [stdout] Some errors have detailed explanations: E0425, E0432, E0433, E0531.
[INFO] [stdout] 
[INFO] [stdout] For more information about an error, try `rustc --explain E0425`.
[INFO] [stdout] 
[INFO] [stderr] error: could not compile `rustapi-mcp` (test "mcp_e2e") due to 39 previous errors
[INFO] [stderr] warning: build failed, waiting for other jobs to finish...
[INFO] running `Command { std: "docker" "inspect" "b0813de0a44789b64b22e347016ea71a1ed47b947b9b42a26af4ca16a6328cca", kill_on_drop: false }`
[INFO] running `Command { std: "docker" "rm" "-f" "b0813de0a44789b64b22e347016ea71a1ed47b947b9b42a26af4ca16a6328cca", kill_on_drop: false }`
[INFO] [stdout] b0813de0a44789b64b22e347016ea71a1ed47b947b9b42a26af4ca16a6328cca
