[INFO] fetching crate rust-nebula 0.0.2...
[INFO] testing rust-nebula-0.0.2 against 1.100.0-beta.1 for beta-1.100-2
[INFO] extracting crate rust-nebula 0.0.2 into /workspace/builds/worker-2-tc2/source
[INFO] started tweaking crates.io crate rust-nebula 0.0.2
[INFO] finished tweaking crates.io crate rust-nebula 0.0.2
[INFO] tweaked toml for crates.io crate rust-nebula 0.0.2 written to /workspace/builds/worker-2-tc2/source/Cargo.toml
[INFO] validating manifest of crates.io crate rust-nebula 0.0.2 on toolchain 1.100.0-beta.1
[INFO] running `Command { std: CARGO_HOME="/workspace/cargo-home" RUSTUP_HOME="/workspace/rustup-home" "/workspace/cargo-home/bin/cargo" "+1.100.0-beta.1" "metadata" "--manifest-path" "Cargo.toml" "--no-deps", kill_on_drop: false }`
[INFO] running `Command { std: CARGO_HOME="/workspace/cargo-home" RUSTUP_HOME="/workspace/rustup-home" "/workspace/cargo-home/bin/cargo" "+1.100.0-beta.1" "generate-lockfile" "--manifest-path" "Cargo.toml", kill_on_drop: false }`
[INFO] [stderr]     Updating crates.io index
[INFO] [stderr]     Blocking waiting for file lock on package cache
[INFO] [stderr]      Locking 100 packages to highest compatible versions
[INFO] [stderr]       Adding async-sleep v0.4.1 (available: v0.5.1)
[INFO] [stderr]       Adding base64 v0.11.0 (available: v0.23.1)
[INFO] [stderr]       Adding bb8 v0.8.6 (available: v0.9.1)
[INFO] [stderr]       Adding float-cmp v0.9.0 (available: v0.10.0)
[INFO] [stderr]       Adding futures-lite v1.13.0 (available: v2.6.1)
[INFO] [stderr]       Adding num-derive v0.3.3 (available: v0.5.1)
[INFO] [stderr]       Adding ordered-float v1.1.1 (available: v5.5.0)
[INFO] [stderr]       Adding thiserror v1.0.69 (available: v2.0.21)
[INFO] running `Command { std: CARGO_HOME="/workspace/cargo-home" RUSTUP_HOME="/workspace/rustup-home" "/workspace/cargo-home/bin/cargo" "+1.100.0-beta.1" "fetch" "--manifest-path" "Cargo.toml", kill_on_drop: false }`
[INFO] [stderr] warning: `package.homepage` is redundant with `package.repository`
[INFO] [stderr]    --> Cargo.toml:115:12
[INFO] [stderr]     |
[INFO] [stderr] 115 | homepage = "https://github.com/nebula-contrib/rust-nebula"
[INFO] [stderr]     |            ^^^^^^^^^^^^^^^^^^^^^^^^^^^^^^^^^^^^^^^^^^^^^^^
[INFO] [stderr] ...
[INFO] [stderr] 120 | repository = "https://github.com/nebula-contrib/rust-nebula"
[INFO] [stderr]     |              -----------------------------------------------
[INFO] [stderr]     |
[INFO] [stderr]     = note: `cargo::redundant_homepage` is set to `warn` by default
[INFO] [stderr] help: consider removing `package.homepage`
[INFO] [stderr] warning: `rust-nebula` (manifest) generated 1 warning
[INFO] [stderr]     Blocking waiting for file lock on package cache
[INFO] running `Command { std: "docker" "create" "-v" "/var/lib/crater-agent-workspace/builds/worker-2-tc2/source:/opt/rustwide/workdir:ro,Z" "-v" "/var/lib/crater-agent-workspace/builds/worker-2-tc2/target:/opt/rustwide/target:rw,Z" "-v" "/var/lib/crater-agent-workspace/cargo-home:/opt/rustwide/cargo-home:ro,Z" "-v" "/var/lib/crater-agent-workspace/rustup-home:/opt/rustwide/rustup-home:ro,Z" "-m" "1610612736" "--network" "none" "ghcr.io/rust-lang/crates-build-env/linux@sha256:3111399a4047eeb3a02b7a90e478d715f38a8c6669b5c4b49d30a17385265909" "sleep" "infinity", kill_on_drop: false }`
[INFO] [stdout] d68f2cad5a957de85a89680955d7f75e25a46515702e38fcdb96e44683dcd3b6
[INFO] running `Command { std: "docker" "start" "d68f2cad5a957de85a89680955d7f75e25a46515702e38fcdb96e44683dcd3b6", kill_on_drop: false }`
[INFO] running `Command { std: "docker" "inspect" "d68f2cad5a957de85a89680955d7f75e25a46515702e38fcdb96e44683dcd3b6", kill_on_drop: false }`
[INFO] running `Command { std: "docker" "exec" "-e" "SOURCE_DIR=/opt/rustwide/workdir" "-e" "CARGO_HOME=/opt/rustwide/cargo-home" "-e" "RUSTUP_HOME=/opt/rustwide/rustup-home" "-e" "CARGO_TARGET_DIR=/opt/rustwide/target" "-w" "/opt/rustwide/workdir" "--user" "0:0" "d68f2cad5a957de85a89680955d7f75e25a46515702e38fcdb96e44683dcd3b6" "/opt/rustwide/cargo-home/bin/cargo" "+1.100.0-beta.1" "metadata" "--no-deps" "--format-version=1", kill_on_drop: false }`
[INFO] running `Command { std: "docker" "inspect" "d68f2cad5a957de85a89680955d7f75e25a46515702e38fcdb96e44683dcd3b6", kill_on_drop: false }`
[INFO] running `Command { std: "docker" "exec" "-e" "SOURCE_DIR=/opt/rustwide/workdir" "-e" "CARGO_HOME=/opt/rustwide/cargo-home" "-e" "RUSTUP_HOME=/opt/rustwide/rustup-home" "-e" "CARGO_TARGET_DIR=/opt/rustwide/target" "-e" "CARGO_INCREMENTAL=0" "-e" "RUST_BACKTRACE=full" "-e" "RUSTFLAGS=--cap-lints=warn" "-e" "RUSTDOCFLAGS=--cap-lints=warn" "-w" "/opt/rustwide/workdir" "--user" "0:0" "d68f2cad5a957de85a89680955d7f75e25a46515702e38fcdb96e44683dcd3b6" "/opt/rustwide/cargo-home/bin/cargo" "+1.100.0-beta.1" "build" "--frozen" "--message-format=json", kill_on_drop: false }`
[INFO] [stderr] warning: `package.homepage` is redundant with `package.repository`
[INFO] [stderr]    --> Cargo.toml:115:12
[INFO] [stderr]     |
[INFO] [stderr] 115 | homepage = "https://github.com/nebula-contrib/rust-nebula"
[INFO] [stderr]     |            ^^^^^^^^^^^^^^^^^^^^^^^^^^^^^^^^^^^^^^^^^^^^^^^
[INFO] [stderr] ...
[INFO] [stderr] 120 | repository = "https://github.com/nebula-contrib/rust-nebula"
[INFO] [stderr]     |              -----------------------------------------------
[INFO] [stderr]     |
[INFO] [stderr]     = note: `cargo::redundant_homepage` is set to `warn` by default
[INFO] [stderr] help: consider removing `package.homepage`
[INFO] [stderr] warning: `rust-nebula` (manifest) generated 1 warning
[INFO] [stderr]    Compiling serde_core v1.0.229
[INFO] [stderr]    Compiling futures-sink v0.3.34
[INFO] [stderr]    Compiling futures-io v0.3.34
[INFO] [stderr]    Compiling serde v1.0.229
[INFO] [stderr]    Compiling syn v1.0.109
[INFO] [stderr]    Compiling serde_json v1.0.151
[INFO] [stderr]    Compiling tracing-core v0.1.36
[INFO] [stderr]    Compiling panic-message v0.3.0
[INFO] [stderr]    Compiling base64 v0.11.0
[INFO] [stderr]    Compiling syn v3.0.6
[INFO] [stderr]    Compiling thiserror-impl v1.0.69
[INFO] [stderr]    Compiling tracing-attributes v0.1.31
[INFO] [stderr]    Compiling const-cstr v0.3.0
[INFO] [stderr]    Compiling tokio v1.53.2
[INFO] [stderr]    Compiling futures-channel v0.3.34
[INFO] [stderr]    Compiling tracing v0.1.44
[INFO] [stderr]    Compiling thiserror v1.0.69
[INFO] [stderr]    Compiling num-derive v0.3.3
[INFO] [stderr]    Compiling async-compat v0.2.6
[INFO] [stderr]    Compiling futures-macro v0.3.34
[INFO] [stderr]    Compiling serde_derive v1.0.229
[INFO] [stderr]    Compiling async-trait v0.1.92
[INFO] [stderr]    Compiling ghost v0.1.23
[INFO] [stderr]    Compiling futures-util v0.3.34
[INFO] [stderr]    Compiling bytes v1.12.1
[INFO] [stderr]    Compiling ordered-float v1.1.1
[INFO] [stderr]    Compiling bufsize v1.0.10
[INFO] [stderr]    Compiling futures-executor v0.3.34
[INFO] [stderr]    Compiling async-sleep v0.4.1
[INFO] [stderr]    Compiling bb8 v0.8.6
[INFO] [stderr]    Compiling futures v0.3.34
[INFO] [stderr]    Compiling rust-nebula v0.0.2 (/opt/rustwide/workdir)
[INFO] [stdout] error[E0432]: unresolved import `bytes::buf::Writer`
[INFO] [stdout]   --> src/fbthrift/simplejson_protocol.rs:23:5
[INFO] [stdout]    |
[INFO] [stdout] 23 | use bytes::buf::Writer;
[INFO] [stdout]    |     ^^^^^^^^^^^^------
[INFO] [stdout]    |                 |
[INFO] [stdout]    |                 no `Writer` in `buf`
[INFO] [stdout]    |
[INFO] [stdout] note: found an item that was configured out
[INFO] [stdout]   --> /opt/rustwide/cargo-home/registry/src/index.crates.io-1949cf8c6b5b557f/bytes-1.12.1/src/buf/mod.rs:39:40
[INFO] [stdout]    |
[INFO] [stdout] 38 | #[cfg(feature = "std")]
[INFO] [stdout]    |       --------------- the item is gated behind the `std` feature
[INFO] [stdout] 39 | pub use self::{reader::Reader, writer::Writer};
[INFO] [stdout]    |                                        ^^^^^^
[INFO] [stdout] help: a similar name exists in the module
[INFO] [stdout]    |
[INFO] [stdout] 23 - use bytes::buf::Writer;
[INFO] [stdout] 23 + use bytes::buf::iter;
[INFO] [stdout]    |
[INFO] [stdout] 
[INFO] [stdout] 
[INFO] [stdout] warning: unused import: `std::collections::*`
[INFO] [stdout]   --> src/fbthrift/builtin_types.rs:19:9
[INFO] [stdout]    |
[INFO] [stdout] 19 | pub use std::collections::*;
[INFO] [stdout]    |         ^^^^^^^^^^^^^^^^^^^
[INFO] [stdout]    |
[INFO] [stdout] note: the lint level is defined here
[INFO] [stdout]   --> src/fbthrift/mod.rs:17:9
[INFO] [stdout]    |
[INFO] [stdout] 17 | #![deny(warnings)]
[INFO] [stdout]    |         ^^^^^^^^
[INFO] [stdout]    = note: `#[warn(unused_imports)]` implied by `#[warn(warnings)]`
[INFO] [stdout] 
[INFO] [stdout] 
[INFO] [stdout] warning: unused import: `bytes::Bytes`
[INFO] [stdout]   --> src/fbthrift/builtin_types.rs:21:9
[INFO] [stdout]    |
[INFO] [stdout] 21 | pub use bytes::Bytes;
[INFO] [stdout]    |         ^^^^^^^^^^^^
[INFO] [stdout] 
[INFO] [stdout] 
[INFO] [stdout] warning: unused import: `ordered_float::OrderedFloat`
[INFO] [stdout]   --> src/fbthrift/builtin_types.rs:22:9
[INFO] [stdout]    |
[INFO] [stdout] 22 | pub use ordered_float::OrderedFloat;
[INFO] [stdout]    |         ^^^^^^^^^^^^^^^^^^^^^^^^^^^
[INFO] [stdout] 
[INFO] [stdout] 
[INFO] [stdout] warning: unused import: `ordered_float::OrderedFloat`
[INFO] [stdout]   --> src/fbthrift/export.rs:22:9
[INFO] [stdout]    |
[INFO] [stdout] 22 | pub use ordered_float::OrderedFloat;
[INFO] [stdout]    |         ^^^^^^^^^^^^^^^^^^^^^^^^^^^
[INFO] [stdout] 
[INFO] [stdout] 
[INFO] [stdout] warning: unused import: `bytes::BufMut`
[INFO] [stdout]   --> src/fbthrift/simplejson_protocol.rs:25:5
[INFO] [stdout]    |
[INFO] [stdout] 25 | use bytes::BufMut;
[INFO] [stdout]    |     ^^^^^^^^^^^^^
[INFO] [stdout] 
[INFO] [stdout] 
[INFO] [stdout] warning: unused import: `super::application_exception::ApplicationException`
[INFO] [stdout]   --> src/fbthrift/mod.rs:69:13
[INFO] [stdout]    |
[INFO] [stdout] 69 |     pub use super::application_exception::ApplicationException;
[INFO] [stdout]    |             ^^^^^^^^^^^^^^^^^^^^^^^^^^^^^^^^^^^^^^^^^^^^^^^^^^
[INFO] [stdout] 
[INFO] [stdout] 
[INFO] [stdout] warning: unused import: `super::fbthrift::context_stack::DummyContextStack`
[INFO] [stdout]   --> src/fbthrift/mod.rs:81:9
[INFO] [stdout]    |
[INFO] [stdout] 81 | pub use super::fbthrift::context_stack::DummyContextStack;
[INFO] [stdout]    |         ^^^^^^^^^^^^^^^^^^^^^^^^^^^^^^^^^^^^^^^^^^^^^^^^^
[INFO] [stdout] 
[INFO] [stdout] 
[INFO] [stdout] warning: unused import: `super::fbthrift::errors::ProtocolError`
[INFO] [stdout]   --> src/fbthrift/mod.rs:85:9
[INFO] [stdout]    |
[INFO] [stdout] 85 | pub use super::fbthrift::errors::ProtocolError;
[INFO] [stdout]    |         ^^^^^^^^^^^^^^^^^^^^^^^^^^^^^^^^^^^^^^
[INFO] [stdout] 
[INFO] [stdout] 
[INFO] [stdout] warning: unused import: `super::fbthrift::framing::FramingEncoded`
[INFO] [stdout]   --> src/fbthrift/mod.rs:91:9
[INFO] [stdout]    |
[INFO] [stdout] 91 | pub use super::fbthrift::framing::FramingEncoded;
[INFO] [stdout]    |         ^^^^^^^^^^^^^^^^^^^^^^^^^^^^^^^^^^^^^^^^
[INFO] [stdout] 
[INFO] [stdout] 
[INFO] [stdout] warning: unused import: `super::fbthrift::processor::SerializedStreamElement`
[INFO] [stdout]   --> src/fbthrift/mod.rs:96:9
[INFO] [stdout]    |
[INFO] [stdout] 96 | pub use super::fbthrift::processor::SerializedStreamElement;
[INFO] [stdout]    |         ^^^^^^^^^^^^^^^^^^^^^^^^^^^^^^^^^^^^^^^^^^^^^^^^^^^
[INFO] [stdout] 
[INFO] [stdout] 
[INFO] [stdout] warning: unused import: `super::fbthrift::request_context::DummyRequestContext`
[INFO] [stdout]    --> src/fbthrift/mod.rs:106:9
[INFO] [stdout]     |
[INFO] [stdout] 106 | pub use super::fbthrift::request_context::DummyRequestContext;
[INFO] [stdout]     |         ^^^^^^^^^^^^^^^^^^^^^^^^^^^^^^^^^^^^^^^^^^^^^^^^^^^^^
[INFO] [stdout] 
[INFO] [stdout] 
[INFO] [stdout] warning: unused import: `super::fbthrift::simplejson_protocol::SimpleJsonProtocol`
[INFO] [stdout]    --> src/fbthrift/mod.rs:109:9
[INFO] [stdout]     |
[INFO] [stdout] 109 | pub use super::fbthrift::simplejson_protocol::SimpleJsonProtocol;
[INFO] [stdout]     |         ^^^^^^^^^^^^^^^^^^^^^^^^^^^^^^^^^^^^^^^^^^^^^^^^^^^^^^^^
[INFO] [stdout] 
[INFO] [stdout] 
[INFO] [stdout] warning: unused import: `super::fbthrift::uri::GetUri`
[INFO] [stdout]    --> src/fbthrift/mod.rs:114:9
[INFO] [stdout]     |
[INFO] [stdout] 114 | pub use super::fbthrift::uri::GetUri;
[INFO] [stdout]     |         ^^^^^^^^^^^^^^^^^^^^^^^^^^^^
[INFO] [stdout] 
[INFO] [stdout] 
[INFO] [stdout] warning: unused import: `async_compat`
[INFO] [stdout]   --> src/fbthrift_transport/mod.rs:12:9
[INFO] [stdout]    |
[INFO] [stdout] 12 | pub use async_compat;
[INFO] [stdout]    |         ^^^^^^^^^^^^
[INFO] [stdout]    |
[INFO] [stdout]    = note: `#[warn(unused_imports)]` (part of `#[warn(unused)]`) on by default
[INFO] [stdout] 
[INFO] [stdout] 
[INFO] [stdout] warning: unused import: `self::consts::*`
[INFO] [stdout]   --> src/fbthrift_protocol/common/mod.rs:12:9
[INFO] [stdout]    |
[INFO] [stdout] 12 | pub use self::consts::*;
[INFO] [stdout]    |         ^^^^^^^^^^^^^^^
[INFO] [stdout] 
[INFO] [stdout] 
[INFO] [stdout] warning: unused import: `self::errors::*`
[INFO] [stdout]   --> src/fbthrift_protocol/common/mod.rs:13:9
[INFO] [stdout]    |
[INFO] [stdout] 13 | pub use self::errors::*;
[INFO] [stdout]    |         ^^^^^^^^^^^^^^^
[INFO] [stdout] 
[INFO] [stdout] 
[INFO] [stdout] warning: unused import: `common::*`
[INFO] [stdout]  --> src/fbthrift_protocol/mod.rs:5:9
[INFO] [stdout]   |
[INFO] [stdout] 5 | pub use common::*;
[INFO] [stdout]   |         ^^^^^^^^^
[INFO] [stdout] 
[INFO] [stdout] 
[INFO] [stdout] warning: unused import: `double::*`
[INFO] [stdout]  --> src/fbthrift_protocol/mod.rs:8:9
[INFO] [stdout]   |
[INFO] [stdout] 8 | pub use double::*;
[INFO] [stdout]   |         ^^^^^^^^^
[INFO] [stdout] 
[INFO] [stdout] 
[INFO] [stdout] warning: unused import: `self::errors::*`
[INFO] [stdout]  --> src/fbthrift_protocol/storage/mod.rs:6:9
[INFO] [stdout]   |
[INFO] [stdout] 6 | pub use self::errors::*;
[INFO] [stdout]   |         ^^^^^^^^^^^^^^^
[INFO] [stdout] 
[INFO] [stdout] 
[INFO] [stdout] warning: use of deprecated module `std::i32`: all constants in this module replaced by associated constants on the type
[INFO] [stdout]   --> src/fbthrift/mod.rs:19:10
[INFO] [stdout]    |
[INFO] [stdout] 19 | use std::i32;
[INFO] [stdout]    |          ^^^
[INFO] [stdout]    |
[INFO] [stdout]    = note: `#[warn(deprecated)]` implied by `#[warn(warnings)]`
[INFO] [stdout] 
[INFO] [stdout] 
[INFO] [stdout] warning: use of deprecated constant `std::i32::MIN`: replaced by the `MIN` associated constant on this type
[INFO] [stdout]    --> src/fbthrift/mod.rs:129:36
[INFO] [stdout]     |
[INFO] [stdout] 129 | pub const __UNKNOWN_ID: i32 = i32::MIN;
[INFO] [stdout]     |                                    ^^^
[INFO] [stdout] 
[INFO] [stdout] 
[INFO] [stdout] error[E0277]: the trait bound `std::io::Cursor<bytes::Bytes>: Buf` is not satisfied
[INFO] [stdout]   --> src/fbthrift/framing.rs:49:19
[INFO] [stdout]    |
[INFO] [stdout] 49 |     type DecBuf = Cursor<Bytes>;
[INFO] [stdout]    |                   ^^^^^^^^^^^^^ the trait `Buf` is not implemented for `std::io::Cursor<bytes::Bytes>`
[INFO] [stdout]    |
[INFO] [stdout]    = help: the following other types implement trait `Buf`:
[INFO] [stdout]              &[u8]
[INFO] [stdout]              &mut T
[INFO] [stdout]              Box<T>
[INFO] [stdout]              BytesMut
[INFO] [stdout]              VecDeque<u8>
[INFO] [stdout]              bytes::Bytes
[INFO] [stdout]              bytes::buf::Chain<T, U>
[INFO] [stdout]              bytes::buf::Take<T>
[INFO] [stdout] note: required for `<bytes::Bytes as Framing>::DecBuf` to implement `BufExt`
[INFO] [stdout]   --> src/fbthrift/bufext.rs:28:11
[INFO] [stdout]    |
[INFO] [stdout] 28 | pub trait BufExt: Buf {
[INFO] [stdout]    |           ^^^^^^
[INFO] [stdout] note: required by a bound in `Framing::DecBuf`
[INFO] [stdout]   --> src/fbthrift/framing.rs:40:18
[INFO] [stdout]    |
[INFO] [stdout] 35 | pub trait Framing {
[INFO] [stdout] ...
[INFO] [stdout] 40 |     type DecBuf: BufExt + Send + 'static;
[INFO] [stdout]    |                  ^^^^^^ required by this bound in `Framing::DecBuf`
[INFO] [stdout] 
[INFO] [stdout] 
[INFO] [stdout] error[E0277]: the trait bound `std::io::Cursor<bytes::Bytes>: Buf` is not satisfied
[INFO] [stdout]   --> src/fbthrift/bufext.rs:40:17
[INFO] [stdout]    |
[INFO] [stdout] 40 | impl BufExt for Cursor<Bytes> {
[INFO] [stdout]    |                 ^^^^^^^^^^^^^ the trait `Buf` is not implemented for `std::io::Cursor<bytes::Bytes>`
[INFO] [stdout]    |
[INFO] [stdout]    = help: the following other types implement trait `Buf`:
[INFO] [stdout]              &[u8]
[INFO] [stdout]              &mut T
[INFO] [stdout]              Box<T>
[INFO] [stdout]              BytesMut
[INFO] [stdout]              VecDeque<u8>
[INFO] [stdout]              bytes::Bytes
[INFO] [stdout]              bytes::buf::Chain<T, U>
[INFO] [stdout]              bytes::buf::Take<T>
[INFO] [stdout] note: required by a bound in `BufExt`
[INFO] [stdout]   --> src/fbthrift/bufext.rs:28:19
[INFO] [stdout]    |
[INFO] [stdout] 28 | pub trait BufExt: Buf {
[INFO] [stdout]    |                   ^^^ required by this bound in `BufExt`
[INFO] [stdout] 
[INFO] [stdout] 
[INFO] [stdout] error[E0277]: the trait bound `std::io::Cursor<&T>: Buf` is not satisfied
[INFO] [stdout]   --> src/fbthrift/bufext.rs:56:42
[INFO] [stdout]    |
[INFO] [stdout] 56 | impl<T: AsRef<[u8]> + ?Sized> BufExt for Cursor<&T> {
[INFO] [stdout]    |                                          ^^^^^^^^^^ the trait `Buf` is not implemented for `std::io::Cursor<&T>`
[INFO] [stdout]    |
[INFO] [stdout]    = help: the following other types implement trait `Buf`:
[INFO] [stdout]              &[u8]
[INFO] [stdout]              &mut T
[INFO] [stdout]              Box<T>
[INFO] [stdout]              BytesMut
[INFO] [stdout]              VecDeque<u8>
[INFO] [stdout]              bytes::Bytes
[INFO] [stdout]              bytes::buf::Chain<T, U>
[INFO] [stdout]              bytes::buf::Take<T>
[INFO] [stdout] note: required by a bound in `BufExt`
[INFO] [stdout]   --> src/fbthrift/bufext.rs:28:19
[INFO] [stdout]    |
[INFO] [stdout] 28 | pub trait BufExt: Buf {
[INFO] [stdout]    |                   ^^^ required by this bound in `BufExt`
[INFO] [stdout] 
[INFO] [stdout] 
[INFO] [stdout] error[E0277]: the trait bound `std::io::Cursor<bytes::Bytes>: Buf` is not satisfied
[INFO] [stdout]   --> src/fbthrift_transport/transport.rs:82:19
[INFO] [stdout]    |
[INFO] [stdout] 82 |     type DecBuf = Cursor<Bytes>;
[INFO] [stdout]    |                   ^^^^^^^^^^^^^ the trait `Buf` is not implemented for `std::io::Cursor<bytes::Bytes>`
[INFO] [stdout]    |
[INFO] [stdout]    = help: the following other types implement trait `Buf`:
[INFO] [stdout]              &[u8]
[INFO] [stdout]              &mut T
[INFO] [stdout]              Box<T>
[INFO] [stdout]              BytesMut
[INFO] [stdout]              VecDeque<u8>
[INFO] [stdout]              bytes::Bytes
[INFO] [stdout]              bytes::buf::Chain<T, U>
[INFO] [stdout]              bytes::buf::Take<T>
[INFO] [stdout] note: required for `<AsyncTransport<S, SLEEP, H> as Framing>::DecBuf` to implement `BufExt`
[INFO] [stdout]   --> src/fbthrift/bufext.rs:28:11
[INFO] [stdout]    |
[INFO] [stdout] 28 | pub trait BufExt: Buf {
[INFO] [stdout]    |           ^^^^^^
[INFO] [stdout] note: required by a bound in `Framing::DecBuf`
[INFO] [stdout]   --> src/fbthrift/framing.rs:40:18
[INFO] [stdout]    |
[INFO] [stdout] 35 | pub trait Framing {
[INFO] [stdout] ...
[INFO] [stdout] 40 |     type DecBuf: BufExt + Send + 'static;
[INFO] [stdout]    |                  ^^^^^^ required by this bound in `Framing::DecBuf`
[INFO] [stdout] 
[INFO] [stdout] 
[INFO] [stdout] error[E0599]: no method named `writer` found for struct `SizeCounter` in the current scope
[INFO] [stdout]   --> src/fbthrift/simplejson_protocol.rs:83:40
[INFO] [stdout]    |
[INFO] [stdout] 83 |             buffer: SizeCounter::new().writer(),
[INFO] [stdout]    |                                        ^^^^^^
[INFO] [stdout]    |
[INFO] [stdout] help: there is a method `write` with a similar name, but with different arguments
[INFO] [stdout]   --> /rustc/e3feeb59cd1bdd011a2bfcc0747b55125d9b8527/library/core/src/io/write.rs:101:4
[INFO] [stdout] 
[INFO] [stdout] 
[INFO] [stdout] error[E0599]: no method named `writer` found for associated type `<F as Framing>::EncBuf` in the current scope
[INFO] [stdout]   --> src/fbthrift/simplejson_protocol.rs:91:46
[INFO] [stdout]    |
[INFO] [stdout] 91 |             buffer: F::enc_with_capacity(sz).writer(),
[INFO] [stdout]    |                                              ^^^^^^ method not found in `<F as Framing>::EncBuf`
[INFO] [stdout] 
[INFO] [stdout] 
[INFO] [stdout] error[E0599]: no method named `writer` found for struct `SizeCounter` in the current scope
[INFO] [stdout]    --> src/fbthrift/simplejson_protocol.rs:955:36
[INFO] [stdout]     |
[INFO] [stdout] 955 |         buffer: SizeCounter::new().writer(),
[INFO] [stdout]     |                                    ^^^^^^
[INFO] [stdout]     |
[INFO] [stdout] help: there is a method `write` with a similar name, but with different arguments
[INFO] [stdout]    --> /rustc/e3feeb59cd1bdd011a2bfcc0747b55125d9b8527/library/core/src/io/write.rs:101:4
[INFO] [stdout] 
[INFO] [stdout] 
[INFO] [stdout] error[E0599]: no method named `writer` found for struct `BytesMut` in the current scope
[INFO] [stdout]    --> src/fbthrift/simplejson_protocol.rs:964:45
[INFO] [stdout]     |
[INFO] [stdout] 964 |         buffer: BytesMut::with_capacity(sz).writer(),
[INFO] [stdout]     |                                             ^^^^^^
[INFO] [stdout]     |
[INFO] [stdout] help: there is a method `write` with a similar name, but with different arguments
[INFO] [stdout]    --> src/fbthrift/serialize.rs:35:5
[INFO] [stdout]     |
[INFO] [stdout]  35 |     fn write(&self, p: &mut P);
[INFO] [stdout]     |     ^^^^^^^^^^^^^^^^^^^^^^^^^^^
[INFO] [stdout] 
[INFO] [stdout] 
[INFO] [stdout] warning: unused variable: `space_id`
[INFO] [stdout]    --> src/meta/client.rs:454:41
[INFO] [stdout]     |
[INFO] [stdout] 454 |     pub fn update_storage_leader(&self, space_id: i32, part_id: i32, address: Option<HostAddr>) {
[INFO] [stdout]     |                                         ^^^^^^^^ help: if this is intentional, prefix it with an underscore: `_space_id`
[INFO] [stdout]     |
[INFO] [stdout]     = note: `#[warn(unused_variables)]` (part of `#[warn(unused)]`) on by default
[INFO] [stdout] 
[INFO] [stdout] 
[INFO] [stdout] warning: unused variable: `part_id`
[INFO] [stdout]    --> src/meta/client.rs:454:56
[INFO] [stdout]     |
[INFO] [stdout] 454 |     pub fn update_storage_leader(&self, space_id: i32, part_id: i32, address: Option<HostAddr>) {
[INFO] [stdout]     |                                                        ^^^^^^^ help: if this is intentional, prefix it with an underscore: `_part_id`
[INFO] [stdout] 
[INFO] [stdout] 
[INFO] [stdout] warning: unused variable: `address`
[INFO] [stdout]    --> src/meta/client.rs:454:70
[INFO] [stdout]     |
[INFO] [stdout] 454 |     pub fn update_storage_leader(&self, space_id: i32, part_id: i32, address: Option<HostAddr>) {
[INFO] [stdout]     |                                                                      ^^^^^^^ help: if this is intentional, prefix it with an underscore: `_address`
[INFO] [stdout] 
[INFO] [stdout] 
[INFO] [stdout] warning: unused variable: `geo`
[INFO] [stdout]    --> src/value_wrapper/mod.rs:276:11
[INFO] [stdout]     |
[INFO] [stdout] 276 | fn to_wkt(geo: Geography) -> String {
[INFO] [stdout]     |           ^^^ help: if this is intentional, prefix it with an underscore: `_geo`
[INFO] [stdout] 
[INFO] [stdout] 
[INFO] [stdout] Some errors have detailed explanations: E0277, E0432, E0599.
[INFO] [stdout] 
[INFO] [stdout] For more information about an error, try `rustc --explain E0277`.
[INFO] [stdout] 
[INFO] [stderr] error: could not compile `rust-nebula` (lib) due to 9 previous errors; 25 warnings emitted
[INFO] running `Command { std: "docker" "inspect" "d68f2cad5a957de85a89680955d7f75e25a46515702e38fcdb96e44683dcd3b6", kill_on_drop: false }`
[INFO] running `Command { std: "docker" "rm" "-f" "d68f2cad5a957de85a89680955d7f75e25a46515702e38fcdb96e44683dcd3b6", kill_on_drop: false }`
[INFO] [stdout] d68f2cad5a957de85a89680955d7f75e25a46515702e38fcdb96e44683dcd3b6
