[INFO] fetching crate rust-mcp-axum 2.0.0...
[INFO] testing rust-mcp-axum-2.0.0 against 1.100.0-beta.1 for beta-1.100-2
[INFO] extracting crate rust-mcp-axum 2.0.0 into /workspace/builds/worker-3-tc2/source
[INFO] started tweaking crates.io crate rust-mcp-axum 2.0.0
[INFO] removed 0 missing examples
[INFO] removed 0 missing tests
[INFO] finished tweaking crates.io crate rust-mcp-axum 2.0.0
[INFO] tweaked toml for crates.io crate rust-mcp-axum 2.0.0 written to /workspace/builds/worker-3-tc2/source/Cargo.toml
[INFO] validating manifest of crates.io crate rust-mcp-axum 2.0.0 on toolchain 1.100.0-beta.1
[INFO] running `Command { std: CARGO_HOME="/workspace/cargo-home" RUSTUP_HOME="/workspace/rustup-home" "/workspace/cargo-home/bin/cargo" "+1.100.0-beta.1" "metadata" "--manifest-path" "Cargo.toml" "--no-deps", kill_on_drop: false }`
[INFO] crate crates.io crate rust-mcp-axum 2.0.0 already has a lockfile, it will not be regenerated
[INFO] running `Command { std: CARGO_HOME="/workspace/cargo-home" RUSTUP_HOME="/workspace/rustup-home" "/workspace/cargo-home/bin/cargo" "+1.100.0-beta.1" "fetch" "--manifest-path" "Cargo.toml", kill_on_drop: false }`
[INFO] [stderr]     Blocking waiting for file lock on package cache
[INFO] running `Command { std: "docker" "create" "-v" "/var/lib/crater-agent-workspace/builds/worker-3-tc2/source:/opt/rustwide/workdir:ro,Z" "-v" "/var/lib/crater-agent-workspace/builds/worker-3-tc2/target:/opt/rustwide/target:rw,Z" "-v" "/var/lib/crater-agent-workspace/cargo-home:/opt/rustwide/cargo-home:ro,Z" "-v" "/var/lib/crater-agent-workspace/rustup-home:/opt/rustwide/rustup-home:ro,Z" "-m" "1610612736" "--network" "none" "ghcr.io/rust-lang/crates-build-env/linux@sha256:3111399a4047eeb3a02b7a90e478d715f38a8c6669b5c4b49d30a17385265909" "sleep" "infinity", kill_on_drop: false }`
[INFO] [stdout] 8148aa0f378965f1e9350d47de33b7035b1bcd2d2b474b697a1e757dfb89a41d
[INFO] running `Command { std: "docker" "start" "8148aa0f378965f1e9350d47de33b7035b1bcd2d2b474b697a1e757dfb89a41d", kill_on_drop: false }`
[INFO] running `Command { std: "docker" "inspect" "8148aa0f378965f1e9350d47de33b7035b1bcd2d2b474b697a1e757dfb89a41d", kill_on_drop: false }`
[INFO] running `Command { std: "docker" "exec" "-e" "SOURCE_DIR=/opt/rustwide/workdir" "-e" "CARGO_HOME=/opt/rustwide/cargo-home" "-e" "RUSTUP_HOME=/opt/rustwide/rustup-home" "-e" "CARGO_TARGET_DIR=/opt/rustwide/target" "-w" "/opt/rustwide/workdir" "--user" "0:0" "8148aa0f378965f1e9350d47de33b7035b1bcd2d2b474b697a1e757dfb89a41d" "/opt/rustwide/cargo-home/bin/cargo" "+1.100.0-beta.1" "metadata" "--no-deps" "--format-version=1", kill_on_drop: false }`
[INFO] running `Command { std: "docker" "inspect" "8148aa0f378965f1e9350d47de33b7035b1bcd2d2b474b697a1e757dfb89a41d", kill_on_drop: false }`
[INFO] running `Command { std: "docker" "exec" "-e" "SOURCE_DIR=/opt/rustwide/workdir" "-e" "CARGO_HOME=/opt/rustwide/cargo-home" "-e" "RUSTUP_HOME=/opt/rustwide/rustup-home" "-e" "CARGO_TARGET_DIR=/opt/rustwide/target" "-e" "CARGO_INCREMENTAL=0" "-e" "RUST_BACKTRACE=full" "-e" "RUSTFLAGS=--cap-lints=warn" "-e" "RUSTDOCFLAGS=--cap-lints=warn" "-w" "/opt/rustwide/workdir" "--user" "0:0" "8148aa0f378965f1e9350d47de33b7035b1bcd2d2b474b697a1e757dfb89a41d" "/opt/rustwide/cargo-home/bin/cargo" "+1.100.0-beta.1" "build" "--frozen" "--message-format=json", kill_on_drop: false }`
[INFO] [stderr]    Compiling smallvec v1.15.2
[INFO] [stderr]    Compiling futures-core v0.3.33
[INFO] [stderr]    Compiling find-msvc-tools v0.1.9
[INFO] [stderr]    Compiling futures-sink v0.3.33
[INFO] [stderr]    Compiling slab v0.4.12
[INFO] [stderr]    Compiling http v1.4.2
[INFO] [stderr]    Compiling litemap v0.8.2
[INFO] [stderr]    Compiling writeable v0.6.3
[INFO] [stderr]    Compiling syn v2.0.119
[INFO] [stderr]    Compiling icu_properties_data v2.2.0
[INFO] [stderr]    Compiling jobserver v0.1.35
[INFO] [stderr]    Compiling mio v1.2.2
[INFO] [stderr]    Compiling futures-io v0.3.33
[INFO] [stderr]    Compiling icu_normalizer_data v2.2.0
[INFO] [stderr]    Compiling futures-task v0.3.33
[INFO] [stderr]    Compiling serde v1.0.229
[INFO] [stderr]    Compiling serde_json v1.0.151
[INFO] [stderr]    Compiling num_threads v0.1.7
[INFO] [stderr]    Compiling futures-channel v0.3.33
[INFO] [stderr]    Compiling deranged v0.5.8
[INFO] [stderr]    Compiling sync_wrapper v1.0.2
[INFO] [stderr]    Compiling num-traits v0.2.19
[INFO] [stderr]    Compiling pkg-config v0.3.33
[INFO] [stderr]    Compiling fs_extra v1.3.0
[INFO] [stderr]    Compiling ipnet v2.12.0
[INFO] [stderr]    Compiling dunce v1.0.5
[INFO] [stderr]    Compiling parking_lot_core v0.9.12
[INFO] [stderr]    Compiling cookie v0.18.1
[INFO] [stderr]    Compiling unicase v2.9.0
[INFO] [stderr]    Compiling cc v1.4.0
[INFO] [stderr]    Compiling thiserror v2.0.19
[INFO] [stderr]    Compiling thiserror-impl v2.0.19
[INFO] [stderr]    Compiling litrs v1.0.0
[INFO] [stderr]    Compiling parking_lot v0.12.5
[INFO] [stderr]    Compiling mime_guess v2.0.5
[INFO] [stderr]    Compiling psl-types v2.0.11
[INFO] [stderr]    Compiling serde_urlencoded v0.7.1
[INFO] [stderr]    Compiling crypto-common v0.1.7
[INFO] [stderr]    Compiling aws-lc-rs v1.17.3
[INFO] [stderr]    Compiling digest v0.10.7
[INFO] [stderr]    Compiling fs-err v3.3.1
[INFO] [stderr]    Compiling http-body v1.1.0
[INFO] [stderr]    Compiling untrusted v0.7.1
[INFO] [stderr]    Compiling http-body-util v0.1.4
[INFO] [stderr]    Compiling pem v3.0.6
[INFO] [stderr]    Compiling async-trait v0.1.91
[INFO] [stderr]    Compiling signature v2.2.0
[INFO] [stderr]    Compiling uuid v1.24.0
[INFO] [stderr]    Compiling document-features v0.2.12
[INFO] [stderr]    Compiling sha2 v0.10.9
[INFO] [stderr]    Compiling hmac v0.12.1
[INFO] [stderr]    Compiling serde_path_to_error v0.1.20
[INFO] [stderr]    Compiling base64 v0.23.1
[INFO] [stderr]    Compiling either v1.17.0
[INFO] [stderr]    Compiling cmake v0.1.58
[INFO] [stderr]    Compiling num-integer v0.1.46
[INFO] [stderr]    Compiling num-bigint v0.4.8
[INFO] [stderr]    Compiling rust-mcp-schema v2.0.0
[INFO] [stderr]    Compiling ring v0.17.14
[INFO] [stderr]    Compiling aws-lc-sys v0.43.0
[INFO] [stderr]    Compiling time v0.3.54
[INFO] [stderr]    Compiling rustls v0.23.42
[INFO] [stderr]    Compiling simple_asn1 v0.6.4
[INFO] [stderr]    Compiling synstructure v0.13.2
[INFO] [stderr]    Compiling zerofrom-derive v0.1.7
[INFO] [stderr]    Compiling yoke-derive v0.8.2
[INFO] [stderr]    Compiling zerovec-derive v0.11.3
[INFO] [stderr]    Compiling tokio-macros v2.7.1
[INFO] [stderr]    Compiling displaydoc v0.2.6
[INFO] [stderr]    Compiling tracing-attributes v0.1.31
[INFO] [stderr]    Compiling zeroize_derive v1.5.0
[INFO] [stderr]    Compiling futures-macro v0.3.33
[INFO] [stderr]    Compiling tokio v1.53.1
[INFO] [stderr]    Compiling zeroize v1.9.0
[INFO] [stderr]    Compiling zerofrom v0.1.8
[INFO] [stderr]    Compiling yoke v0.8.3
[INFO] [stderr]    Compiling rustls-pki-types v1.15.1
[INFO] [stderr]    Compiling zerotrie v0.2.4
[INFO] [stderr]    Compiling rustls-webpki v0.103.13
[INFO] [stderr]    Compiling futures-util v0.3.33
[INFO] [stderr]    Compiling webpki-roots v1.0.9
[INFO] [stderr]    Compiling tracing v0.1.44
[INFO] [stderr]    Compiling zerovec v0.11.6
[INFO] [stderr]    Compiling axum-core v0.5.6
[INFO] [stderr]    Compiling tinystr v0.8.3
[INFO] [stderr]    Compiling potential_utf v0.1.5
[INFO] [stderr]    Compiling icu_collections v2.2.0
[INFO] [stderr]    Compiling icu_locale_core v2.2.0
[INFO] [stderr]    Compiling icu_provider v2.2.0
[INFO] [stderr]    Compiling icu_properties v2.2.0
[INFO] [stderr]    Compiling icu_normalizer v2.2.0
[INFO] [stderr]    Compiling futures-executor v0.3.33
[INFO] [stderr]    Compiling futures v0.3.33
[INFO] [stderr]    Compiling idna_adapter v1.2.2
[INFO] [stderr]    Compiling idna v1.1.0
[INFO] [stderr]    Compiling url v2.5.8
[INFO] [stderr]    Compiling publicsuffix v2.3.0
[INFO] [stderr]    Compiling cookie_store v0.22.1
[INFO] [stderr]    Compiling tokio-util v0.7.19
[INFO] [stderr]    Compiling tower v0.5.3
[INFO] [stderr]    Compiling tokio-rustls v0.26.4
[INFO] [stderr]    Compiling tokio-stream v0.1.19
[INFO] [stderr]    Compiling tower-http v0.6.11
[INFO] [stderr]    Compiling h2 v0.4.15
[INFO] [stderr]    Compiling jsonwebtoken v10.4.0
[INFO] [stderr]    Compiling hyper v1.11.0
[INFO] [stderr]    Compiling hyper-util v0.1.20
[INFO] [stderr]    Compiling hyper-rustls v0.27.9
[INFO] [stderr]    Compiling axum v0.8.9
[INFO] [stderr]    Compiling axum-server v0.8.0
[INFO] [stderr]    Compiling reqwest v0.12.28
[INFO] [stderr]    Compiling rust-mcp-transport v2.0.0
[INFO] [stderr]    Compiling rust-mcp-sdk v2.0.0
[INFO] [stderr]    Compiling rust-mcp-axum v2.0.0 (/opt/rustwide/workdir)
[INFO] [stderr]     Finished `dev` profile [unoptimized + debuginfo] target(s) in 1m 37s
[INFO] running `Command { std: "docker" "inspect" "8148aa0f378965f1e9350d47de33b7035b1bcd2d2b474b697a1e757dfb89a41d", kill_on_drop: false }`
[INFO] running `Command { std: "docker" "exec" "-e" "SOURCE_DIR=/opt/rustwide/workdir" "-e" "CARGO_HOME=/opt/rustwide/cargo-home" "-e" "RUSTUP_HOME=/opt/rustwide/rustup-home" "-e" "CARGO_TARGET_DIR=/opt/rustwide/target" "-e" "CARGO_INCREMENTAL=0" "-e" "RUST_BACKTRACE=full" "-e" "RUSTFLAGS=--cap-lints=warn" "-e" "RUSTDOCFLAGS=--cap-lints=warn" "-w" "/opt/rustwide/workdir" "--user" "0:0" "8148aa0f378965f1e9350d47de33b7035b1bcd2d2b474b697a1e757dfb89a41d" "/opt/rustwide/cargo-home/bin/cargo" "+1.100.0-beta.1" "test" "--frozen" "--no-run" "--message-format=json", kill_on_drop: false }`
[INFO] [stderr]    Compiling rust-mcp-axum v2.0.0 (/opt/rustwide/workdir)
[INFO] [stdout] error[E0432]: unresolved import `http_body_util`
[INFO] [stdout]  --> tests/integration_tests.rs:4:5
[INFO] [stdout]   |
[INFO] [stdout] 4 | use http_body_util::BodyExt;
[INFO] [stdout]   |     ^^^^^^^^^^^^^^ use of unresolved module or unlinked crate `http_body_util`
[INFO] [stdout]   |
[INFO] [stdout]   = help: if you wanted to use a crate named `http_body_util`, use `cargo add http_body_util` to add it to your `Cargo.toml`
[INFO] [stdout] 
[INFO] [stdout] 
[INFO] [stdout] error[E0432]: unresolved import `tower`
[INFO] [stdout]   --> tests/integration_tests.rs:13:5
[INFO] [stdout]    |
[INFO] [stdout] 13 | use tower::ServiceExt;
[INFO] [stdout]    |     ^^^^^ use of unresolved module or unlinked crate `tower`
[INFO] [stdout]    |
[INFO] [stdout]    = help: if you wanted to use a crate named `tower`, use `cargo add tower` to add it to your `Cargo.toml`
[INFO] [stdout] 
[INFO] [stdout] 
[INFO] [stdout] error[E0432]: unresolved import `tempfile`
[INFO] [stdout]    --> src/server.rs:574:9
[INFO] [stdout]     |
[INFO] [stdout] 574 |     use tempfile::NamedTempFile;
[INFO] [stdout]     |         ^^^^^^^^ use of unresolved module or unlinked crate `tempfile`
[INFO] [stdout]     |
[INFO] [stdout]     = help: if you wanted to use a crate named `tempfile`, use `cargo add tempfile` to add it to your `Cargo.toml`
[INFO] [stdout] 
[INFO] [stdout] 
[INFO] [stdout] error[E0432]: unresolved import `rust_mcp_sdk::macros`
[INFO] [stdout]   --> examples/hello-world-server.rs:5:5
[INFO] [stdout]    |
[INFO] [stdout]  5 |     macros, mcp_icon,
[INFO] [stdout]    |     ^^^^^^ no `macros` in the root
[INFO] [stdout]    |
[INFO] [stdout] note: found an item that was configured out
[INFO] [stdout]   --> /opt/rustwide/cargo-home/registry/src/index.crates.io-1949cf8c6b5b557f/rust-mcp-sdk-2.0.0/src/lib.rs:91:9
[INFO] [stdout]    |
[INFO] [stdout] 90 | #[cfg(feature = "macros")]
[INFO] [stdout]    |       ------------------ the item is gated behind the `macros` feature
[INFO] [stdout] 91 | pub mod macros {
[INFO] [stdout]    |         ^^^^^^
[INFO] [stdout] 
[INFO] [stdout] 
[INFO] [stdout] error[E0433]: cannot find `serde` in the list of imported crates
[INFO] [stdout]   --> examples/hello-world-server.rs:16:19
[INFO] [stdout]    |
[INFO] [stdout] 16 | #[derive(Debug, ::serde::Deserialize, ::serde::Serialize, macros::JsonSchema)]
[INFO] [stdout]    |                   ^^^^^ could not find `serde` in the list of imported crates
[INFO] [stdout] 
[INFO] [stdout] 
[INFO] [stdout] error[E0433]: cannot find `serde` in the list of imported crates
[INFO] [stdout]   --> examples/hello-world-server.rs:16:41
[INFO] [stdout]    |
[INFO] [stdout] 16 | #[derive(Debug, ::serde::Deserialize, ::serde::Serialize, macros::JsonSchema)]
[INFO] [stdout]    |                                         ^^^^^ could not find `serde` in the list of imported crates
[INFO] [stdout] 
[INFO] [stdout] 
[INFO] [stdout] error[E0433]: cannot find module or crate `tracing_subscriber` in this scope
[INFO] [stdout]   --> examples/hello-world-server.rs:65:5
[INFO] [stdout]    |
[INFO] [stdout] 65 |     tracing_subscriber::fmt::init();
[INFO] [stdout]    |     ^^^^^^^^^^^^^^^^^^ use of unresolved module or unlinked crate `tracing_subscriber`
[INFO] [stdout]    |
[INFO] [stdout]    = help: if you wanted to use a crate named `tracing_subscriber`, use `cargo add tracing_subscriber` to add it to your `Cargo.toml`
[INFO] [stdout] 
[INFO] [stdout] 
[INFO] [stdout] error[E0433]: cannot find module or crate `tracing_subscriber` in this scope
[INFO] [stdout]   --> examples/byo-server.rs:25:5
[INFO] [stdout]    |
[INFO] [stdout] 25 |     tracing_subscriber::fmt::init();
[INFO] [stdout]    |     ^^^^^^^^^^^^^^^^^^ use of unresolved module or unlinked crate `tracing_subscriber`
[INFO] [stdout]    |
[INFO] [stdout]    = help: if you wanted to use a crate named `tracing_subscriber`, use `cargo add tracing_subscriber` to add it to your `Cargo.toml`
[INFO] [stdout] 
[INFO] [stdout] 
[INFO] [stdout] For more information about this error, try `rustc --explain E0433`.
[INFO] [stdout] 
[INFO] [stderr] error: could not compile `rust-mcp-axum` (example "byo-server") due to 1 previous error
[INFO] [stderr] warning: build failed, waiting for other jobs to finish...
[INFO] [stdout] error[E0599]: no method named `oneshot` found for struct `Router<S>` in the current scope
[INFO] [stdout]    --> tests/integration_tests.rs:135:10
[INFO] [stdout]     |
[INFO] [stdout] 134 |     let response = app
[INFO] [stdout] 135 |         .oneshot(
[INFO] [stdout]     |          ^^^^^^^
[INFO] [stdout]     |
[INFO] [stdout]    ::: /opt/rustwide/cargo-home/registry/src/index.crates.io-1949cf8c6b5b557f/tower-0.5.3/src/util/mod.rs:89:8
[INFO] [stdout]     |
[INFO] [stdout]  89 |     fn oneshot(self, req: Request) -> Oneshot<Self, Request>
[INFO] [stdout]     |        ------- the method is available for `Router` here
[INFO] [stdout]     |
[INFO] [stdout]     = help: items from traits can only be used if the trait is in scope
[INFO] [stdout] help: there is a method `nest` with a similar name, but with different arguments
[INFO] [stdout]    --> /opt/rustwide/cargo-home/registry/src/index.crates.io-1949cf8c6b5b557f/axum-0.8.9/src/routing/mod.rs:209:5
[INFO] [stdout]     |
[INFO] [stdout] 209 |     pub fn nest(self, path: &str, router: Router<S>) -> Self {
[INFO] [stdout]     |     ^^^^^^^^^^^^^^^^^^^^^^^^^^^^^^^^^^^^^^^^^^^^^^^^^^^^^^^^
[INFO] [stdout] help: trait `ServiceExt` which provides `oneshot` is implemented but not in scope; perhaps you want to import it
[INFO] [stdout]     |
[INFO] [stdout]   1 + use tower::util::ServiceExt;
[INFO] [stdout]     |
[INFO] [stdout] 
[INFO] [stdout] 
[INFO] [stdout] error[E0433]: cannot find module or crate `serde_json` in this scope
[INFO] [stdout]    --> tests/integration_tests.rs:147:35
[INFO] [stdout]     |
[INFO] [stdout] 147 |     let json: serde_json::Value = serde_json::from_slice(&body).unwrap();
[INFO] [stdout]     |                                   ^^^^^^^^^^ use of unresolved module or unlinked crate `serde_json`
[INFO] [stdout]     |
[INFO] [stdout]     = help: if you wanted to use a crate named `serde_json`, use `cargo add serde_json` to add it to your `Cargo.toml`
[INFO] [stdout] 
[INFO] [stdout] 
[INFO] [stdout] error[E0599]: no associated function or constant named `tool` found for struct `SayHelloTool` in the current scope
[INFO] [stdout]   --> examples/hello-world-server.rs:32:39
[INFO] [stdout]    |
[INFO] [stdout] 17 | pub struct SayHelloTool {}
[INFO] [stdout]    | ----------------------- associated function or constant `tool` not found for this struct
[INFO] [stdout] ...
[INFO] [stdout] 32 |             tools: vec![SayHelloTool::tool()],
[INFO] [stdout]    |                                       ^^^^ associated function or constant not found in `SayHelloTool`
[INFO] [stdout] 
[INFO] [stdout] 
[INFO] [stdout] error[E0599]: no method named `oneshot` found for struct `Router<S>` in the current scope
[INFO] [stdout]    --> tests/integration_tests.rs:163:10
[INFO] [stdout]     |
[INFO] [stdout] 162 |     let response = app
[INFO] [stdout] 163 |         .oneshot(
[INFO] [stdout]     |          ^^^^^^^
[INFO] [stdout]     |
[INFO] [stdout]    ::: /opt/rustwide/cargo-home/registry/src/index.crates.io-1949cf8c6b5b557f/tower-0.5.3/src/util/mod.rs:89:8
[INFO] [stdout]     |
[INFO] [stdout]  89 |     fn oneshot(self, req: Request) -> Oneshot<Self, Request>
[INFO] [stdout]     |        ------- the method is available for `Router` here
[INFO] [stdout]     |
[INFO] [stdout]     = help: items from traits can only be used if the trait is in scope
[INFO] [stdout] help: there is a method `nest` with a similar name, but with different arguments
[INFO] [stdout]    --> /opt/rustwide/cargo-home/registry/src/index.crates.io-1949cf8c6b5b557f/axum-0.8.9/src/routing/mod.rs:209:5
[INFO] [stdout]     |
[INFO] [stdout] 209 |     pub fn nest(self, path: &str, router: Router<S>) -> Self {
[INFO] [stdout]     |     ^^^^^^^^^^^^^^^^^^^^^^^^^^^^^^^^^^^^^^^^^^^^^^^^^^^^^^^^
[INFO] [stdout] help: trait `ServiceExt` which provides `oneshot` is implemented but not in scope; perhaps you want to import it
[INFO] [stdout]     |
[INFO] [stdout]   1 + use tower::util::ServiceExt;
[INFO] [stdout]     |
[INFO] [stdout] 
[INFO] [stdout] 
[INFO] [stdout] error[E0599]: no method named `oneshot` found for struct `Router<S>` in the current scope
[INFO] [stdout]    --> tests/integration_tests.rs:188:10
[INFO] [stdout]     |
[INFO] [stdout] 187 |     let response = app
[INFO] [stdout] 188 |         .oneshot(
[INFO] [stdout]     |          ^^^^^^^
[INFO] [stdout]     |
[INFO] [stdout]    ::: /opt/rustwide/cargo-home/registry/src/index.crates.io-1949cf8c6b5b557f/tower-0.5.3/src/util/mod.rs:89:8
[INFO] [stdout]     |
[INFO] [stdout]  89 |     fn oneshot(self, req: Request) -> Oneshot<Self, Request>
[INFO] [stdout]     |        ------- the method is available for `Router` here
[INFO] [stdout]     |
[INFO] [stdout]     = help: items from traits can only be used if the trait is in scope
[INFO] [stdout] help: there is a method `nest` with a similar name, but with different arguments
[INFO] [stdout]    --> /opt/rustwide/cargo-home/registry/src/index.crates.io-1949cf8c6b5b557f/axum-0.8.9/src/routing/mod.rs:209:5
[INFO] [stdout]     |
[INFO] [stdout] 209 |     pub fn nest(self, path: &str, router: Router<S>) -> Self {
[INFO] [stdout]     |     ^^^^^^^^^^^^^^^^^^^^^^^^^^^^^^^^^^^^^^^^^^^^^^^^^^^^^^^^
[INFO] [stdout] help: trait `ServiceExt` which provides `oneshot` is implemented but not in scope; perhaps you want to import it
[INFO] [stdout]     |
[INFO] [stdout]   1 + use tower::util::ServiceExt;
[INFO] [stdout]     |
[INFO] [stdout] 
[INFO] [stdout] 
[INFO] [stdout] Some errors have detailed explanations: E0432, E0433, E0599.
[INFO] [stdout] 
[INFO] [stdout] For more information about an error, try `rustc --explain E0432`.
[INFO] [stdout] 
[INFO] [stdout] error[E0599]: no method named `oneshot` found for struct `Router<S>` in the current scope
[INFO] [stdout]    --> tests/integration_tests.rs:209:10
[INFO] [stdout]     |
[INFO] [stdout] 208 |     let response = app
[INFO] [stdout] 209 |         .oneshot(
[INFO] [stdout]     |          ^^^^^^^
[INFO] [stdout]     |
[INFO] [stdout]    ::: /opt/rustwide/cargo-home/registry/src/index.crates.io-1949cf8c6b5b557f/tower-0.5.3/src/util/mod.rs:89:8
[INFO] [stdout]     |
[INFO] [stdout]  89 |     fn oneshot(self, req: Request) -> Oneshot<Self, Request>
[INFO] [stdout]     |        ------- the method is available for `Router` here
[INFO] [stdout]     |
[INFO] [stdout]     = help: items from traits can only be used if the trait is in scope
[INFO] [stdout] help: there is a method `nest` with a similar name, but with different arguments
[INFO] [stdout]    --> /opt/rustwide/cargo-home/registry/src/index.crates.io-1949cf8c6b5b557f/axum-0.8.9/src/routing/mod.rs:209:5
[INFO] [stdout]     |
[INFO] [stdout] 209 |     pub fn nest(self, path: &str, router: Router<S>) -> Self {
[INFO] [stdout]     |     ^^^^^^^^^^^^^^^^^^^^^^^^^^^^^^^^^^^^^^^^^^^^^^^^^^^^^^^^
[INFO] [stdout] help: trait `ServiceExt` which provides `oneshot` is implemented but not in scope; perhaps you want to import it
[INFO] [stdout]     |
[INFO] [stdout]   1 + use tower::util::ServiceExt;
[INFO] [stdout]     |
[INFO] [stdout] 
[INFO] [stdout] 
[INFO] [stderr] error: could not compile `rust-mcp-axum` (example "hello-world-server") due to 5 previous errors
[INFO] [stdout] error[E0599]: no method named `oneshot` found for struct `Router<S>` in the current scope
[INFO] [stdout]    --> tests/integration_tests.rs:233:10
[INFO] [stdout]     |
[INFO] [stdout] 232 |     let response = app
[INFO] [stdout] 233 |         .oneshot(
[INFO] [stdout]     |          ^^^^^^^
[INFO] [stdout]     |
[INFO] [stdout]    ::: /opt/rustwide/cargo-home/registry/src/index.crates.io-1949cf8c6b5b557f/tower-0.5.3/src/util/mod.rs:89:8
[INFO] [stdout]     |
[INFO] [stdout]  89 |     fn oneshot(self, req: Request) -> Oneshot<Self, Request>
[INFO] [stdout]     |        ------- the method is available for `Router` here
[INFO] [stdout]     |
[INFO] [stdout]     = help: items from traits can only be used if the trait is in scope
[INFO] [stdout] help: there is a method `nest` with a similar name, but with different arguments
[INFO] [stdout]    --> /opt/rustwide/cargo-home/registry/src/index.crates.io-1949cf8c6b5b557f/axum-0.8.9/src/routing/mod.rs:209:5
[INFO] [stdout]     |
[INFO] [stdout] 209 |     pub fn nest(self, path: &str, router: Router<S>) -> Self {
[INFO] [stdout]     |     ^^^^^^^^^^^^^^^^^^^^^^^^^^^^^^^^^^^^^^^^^^^^^^^^^^^^^^^^
[INFO] [stdout] help: trait `ServiceExt` which provides `oneshot` is implemented but not in scope; perhaps you want to import it
[INFO] [stdout]     |
[INFO] [stdout]   1 + use tower::util::ServiceExt;
[INFO] [stdout]     |
[INFO] [stdout] 
[INFO] [stdout] 
[INFO] [stdout] error[E0599]: no method named `oneshot` found for struct `Router<S>` in the current scope
[INFO] [stdout]    --> tests/integration_tests.rs:254:10
[INFO] [stdout]     |
[INFO] [stdout] 253 |     let response = app
[INFO] [stdout] 254 |         .oneshot(
[INFO] [stdout]     |          ^^^^^^^
[INFO] [stdout]     |
[INFO] [stdout]    ::: /opt/rustwide/cargo-home/registry/src/index.crates.io-1949cf8c6b5b557f/tower-0.5.3/src/util/mod.rs:89:8
[INFO] [stdout]     |
[INFO] [stdout]  89 |     fn oneshot(self, req: Request) -> Oneshot<Self, Request>
[INFO] [stdout]     |        ------- the method is available for `Router` here
[INFO] [stdout]     |
[INFO] [stdout]     = help: items from traits can only be used if the trait is in scope
[INFO] [stdout] help: there is a method `nest` with a similar name, but with different arguments
[INFO] [stdout]    --> /opt/rustwide/cargo-home/registry/src/index.crates.io-1949cf8c6b5b557f/axum-0.8.9/src/routing/mod.rs:209:5
[INFO] [stdout]     |
[INFO] [stdout] 209 |     pub fn nest(self, path: &str, router: Router<S>) -> Self {
[INFO] [stdout]     |     ^^^^^^^^^^^^^^^^^^^^^^^^^^^^^^^^^^^^^^^^^^^^^^^^^^^^^^^^
[INFO] [stdout] help: trait `ServiceExt` which provides `oneshot` is implemented but not in scope; perhaps you want to import it
[INFO] [stdout]     |
[INFO] [stdout]   1 + use tower::util::ServiceExt;
[INFO] [stdout]     |
[INFO] [stdout] 
[INFO] [stdout] 
[INFO] [stdout] error[E0599]: no method named `oneshot` found for struct `Router<S>` in the current scope
[INFO] [stdout]    --> tests/integration_tests.rs:279:10
[INFO] [stdout]     |
[INFO] [stdout] 278 |     let response = app
[INFO] [stdout] 279 |         .oneshot(
[INFO] [stdout]     |          ^^^^^^^
[INFO] [stdout]     |
[INFO] [stdout]    ::: /opt/rustwide/cargo-home/registry/src/index.crates.io-1949cf8c6b5b557f/tower-0.5.3/src/util/mod.rs:89:8
[INFO] [stdout]     |
[INFO] [stdout]  89 |     fn oneshot(self, req: Request) -> Oneshot<Self, Request>
[INFO] [stdout]     |        ------- the method is available for `Router` here
[INFO] [stdout]     |
[INFO] [stdout]     = help: items from traits can only be used if the trait is in scope
[INFO] [stdout] help: there is a method `nest` with a similar name, but with different arguments
[INFO] [stdout]    --> /opt/rustwide/cargo-home/registry/src/index.crates.io-1949cf8c6b5b557f/axum-0.8.9/src/routing/mod.rs:209:5
[INFO] [stdout]     |
[INFO] [stdout] 209 |     pub fn nest(self, path: &str, router: Router<S>) -> Self {
[INFO] [stdout]     |     ^^^^^^^^^^^^^^^^^^^^^^^^^^^^^^^^^^^^^^^^^^^^^^^^^^^^^^^^
[INFO] [stdout] help: trait `ServiceExt` which provides `oneshot` is implemented but not in scope; perhaps you want to import it
[INFO] [stdout]     |
[INFO] [stdout]   1 + use tower::util::ServiceExt;
[INFO] [stdout]     |
[INFO] [stdout] 
[INFO] [stdout] 
[INFO] [stdout] error[E0599]: no method named `oneshot` found for struct `Router<S>` in the current scope
[INFO] [stdout]    --> tests/integration_tests.rs:304:10
[INFO] [stdout]     |
[INFO] [stdout] 303 |     let response = app
[INFO] [stdout] 304 |         .oneshot(
[INFO] [stdout]     |          ^^^^^^^
[INFO] [stdout]     |
[INFO] [stdout]    ::: /opt/rustwide/cargo-home/registry/src/index.crates.io-1949cf8c6b5b557f/tower-0.5.3/src/util/mod.rs:89:8
[INFO] [stdout]     |
[INFO] [stdout]  89 |     fn oneshot(self, req: Request) -> Oneshot<Self, Request>
[INFO] [stdout]     |        ------- the method is available for `Router` here
[INFO] [stdout]     |
[INFO] [stdout]     = help: items from traits can only be used if the trait is in scope
[INFO] [stdout] help: there is a method `nest` with a similar name, but with different arguments
[INFO] [stdout]    --> /opt/rustwide/cargo-home/registry/src/index.crates.io-1949cf8c6b5b557f/axum-0.8.9/src/routing/mod.rs:209:5
[INFO] [stdout]     |
[INFO] [stdout] 209 |     pub fn nest(self, path: &str, router: Router<S>) -> Self {
[INFO] [stdout]     |     ^^^^^^^^^^^^^^^^^^^^^^^^^^^^^^^^^^^^^^^^^^^^^^^^^^^^^^^^
[INFO] [stdout] help: trait `ServiceExt` which provides `oneshot` is implemented but not in scope; perhaps you want to import it
[INFO] [stdout]     |
[INFO] [stdout]   1 + use tower::util::ServiceExt;
[INFO] [stdout]     |
[INFO] [stdout] 
[INFO] [stdout] 
[INFO] [stdout] error[E0599]: no method named `oneshot` found for struct `Router<S>` in the current scope
[INFO] [stdout]    --> tests/integration_tests.rs:331:10
[INFO] [stdout]     |
[INFO] [stdout] 330 |     let response = app
[INFO] [stdout] 331 |         .oneshot(
[INFO] [stdout]     |          ^^^^^^^
[INFO] [stdout]     |
[INFO] [stdout]    ::: /opt/rustwide/cargo-home/registry/src/index.crates.io-1949cf8c6b5b557f/tower-0.5.3/src/util/mod.rs:89:8
[INFO] [stdout]     |
[INFO] [stdout]  89 |     fn oneshot(self, req: Request) -> Oneshot<Self, Request>
[INFO] [stdout]     |        ------- the method is available for `Router` here
[INFO] [stdout]     |
[INFO] [stdout]     = help: items from traits can only be used if the trait is in scope
[INFO] [stdout] help: there is a method `nest` with a similar name, but with different arguments
[INFO] [stdout]    --> /opt/rustwide/cargo-home/registry/src/index.crates.io-1949cf8c6b5b557f/axum-0.8.9/src/routing/mod.rs:209:5
[INFO] [stdout]     |
[INFO] [stdout] 209 |     pub fn nest(self, path: &str, router: Router<S>) -> Self {
[INFO] [stdout]     |     ^^^^^^^^^^^^^^^^^^^^^^^^^^^^^^^^^^^^^^^^^^^^^^^^^^^^^^^^
[INFO] [stdout] help: trait `ServiceExt` which provides `oneshot` is implemented but not in scope; perhaps you want to import it
[INFO] [stdout]     |
[INFO] [stdout]   1 + use tower::util::ServiceExt;
[INFO] [stdout]     |
[INFO] [stdout] 
[INFO] [stdout] 
[INFO] [stdout] error[E0599]: no method named `oneshot` found for struct `Router<S>` in the current scope
[INFO] [stdout]    --> tests/integration_tests.rs:357:10
[INFO] [stdout]     |
[INFO] [stdout] 356 |     let response = app
[INFO] [stdout] 357 |         .oneshot(
[INFO] [stdout]     |          ^^^^^^^
[INFO] [stdout]     |
[INFO] [stdout]    ::: /opt/rustwide/cargo-home/registry/src/index.crates.io-1949cf8c6b5b557f/tower-0.5.3/src/util/mod.rs:89:8
[INFO] [stdout]     |
[INFO] [stdout]  89 |     fn oneshot(self, req: Request) -> Oneshot<Self, Request>
[INFO] [stdout]     |        ------- the method is available for `Router` here
[INFO] [stdout]     |
[INFO] [stdout]     = help: items from traits can only be used if the trait is in scope
[INFO] [stdout] help: there is a method `nest` with a similar name, but with different arguments
[INFO] [stdout]    --> /opt/rustwide/cargo-home/registry/src/index.crates.io-1949cf8c6b5b557f/axum-0.8.9/src/routing/mod.rs:209:5
[INFO] [stdout]     |
[INFO] [stdout] 209 |     pub fn nest(self, path: &str, router: Router<S>) -> Self {
[INFO] [stdout]     |     ^^^^^^^^^^^^^^^^^^^^^^^^^^^^^^^^^^^^^^^^^^^^^^^^^^^^^^^^
[INFO] [stdout] help: trait `ServiceExt` which provides `oneshot` is implemented but not in scope; perhaps you want to import it
[INFO] [stdout]     |
[INFO] [stdout]   1 + use tower::util::ServiceExt;
[INFO] [stdout]     |
[INFO] [stdout] 
[INFO] [stdout] 
[INFO] [stdout] error[E0433]: cannot find module or crate `serde_json` in this scope
[INFO] [stdout]    --> tests/integration_tests.rs:147:15
[INFO] [stdout]     |
[INFO] [stdout] 147 |     let json: serde_json::Value = serde_json::from_slice(&body).unwrap();
[INFO] [stdout]     |               ^^^^^^^^^^ use of unresolved module or unlinked crate `serde_json`
[INFO] [stdout]     |
[INFO] [stdout]     = help: if you wanted to use a crate named `serde_json`, use `cargo add serde_json` to add it to your `Cargo.toml`
[INFO] [stdout] 
[INFO] [stdout] 
[INFO] [stdout] Some errors have detailed explanations: E0432, E0433, E0599.
[INFO] [stdout] 
[INFO] [stdout] For more information about an error, try `rustc --explain E0432`.
[INFO] [stdout] 
[INFO] [stderr] error: could not compile `rust-mcp-axum` (test "integration_tests") due to 14 previous errors
[INFO] [stdout] For more information about this error, try `rustc --explain E0432`.
[INFO] [stdout] 
[INFO] [stderr] error: could not compile `rust-mcp-axum` (lib test) due to 1 previous error
[INFO] running `Command { std: "docker" "inspect" "8148aa0f378965f1e9350d47de33b7035b1bcd2d2b474b697a1e757dfb89a41d", kill_on_drop: false }`
[INFO] running `Command { std: "docker" "rm" "-f" "8148aa0f378965f1e9350d47de33b7035b1bcd2d2b474b697a1e757dfb89a41d", kill_on_drop: false }`
[INFO] [stdout] 8148aa0f378965f1e9350d47de33b7035b1bcd2d2b474b697a1e757dfb89a41d
