[INFO] fetching crate running-process 4.10.16...
[INFO] testing running-process-4.10.16 against 1.99.0-beta.8 for beta-1.100-2
[INFO] extracting crate running-process 4.10.16 into /workspace/builds/worker-2-tc1/source
[INFO] started tweaking crates.io crate running-process 4.10.16
[INFO] removed 0 missing examples
[INFO] removed 0 missing tests
[INFO] finished tweaking crates.io crate running-process 4.10.16
[INFO] tweaked toml for crates.io crate running-process 4.10.16 written to /workspace/builds/worker-2-tc1/source/Cargo.toml
[INFO] validating manifest of crates.io crate running-process 4.10.16 on toolchain 1.99.0-beta.8
[INFO] running `Command { std: CARGO_HOME="/workspace/cargo-home" RUSTUP_HOME="/workspace/rustup-home" "/workspace/cargo-home/bin/cargo" "+1.99.0-beta.8" "metadata" "--manifest-path" "Cargo.toml" "--no-deps", kill_on_drop: false }`
[INFO] crate crates.io crate running-process 4.10.16 already has a lockfile, it will not be regenerated
[INFO] running `Command { std: CARGO_HOME="/workspace/cargo-home" RUSTUP_HOME="/workspace/rustup-home" "/workspace/cargo-home/bin/cargo" "+1.99.0-beta.8" "fetch" "--manifest-path" "Cargo.toml", kill_on_drop: false }`
[INFO] [stderr]     Updating crates.io index
[INFO] [stderr]  Downloading crates ...
[INFO] [stderr]   Downloaded trybuild v1.0.116
[INFO] [stderr]   Downloaded target-triple v1.0.0
[INFO] [stderr]   Downloaded sysinfo v0.30.13
[INFO] [stderr]   Downloaded prost-types v0.14.3
[INFO] [stderr]   Downloaded prost v0.14.3
[INFO] [stderr]   Downloaded running-process-protocol v4.10.16
[INFO] [stderr]   Downloaded protox v0.9.1
[INFO] [stderr]   Downloaded protox-parse v0.9.0
[INFO] [stderr]   Downloaded prost-derive v0.14.3
[INFO] [stderr]   Downloaded logos-derive v0.15.1
[INFO] [stderr]   Downloaded logos-codegen v0.15.1
[INFO] [stderr]   Downloaded beef v0.5.2
[INFO] [stderr]   Downloaded prost-build v0.14.3
[INFO] [stderr]   Downloaded prost-reflect v0.16.3
[INFO] [stderr]   Downloaded running-process-probe v4.10.16
[INFO] [stderr]   Downloaded ureq v2.12.1
[INFO] [stderr]   Downloaded portable-pty v0.9.0
[INFO] [stderr]   Downloaded running-process-platform-internal v4.10.16
[INFO] [stderr]   Downloaded doctest-file v1.1.1
[INFO] [stderr]   Downloaded pe-unwind-info v0.4.0
[INFO] [stderr]   Downloaded macho-unwind-info v0.5.0
[INFO] [stderr]   Downloaded serial2 v0.2.37
[INFO] [stderr]   Downloaded recvmsg v1.0.0
[INFO] [stderr]   Downloaded framehop v0.13.3
[INFO] [stderr]   Downloaded crash-context v0.6.3
[INFO] [stderr]   Downloaded crash-handler v0.7.0
[INFO] [stderr]   Downloaded interprocess v2.4.2
[INFO] [stderr]   Downloaded nix v0.28.0
[INFO] [stderr]   Downloaded logos v0.15.1
[INFO] [stderr]   Downloaded windows v0.52.0
[INFO] running `Command { std: "docker" "create" "-v" "/var/lib/crater-agent-workspace/builds/worker-2-tc1/source:/opt/rustwide/workdir:ro,Z" "-v" "/var/lib/crater-agent-workspace/builds/worker-2-tc1/target:/opt/rustwide/target:rw,Z" "-v" "/var/lib/crater-agent-workspace/cargo-home:/opt/rustwide/cargo-home:ro,Z" "-v" "/var/lib/crater-agent-workspace/rustup-home:/opt/rustwide/rustup-home:ro,Z" "-m" "1610612736" "--network" "none" "ghcr.io/rust-lang/crates-build-env/linux@sha256:3111399a4047eeb3a02b7a90e478d715f38a8c6669b5c4b49d30a17385265909" "sleep" "infinity", kill_on_drop: false }`
[INFO] [stdout] 16ba17774744dadf3b10419e4d1e8a9b0e21c4ad36e171da2cb28e22d7ffe609
[INFO] running `Command { std: "docker" "start" "16ba17774744dadf3b10419e4d1e8a9b0e21c4ad36e171da2cb28e22d7ffe609", kill_on_drop: false }`
[INFO] running `Command { std: "docker" "inspect" "16ba17774744dadf3b10419e4d1e8a9b0e21c4ad36e171da2cb28e22d7ffe609", kill_on_drop: false }`
[INFO] running `Command { std: "docker" "exec" "-e" "SOURCE_DIR=/opt/rustwide/workdir" "-e" "CARGO_HOME=/opt/rustwide/cargo-home" "-e" "RUSTUP_HOME=/opt/rustwide/rustup-home" "-e" "CARGO_TARGET_DIR=/opt/rustwide/target" "-w" "/opt/rustwide/workdir" "--user" "0:0" "16ba17774744dadf3b10419e4d1e8a9b0e21c4ad36e171da2cb28e22d7ffe609" "/opt/rustwide/cargo-home/bin/cargo" "+1.99.0-beta.8" "metadata" "--no-deps" "--format-version=1", kill_on_drop: false }`
[INFO] running `Command { std: "docker" "inspect" "16ba17774744dadf3b10419e4d1e8a9b0e21c4ad36e171da2cb28e22d7ffe609", kill_on_drop: false }`
[INFO] running `Command { std: "docker" "exec" "-e" "SOURCE_DIR=/opt/rustwide/workdir" "-e" "CARGO_HOME=/opt/rustwide/cargo-home" "-e" "RUSTUP_HOME=/opt/rustwide/rustup-home" "-e" "CARGO_TARGET_DIR=/opt/rustwide/target" "-e" "CARGO_INCREMENTAL=0" "-e" "RUST_BACKTRACE=full" "-e" "RUSTFLAGS=--cap-lints=warn" "-e" "RUSTDOCFLAGS=--cap-lints=warn" "-w" "/opt/rustwide/workdir" "--user" "0:0" "16ba17774744dadf3b10419e4d1e8a9b0e21c4ad36e171da2cb28e22d7ffe609" "/opt/rustwide/cargo-home/bin/cargo" "+1.99.0-beta.8" "build" "--frozen" "--message-format=json", kill_on_drop: false }`
[INFO] [stderr]    Compiling syn v2.0.117
[INFO] [stderr]    Compiling semver v1.0.28
[INFO] [stderr]    Compiling regex-syntax v0.8.10
[INFO] [stderr]    Compiling fnv v1.0.7
[INFO] [stderr]    Compiling lazy_static v1.5.0
[INFO] [stderr]    Compiling beef v0.5.2
[INFO] [stderr]    Compiling bytes v1.11.1
[INFO] [stderr]    Compiling libc v0.2.186
[INFO] [stderr]    Compiling crossbeam-epoch v0.9.20
[INFO] [stderr]    Compiling itertools v0.14.0
[INFO] [stderr]    Compiling unicode-width v0.1.14
[INFO] [stderr]    Compiling rustix v1.1.4
[INFO] [stderr]    Compiling foldhash v0.1.5
[INFO] [stderr]    Compiling indexmap v2.14.0
[INFO] [stderr]    Compiling once_cell v1.21.4
[INFO] [stderr]    Compiling simd-adler32 v0.3.10
[INFO] [stderr]    Compiling cfg_aliases v0.1.1
[INFO] [stderr]    Compiling fastrand v2.4.1
[INFO] [stderr]    Compiling hashbrown v0.15.5
[INFO] [stderr]    Compiling nix v0.28.0
[INFO] [stderr]    Compiling rustc_version v0.4.1
[INFO] [stderr]    Compiling cc v1.2.62
[INFO] [stderr]    Compiling crc32fast v1.5.0
[INFO] [stderr]    Compiling linux-raw-sys v0.12.1
[INFO] [stderr]    Compiling adler2 v2.0.1
[INFO] [stderr]    Compiling crossbeam-deque v0.8.6
[INFO] [stderr]    Compiling miniz_oxide v0.8.9
[INFO] [stderr]    Compiling colorchoice v1.0.5
[INFO] [stderr]    Compiling logos-codegen v0.15.1
[INFO] [stderr]    Compiling dirs-sys v0.5.0
[INFO] [stderr]    Compiling rayon-core v1.13.0
[INFO] [stderr]    Compiling anstream v1.0.0
[INFO] [stderr]    Compiling fdeflate v0.3.7
[INFO] [stderr]    Compiling memmap2 v0.9.11
[INFO] [stderr]    Compiling petgraph v0.8.3
[INFO] [stderr]    Compiling serial2 v0.2.37
[INFO] [stderr]    Compiling x11rb-protocol v0.13.2
[INFO] [stderr]    Compiling shell-words v1.1.1
[INFO] [stderr]    Compiling flate2 v1.1.9
[INFO] [stderr]    Compiling rayon v1.12.0
[INFO] [stderr]    Compiling arrayvec v0.7.6
[INFO] [stderr]    Compiling clap_lex v1.1.0
[INFO] [stderr]    Compiling winapi v0.3.9
[INFO] [stderr]    Compiling downcast-rs v1.2.1
[INFO] [stderr]    Compiling doctest-file v1.1.1
[INFO] [stderr]    Compiling png v0.17.16
[INFO] [stderr]    Compiling regex-automata v0.4.14
[INFO] [stderr]    Compiling getrandom v0.4.2
[INFO] [stderr]    Compiling clap_builder v4.6.0
[INFO] [stderr]    Compiling digest v0.10.7
[INFO] [stderr]    Compiling tempfile v3.27.0
[INFO] [stderr]    Compiling dirs v6.0.0
[INFO] [stderr]    Compiling interprocess v2.4.2
[INFO] [stderr]    Compiling serde_json v1.0.149
[INFO] [stderr]    Compiling tokio v1.52.3
[INFO] [stderr]    Compiling sha2 v0.10.9
[INFO] [stderr]    Compiling blake3 v1.8.7
[INFO] [stderr]    Compiling regex v1.12.3
[INFO] [stderr]    Compiling prettyplease v0.2.37
[INFO] [stderr]    Compiling sysinfo v0.30.13
[INFO] [stderr]    Compiling prost-derive v0.14.3
[INFO] [stderr]    Compiling thiserror-impl v2.0.18
[INFO] [stderr]    Compiling miette-derive v7.6.0
[INFO] [stderr]    Compiling serde_derive v1.0.228
[INFO] [stderr]    Compiling thiserror-impl v1.0.69
[INFO] [stderr]    Compiling clap_derive v4.6.1
[INFO] [stderr]    Compiling thiserror v2.0.18
[INFO] [stderr]    Compiling gethostname v1.1.0
[INFO] [stderr]    Compiling logos-derive v0.15.1
[INFO] [stderr]    Compiling x11rb v0.13.2
[INFO] [stderr]    Compiling logos v0.15.1
[INFO] [stderr]    Compiling miette v7.6.0
[INFO] [stderr]    Compiling thiserror v1.0.69
[INFO] [stderr]    Compiling filedescriptor v0.8.3
[INFO] [stderr]    Compiling portable-pty v0.9.0
[INFO] [stderr]    Compiling clap v4.6.1
[INFO] [stderr]    Compiling prost v0.14.3
[INFO] [stderr]    Compiling running-process-platform-internal v4.10.16
[INFO] [stderr]    Compiling prost-types v0.14.3
[INFO] [stderr]    Compiling serde v1.0.228
[INFO] [stderr]    Compiling protox-parse v0.9.0
[INFO] [stderr]    Compiling prost-reflect v0.16.3
[INFO] [stderr]    Compiling prost-build v0.14.3
[INFO] [stderr]    Compiling toml_datetime v0.6.11
[INFO] [stderr]    Compiling serde_spanned v0.6.9
[INFO] [stderr]    Compiling toml_edit v0.22.27
[INFO] [stderr]    Compiling toml v0.8.23
[INFO] [stderr]    Compiling protox v0.9.1
[INFO] [stderr]    Compiling running-process-protocol v4.10.16
[INFO] [stderr]    Compiling running-process v4.10.16 (/opt/rustwide/workdir)
[INFO] [stderr]     Finished `dev` profile [unoptimized + debuginfo] target(s) in 1m 03s
[INFO] running `Command { std: "docker" "inspect" "16ba17774744dadf3b10419e4d1e8a9b0e21c4ad36e171da2cb28e22d7ffe609", kill_on_drop: false }`
[INFO] running `Command { std: "docker" "exec" "-e" "SOURCE_DIR=/opt/rustwide/workdir" "-e" "CARGO_HOME=/opt/rustwide/cargo-home" "-e" "RUSTUP_HOME=/opt/rustwide/rustup-home" "-e" "CARGO_TARGET_DIR=/opt/rustwide/target" "-e" "CARGO_INCREMENTAL=0" "-e" "RUST_BACKTRACE=full" "-e" "RUSTFLAGS=--cap-lints=warn" "-e" "RUSTDOCFLAGS=--cap-lints=warn" "-w" "/opt/rustwide/workdir" "--user" "0:0" "16ba17774744dadf3b10419e4d1e8a9b0e21c4ad36e171da2cb28e22d7ffe609" "/opt/rustwide/cargo-home/bin/cargo" "+1.99.0-beta.8" "test" "--frozen" "--no-run" "--message-format=json", kill_on_drop: false }`
[INFO] [stderr]    Compiling rustix v1.1.4
[INFO] [stderr]    Compiling serde v1.0.228
[INFO] [stderr]    Compiling prost v0.14.3
[INFO] [stderr]    Compiling tempfile v3.27.0
[INFO] [stderr]    Compiling tokio-macros v2.7.0
[INFO] [stderr]    Compiling winnow v1.0.3
[INFO] [stderr]    Compiling target-triple v1.0.0
[INFO] [stderr]    Compiling serde_spanned v1.1.1
[INFO] [stderr]    Compiling toml_datetime v1.1.1+spec-1.1.0
[INFO] [stderr]    Compiling toml_writer v1.1.1+spec-1.1.0
[INFO] [stderr]    Compiling termcolor v1.4.1
[INFO] [stderr]    Compiling prost-types v0.14.3
[INFO] [stderr]    Compiling tokio v1.52.3
[INFO] [stderr]    Compiling toml_datetime v0.6.11
[INFO] [stderr]    Compiling serde_spanned v0.6.9
[INFO] [stderr]    Compiling toml_parser v1.1.2+spec-1.1.0
[INFO] [stderr]    Compiling toml_edit v0.22.27
[INFO] [stderr]    Compiling toml v1.1.2+spec-1.1.0
[INFO] [stderr]    Compiling prost-reflect v0.16.3
[INFO] [stderr]    Compiling protox-parse v0.9.0
[INFO] [stderr]    Compiling prost-build v0.14.3
[INFO] [stderr]    Compiling trybuild v1.0.116
[INFO] [stderr]    Compiling toml v0.8.23
[INFO] [stderr]    Compiling gethostname v1.1.0
[INFO] [stderr]    Compiling x11rb v0.13.2
[INFO] [stderr]    Compiling running-process-platform-internal v4.10.16
[INFO] [stderr]    Compiling protox v0.9.1
[INFO] [stderr]    Compiling running-process-protocol v4.10.16
[INFO] [stderr]    Compiling running-process v4.10.16 (/opt/rustwide/workdir)
[INFO] [stdout] warning: unused import: `prost::Message`
[INFO] [stdout]    --> src/daemon_registration_v2.rs:362:9
[INFO] [stdout]     |
[INFO] [stdout] 362 |     use prost::Message as _;
[INFO] [stdout]     |         ^^^^^^^^^^^^^^
[INFO] [stdout]     |
[INFO] [stdout]     = note: `#[warn(unused_imports)]` (part of `#[warn(unused)]`) on by default
[INFO] [stdout] 
[INFO] [stdout] 
[INFO] [stdout] error: couldn't read `tests/security/../../../../docs/v1-dependency-surface.md`: No such file or directory (os error 2)
[INFO] [stdout]  --> tests/security/dependency_surface.rs:4:38
[INFO] [stdout]   |
[INFO] [stdout] 4 | const DEPENDENCY_SURFACE_DOC: &str = include_str!("../../../../docs/v1-dependency-surface.md");
[INFO] [stdout]   |                                      ^^^^^^^^^^^^^^^^^^^^^^^^^^^^^^^^^^^^^^^^^^^^^^^^^^^^^^^^^
[INFO] [stdout] 
[INFO] [stdout] 
[INFO] [stdout] error: couldn't read `tests/security/../../../../docs/v1-fuzz-campaign-signoff.md`: No such file or directory (os error 2)
[INFO] [stdout]  --> tests/security/fuzz_campaign_signoff.rs:4:32
[INFO] [stdout]   |
[INFO] [stdout] 4 | const FUZZ_SIGNOFF_DOC: &str = include_str!("../../../../docs/v1-fuzz-campaign-signoff.md");
[INFO] [stdout]   |                                ^^^^^^^^^^^^^^^^^^^^^^^^^^^^^^^^^^^^^^^^^^^^^^^^^^^^^^^^^^^^
[INFO] [stdout] 
[INFO] [stdout] 
[INFO] [stdout] error: couldn't read `tests/security/../../../../.github/workflows/security-audit.yml`: No such file or directory (os error 2)
[INFO] [stdout]  --> tests/security/security_audit_workflow.rs:2:5
[INFO] [stdout]   |
[INFO] [stdout] 2 |     include_str!("../../../../.github/workflows/security-audit.yml");
[INFO] [stdout]   |     ^^^^^^^^^^^^^^^^^^^^^^^^^^^^^^^^^^^^^^^^^^^^^^^^^^^^^^^^^^^^^^^^
[INFO] [stdout] 
[INFO] [stdout] 
[INFO] [stderr] error: could not compile `running-process` (test "security") due to 3 previous errors
[INFO] [stderr] warning: build failed, waiting for other jobs to finish...
[INFO] [stdout] error[E0433]: cannot find module or crate `test_watchdog` in this scope
[INFO] [stdout]    --> tests/core/containment_test.rs:174:21
[INFO] [stdout]     |
[INFO] [stdout] 174 |     let _watchdog = test_watchdog::install(
[INFO] [stdout]     |                     ^^^^^^^^^^^^^ use of unresolved module or unlinked crate `test_watchdog`
[INFO] [stdout]     |
[INFO] [stdout]     = help: if you wanted to use a crate named `test_watchdog`, use `cargo add test_watchdog` to add it to your `Cargo.toml`
[INFO] [stdout] 
[INFO] [stdout] 
[INFO] [stdout] For more information about this error, try `rustc --explain E0433`.
[INFO] [stdout] 
[INFO] [stderr] error: could not compile `running-process` (test "core") due to 1 previous error
[INFO] [stdout] error[E0433]: cannot find module or crate `test_watchdog` in this scope
[INFO] [stdout]    --> tests/broker/client.rs:381:5
[INFO] [stdout]     |
[INFO] [stdout] 381 |     test_watchdog::install(
[INFO] [stdout]     |     ^^^^^^^^^^^^^ use of unresolved module or unlinked crate `test_watchdog`
[INFO] [stdout]     |
[INFO] [stdout]     = help: if you wanted to use a crate named `test_watchdog`, use `cargo add test_watchdog` to add it to your `Cargo.toml`
[INFO] [stdout] 
[INFO] [stdout] 
[INFO] [stdout] error[E0433]: cannot find module or crate `test_watchdog` in this scope
[INFO] [stdout]   --> tests/broker/handoff_serve_e2e.rs:54:21
[INFO] [stdout]    |
[INFO] [stdout] 54 |     let _watchdog = test_watchdog::install(
[INFO] [stdout]    |                     ^^^^^^^^^^^^^ use of unresolved module or unlinked crate `test_watchdog`
[INFO] [stdout]    |
[INFO] [stdout]    = help: if you wanted to use a crate named `test_watchdog`, use `cargo add test_watchdog` to add it to your `Cargo.toml`
[INFO] [stdout] 
[INFO] [stdout] 
[INFO] [stdout] error[E0433]: cannot find module or crate `test_watchdog` in this scope
[INFO] [stdout]    --> tests/broker/handoff_serve_e2e.rs:105:21
[INFO] [stdout]     |
[INFO] [stdout] 105 |     let _watchdog = test_watchdog::install(
[INFO] [stdout]     |                     ^^^^^^^^^^^^^ use of unresolved module or unlinked crate `test_watchdog`
[INFO] [stdout]     |
[INFO] [stdout]     = help: if you wanted to use a crate named `test_watchdog`, use `cargo add test_watchdog` to add it to your `Cargo.toml`
[INFO] [stdout] 
[INFO] [stdout] 
[INFO] [stdout] error[E0433]: cannot find module or crate `test_watchdog` in this scope
[INFO] [stdout]    --> tests/broker/client.rs:380:46
[INFO] [stdout]     |
[INFO] [stdout] 380 | fn hang_watchdog(test_name: &'static str) -> test_watchdog::WatchdogGuard {
[INFO] [stdout]     |                                              ^^^^^^^^^^^^^ use of unresolved module or unlinked crate `test_watchdog`
[INFO] [stdout]     |
[INFO] [stdout]     = help: if you wanted to use a crate named `test_watchdog`, use `cargo add test_watchdog` to add it to your `Cargo.toml`
[INFO] [stdout] 
[INFO] [stdout] 
[INFO] [stdout] For more information about this error, try `rustc --explain E0433`.
[INFO] [stdout] 
[INFO] [stderr] error: could not compile `running-process` (test "broker") due to 4 previous errors
[INFO] running `Command { std: "docker" "inspect" "16ba17774744dadf3b10419e4d1e8a9b0e21c4ad36e171da2cb28e22d7ffe609", kill_on_drop: false }`
[INFO] running `Command { std: "docker" "rm" "-f" "16ba17774744dadf3b10419e4d1e8a9b0e21c4ad36e171da2cb28e22d7ffe609", kill_on_drop: false }`
[INFO] [stdout] 16ba17774744dadf3b10419e4d1e8a9b0e21c4ad36e171da2cb28e22d7ffe609
