[INFO] fetching crate rune-axum-audit 0.1.0...
[INFO] testing rune-axum-audit-0.1.0 against 1.100.0-beta.1 for beta-1.100-2
[INFO] extracting crate rune-axum-audit 0.1.0 into /workspace/builds/worker-3-tc2/source
[INFO] started tweaking crates.io crate rune-axum-audit 0.1.0
[INFO] finished tweaking crates.io crate rune-axum-audit 0.1.0
[INFO] tweaked toml for crates.io crate rune-axum-audit 0.1.0 written to /workspace/builds/worker-3-tc2/source/Cargo.toml
[INFO] validating manifest of crates.io crate rune-axum-audit 0.1.0 on toolchain 1.100.0-beta.1
[INFO] running `Command { std: CARGO_HOME="/workspace/cargo-home" RUSTUP_HOME="/workspace/rustup-home" "/workspace/cargo-home/bin/cargo" "+1.100.0-beta.1" "metadata" "--manifest-path" "Cargo.toml" "--no-deps", kill_on_drop: false }`
[INFO] crate crates.io crate rune-axum-audit 0.1.0 already has a lockfile, it will not be regenerated
[INFO] running `Command { std: CARGO_HOME="/workspace/cargo-home" RUSTUP_HOME="/workspace/rustup-home" "/workspace/cargo-home/bin/cargo" "+1.100.0-beta.1" "fetch" "--manifest-path" "Cargo.toml", kill_on_drop: false }`
[INFO] [stderr]     Blocking waiting for file lock on package cache
[INFO] [stderr]     Blocking waiting for file lock on package cache
[INFO] running `Command { std: "docker" "create" "-v" "/var/lib/crater-agent-workspace/builds/worker-3-tc2/source:/opt/rustwide/workdir:ro,Z" "-v" "/var/lib/crater-agent-workspace/builds/worker-3-tc2/target:/opt/rustwide/target:rw,Z" "-v" "/var/lib/crater-agent-workspace/cargo-home:/opt/rustwide/cargo-home:ro,Z" "-v" "/var/lib/crater-agent-workspace/rustup-home:/opt/rustwide/rustup-home:ro,Z" "-m" "1610612736" "--network" "none" "ghcr.io/rust-lang/crates-build-env/linux@sha256:3111399a4047eeb3a02b7a90e478d715f38a8c6669b5c4b49d30a17385265909" "sleep" "infinity", kill_on_drop: false }`
[INFO] [stdout] d6141a20216d6440e73788cf4dcfa9fad687b2442606099727279556e762c31e
[INFO] running `Command { std: "docker" "start" "d6141a20216d6440e73788cf4dcfa9fad687b2442606099727279556e762c31e", kill_on_drop: false }`
[INFO] running `Command { std: "docker" "inspect" "d6141a20216d6440e73788cf4dcfa9fad687b2442606099727279556e762c31e", kill_on_drop: false }`
[INFO] running `Command { std: "docker" "exec" "-e" "SOURCE_DIR=/opt/rustwide/workdir" "-e" "CARGO_HOME=/opt/rustwide/cargo-home" "-e" "RUSTUP_HOME=/opt/rustwide/rustup-home" "-e" "CARGO_TARGET_DIR=/opt/rustwide/target" "-w" "/opt/rustwide/workdir" "--user" "0:0" "d6141a20216d6440e73788cf4dcfa9fad687b2442606099727279556e762c31e" "/opt/rustwide/cargo-home/bin/cargo" "+1.100.0-beta.1" "metadata" "--no-deps" "--format-version=1", kill_on_drop: false }`
[INFO] running `Command { std: "docker" "inspect" "d6141a20216d6440e73788cf4dcfa9fad687b2442606099727279556e762c31e", kill_on_drop: false }`
[INFO] running `Command { std: "docker" "exec" "-e" "SOURCE_DIR=/opt/rustwide/workdir" "-e" "CARGO_HOME=/opt/rustwide/cargo-home" "-e" "RUSTUP_HOME=/opt/rustwide/rustup-home" "-e" "CARGO_TARGET_DIR=/opt/rustwide/target" "-e" "CARGO_INCREMENTAL=0" "-e" "RUST_BACKTRACE=full" "-e" "RUSTFLAGS=--cap-lints=warn" "-e" "RUSTDOCFLAGS=--cap-lints=warn" "-w" "/opt/rustwide/workdir" "--user" "0:0" "d6141a20216d6440e73788cf4dcfa9fad687b2442606099727279556e762c31e" "/opt/rustwide/cargo-home/bin/cargo" "+1.100.0-beta.1" "build" "--frozen" "--message-format=json", kill_on_drop: false }`
[INFO] [stderr]    Compiling serde_core v1.0.228
[INFO] [stderr]    Compiling log v0.4.29
[INFO] [stderr]    Compiling futures-task v0.3.32
[INFO] [stderr]    Compiling http v1.4.0
[INFO] [stderr]    Compiling futures-channel v0.3.32
[INFO] [stderr]    Compiling httpdate v1.0.3
[INFO] [stderr]    Compiling slab v0.4.12
[INFO] [stderr]    Compiling smallvec v1.15.1
[INFO] [stderr]    Compiling serde_json v1.0.149
[INFO] [stderr]    Compiling sync_wrapper v1.0.2
[INFO] [stderr]    Compiling form_urlencoded v1.2.2
[INFO] [stderr]    Compiling memchr v2.8.0
[INFO] [stderr]    Compiling syn v2.0.117
[INFO] [stderr]    Compiling mio v1.2.0
[INFO] [stderr]    Compiling socket2 v0.6.3
[INFO] [stderr]    Compiling ryu v1.0.23
[INFO] [stderr]    Compiling tracing v0.1.44
[INFO] [stderr]    Compiling matchit v0.8.4
[INFO] [stderr]    Compiling futures-util v0.3.32
[INFO] [stderr]    Compiling http-body v1.0.1
[INFO] [stderr]    Compiling http-body-util v0.1.3
[INFO] [stderr]    Compiling axum-core v0.5.6
[INFO] [stderr]    Compiling serde v1.0.228
[INFO] [stderr]    Compiling serde_path_to_error v0.1.20
[INFO] [stderr]    Compiling serde_urlencoded v0.7.1
[INFO] [stderr]    Compiling tokio-macros v2.7.0
[INFO] [stderr]    Compiling tokio v1.52.1
[INFO] [stderr]    Compiling hyper v1.9.0
[INFO] [stderr]    Compiling tower v0.5.3
[INFO] [stderr]    Compiling hyper-util v0.1.20
[INFO] [stderr]    Compiling axum v0.8.9
[INFO] [stderr]    Compiling rune-axum-audit v0.1.0 (/opt/rustwide/workdir)
[INFO] [stderr]     Finished `dev` profile [unoptimized + debuginfo] target(s) in 22.21s
[INFO] running `Command { std: "docker" "inspect" "d6141a20216d6440e73788cf4dcfa9fad687b2442606099727279556e762c31e", kill_on_drop: false }`
[INFO] running `Command { std: "docker" "exec" "-e" "SOURCE_DIR=/opt/rustwide/workdir" "-e" "CARGO_HOME=/opt/rustwide/cargo-home" "-e" "RUSTUP_HOME=/opt/rustwide/rustup-home" "-e" "CARGO_TARGET_DIR=/opt/rustwide/target" "-e" "CARGO_INCREMENTAL=0" "-e" "RUST_BACKTRACE=full" "-e" "RUSTFLAGS=--cap-lints=warn" "-e" "RUSTDOCFLAGS=--cap-lints=warn" "-w" "/opt/rustwide/workdir" "--user" "0:0" "d6141a20216d6440e73788cf4dcfa9fad687b2442606099727279556e762c31e" "/opt/rustwide/cargo-home/bin/cargo" "+1.100.0-beta.1" "test" "--frozen" "--no-run" "--message-format=json", kill_on_drop: false }`
[INFO] [stderr]    Compiling parking_lot_core v0.9.12
[INFO] [stderr]    Compiling parking_lot v0.12.5
[INFO] [stderr]    Compiling tokio v1.52.1
[INFO] [stderr]    Compiling hyper v1.9.0
[INFO] [stderr]    Compiling tower v0.5.3
[INFO] [stderr]    Compiling hyper-util v0.1.20
[INFO] [stderr]    Compiling axum v0.8.9
[INFO] [stderr]    Compiling rune-axum-audit v0.1.0 (/opt/rustwide/workdir)
[INFO] [stdout] error[E0277]: the trait bound `AuditLayer<TestSink>: Clone` is not satisfied
[INFO] [stdout]    --> src/lib.rs:592:20
[INFO] [stdout]     |
[INFO] [stdout] 592 |             .layer(AuditLayer::new(TestSink { events }))
[INFO] [stdout]     |              ----- ^^^^^^^^^^^^^^^^^^^^^^^^^^^^^^^^^^^^ the trait `Clone` is not implemented for `AuditLayer<TestSink>`
[INFO] [stdout]     |              |
[INFO] [stdout]     |              required by a bound introduced by this call
[INFO] [stdout]     |
[INFO] [stdout] note: required for `AuditLayer<TestSink>` to implement `Clone`
[INFO] [stdout]    --> src/lib.rs:346:12
[INFO] [stdout]     |
[INFO] [stdout] 345 | #[derive(Clone)]
[INFO] [stdout]     |          ----- in this derive macro expansion
[INFO] [stdout] 346 | pub struct AuditLayer<Sink = StdoutSink> {
[INFO] [stdout]     |            ^^^^^^^^^^ ---- type parameter would need to implement `Clone`
[INFO] [stdout]     = help: consider manually implementing `Clone` to avoid undesired bounds caused by "imperfect derives"
[INFO] [stdout]     = note: to learn more, visit <https://github.com/rust-lang/rust/issues/26925>
[INFO] [stdout] note: required by a bound in `Router::<S>::layer`
[INFO] [stdout]    --> /opt/rustwide/cargo-home/registry/src/index.crates.io-1949cf8c6b5b557f/axum-0.8.9/src/routing/mod.rs:305:27
[INFO] [stdout]     |
[INFO] [stdout] 138 | impl<S> Router<S>
[INFO] [stdout] ...
[INFO] [stdout] 303 |     pub fn layer<L>(self, layer: L) -> Router<S>
[INFO] [stdout] 304 |     where
[INFO] [stdout] 305 |         L: Layer<Route> + Clone + Send + Sync + 'static,
[INFO] [stdout]     |                           ^^^^^ required by this bound in `Router::<S>::layer`
[INFO] [stdout] help: consider borrowing here
[INFO] [stdout]     |
[INFO] [stdout] 592 |             .layer(&AuditLayer::new(TestSink { events }))
[INFO] [stdout]     |                    +
[INFO] [stdout] 
[INFO] [stdout] 
[INFO] [stdout] error[E0277]: the trait bound `AuditLayer<NullSink>: Clone` is not satisfied
[INFO] [stdout]    --> src/lib.rs:643:20
[INFO] [stdout]     |
[INFO] [stdout] 643 |             .layer(AuditLayer::new(NullSink));
[INFO] [stdout]     |              ----- ^^^^^^^^^^^^^^^^^^^^^^^^^ the trait `Clone` is not implemented for `AuditLayer<NullSink>`
[INFO] [stdout]     |              |
[INFO] [stdout]     |              required by a bound introduced by this call
[INFO] [stdout]     |
[INFO] [stdout] note: required for `AuditLayer<NullSink>` to implement `Clone`
[INFO] [stdout]    --> src/lib.rs:346:12
[INFO] [stdout]     |
[INFO] [stdout] 345 | #[derive(Clone)]
[INFO] [stdout]     |          ----- in this derive macro expansion
[INFO] [stdout] 346 | pub struct AuditLayer<Sink = StdoutSink> {
[INFO] [stdout]     |            ^^^^^^^^^^ ---- type parameter would need to implement `Clone`
[INFO] [stdout]     = help: consider manually implementing `Clone` to avoid undesired bounds caused by "imperfect derives"
[INFO] [stdout]     = note: to learn more, visit <https://github.com/rust-lang/rust/issues/26925>
[INFO] [stdout] note: required by a bound in `Router::<S>::layer`
[INFO] [stdout]    --> /opt/rustwide/cargo-home/registry/src/index.crates.io-1949cf8c6b5b557f/axum-0.8.9/src/routing/mod.rs:305:27
[INFO] [stdout]     |
[INFO] [stdout] 138 | impl<S> Router<S>
[INFO] [stdout] ...
[INFO] [stdout] 303 |     pub fn layer<L>(self, layer: L) -> Router<S>
[INFO] [stdout] 304 |     where
[INFO] [stdout] 305 |         L: Layer<Route> + Clone + Send + Sync + 'static,
[INFO] [stdout]     |                           ^^^^^ required by this bound in `Router::<S>::layer`
[INFO] [stdout] help: consider borrowing here
[INFO] [stdout]     |
[INFO] [stdout] 643 |             .layer(&AuditLayer::new(NullSink));
[INFO] [stdout]     |                    +
[INFO] [stdout] 
[INFO] [stdout] 
[INFO] [stdout] error[E0277]: the trait bound `AuditLayer<CallbackSink<{closure@src/lib.rs:660:54: 660:66}>>: Clone` is not satisfied
[INFO] [stdout]    --> src/lib.rs:660:20
[INFO] [stdout]     |
[INFO] [stdout] 660 |               .layer(AuditLayer::new(CallbackSink::new(move |event| {
[INFO] [stdout]     |  ______________-----_^
[INFO] [stdout]     | |              |
[INFO] [stdout]     | |              required by a bound introduced by this call
[INFO] [stdout] 661 | |                 captured.lock().unwrap().push(event);
[INFO] [stdout] 662 | |             })));
[INFO] [stdout]     | |_______________^ the trait `Clone` is not implemented for `AuditLayer<CallbackSink<{closure@src/lib.rs:660:54: 660:66}>>`
[INFO] [stdout]     |
[INFO] [stdout] note: required for `AuditLayer<CallbackSink<{closure@src/lib.rs:660:54: 660:66}>>` to implement `Clone`
[INFO] [stdout]    --> src/lib.rs:346:12
[INFO] [stdout]     |
[INFO] [stdout] 345 | #[derive(Clone)]
[INFO] [stdout]     |          ----- in this derive macro expansion
[INFO] [stdout] 346 | pub struct AuditLayer<Sink = StdoutSink> {
[INFO] [stdout]     |            ^^^^^^^^^^ ---- type parameter would need to implement `Clone`
[INFO] [stdout]     = help: consider manually implementing `Clone` to avoid undesired bounds caused by "imperfect derives"
[INFO] [stdout]     = note: to learn more, visit <https://github.com/rust-lang/rust/issues/26925>
[INFO] [stdout] note: required by a bound in `Router::<S>::layer`
[INFO] [stdout]    --> /opt/rustwide/cargo-home/registry/src/index.crates.io-1949cf8c6b5b557f/axum-0.8.9/src/routing/mod.rs:305:27
[INFO] [stdout]     |
[INFO] [stdout] 138 | impl<S> Router<S>
[INFO] [stdout] ...
[INFO] [stdout] 303 |     pub fn layer<L>(self, layer: L) -> Router<S>
[INFO] [stdout] 304 |     where
[INFO] [stdout] 305 |         L: Layer<Route> + Clone + Send + Sync + 'static,
[INFO] [stdout]     |                           ^^^^^ required by this bound in `Router::<S>::layer`
[INFO] [stdout] help: consider borrowing here
[INFO] [stdout]     |
[INFO] [stdout] 660 |             .layer(&AuditLayer::new(CallbackSink::new(move |event| {
[INFO] [stdout]     |                    +
[INFO] [stdout] 
[INFO] [stdout] 
[INFO] [stdout] For more information about this error, try `rustc --explain E0277`.
[INFO] [stdout] 
[INFO] [stderr] error: could not compile `rune-axum-audit` (lib test) due to 3 previous errors
[INFO] running `Command { std: "docker" "inspect" "d6141a20216d6440e73788cf4dcfa9fad687b2442606099727279556e762c31e", kill_on_drop: false }`
[INFO] running `Command { std: "docker" "rm" "-f" "d6141a20216d6440e73788cf4dcfa9fad687b2442606099727279556e762c31e", kill_on_drop: false }`
[INFO] [stdout] d6141a20216d6440e73788cf4dcfa9fad687b2442606099727279556e762c31e
