[INFO] fetching crate runar_cli 0.1.0...
[INFO] testing runar_cli-0.1.0 against 1.99.0-beta.8 for beta-1.100-2
[INFO] extracting crate runar_cli 0.1.0 into /workspace/builds/worker-5-tc1/source
[INFO] started tweaking crates.io crate runar_cli 0.1.0
[INFO] removed 0 missing examples
[INFO] removed 0 missing tests
[INFO] finished tweaking crates.io crate runar_cli 0.1.0
[INFO] tweaked toml for crates.io crate runar_cli 0.1.0 written to /workspace/builds/worker-5-tc1/source/Cargo.toml
[INFO] validating manifest of crates.io crate runar_cli 0.1.0 on toolchain 1.99.0-beta.8
[INFO] running `Command { std: CARGO_HOME="/workspace/cargo-home" RUSTUP_HOME="/workspace/rustup-home" "/workspace/cargo-home/bin/cargo" "+1.99.0-beta.8" "metadata" "--manifest-path" "Cargo.toml" "--no-deps", kill_on_drop: false }`
[INFO] crate crates.io crate runar_cli 0.1.0 already has a lockfile, it will not be regenerated
[INFO] running `Command { std: CARGO_HOME="/workspace/cargo-home" RUSTUP_HOME="/workspace/rustup-home" "/workspace/cargo-home/bin/cargo" "+1.99.0-beta.8" "fetch" "--manifest-path" "Cargo.toml", kill_on_drop: false }`
[INFO] [stderr]     Updating crates.io index
[INFO] [stderr]  Downloading crates ...
[INFO] [stderr]   Downloaded oid-registry v0.7.1
[INFO] [stderr]   Downloaded x509-parser v0.16.0
[INFO] [stderr]   Downloaded asn1-rs-derive v0.5.1
[INFO] [stderr]   Downloaded tokio-tungstenite v0.18.0
[INFO] [stderr]   Downloaded tokio-util v0.7.15
[INFO] [stderr]   Downloaded tungstenite v0.18.0
[INFO] [stderr]   Downloaded runar_macros_common v0.1.0
[INFO] [stderr]   Downloaded der-parser v9.0.0
[INFO] [stderr]   Downloaded serde_bytes v0.11.17
[INFO] [stderr]   Downloaded runar_common v0.1.0
[INFO] [stderr]   Downloaded prost v0.12.6
[INFO] [stderr]   Downloaded prost-derive v0.12.6
[INFO] [stderr]   Downloaded asn1-rs v0.6.2
[INFO] [stderr]   Downloaded runar-serializer-macros v0.1.0
[INFO] [stderr]   Downloaded runar-serializer v0.1.0
[INFO] [stderr]   Downloaded humantime v2.2.0
[INFO] [stderr]   Downloaded runar_node v0.1.0
[INFO] [stderr]   Downloaded cc v1.2.27
[INFO] [stderr]   Downloaded runar-keys v0.1.0
[INFO] [stderr]   Downloaded rcgen v0.12.1
[INFO] [stderr]   Downloaded serdect v0.2.0
[INFO] [stderr]   Downloaded base64ct v1.8.0
[INFO] [stderr]   Downloaded quinn-udp v0.5.13
[INFO] [stderr]   Downloaded rcgen v0.11.3
[INFO] [stderr]   Downloaded runar-schemas v0.1.0
[INFO] [stderr]   Downloaded quinn v0.11.8
[INFO] [stderr]   Downloaded quinn-proto v0.11.12
[INFO] [stderr]   Downloaded rustls-platform-verifier v0.5.3
[INFO] [stderr]   Downloaded webpki-root-certs v0.26.11
[INFO] [stderr]   Downloaded webpki-root-certs v1.0.1
[INFO] [stderr]   Downloaded security-framework v3.2.0
[INFO] [stderr]   Downloaded bytemuck v1.23.1
[INFO] [stderr]   Downloaded fastbloom v0.9.0
[INFO] [stderr]   Downloaded qrcode v0.13.0
[INFO] [stderr]   Downloaded weezl v0.1.10
[INFO] [stderr]   Downloaded zvariant_derive v3.15.2
[INFO] [stderr]   Downloaded secret-service v3.1.0
[INFO] [stderr]   Downloaded zvariant v3.15.2
[INFO] [stderr]   Downloaded zvariant_utils v1.0.1
[INFO] [stderr]   Downloaded event-listener v5.4.0
[INFO] [stderr]   Downloaded tiff v0.9.1
[INFO] [stderr]   Downloaded exr v1.73.0
[INFO] [stderr]   Downloaded keyring v2.3.3
[INFO] [stderr]   Downloaded zbus v3.15.2
[INFO] [stderr]   Downloaded zbus_names v2.6.1
[INFO] [stderr]   Downloaded futures-lite v2.6.0
[INFO] [stderr]   Downloaded async-process v1.8.1
[INFO] [stderr]   Downloaded async-channel v2.4.0
[INFO] [stderr]   Downloaded zbus_macros v3.15.2
[INFO] [stderr]   Downloaded blocking v1.6.1
[INFO] [stderr]   Downloaded async-lock v3.4.0
[INFO] [stderr]   Downloaded async-fs v1.6.0
[INFO] [stderr]   Downloaded polling v3.8.0
[INFO] [stderr]   Downloaded clap_derive v4.5.40
[INFO] [stderr]   Downloaded async-executor v1.13.2
[INFO] [stderr]   Downloaded async-lock v2.8.0
[INFO] [stderr]   Downloaded async-io v1.13.0
[INFO] [stderr]   Downloaded async-signal v0.2.11
[INFO] [stderr]   Downloaded async-io v2.4.1
[INFO] [stderr]   Downloaded polling v2.8.0
[INFO] [stderr]   Downloaded libredox v0.1.4
[INFO] [stderr]   Downloaded event-listener v3.1.0
[INFO] [stderr]   Downloaded rustix v0.37.28
[INFO] [stderr]   Downloaded async-broadcast v0.5.1
[INFO] [stderr]   Downloaded openssl-src v300.5.1+3.5.1
[INFO] running `Command { std: "docker" "create" "-v" "/var/lib/crater-agent-workspace/builds/worker-5-tc1/source:/opt/rustwide/workdir:ro,Z" "-v" "/var/lib/crater-agent-workspace/builds/worker-5-tc1/target:/opt/rustwide/target:rw,Z" "-v" "/var/lib/crater-agent-workspace/cargo-home:/opt/rustwide/cargo-home:ro,Z" "-v" "/var/lib/crater-agent-workspace/rustup-home:/opt/rustwide/rustup-home:ro,Z" "-m" "1610612736" "--network" "none" "ghcr.io/rust-lang/crates-build-env/linux@sha256:3111399a4047eeb3a02b7a90e478d715f38a8c6669b5c4b49d30a17385265909" "sleep" "infinity", kill_on_drop: false }`
[INFO] [stdout] 660035f33b52cd9af1ab5a7aa44b4bea4e5b20e6b4ffb5891476cafe4e064392
[INFO] running `Command { std: "docker" "start" "660035f33b52cd9af1ab5a7aa44b4bea4e5b20e6b4ffb5891476cafe4e064392", kill_on_drop: false }`
[INFO] running `Command { std: "docker" "inspect" "660035f33b52cd9af1ab5a7aa44b4bea4e5b20e6b4ffb5891476cafe4e064392", kill_on_drop: false }`
[INFO] running `Command { std: "docker" "exec" "-e" "SOURCE_DIR=/opt/rustwide/workdir" "-e" "CARGO_HOME=/opt/rustwide/cargo-home" "-e" "RUSTUP_HOME=/opt/rustwide/rustup-home" "-e" "CARGO_TARGET_DIR=/opt/rustwide/target" "-w" "/opt/rustwide/workdir" "--user" "0:0" "660035f33b52cd9af1ab5a7aa44b4bea4e5b20e6b4ffb5891476cafe4e064392" "/opt/rustwide/cargo-home/bin/cargo" "+1.99.0-beta.8" "metadata" "--no-deps" "--format-version=1", kill_on_drop: false }`
[INFO] running `Command { std: "docker" "inspect" "660035f33b52cd9af1ab5a7aa44b4bea4e5b20e6b4ffb5891476cafe4e064392", kill_on_drop: false }`
[INFO] running `Command { std: "docker" "exec" "-e" "SOURCE_DIR=/opt/rustwide/workdir" "-e" "CARGO_HOME=/opt/rustwide/cargo-home" "-e" "RUSTUP_HOME=/opt/rustwide/rustup-home" "-e" "CARGO_TARGET_DIR=/opt/rustwide/target" "-e" "CARGO_INCREMENTAL=0" "-e" "RUST_BACKTRACE=full" "-e" "RUSTFLAGS=--cap-lints=warn" "-e" "RUSTDOCFLAGS=--cap-lints=warn" "-w" "/opt/rustwide/workdir" "--user" "0:0" "660035f33b52cd9af1ab5a7aa44b4bea4e5b20e6b4ffb5891476cafe4e064392" "/opt/rustwide/cargo-home/bin/cargo" "+1.99.0-beta.8" "build" "--frozen" "--message-format=json", kill_on_drop: false }`
[INFO] [stderr]    Compiling proc-macro2 v1.0.95
[INFO] [stderr]    Compiling libc v0.2.174
[INFO] [stderr]    Compiling cfg-if v1.0.1
[INFO] [stderr]    Compiling zeroize v1.8.1
[INFO] [stderr]    Compiling typenum v1.18.0
[INFO] [stderr]    Compiling serde v1.0.219
[INFO] [stderr]    Compiling generic-array v0.14.7
[INFO] [stderr]    Compiling num-traits v0.2.19
[INFO] [stderr]    Compiling smallvec v1.15.1
[INFO] [stderr]    Compiling getrandom v0.3.3
[INFO] [stderr]    Compiling time-core v0.1.4
[INFO] [stderr]    Compiling base64ct v1.8.0
[INFO] [stderr]    Compiling deranged v0.4.0
[INFO] [stderr]    Compiling slab v0.4.10
[INFO] [stderr]    Compiling syn v1.0.109
[INFO] [stderr]    Compiling rustls-pki-types v1.12.0
[INFO] [stderr]    Compiling anyhow v1.0.98
[INFO] [stderr]    Compiling pem-rfc7468 v0.7.0
[INFO] [stderr]    Compiling nom v7.1.3
[INFO] [stderr]    Compiling hashbrown v0.15.4
[INFO] [stderr]    Compiling time-macros v0.2.22
[INFO] [stderr]    Compiling opaque-debug v0.3.1
[INFO] [stderr]    Compiling bitflags v2.9.1
[INFO] [stderr]    Compiling aho-corasick v1.1.3
[INFO] [stderr]    Compiling aws-lc-rs v1.13.1
[INFO] [stderr]    Compiling simd-adler32 v0.3.7
[INFO] [stderr]    Compiling regex-syntax v0.8.5
[INFO] [stderr]    Compiling toml_datetime v0.6.11
[INFO] [stderr]    Compiling der v0.7.10
[INFO] [stderr]    Compiling winnow v0.5.40
[INFO] [stderr]    Compiling bytemuck v1.23.1
[INFO] [stderr]    Compiling futures-channel v0.3.31
[INFO] [stderr]    Compiling quote v1.0.40
[INFO] [stderr]    Compiling itertools v0.12.1
[INFO] [stderr]    Compiling num-integer v0.1.46
[INFO] [stderr]    Compiling indexmap v2.10.0
[INFO] [stderr]    Compiling oid-registry v0.7.1
[INFO] [stderr]    Compiling rayon-core v1.12.1
[INFO] [stderr]    Compiling num-bigint v0.4.6
[INFO] [stderr]    Compiling syn v2.0.104
[INFO] [stderr]    Compiling jobserver v0.1.33
[INFO] [stderr]    Compiling serde_json v1.0.140
[INFO] [stderr]    Compiling pem v3.0.5
[INFO] [stderr]    Compiling time v0.3.41
[INFO] [stderr]    Compiling event-listener v5.4.0
[INFO] [stderr]    Compiling cc v1.2.27
[INFO] [stderr]    Compiling rusticata-macros v4.1.0
[INFO] [stderr]    Compiling half v1.8.3
[INFO] [stderr]    Compiling memchr v2.7.5
[INFO] [stderr]    Compiling spki v0.7.3
[INFO] [stderr]    Compiling regex-automata v0.4.9
[INFO] [stderr]    Compiling pkcs8 v0.10.2
[INFO] [stderr]    Compiling getrandom v0.2.16
[INFO] [stderr]    Compiling block-buffer v0.10.4
[INFO] [stderr]    Compiling block-padding v0.3.3
[INFO] [stderr]    Compiling parking_lot_core v0.9.11
[INFO] [stderr]    Compiling inout v0.1.4
[INFO] [stderr]    Compiling rand_core v0.6.4
[INFO] [stderr]    Compiling socket2 v0.5.10
[INFO] [stderr]    Compiling signal-hook-registry v1.4.5
[INFO] [stderr]    Compiling crypto-common v0.1.6
[INFO] [stderr]    Compiling parking_lot v0.12.4
[INFO] [stderr]    Compiling cmake v0.1.54
[INFO] [stderr]    Compiling digest v0.10.7
[INFO] [stderr]    Compiling cipher v0.4.4
[INFO] [stderr]    Compiling mio v1.0.4
[INFO] [stderr]    Compiling rand_chacha v0.3.1
[INFO] [stderr]    Compiling hmac v0.12.1
[INFO] [stderr]    Compiling universal-hash v0.5.1
[INFO] [stderr]    Compiling ff v0.13.1
[INFO] [stderr]    Compiling hkdf v0.12.4
[INFO] [stderr]    Compiling openssl-src v300.5.1+3.5.1
[INFO] [stderr]    Compiling rand v0.8.5
[INFO] [stderr]    Compiling group v0.13.0
[INFO] [stderr]    Compiling sha2 v0.10.9
[INFO] [stderr]    Compiling crypto-bigint v0.5.5
[INFO] [stderr]    Compiling toml_edit v0.19.15
[INFO] [stderr]    Compiling aes v0.8.4
[INFO] [stderr]    Compiling yasna v0.5.2
[INFO] [stderr]    Compiling polyval v0.6.2
[INFO] [stderr]    Compiling rfc6979 v0.4.0
[INFO] [stderr]    Compiling signature v2.2.0
[INFO] [stderr]    Compiling aead v0.5.2
[INFO] [stderr]    Compiling is-terminal v0.4.16
[INFO] [stderr]    Compiling ring v0.17.14
[INFO] [stderr]    Compiling aws-lc-sys v0.29.0
[INFO] [stderr]    Compiling openssl-sys v0.9.109
[INFO] [stderr]    Compiling ring v0.16.20
[INFO] [stderr]    Compiling humantime v2.2.0
[INFO] [stderr]    Compiling spin v0.5.2
[INFO] [stderr]    Compiling io-lifetimes v1.0.11
[INFO] [stderr]    Compiling termcolor v1.4.1
[INFO] [stderr]    Compiling openssl v0.10.73
[INFO] [stderr]    Compiling chrono v0.4.41
[INFO] [stderr]    Compiling ghash v0.5.1
[INFO] [stderr]    Compiling poly1305 v0.8.0
[INFO] [stderr]    Compiling sha1 v0.10.6
[INFO] [stderr]    Compiling chacha20 v0.9.1
[INFO] [stderr]    Compiling ctr v0.9.2
[INFO] [stderr]    Compiling rand_core v0.9.3
[INFO] [stderr]    Compiling miniz_oxide v0.8.9
[INFO] [stderr]    Compiling event-listener-strategy v0.5.4
[INFO] [stderr]    Compiling regex v1.11.1
[INFO] [stderr]    Compiling futures-lite v2.6.0
[INFO] [stderr]    Compiling env_logger v0.10.2
[INFO] [stderr]    Compiling memoffset v0.7.1
[INFO] [stderr]    Compiling proc-macro-crate v1.3.1
[INFO] [stderr]    Compiling polling v2.8.0
[INFO] [stderr]    Compiling synstructure v0.13.2
[INFO] [stderr]    Compiling rustix v0.37.28
[INFO] [stderr]    Compiling rustls v0.20.9
[INFO] [stderr]    Compiling rustc-hash v1.1.0
[INFO] [stderr]    Compiling fastrand v1.9.0
[INFO] [stderr]    Compiling rustls v0.23.28
[INFO] [stderr]    Compiling zvariant_utils v1.0.1
[INFO] [stderr]    Compiling waker-fn v1.2.0
[INFO] [stderr]    Compiling futures-lite v1.13.0
[INFO] [stderr]    Compiling rand_chacha v0.9.0
[INFO] [stderr]    Compiling async-channel v2.4.0
[INFO] [stderr]    Compiling aes-gcm v0.10.3
[INFO] [stderr]    Compiling chacha20poly1305 v0.10.1
[INFO] [stderr]    Compiling async-lock v2.8.0
[INFO] [stderr]    Compiling safe_arch v0.7.4
[INFO] [stderr]    Compiling crc32fast v1.4.2
[INFO] [stderr]    Compiling async-io v1.13.0
[INFO] [stderr]    Compiling async-fs v1.6.0
[INFO] [stderr]    Compiling thiserror v2.0.12
[INFO] [stderr]    Compiling percent-encoding v2.3.1
[INFO] [stderr]    Compiling linux-raw-sys v0.3.8
[INFO] [stderr]    Compiling wide v0.7.33
[INFO] [stderr]    Compiling dashmap v5.5.3
[INFO] [stderr]    Compiling form_urlencoded v1.2.1
[INFO] [stderr]    Compiling flate2 v1.1.2
[INFO] [stderr]    Compiling serde_cbor v0.11.2
[INFO] [stderr]    Compiling blocking v1.6.1
[INFO] [stderr]    Compiling rand v0.9.1
[INFO] [stderr]    Compiling rayon v1.10.0
[INFO] [stderr]    Compiling serde_derive v1.0.219
[INFO] [stderr]    Compiling displaydoc v0.2.5
[INFO] [stderr]    Compiling zerofrom-derive v0.1.6
[INFO] [stderr]    Compiling yoke-derive v0.8.0
[INFO] [stderr]    Compiling zerovec-derive v0.11.1
[INFO] [stderr]    Compiling tracing-attributes v0.1.30
[INFO] [stderr]    Compiling thiserror-impl v1.0.69
[INFO] [stderr]    Compiling tokio-macros v2.5.0
[INFO] [stderr]    Compiling async-trait v0.1.88
[INFO] [stderr]    Compiling asn1-rs-impl v0.2.0
[INFO] [stderr]    Compiling zerofrom v0.1.6
[INFO] [stderr]    Compiling asn1-rs-derive v0.5.1
[INFO] [stderr]    Compiling futures-macro v0.3.31
[INFO] [stderr]    Compiling prost-derive v0.12.6
[INFO] [stderr]    Compiling tokio v1.46.0
[INFO] [stderr]    Compiling enumflags2_derive v0.7.12
[INFO] [stderr]    Compiling openssl-macros v0.1.1
[INFO] [stderr]    Compiling zvariant_derive v3.15.2
[INFO] [stderr]    Compiling yoke v0.8.0
[INFO] [stderr]    Compiling tracing v0.1.41
[INFO] [stderr]    Compiling ctor v0.2.9
[INFO] [stderr]    Compiling zerovec v0.11.2
[INFO] [stderr]    Compiling zerotrie v0.2.2
[INFO] [stderr]    Compiling thiserror v1.0.69
[INFO] [stderr]    Compiling thiserror-impl v2.0.12
[INFO] [stderr]    Compiling rustls-native-certs v0.8.1
[INFO] [stderr]    Compiling asn1-rs v0.6.2
[INFO] [stderr]    Compiling quinn-udp v0.5.13
[INFO] [stderr]    Compiling runar-serializer-macros v0.1.0
[INFO] [stderr]    Compiling futures-util v0.3.31
[INFO] [stderr]    Compiling socket2 v0.4.10
[INFO] [stderr]    Compiling siphasher v1.0.1
[INFO] [stderr]    Compiling weezl v0.1.10
[INFO] [stderr]    Compiling fastbloom v0.9.0
[INFO] [stderr]    Compiling tinystr v0.8.1
[INFO] [stderr]    Compiling potential_utf v0.1.2
[INFO] [stderr]    Compiling icu_locale_core v2.0.0
[INFO] [stderr]    Compiling icu_collections v2.0.0
[INFO] [stderr]    Compiling webpki v0.22.4
[INFO] [stderr]    Compiling sct v0.7.1
[INFO] [stderr]    Compiling rcgen v0.12.1
[INFO] [stderr]    Compiling tinyvec v1.9.0
[INFO] [stderr]    Compiling prost v0.12.6
[INFO] [stderr]    Compiling der-parser v9.0.0
[INFO] [stderr]    Compiling icu_provider v2.0.0
[INFO] [stderr]    Compiling zbus_macros v3.15.2
[INFO] [stderr]    Compiling jpeg-decoder v0.3.2
[INFO] [stderr]    Compiling derivative v2.2.0
[INFO] [stderr]    Compiling serde_repr v0.1.20
[INFO] [stderr]    Compiling async-recursion v1.1.1
[INFO] [stderr]    Compiling serdect v0.2.0
[INFO] [stderr]    Compiling serde_bytes v0.11.17
[INFO] [stderr]    Compiling bincode v1.3.3
[INFO] [stderr]    Compiling uuid v1.17.0
[INFO] [stderr]    Compiling x509-parser v0.16.0
[INFO] [stderr]    Compiling enumflags2 v0.7.12
[INFO] [stderr]    Compiling zvariant v3.15.2
[INFO] [stderr]    Compiling sec1 v0.7.3
[INFO] [stderr]    Compiling nix v0.26.4
[INFO] [stderr]    Compiling icu_properties v2.0.1
[INFO] [stderr]    Compiling elliptic-curve v0.13.8
[INFO] [stderr]    Compiling icu_normalizer v2.0.0
[INFO] [stderr]    Compiling async-executor v1.13.2
[INFO] [stderr]    Compiling primeorder v0.13.6
[INFO] [stderr]    Compiling ecdsa v0.16.9
[INFO] [stderr]    Compiling quinn v0.11.8
[INFO] [stderr]    Compiling num-rational v0.4.2
[INFO] [stderr]    Compiling xdg-home v1.3.0
[INFO] [stderr]    Compiling async-broadcast v0.5.1
[INFO] [stderr]    Compiling p256 v0.13.2
[INFO] [stderr]    Compiling num-iter v0.1.45
[INFO] [stderr]    Compiling num-complex v0.4.6
[INFO] [stderr]    Compiling zune-inflate v0.2.54
[INFO] [stderr]    Compiling fdeflate v0.3.7
[INFO] [stderr]    Compiling rustls-pemfile v1.0.4
[INFO] [stderr]    Compiling zbus_names v2.6.1
[INFO] [stderr]    Compiling half v2.6.0
[INFO] [stderr]    Compiling ordered-stream v0.2.0
[INFO] [stderr]    Compiling rustix v1.0.7
[INFO] [stderr]    Compiling lebe v0.5.2
[INFO] [stderr]    Compiling color_quant v1.1.0
[INFO] [stderr]    Compiling runar_common v0.1.0
[INFO] [stderr]    Compiling is_terminal_polyfill v1.70.1
[INFO] [stderr]    Compiling utf-8 v0.7.6
[INFO] [stderr]    Compiling lru-slab v0.1.2
[INFO] [stderr]    Compiling rustc-hash v2.1.1
[INFO] [stderr]    Compiling anstyle v1.0.11
[INFO] [stderr]    Compiling base64 v0.13.1
[INFO] [stderr]    Compiling anstyle-query v1.1.3
[INFO] [stderr]    Compiling idna_adapter v1.2.1
[INFO] [stderr]    Compiling bit_field v0.10.2
[INFO] [stderr]    Compiling gif v0.13.3
[INFO] [stderr]    Compiling tokio-rustls v0.23.4
[INFO] [stderr]    Compiling idna v1.0.3
[INFO] [stderr]    Compiling exr v1.73.0
[INFO] [stderr]    Compiling num v0.4.3
[INFO] [stderr]    Compiling png v0.17.16
[INFO] [stderr]    Compiling rustls-native-certs v0.6.3
[INFO] [stderr]    Compiling tiff v0.9.1
[INFO] [stderr]    Compiling futures-executor v0.3.31
[INFO] [stderr]    Compiling anstream v0.6.19
[INFO] [stderr]    Compiling zbus v3.15.2
[INFO] [stderr]    Compiling cbc v0.1.2
[INFO] [stderr]    Compiling qoi v0.4.1
[INFO] [stderr]    Compiling clap_lex v0.7.5
[INFO] [stderr]    Compiling linux-raw-sys v0.9.4
[INFO] [stderr]    Compiling clap_builder v4.5.40
[INFO] [stderr]    Compiling clap_derive v4.5.40
[INFO] [stderr]    Compiling url v2.5.4
[INFO] [stderr]    Compiling dirs-sys v0.4.1
[INFO] [stderr]    Compiling futures v0.3.31
[INFO] [stderr]    Compiling tokio-stream v0.1.17
[INFO] [stderr]    Compiling rcgen v0.11.3
[INFO] [stderr]    Compiling linux-keyutils v0.2.4
[INFO] [stderr]    Compiling webpki-roots v0.25.4
[INFO] [stderr]    Compiling dirs v5.0.1
[INFO] [stderr]    Compiling tokio-util v0.7.15
[INFO] [stderr]    Compiling tungstenite v0.18.0
[INFO] [stderr]    Compiling tokio-tungstenite v0.18.0
[INFO] [stderr]    Compiling tempfile v3.20.0
[INFO] [stderr]    Compiling clap v4.5.40
[INFO] [stderr]    Compiling image v0.24.9
[INFO] [stderr]    Compiling secret-service v3.1.0
[INFO] [stderr]    Compiling keyring v2.3.3
[INFO] [stderr]    Compiling qrcode v0.13.0
[INFO] [stderr]    Compiling rustls-webpki v0.103.3
[INFO] [stderr]    Compiling rustls-platform-verifier v0.5.3
[INFO] [stderr]    Compiling quinn-proto v0.11.12
[INFO] [stderr]    Compiling runar-keys v0.1.0
[INFO] [stderr]    Compiling runar-serializer v0.1.0
[INFO] [stderr]    Compiling runar-schemas v0.1.0
[INFO] [stderr]    Compiling runar_macros_common v0.1.0
[INFO] [stderr]    Compiling runar_node v0.1.0
[INFO] [stderr]    Compiling runar_cli v0.1.0 (/opt/rustwide/workdir)
[INFO] [stderr]     Finished `dev` profile [unoptimized + debuginfo] target(s) in 4m 49s
[INFO] running `Command { std: "docker" "inspect" "660035f33b52cd9af1ab5a7aa44b4bea4e5b20e6b4ffb5891476cafe4e064392", kill_on_drop: false }`
[INFO] running `Command { std: "docker" "exec" "-e" "SOURCE_DIR=/opt/rustwide/workdir" "-e" "CARGO_HOME=/opt/rustwide/cargo-home" "-e" "RUSTUP_HOME=/opt/rustwide/rustup-home" "-e" "CARGO_TARGET_DIR=/opt/rustwide/target" "-e" "CARGO_INCREMENTAL=0" "-e" "RUST_BACKTRACE=full" "-e" "RUSTFLAGS=--cap-lints=warn" "-e" "RUSTDOCFLAGS=--cap-lints=warn" "-w" "/opt/rustwide/workdir" "--user" "0:0" "660035f33b52cd9af1ab5a7aa44b4bea4e5b20e6b4ffb5891476cafe4e064392" "/opt/rustwide/cargo-home/bin/cargo" "+1.99.0-beta.8" "test" "--frozen" "--no-run" "--message-format=json", kill_on_drop: false }`
[INFO] [stderr]    Compiling tokio v1.46.0
[INFO] [stderr]    Compiling async-stream-impl v0.3.6
[INFO] [stderr]    Compiling async-stream v0.3.6
[INFO] [stderr]    Compiling runar_common v0.1.0
[INFO] [stderr]    Compiling tokio-rustls v0.23.4
[INFO] [stderr]    Compiling tokio-stream v0.1.17
[INFO] [stderr]    Compiling quinn v0.11.8
[INFO] [stderr]    Compiling tokio-util v0.7.15
[INFO] [stderr]    Compiling tokio-tungstenite v0.18.0
[INFO] [stderr]    Compiling runar-keys v0.1.0
[INFO] [stderr]    Compiling tokio-test v0.4.4
[INFO] [stderr]    Compiling runar-serializer v0.1.0
[INFO] [stderr]    Compiling runar_macros_common v0.1.0
[INFO] [stderr]    Compiling runar-schemas v0.1.0
[INFO] [stderr]    Compiling runar_node v0.1.0
[INFO] [stderr]    Compiling runar_cli v0.1.0 (/opt/rustwide/workdir)
[INFO] [stdout] error: linking with `cc` failed: exit status: 1
[INFO] [stdout]   |
[INFO] [stdout]   = note:  "cc" "-m64" "/opt/rustwide/target/debug/deps/rustcRaug1c/symbols.o" "<3 object files omitted>" "-Wl,--as-needed" "-Wl,-Bstatic" "<sysroot>/lib/rustlib/x86_64-unknown-linux-gnu/lib/{libtest-*,libgetopts-*,librustc_std_workspace_std-*}.rlib" "/opt/rustwide/target/debug/deps/{libtempfile-625e00dec9eba64a,librustix-d1cab7b942a5384c,liblinux_raw_sys-d28fdc10158f862f,librunar_cli-54300c1b13cb7137,libqrcode-f82e751c58891a8e,libimage-93403728a0994579,libqoi-e7bfaa54e1c4aeb1,libpng-2473054c7fc2b148,libfdeflate-e2756c6137ef3746,libexr-5aa9242f4b91d896,libzune_inflate-a476fed04bff8e64,libbit_field-fb70c6f816573082,liblebe-5694b67511a9813c,libhalf-d4041cd548faf5b2,libgif-461ed2a338847e47,libcolor_quant-72accfe2cafd1a2d,libtiff-07b2bb319248470d,libflate2-07f93b3d93bd3ff2,libminiz_oxide-2af00ad8f8c499c1,libsimd_adler32-a85d6c6326d2f661,libcrc32fast-1ea660b38ef13a93,libweezl-8839e92a31bc764d,libjpeg_decoder-cfb98c5b6a549d9a,librayon-2148c4a842d00977,librayon_core-2d1ac166307a4b93,libcrossbeam_deque-e71c6317821167fb,libcrossbeam_epoch-5fdcd5978a9f0010,libeither-40b894c145b6eae5,librunar_node-a4e8c2998bf41d51,libbincode-ec77151f7416ba8f,libenv_logger-ec6c8710376dee8a,libtermcolor-cbafc8825e041b3d,libis_terminal-7cd1c701c5df830d,libhumantime-460ba1301d12ab86,libregex-ffbea7b7d82bb9d3,libregex_automata-1dfae2084dd3e864,libaho_corasick-bbfbf5115799d522,libregex_syntax-fb6833b4227b2d03,libquinn-efc01df53fa0b514,libquinn_udp-80d14ac862ad9494,libquinn_proto-535163fb283e0436,librustls_platform_verifier-b77b1f33da5f53cc,librustls_native_certs-9a0384a0bd7f0838,libopenssl_probe-2c6d21a9709cae46,liblru_slab-3437f7a29fa5ef09,libfastbloom-51e43a2e963aba8a,libwide-f6f50f950f971dce,libsafe_arch-e42db006075b0234,libbytemuck-ae4bed7ab9da7d7a,libsiphasher-03bcd832dc490f0a,libtinyvec-5c4dad597805d566,libtinyvec_macros-7b77ea21c73594ca,libthiserror-471e89b4c9547c9b,librustc_hash-ca4219e344ea5da0,librustls-e9c9fad34581526b,libwebpki-23a70dc6caab9efe,libaws_lc_rs-a0ddf3021a4fe026,libaws_lc_sys-a5bed0b04ded5174,librand-0f52973de9be77b7,librand_chacha-34561f7a6917ad68,librand_core-b5819be76cbb38c8,librunar_schemas-c7b8a691ea716fc4,librunar_serializer-a08fc7f77dfe8ed5,libserde_cbor-74a9d8304f16b4bc,libhalf-86c70b8d654c79a1,libdashmap-85db93745ad6b3b6,libhashbrown-d952ad0946629507,libserde_json-e4ba22f41f2db235,libryu-a7164637bc4900ee,libtokio_stream-3d662367f5c708d7,libtokio-e9595f581bc7f527,libsignal_hook_registry-88b58ec84de64f5f,libsocket2-0900be2604632d9f,libbytes-82ad4f0211bdc963,libmio-1b0c8437840f2882,libparking_lot-53b76a63de76f753,libparking_lot_core-6ba63462988249e2,libsmallvec-3281308869c19c4b,liblock_api-2e9dabb47f2eef10,libscopeguard-7ec2214574194454,libkeyring-46449992bc86e8ee,libsecret_service-dc9d54b59df178e3,libcbc-0cbb833e9300d6d0,libnum-64c6039e68189c4d,libnum_iter-dafa5428079a43a4,libnum_rational-7784b166757d00b2,libnum_complex-c533bd18104d369c,libzbus-564350a1aa23d720,libasync_fs-7f7e75772c96089a,libblocking-a6660be3cb86fa37,libpiper-072aceab5ebe6015,libatomic_waker-06950c8c08d2b8fa,libasync_channel-dc9fbb6dd3147e87,libevent_listener_strategy-91972a175af0a2f5,libevent_listener-2741aad837594321,libhex-13e08b3b00984ab7,libasync_executor-7ea39e5ac6ef13ea,libfastrand-751bcde24b8aa073,libfutures_lite-be6856b51abaa68a,libasync_task-05c57d1f836b6944,libordered_stream-4b1f03c59fdb220b,libasync_broadcast-c0b0af8a4ea5bd6b,libxdg_home-28c4c9f4e88f22cd,libsha1-0063a71b8c12fcad,libtracing-5fccbcc3cc508aeb,libtracing_core-05e1b75a06fc0004,libfutures_util-b941b2fdc7301028,libfutures_channel-385dce17299156c1,libfutures_sink-ae1eb2d060de53a2,libfutures_task-e09ab7898221cb97,libpin_utils-3860774ad9b215b5,libnix-aff02f6f1560ad3e,libmemoffset-0ebfc19fc9e64523,libasync_io-25d13e420cdcfd20,librustix-3d3450401a7b01d3,libio_lifetimes-0197125075c70489,libbitflags-dde12b0d7d495b50,liblinux_raw_sys-32d7cbad796aca1a,libslab-06cf58f8e93304ed,libpolling-e687c9e8536f9160,libconcurrent_queue-ef28dc46dee383fe,libcrossbeam_utils-f696a08ab1e94e7a,libasync_lock-e3c33d40b4376387,libevent_listener-0282a877755a83ef,libsocket2-5d67075234e4b9ad,libfutures_lite-768fc1845a42eead,libfastrand-273731efb4a6b13e,libfutures_io-6a4719510b0746bc,libfutures_core-3b920243fce8fec0,libwaker_fn-9e7b89ace1562e3c,libparking-a9ae72c6c16ee980,libpin_project_lite-72bf04572caa1c84,libzbus_names-da83609a3b8b1d66,libzvariant-18e8b764d46cebfa,libenumflags2-a8dc21374ad8e2c7,libbyteorder-8f59b6d1bfdaa844,libstatic_assertions-f0217ecdd817a834,liblinux_keyutils-c3952743d96089a0,libbase64-13144a1f1e192158,librunar_macros_common-05c81c4f9b1374e0,librunar_keys-9d973fed7ba9c7c5,libaes_gcm-67daaf38c2ac7d6e,libctr-afe0607a9d72f319,libghash-65c9fe9a1efcdf20,libpolyval-b75d8184d8521981,libopaque_debug-90e66d859d53ff28,libuniversal_hash-61d6adc71155a8eb,libaes-e239e2d3754a4d07,libcipher-ff6a2f245d9b86c3,libinout-42ecdf508c41286f,libblock_padding-3de09d925b1224c0,libaead-471f006a59a04d39,librand-88c1251f5894e0f4,librand_chacha-596edccff70a7cda,libppv_lite86-8e0e0ee375812b97,libzerocopy-57f1b6f6b592ba8f,libp256-a6fce7416d8b08e6,libecdsa-351cc4dfe3c8f84e,librfc6979-21702b57021916ef,libsignature-9538d6c798c0b1a0,libprimeorder-782d8bad8de36dbc,libelliptic_curve-b9f165521988dd98,libsec1-1c7c9af7d6714135,libpkcs8-db571ccd805b8592,libspki-c5e0f83e15572a1c,libder-e5720012d4e16058,libpem_rfc7468-66ec325bc1acd34a,libbase64ct-6b4c7cf7de85df6c,libhkdf-b0d20112b2ca9ee7,libhmac-a49e0cba470c4892,libcrypto_bigint-9eb5cf06f06c01da,libserdect-3f47fbeb07a24913,libbase16ct-c4cc4b0550013254,libgroup-dff111eae18df5e2,libff-460fcfdb79ce362a,libopenssl-b2dfb0b6602f68d9,libonce_cell-e9252a7b5119f3eb,libbitflags-ff7cd226995c6b8d,libforeign_types-4fe1886d5d9265b9,libforeign_types_shared-47b443a4583fd949,libopenssl_sys-1498a78532ea74f7,libx509_parser-a69570966ed93b2c,liblazy_static-3674be3f4245d19b,liboid_registry-d577c466786d3f2b,libder_parser-10f43ffdd637ea99,libnum_bigint-914061b6a0c2b743,libnum_integer-e1dae9bde9b8ffd5,libasn1_rs-bcf2bd376e1f17c3,librusticata_macros-4d2566704fbda61b,libnom-70b686f435b66c60,libmemchr-eb753e192a6bbd2d,libnum_traits-61451ab850bd490d,librustls_pki_types-23d65a0c440d13dc,librcgen-0f0d0dd737b27821,libring-1beed706cb275651,libuntrusted-b2f816886faf2178,libyasna-5ab0932309626465,libtime-620311eacf68bda7,libitoa-ef40fa516293a9d3,libtime_core-ebad1aa9d4f81543,libnum_conv-d3297905cfb69f59,libderanged-d7d77992636cfc06,libpowerfmt-f6019a2766e431f7,libpem-31683acddbfefc51,libbase64-faebe21c393c2ed7,librunar_common-5fb85f9563e14b11,libsha2-74cf82bc871de3ef,libcpufeatures-e04321643d03190d,libdigest-e7ee74f259334c1b,libsubtle-cdc2b7d5fab71c70,libconst_oid-2aadc73a32842898,libblock_buffer-ad580184420ca29f,libcrypto_common-d7cb0f2beeb42bdc,libgeneric_array-202d2ded3a8407cf,libtypenum-2411508f27232473,libzeroize-9d781f334751eb0e,librand_core-e54d7930b6109ec2,libgetrandom-312ab218d47a9ace,libdata_encoding-506ef4e476430498,liblog-d6f7bb1298e9acd0,libthiserror-7c7e073b619032ca,libuuid-1ae30d6b7c6c63fa,libgetrandom-fedda767377de0ac,liblibc-8effa9a3cdcc5c1b,libcfg_if-3a213765134f0c85,libserde-05abdcbe26b432b6,libanyhow-5c5020a1011a8ef6}.rlib" "<sysroot>/lib/rustlib/x86_64-unknown-linux-gnu/lib/{libstd-*,libpanic_unwind-*,libobject-*,libmemchr-*,libaddr2line-*,libgimli-*,libcfg_if-*,librustc_demangle-*,libstd_detect-*,libhashbrown-*,librustc_std_workspace_alloc-*,libminiz_oxide-*,libadler2-*,libunwind-*,liblibc-*,librustc_std_workspace_core-*,liballoc-*,libcore-*,libcompiler_builtins-*}.rlib" "-Wl,-Bdynamic" "-lgcc_s" "-lutil" "-lrt" "-lpthread" "-lm" "-ldl" "-lc" "-L" "/opt/rustwide/target/debug/deps/rustcRaug1c/raw-dylibs" "-B<sysroot>/lib/rustlib/x86_64-unknown-linux-gnu/bin/gcc-ld" "-fuse-ld=lld" "-Wl,--eh-frame-hdr" "-Wl,-z,noexecstack" "-L" "/opt/rustwide/target/debug/build/openssl-sys-addfa48b9f8ea877/out/openssl-build/install/lib" "-L" "/opt/rustwide/target/debug/build/ring-574bd213c721960f/out" "-L" "/opt/rustwide/target/debug/build/aws-lc-sys-3ccbb4d720582138/out" "-L" "/opt/rustwide/target/debug/build/ring-a654bb845e7dd065/out" "-L" "<sysroot>/lib/rustlib/x86_64-unknown-linux-gnu/lib" "-o" "/opt/rustwide/target/debug/deps/simple_init_test-e4f5db50a8ea9a44" "-Wl,--gc-sections" "-pie" "-Wl,-z,relro,-z,now" "-nodefaultlibs"
[INFO] [stdout]   = note: some arguments are omitted. use `--verbose` to show all linker arguments
[INFO] [stdout]   = note: collect2: fatal error: ld terminated with signal 9 [Killed]
[INFO] [stdout]           compilation terminated.
[INFO] [stdout]           
[INFO] [stdout] 
[INFO] [stdout] 
[INFO] [stderr] error: could not compile `runar_cli` (test "simple_init_test") due to 1 previous error
[INFO] [stderr] warning: build failed, waiting for other jobs to finish...
[INFO] [stdout] error: linking with `cc` failed: exit status: 1
[INFO] [stdout]   |
[INFO] [stdout]   = note:  "cc" "-m64" "/opt/rustwide/target/debug/deps/rustc0E72Ze/symbols.o" "<9 object files omitted>" "-Wl,--as-needed" "-Wl,-Bstatic" "<sysroot>/lib/rustlib/x86_64-unknown-linux-gnu/lib/{libtest-*,libgetopts-*,librustc_std_workspace_std-*}.rlib" "/opt/rustwide/target/debug/deps/{libtempfile-625e00dec9eba64a,librustix-d1cab7b942a5384c,liblinux_raw_sys-d28fdc10158f862f,librunar_cli-54300c1b13cb7137,libqrcode-f82e751c58891a8e,libimage-93403728a0994579,libqoi-e7bfaa54e1c4aeb1,libpng-2473054c7fc2b148,libfdeflate-e2756c6137ef3746,libexr-5aa9242f4b91d896,libzune_inflate-a476fed04bff8e64,libbit_field-fb70c6f816573082,liblebe-5694b67511a9813c,libhalf-d4041cd548faf5b2,libgif-461ed2a338847e47,libcolor_quant-72accfe2cafd1a2d,libtiff-07b2bb319248470d,libflate2-07f93b3d93bd3ff2,libminiz_oxide-2af00ad8f8c499c1,libsimd_adler32-a85d6c6326d2f661,libcrc32fast-1ea660b38ef13a93,libweezl-8839e92a31bc764d,libjpeg_decoder-cfb98c5b6a549d9a,librayon-2148c4a842d00977,librayon_core-2d1ac166307a4b93,libcrossbeam_deque-e71c6317821167fb,libcrossbeam_epoch-5fdcd5978a9f0010,libeither-40b894c145b6eae5,librunar_node-a4e8c2998bf41d51,libbincode-ec77151f7416ba8f,libenv_logger-ec6c8710376dee8a,libtermcolor-cbafc8825e041b3d,libis_terminal-7cd1c701c5df830d,libhumantime-460ba1301d12ab86,libregex-ffbea7b7d82bb9d3,libregex_automata-1dfae2084dd3e864,libaho_corasick-bbfbf5115799d522,libregex_syntax-fb6833b4227b2d03,libquinn-efc01df53fa0b514,libquinn_udp-80d14ac862ad9494,libquinn_proto-535163fb283e0436,librustls_platform_verifier-b77b1f33da5f53cc,librustls_native_certs-9a0384a0bd7f0838,libopenssl_probe-2c6d21a9709cae46,liblru_slab-3437f7a29fa5ef09,libfastbloom-51e43a2e963aba8a,libwide-f6f50f950f971dce,libsafe_arch-e42db006075b0234,libbytemuck-ae4bed7ab9da7d7a,libsiphasher-03bcd832dc490f0a,libtinyvec-5c4dad597805d566,libtinyvec_macros-7b77ea21c73594ca,libthiserror-471e89b4c9547c9b,librustc_hash-ca4219e344ea5da0,librustls-e9c9fad34581526b,libwebpki-23a70dc6caab9efe,libaws_lc_rs-a0ddf3021a4fe026,libaws_lc_sys-a5bed0b04ded5174,librand-0f52973de9be77b7,librand_chacha-34561f7a6917ad68,librand_core-b5819be76cbb38c8,librunar_schemas-c7b8a691ea716fc4,librunar_serializer-a08fc7f77dfe8ed5,libserde_cbor-74a9d8304f16b4bc,libhalf-86c70b8d654c79a1,libdashmap-85db93745ad6b3b6,libhashbrown-d952ad0946629507,libserde_json-e4ba22f41f2db235,libryu-a7164637bc4900ee,libtokio_stream-3d662367f5c708d7,libtokio-e9595f581bc7f527,libsignal_hook_registry-88b58ec84de64f5f,libsocket2-0900be2604632d9f,libbytes-82ad4f0211bdc963,libmio-1b0c8437840f2882,libparking_lot-53b76a63de76f753,libparking_lot_core-6ba63462988249e2,libsmallvec-3281308869c19c4b,liblock_api-2e9dabb47f2eef10,libscopeguard-7ec2214574194454,libkeyring-46449992bc86e8ee,libsecret_service-dc9d54b59df178e3,libcbc-0cbb833e9300d6d0,libnum-64c6039e68189c4d,libnum_iter-dafa5428079a43a4,libnum_rational-7784b166757d00b2,libnum_complex-c533bd18104d369c,libzbus-564350a1aa23d720,libasync_fs-7f7e75772c96089a,libblocking-a6660be3cb86fa37,libpiper-072aceab5ebe6015,libatomic_waker-06950c8c08d2b8fa,libasync_channel-dc9fbb6dd3147e87,libevent_listener_strategy-91972a175af0a2f5,libevent_listener-2741aad837594321,libhex-13e08b3b00984ab7,libasync_executor-7ea39e5ac6ef13ea,libfastrand-751bcde24b8aa073,libfutures_lite-be6856b51abaa68a,libasync_task-05c57d1f836b6944,libordered_stream-4b1f03c59fdb220b,libasync_broadcast-c0b0af8a4ea5bd6b,libxdg_home-28c4c9f4e88f22cd,libsha1-0063a71b8c12fcad,libtracing-5fccbcc3cc508aeb,libtracing_core-05e1b75a06fc0004,libfutures_util-b941b2fdc7301028,libfutures_channel-385dce17299156c1,libfutures_sink-ae1eb2d060de53a2,libfutures_task-e09ab7898221cb97,libpin_utils-3860774ad9b215b5,libnix-aff02f6f1560ad3e,libmemoffset-0ebfc19fc9e64523,libasync_io-25d13e420cdcfd20,librustix-3d3450401a7b01d3,libio_lifetimes-0197125075c70489,libbitflags-dde12b0d7d495b50,liblinux_raw_sys-32d7cbad796aca1a,libslab-06cf58f8e93304ed,libpolling-e687c9e8536f9160,libconcurrent_queue-ef28dc46dee383fe,libcrossbeam_utils-f696a08ab1e94e7a,libasync_lock-e3c33d40b4376387,libevent_listener-0282a877755a83ef,libsocket2-5d67075234e4b9ad,libfutures_lite-768fc1845a42eead,libfastrand-273731efb4a6b13e,libfutures_io-6a4719510b0746bc,libfutures_core-3b920243fce8fec0,libwaker_fn-9e7b89ace1562e3c,libparking-a9ae72c6c16ee980,libpin_project_lite-72bf04572caa1c84,libzbus_names-da83609a3b8b1d66,libzvariant-18e8b764d46cebfa,libenumflags2-a8dc21374ad8e2c7,libbyteorder-8f59b6d1bfdaa844,libstatic_assertions-f0217ecdd817a834,liblinux_keyutils-c3952743d96089a0,libbase64-13144a1f1e192158,librunar_macros_common-05c81c4f9b1374e0,librunar_keys-9d973fed7ba9c7c5,libaes_gcm-67daaf38c2ac7d6e,libctr-afe0607a9d72f319,libghash-65c9fe9a1efcdf20,libpolyval-b75d8184d8521981,libopaque_debug-90e66d859d53ff28,libuniversal_hash-61d6adc71155a8eb,libaes-e239e2d3754a4d07,libcipher-ff6a2f245d9b86c3,libinout-42ecdf508c41286f,libblock_padding-3de09d925b1224c0,libaead-471f006a59a04d39,librand-88c1251f5894e0f4,librand_chacha-596edccff70a7cda,libppv_lite86-8e0e0ee375812b97,libzerocopy-57f1b6f6b592ba8f,libp256-a6fce7416d8b08e6,libecdsa-351cc4dfe3c8f84e,librfc6979-21702b57021916ef,libsignature-9538d6c798c0b1a0,libprimeorder-782d8bad8de36dbc,libelliptic_curve-b9f165521988dd98,libsec1-1c7c9af7d6714135,libpkcs8-db571ccd805b8592,libspki-c5e0f83e15572a1c,libder-e5720012d4e16058,libpem_rfc7468-66ec325bc1acd34a,libbase64ct-6b4c7cf7de85df6c,libhkdf-b0d20112b2ca9ee7,libhmac-a49e0cba470c4892,libcrypto_bigint-9eb5cf06f06c01da,libserdect-3f47fbeb07a24913,libbase16ct-c4cc4b0550013254,libgroup-dff111eae18df5e2,libff-460fcfdb79ce362a,libopenssl-b2dfb0b6602f68d9,libonce_cell-e9252a7b5119f3eb,libbitflags-ff7cd226995c6b8d,libforeign_types-4fe1886d5d9265b9,libforeign_types_shared-47b443a4583fd949,libopenssl_sys-1498a78532ea74f7,libx509_parser-a69570966ed93b2c,liblazy_static-3674be3f4245d19b,liboid_registry-d577c466786d3f2b,libder_parser-10f43ffdd637ea99,libnum_bigint-914061b6a0c2b743,libnum_integer-e1dae9bde9b8ffd5,libasn1_rs-bcf2bd376e1f17c3,librusticata_macros-4d2566704fbda61b,libnom-70b686f435b66c60,libmemchr-eb753e192a6bbd2d,libnum_traits-61451ab850bd490d,librustls_pki_types-23d65a0c440d13dc,librcgen-0f0d0dd737b27821,libring-1beed706cb275651,libuntrusted-b2f816886faf2178,libyasna-5ab0932309626465,libtime-620311eacf68bda7,libitoa-ef40fa516293a9d3,libtime_core-ebad1aa9d4f81543,libnum_conv-d3297905cfb69f59,libderanged-d7d77992636cfc06,libpowerfmt-f6019a2766e431f7,libpem-31683acddbfefc51,libbase64-faebe21c393c2ed7,librunar_common-5fb85f9563e14b11,libsha2-74cf82bc871de3ef,libcpufeatures-e04321643d03190d,libdigest-e7ee74f259334c1b,libsubtle-cdc2b7d5fab71c70,libconst_oid-2aadc73a32842898,libblock_buffer-ad580184420ca29f,libcrypto_common-d7cb0f2beeb42bdc,libgeneric_array-202d2ded3a8407cf,libtypenum-2411508f27232473,libzeroize-9d781f334751eb0e,librand_core-e54d7930b6109ec2,libgetrandom-312ab218d47a9ace,libdata_encoding-506ef4e476430498,liblog-d6f7bb1298e9acd0,libthiserror-7c7e073b619032ca,libuuid-1ae30d6b7c6c63fa,libgetrandom-fedda767377de0ac,liblibc-8effa9a3cdcc5c1b,libcfg_if-3a213765134f0c85,libserde-05abdcbe26b432b6,libanyhow-5c5020a1011a8ef6}.rlib" "<sysroot>/lib/rustlib/x86_64-unknown-linux-gnu/lib/{libstd-*,libpanic_unwind-*,libobject-*,libmemchr-*,libaddr2line-*,libgimli-*,libcfg_if-*,librustc_demangle-*,libstd_detect-*,libhashbrown-*,librustc_std_workspace_alloc-*,libminiz_oxide-*,libadler2-*,libunwind-*,liblibc-*,librustc_std_workspace_core-*,liballoc-*,libcore-*,libcompiler_builtins-*}.rlib" "-Wl,-Bdynamic" "-lgcc_s" "-lutil" "-lrt" "-lpthread" "-lm" "-ldl" "-lc" "-L" "/opt/rustwide/target/debug/deps/rustc0E72Ze/raw-dylibs" "-B<sysroot>/lib/rustlib/x86_64-unknown-linux-gnu/bin/gcc-ld" "-fuse-ld=lld" "-Wl,--eh-frame-hdr" "-Wl,-z,noexecstack" "-L" "/opt/rustwide/target/debug/build/openssl-sys-addfa48b9f8ea877/out/openssl-build/install/lib" "-L" "/opt/rustwide/target/debug/build/ring-574bd213c721960f/out" "-L" "/opt/rustwide/target/debug/build/aws-lc-sys-3ccbb4d720582138/out" "-L" "/opt/rustwide/target/debug/build/ring-a654bb845e7dd065/out" "-L" "<sysroot>/lib/rustlib/x86_64-unknown-linux-gnu/lib" "-o" "/opt/rustwide/target/debug/deps/e2e_init_test-0258ed52be30cc26" "-Wl,--gc-sections" "-pie" "-Wl,-z,relro,-z,now" "-nodefaultlibs"
[INFO] [stdout]   = note: some arguments are omitted. use `--verbose` to show all linker arguments
[INFO] [stdout]   = note: collect2: fatal error: ld terminated with signal 9 [Killed]
[INFO] [stdout]           compilation terminated.
[INFO] [stdout]           
[INFO] [stdout] 
[INFO] [stdout] 
[INFO] [stdout] error: linking with `cc` failed: exit status: 1
[INFO] [stdout]   |
[INFO] [stdout]   = note:  "cc" "-m64" "/opt/rustwide/target/debug/deps/rustcyX8LwU/symbols.o" "<2 object files omitted>" "-Wl,--as-needed" "-Wl,-Bstatic" "<sysroot>/lib/rustlib/x86_64-unknown-linux-gnu/lib/{libtest-*,libgetopts-*,librustc_std_workspace_std-*}.rlib" "/opt/rustwide/target/debug/deps/{libtempfile-625e00dec9eba64a,librustix-d1cab7b942a5384c,liblinux_raw_sys-d28fdc10158f862f,librunar_cli-54300c1b13cb7137,libqrcode-f82e751c58891a8e,libimage-93403728a0994579,libqoi-e7bfaa54e1c4aeb1,libpng-2473054c7fc2b148,libfdeflate-e2756c6137ef3746,libexr-5aa9242f4b91d896,libzune_inflate-a476fed04bff8e64,libbit_field-fb70c6f816573082,liblebe-5694b67511a9813c,libhalf-d4041cd548faf5b2,libgif-461ed2a338847e47,libcolor_quant-72accfe2cafd1a2d,libtiff-07b2bb319248470d,libflate2-07f93b3d93bd3ff2,libminiz_oxide-2af00ad8f8c499c1,libsimd_adler32-a85d6c6326d2f661,libcrc32fast-1ea660b38ef13a93,libweezl-8839e92a31bc764d,libjpeg_decoder-cfb98c5b6a549d9a,librayon-2148c4a842d00977,librayon_core-2d1ac166307a4b93,libcrossbeam_deque-e71c6317821167fb,libcrossbeam_epoch-5fdcd5978a9f0010,libeither-40b894c145b6eae5,librunar_node-a4e8c2998bf41d51,libbincode-ec77151f7416ba8f,libenv_logger-ec6c8710376dee8a,libtermcolor-cbafc8825e041b3d,libis_terminal-7cd1c701c5df830d,libhumantime-460ba1301d12ab86,libregex-ffbea7b7d82bb9d3,libregex_automata-1dfae2084dd3e864,libaho_corasick-bbfbf5115799d522,libregex_syntax-fb6833b4227b2d03,libquinn-efc01df53fa0b514,libquinn_udp-80d14ac862ad9494,libquinn_proto-535163fb283e0436,librustls_platform_verifier-b77b1f33da5f53cc,librustls_native_certs-9a0384a0bd7f0838,libopenssl_probe-2c6d21a9709cae46,liblru_slab-3437f7a29fa5ef09,libfastbloom-51e43a2e963aba8a,libwide-f6f50f950f971dce,libsafe_arch-e42db006075b0234,libbytemuck-ae4bed7ab9da7d7a,libsiphasher-03bcd832dc490f0a,libtinyvec-5c4dad597805d566,libtinyvec_macros-7b77ea21c73594ca,libthiserror-471e89b4c9547c9b,librustc_hash-ca4219e344ea5da0,librustls-e9c9fad34581526b,libwebpki-23a70dc6caab9efe,libaws_lc_rs-a0ddf3021a4fe026,libaws_lc_sys-a5bed0b04ded5174,librand-0f52973de9be77b7,librand_chacha-34561f7a6917ad68,librand_core-b5819be76cbb38c8,librunar_schemas-c7b8a691ea716fc4,librunar_serializer-a08fc7f77dfe8ed5,libserde_cbor-74a9d8304f16b4bc,libhalf-86c70b8d654c79a1,libdashmap-85db93745ad6b3b6,libhashbrown-d952ad0946629507,libserde_json-e4ba22f41f2db235,libryu-a7164637bc4900ee,libtokio_stream-3d662367f5c708d7,libtokio-e9595f581bc7f527,libsignal_hook_registry-88b58ec84de64f5f,libsocket2-0900be2604632d9f,libbytes-82ad4f0211bdc963,libmio-1b0c8437840f2882,libparking_lot-53b76a63de76f753,libparking_lot_core-6ba63462988249e2,libsmallvec-3281308869c19c4b,liblock_api-2e9dabb47f2eef10,libscopeguard-7ec2214574194454,libkeyring-46449992bc86e8ee,libsecret_service-dc9d54b59df178e3,libcbc-0cbb833e9300d6d0,libnum-64c6039e68189c4d,libnum_iter-dafa5428079a43a4,libnum_rational-7784b166757d00b2,libnum_complex-c533bd18104d369c,libzbus-564350a1aa23d720,libasync_fs-7f7e75772c96089a,libblocking-a6660be3cb86fa37,libpiper-072aceab5ebe6015,libatomic_waker-06950c8c08d2b8fa,libasync_channel-dc9fbb6dd3147e87,libevent_listener_strategy-91972a175af0a2f5,libevent_listener-2741aad837594321,libhex-13e08b3b00984ab7,libasync_executor-7ea39e5ac6ef13ea,libfastrand-751bcde24b8aa073,libfutures_lite-be6856b51abaa68a,libasync_task-05c57d1f836b6944,libordered_stream-4b1f03c59fdb220b,libasync_broadcast-c0b0af8a4ea5bd6b,libxdg_home-28c4c9f4e88f22cd,libsha1-0063a71b8c12fcad,libtracing-5fccbcc3cc508aeb,libtracing_core-05e1b75a06fc0004,libfutures_util-b941b2fdc7301028,libfutures_channel-385dce17299156c1,libfutures_sink-ae1eb2d060de53a2,libfutures_task-e09ab7898221cb97,libpin_utils-3860774ad9b215b5,libnix-aff02f6f1560ad3e,libmemoffset-0ebfc19fc9e64523,libasync_io-25d13e420cdcfd20,librustix-3d3450401a7b01d3,libio_lifetimes-0197125075c70489,libbitflags-dde12b0d7d495b50,liblinux_raw_sys-32d7cbad796aca1a,libslab-06cf58f8e93304ed,libpolling-e687c9e8536f9160,libconcurrent_queue-ef28dc46dee383fe,libcrossbeam_utils-f696a08ab1e94e7a,libasync_lock-e3c33d40b4376387,libevent_listener-0282a877755a83ef,libsocket2-5d67075234e4b9ad,libfutures_lite-768fc1845a42eead,libfastrand-273731efb4a6b13e,libfutures_io-6a4719510b0746bc,libfutures_core-3b920243fce8fec0,libwaker_fn-9e7b89ace1562e3c,libparking-a9ae72c6c16ee980,libpin_project_lite-72bf04572caa1c84,libzbus_names-da83609a3b8b1d66,libzvariant-18e8b764d46cebfa,libenumflags2-a8dc21374ad8e2c7,libbyteorder-8f59b6d1bfdaa844,libstatic_assertions-f0217ecdd817a834,liblinux_keyutils-c3952743d96089a0,libbase64-13144a1f1e192158,librunar_macros_common-05c81c4f9b1374e0,librunar_keys-9d973fed7ba9c7c5,libaes_gcm-67daaf38c2ac7d6e,libctr-afe0607a9d72f319,libghash-65c9fe9a1efcdf20,libpolyval-b75d8184d8521981,libopaque_debug-90e66d859d53ff28,libuniversal_hash-61d6adc71155a8eb,libaes-e239e2d3754a4d07,libcipher-ff6a2f245d9b86c3,libinout-42ecdf508c41286f,libblock_padding-3de09d925b1224c0,libaead-471f006a59a04d39,librand-88c1251f5894e0f4,librand_chacha-596edccff70a7cda,libppv_lite86-8e0e0ee375812b97,libzerocopy-57f1b6f6b592ba8f,libp256-a6fce7416d8b08e6,libecdsa-351cc4dfe3c8f84e,librfc6979-21702b57021916ef,libsignature-9538d6c798c0b1a0,libprimeorder-782d8bad8de36dbc,libelliptic_curve-b9f165521988dd98,libsec1-1c7c9af7d6714135,libpkcs8-db571ccd805b8592,libspki-c5e0f83e15572a1c,libder-e5720012d4e16058,libpem_rfc7468-66ec325bc1acd34a,libbase64ct-6b4c7cf7de85df6c,libhkdf-b0d20112b2ca9ee7,libhmac-a49e0cba470c4892,libcrypto_bigint-9eb5cf06f06c01da,libserdect-3f47fbeb07a24913,libbase16ct-c4cc4b0550013254,libgroup-dff111eae18df5e2,libff-460fcfdb79ce362a,libopenssl-b2dfb0b6602f68d9,libonce_cell-e9252a7b5119f3eb,libbitflags-ff7cd226995c6b8d,libforeign_types-4fe1886d5d9265b9,libforeign_types_shared-47b443a4583fd949,libopenssl_sys-1498a78532ea74f7,libx509_parser-a69570966ed93b2c,liblazy_static-3674be3f4245d19b,liboid_registry-d577c466786d3f2b,libder_parser-10f43ffdd637ea99,libnum_bigint-914061b6a0c2b743,libnum_integer-e1dae9bde9b8ffd5,libasn1_rs-bcf2bd376e1f17c3,librusticata_macros-4d2566704fbda61b,libnom-70b686f435b66c60,libmemchr-eb753e192a6bbd2d,libnum_traits-61451ab850bd490d,librustls_pki_types-23d65a0c440d13dc,librcgen-0f0d0dd737b27821,libring-1beed706cb275651,libuntrusted-b2f816886faf2178,libyasna-5ab0932309626465,libtime-620311eacf68bda7,libitoa-ef40fa516293a9d3,libtime_core-ebad1aa9d4f81543,libnum_conv-d3297905cfb69f59,libderanged-d7d77992636cfc06,libpowerfmt-f6019a2766e431f7,libpem-31683acddbfefc51,libbase64-faebe21c393c2ed7,librunar_common-5fb85f9563e14b11,libsha2-74cf82bc871de3ef,libcpufeatures-e04321643d03190d,libdigest-e7ee74f259334c1b,libsubtle-cdc2b7d5fab71c70,libconst_oid-2aadc73a32842898,libblock_buffer-ad580184420ca29f,libcrypto_common-d7cb0f2beeb42bdc,libgeneric_array-202d2ded3a8407cf,libtypenum-2411508f27232473,libzeroize-9d781f334751eb0e,librand_core-e54d7930b6109ec2,libgetrandom-312ab218d47a9ace,libdata_encoding-506ef4e476430498,liblog-d6f7bb1298e9acd0,libthiserror-7c7e073b619032ca,libuuid-1ae30d6b7c6c63fa,libgetrandom-fedda767377de0ac,liblibc-8effa9a3cdcc5c1b,libcfg_if-3a213765134f0c85,libserde-05abdcbe26b432b6,libanyhow-5c5020a1011a8ef6}.rlib" "<sysroot>/lib/rustlib/x86_64-unknown-linux-gnu/lib/{libstd-*,libpanic_unwind-*,libobject-*,libmemchr-*,libaddr2line-*,libgimli-*,libcfg_if-*,librustc_demangle-*,libstd_detect-*,libhashbrown-*,librustc_std_workspace_alloc-*,libminiz_oxide-*,libadler2-*,libunwind-*,liblibc-*,librustc_std_workspace_core-*,liballoc-*,libcore-*,libcompiler_builtins-*}.rlib" "-Wl,-Bdynamic" "-lgcc_s" "-lutil" "-lrt" "-lpthread" "-lm" "-ldl" "-lc" "-L" "/opt/rustwide/target/debug/deps/rustcyX8LwU/raw-dylibs" "-B<sysroot>/lib/rustlib/x86_64-unknown-linux-gnu/bin/gcc-ld" "-fuse-ld=lld" "-Wl,--eh-frame-hdr" "-Wl,-z,noexecstack" "-L" "/opt/rustwide/target/debug/build/openssl-sys-addfa48b9f8ea877/out/openssl-build/install/lib" "-L" "/opt/rustwide/target/debug/build/ring-574bd213c721960f/out" "-L" "/opt/rustwide/target/debug/build/aws-lc-sys-3ccbb4d720582138/out" "-L" "/opt/rustwide/target/debug/build/ring-a654bb845e7dd065/out" "-L" "<sysroot>/lib/rustlib/x86_64-unknown-linux-gnu/lib" "-o" "/opt/rustwide/target/debug/deps/cli_test-442bc607436953b1" "-Wl,--gc-sections" "-pie" "-Wl,-z,relro,-z,now" "-nodefaultlibs"
[INFO] [stdout]   = note: some arguments are omitted. use `--verbose` to show all linker arguments
[INFO] [stdout]   = note: collect2: fatal error: ld terminated with signal 9 [Killed]
[INFO] [stdout]           compilation terminated.
[INFO] [stdout]           
[INFO] [stdout] 
[INFO] [stdout] 
[INFO] [stderr] error: could not compile `runar_cli` (test "e2e_init_test") due to 1 previous error
[INFO] [stderr] error: could not compile `runar_cli` (test "cli_test") due to 1 previous error
[INFO] running `Command { std: "docker" "inspect" "660035f33b52cd9af1ab5a7aa44b4bea4e5b20e6b4ffb5891476cafe4e064392", kill_on_drop: false }`
[INFO] running `Command { std: "docker" "rm" "-f" "660035f33b52cd9af1ab5a7aa44b4bea4e5b20e6b4ffb5891476cafe4e064392", kill_on_drop: false }`
[INFO] [stdout] 660035f33b52cd9af1ab5a7aa44b4bea4e5b20e6b4ffb5891476cafe4e064392
