[INFO] fetching crate rudzio 0.1.2...
[INFO] testing rudzio-0.1.2 against 1.99.0-beta.8 for beta-1.100-2
[INFO] extracting crate rudzio 0.1.2 into /workspace/builds/worker-1-tc1/source
[INFO] removed /workspace/builds/worker-1-tc1/source/.cargo/config.toml
[INFO] removed /workspace/builds/worker-1-tc1/source/rust-toolchain.toml
[INFO] started tweaking crates.io crate rudzio 0.1.2
[INFO] removed 0 missing examples
[INFO] removed 0 missing tests
[INFO] finished tweaking crates.io crate rudzio 0.1.2
[INFO] tweaked toml for crates.io crate rudzio 0.1.2 written to /workspace/builds/worker-1-tc1/source/Cargo.toml
[INFO] validating manifest of crates.io crate rudzio 0.1.2 on toolchain 1.99.0-beta.8
[INFO] running `Command { std: CARGO_HOME="/workspace/cargo-home" RUSTUP_HOME="/workspace/rustup-home" "/workspace/cargo-home/bin/cargo" "+1.99.0-beta.8" "metadata" "--manifest-path" "Cargo.toml" "--no-deps", kill_on_drop: false }`
[INFO] crate crates.io crate rudzio 0.1.2 already has a lockfile, it will not be regenerated
[INFO] running `Command { std: CARGO_HOME="/workspace/cargo-home" RUSTUP_HOME="/workspace/rustup-home" "/workspace/cargo-home/bin/cargo" "+1.99.0-beta.8" "fetch" "--manifest-path" "Cargo.toml", kill_on_drop: false }`
[INFO] [stderr]     Updating crates.io index
[INFO] [stderr]  Downloading crates ...
[INFO] [stderr]   Downloaded send_wrapper v0.6.0
[INFO] [stderr]   Downloaded rudzio-macro-internals v0.1.2
[INFO] [stderr]   Downloaded rudzio-macro v0.1.2
[INFO] [stderr]   Downloaded monoio-macros v0.1.0
[INFO] [stderr]   Downloaded linkme-impl v0.3.36
[INFO] [stderr]   Downloaded embassy-executor-macros v0.8.0
[INFO] [stderr]   Downloaded core_affinity v0.8.3
[INFO] [stderr]   Downloaded compio-log v0.1.0
[INFO] [stderr]   Downloaded io_uring_buf_ring v0.2.3
[INFO] [stderr]   Downloaded auto-const-array v0.2.2
[INFO] [stderr]   Downloaded embassy-executor-timer-queue v0.1.0
[INFO] [stderr]   Downloaded threadpool v1.8.1
[INFO] [stderr]   Downloaded thin-cell v0.1.2
[INFO] [stderr]   Downloaded compio-buf v0.8.1
[INFO] [stderr]   Downloaded linkme v0.3.36
[INFO] [stderr]   Downloaded synchrony v0.1.7
[INFO] [stderr]   Downloaded compio-runtime v0.11.0
[INFO] [stderr]   Downloaded memoffset v0.7.1
[INFO] [stderr]   Downloaded io-uring v0.6.4
[INFO] [stderr]   Downloaded cordyceps v0.3.4
[INFO] [stderr]   Downloaded value-bag v1.12.0
[INFO] [stderr]   Downloaded embassy-executor v0.10.0
[INFO] [stderr]   Downloaded monoio v0.2.4
[INFO] [stderr]   Downloaded compio-driver v0.11.4
[INFO] [stderr]   Downloaded io-uring v0.7.12
[INFO] [stderr]   Downloaded smol v2.0.2
[INFO] [stderr]   Downloaded nix v0.26.4
[INFO] running `Command { std: "docker" "create" "-v" "/var/lib/crater-agent-workspace/builds/worker-1-tc1/source:/opt/rustwide/workdir:ro,Z" "-v" "/var/lib/crater-agent-workspace/builds/worker-1-tc1/target:/opt/rustwide/target:rw,Z" "-v" "/var/lib/crater-agent-workspace/cargo-home:/opt/rustwide/cargo-home:ro,Z" "-v" "/var/lib/crater-agent-workspace/rustup-home:/opt/rustwide/rustup-home:ro,Z" "-m" "1610612736" "--network" "none" "ghcr.io/rust-lang/crates-build-env/linux@sha256:3111399a4047eeb3a02b7a90e478d715f38a8c6669b5c4b49d30a17385265909" "sleep" "infinity", kill_on_drop: false }`
[INFO] [stdout] 1d785a897cc34b1a6ec916cfd1094484dcc104f55c7df2b7cd37faa587bb2fef
[INFO] running `Command { std: "docker" "start" "1d785a897cc34b1a6ec916cfd1094484dcc104f55c7df2b7cd37faa587bb2fef", kill_on_drop: false }`
[INFO] running `Command { std: "docker" "inspect" "1d785a897cc34b1a6ec916cfd1094484dcc104f55c7df2b7cd37faa587bb2fef", kill_on_drop: false }`
[INFO] running `Command { std: "docker" "exec" "-e" "SOURCE_DIR=/opt/rustwide/workdir" "-e" "CARGO_HOME=/opt/rustwide/cargo-home" "-e" "RUSTUP_HOME=/opt/rustwide/rustup-home" "-e" "CARGO_TARGET_DIR=/opt/rustwide/target" "-w" "/opt/rustwide/workdir" "--user" "0:0" "1d785a897cc34b1a6ec916cfd1094484dcc104f55c7df2b7cd37faa587bb2fef" "/opt/rustwide/cargo-home/bin/cargo" "+1.99.0-beta.8" "metadata" "--no-deps" "--format-version=1", kill_on_drop: false }`
[INFO] running `Command { std: "docker" "inspect" "1d785a897cc34b1a6ec916cfd1094484dcc104f55c7df2b7cd37faa587bb2fef", kill_on_drop: false }`
[INFO] running `Command { std: "docker" "exec" "-e" "SOURCE_DIR=/opt/rustwide/workdir" "-e" "CARGO_HOME=/opt/rustwide/cargo-home" "-e" "RUSTUP_HOME=/opt/rustwide/rustup-home" "-e" "CARGO_TARGET_DIR=/opt/rustwide/target" "-e" "CARGO_INCREMENTAL=0" "-e" "RUST_BACKTRACE=full" "-e" "RUSTFLAGS=--cap-lints=warn" "-e" "RUSTDOCFLAGS=--cap-lints=warn" "-w" "/opt/rustwide/workdir" "--user" "0:0" "1d785a897cc34b1a6ec916cfd1094484dcc104f55c7df2b7cd37faa587bb2fef" "/opt/rustwide/cargo-home/bin/cargo" "+1.99.0-beta.8" "build" "--frozen" "--message-format=json", kill_on_drop: false }`
[INFO] [stderr]    Compiling proc-macro2 v1.0.106
[INFO] [stderr]    Compiling futures-core v0.3.32
[INFO] [stderr]    Compiling smallvec v1.15.1
[INFO] [stderr]    Compiling crossbeam-utils v0.8.21
[INFO] [stderr]    Compiling linkme-impl v0.3.36
[INFO] [stderr]    Compiling linkme v0.3.36
[INFO] [stderr]    Compiling errno v0.3.14
[INFO] [stderr]    Compiling futures-task v0.3.32
[INFO] [stderr]    Compiling futures-channel v0.3.32
[INFO] [stderr]    Compiling signal-hook v0.4.4
[INFO] [stderr]    Compiling signal-hook-registry v1.4.8
[INFO] [stderr]    Compiling tokio v1.52.3
[INFO] [stderr]    Compiling futures-sink v0.3.32
[INFO] [stderr]    Compiling bytes v1.11.1
[INFO] [stderr]    Compiling parking_lot_core v0.9.12
[INFO] [stderr]    Compiling parking_lot v0.12.5
[INFO] [stderr]    Compiling quote v1.0.45
[INFO] [stderr]    Compiling crossbeam-channel v0.5.15
[INFO] [stderr]    Compiling futures-intrusive v0.5.0
[INFO] [stderr]    Compiling syn v2.0.117
[INFO] [stderr]    Compiling rudzio-macro-internals v0.1.2
[INFO] [stderr]    Compiling futures-macro v0.3.32
[INFO] [stderr]    Compiling rudzio-macro v0.1.2
[INFO] [stderr]    Compiling futures-util v0.3.32
[INFO] [stderr]    Compiling tokio-util v0.7.18
[INFO] [stderr]    Compiling rudzio v0.1.2 (/opt/rustwide/workdir)
[INFO] [stderr]     Finished `dev` profile [unoptimized + debuginfo] target(s) in 21.43s
[INFO] running `Command { std: "docker" "inspect" "1d785a897cc34b1a6ec916cfd1094484dcc104f55c7df2b7cd37faa587bb2fef", kill_on_drop: false }`
[INFO] running `Command { std: "docker" "exec" "-e" "SOURCE_DIR=/opt/rustwide/workdir" "-e" "CARGO_HOME=/opt/rustwide/cargo-home" "-e" "RUSTUP_HOME=/opt/rustwide/rustup-home" "-e" "CARGO_TARGET_DIR=/opt/rustwide/target" "-e" "CARGO_INCREMENTAL=0" "-e" "RUST_BACKTRACE=full" "-e" "RUSTFLAGS=--cap-lints=warn" "-e" "RUSTDOCFLAGS=--cap-lints=warn" "-w" "/opt/rustwide/workdir" "--user" "0:0" "1d785a897cc34b1a6ec916cfd1094484dcc104f55c7df2b7cd37faa587bb2fef" "/opt/rustwide/cargo-home/bin/cargo" "+1.99.0-beta.8" "test" "--frozen" "--no-run" "--message-format=json", kill_on_drop: false }`
[INFO] [stderr]    Compiling rudzio v0.1.2 (/opt/rustwide/workdir)
[INFO] [stdout] error[E0432]: unresolved import `rudzio::common::context`
[INFO] [stdout]  --> examples/basic.rs:8:21
[INFO] [stdout]   |
[INFO] [stdout] 8 | use rudzio::common::context::{Suite, Test};
[INFO] [stdout]   |                     ^^^^^^^ could not find `context` in `common`
[INFO] [stdout]   |
[INFO] [stdout] note: found an item that was configured out
[INFO] [stdout]  --> src/common/mod.rs:4:9
[INFO] [stdout]   |
[INFO] [stdout] 3 | #[cfg(feature = "common")]
[INFO] [stdout]   |       ------------------ the item is gated behind the `common` feature
[INFO] [stdout] 4 | pub mod context;
[INFO] [stdout]   |         ^^^^^^^
[INFO] [stdout] 
[INFO] [stdout] 
[INFO] [stdout] error[E0432]: unresolved import `rudzio::runtime::tokio`
[INFO] [stdout]   --> examples/basic.rs:9:22
[INFO] [stdout]    |
[INFO] [stdout]  9 | use rudzio::runtime::tokio::Multithread;
[INFO] [stdout]    |                      ^^^^^ could not find `tokio` in `runtime`
[INFO] [stdout]    |
[INFO] [stdout] note: found an item that was configured out
[INFO] [stdout]   --> src/runtime/mod.rs:28:9
[INFO] [stdout]    |
[INFO] [stdout] 23 |   #[cfg(any(
[INFO] [stdout]    |  __________-
[INFO] [stdout] 24 | |     feature = "runtime-tokio-multi-thread",
[INFO] [stdout] 25 | |     feature = "runtime-tokio-current-thread",
[INFO] [stdout] 26 | |     feature = "runtime-tokio-local",
[INFO] [stdout] 27 | | ))]
[INFO] [stdout]    | |_- the item is gated here
[INFO] [stdout] 28 |   pub mod tokio;
[INFO] [stdout]    |           ^^^^^
[INFO] [stdout] 
[INFO] [stdout] 
[INFO] [stdout] warning: method call on a diverging inference variable
[INFO] [stdout]   --> examples/basic.rs:11:1
[INFO] [stdout]    |
[INFO] [stdout] 11 | / #[rudzio::suite([
[INFO] [stdout] 12 | |     (runtime = Multithread::new, suite = Suite, test = Test),
[INFO] [stdout] 13 | | ])]
[INFO] [stdout]    | |___^
[INFO] [stdout]    |
[INFO] [stdout]    = help: consider providing a type annotation
[INFO] [stdout]    = warning: this was previously accepted by the compiler but is being phased out; it will become a hard error in a future release!
[INFO] [stdout]    = note: for more information, see issue #156047 <https://github.com/rust-lang/rust/issues/156047>
[INFO] [stdout]    = note: `-F method-call-on-diverging-infer-var` implied by `-F future-incompatible`
[INFO] [stdout]    = note: the `method_call_on_diverging_infer_var` lint ignores `-D warnings`
[INFO] [stdout]    = note: this warning originates in the attribute macro `rudzio::suite` (in Nightly builds, run with -Z macro-backtrace for more info)
[INFO] [stdout] 
[INFO] [stdout] 
[INFO] [stdout] error[E0432]: unresolved import `rudzio::runtime::tokio`
[INFO] [stdout]   --> examples/custom_context.rs:15:22
[INFO] [stdout]    |
[INFO] [stdout] 15 | use rudzio::runtime::tokio::Multithread;
[INFO] [stdout]    |                      ^^^^^ could not find `tokio` in `runtime`
[INFO] [stdout]    |
[INFO] [stdout] note: found an item that was configured out
[INFO] [stdout]   --> src/runtime/mod.rs:28:9
[INFO] [stdout]    |
[INFO] [stdout] 23 |   #[cfg(any(
[INFO] [stdout]    |  __________-
[INFO] [stdout] 24 | |     feature = "runtime-tokio-multi-thread",
[INFO] [stdout] 25 | |     feature = "runtime-tokio-current-thread",
[INFO] [stdout] 26 | |     feature = "runtime-tokio-local",
[INFO] [stdout] 27 | | ))]
[INFO] [stdout]    | |_- the item is gated here
[INFO] [stdout] 28 |   pub mod tokio;
[INFO] [stdout]    |           ^^^^^
[INFO] [stdout] 
[INFO] [stdout] 
[INFO] [stdout] error[E0432]: unresolved import `rudzio::common::context`
[INFO] [stdout]   --> examples/benchmark.rs:29:21
[INFO] [stdout]    |
[INFO] [stdout] 29 | use rudzio::common::context::{Suite, Test};
[INFO] [stdout]    |                     ^^^^^^^ could not find `context` in `common`
[INFO] [stdout]    |
[INFO] [stdout] note: found an item that was configured out
[INFO] [stdout]   --> src/common/mod.rs:4:9
[INFO] [stdout]    |
[INFO] [stdout]  3 | #[cfg(feature = "common")]
[INFO] [stdout]    |       ------------------ the item is gated behind the `common` feature
[INFO] [stdout]  4 | pub mod context;
[INFO] [stdout]    |         ^^^^^^^
[INFO] [stdout] 
[INFO] [stdout] 
[INFO] [stdout] error[E0432]: unresolved import `rudzio::runtime::tokio`
[INFO] [stdout]   --> examples/benchmark.rs:30:22
[INFO] [stdout]    |
[INFO] [stdout] 30 | use rudzio::runtime::tokio::Multithread;
[INFO] [stdout]    |                      ^^^^^ could not find `tokio` in `runtime`
[INFO] [stdout]    |
[INFO] [stdout] note: found an item that was configured out
[INFO] [stdout]   --> src/runtime/mod.rs:28:9
[INFO] [stdout]    |
[INFO] [stdout] 23 |   #[cfg(any(
[INFO] [stdout]    |  __________-
[INFO] [stdout] 24 | |     feature = "runtime-tokio-multi-thread",
[INFO] [stdout] 25 | |     feature = "runtime-tokio-current-thread",
[INFO] [stdout] 26 | |     feature = "runtime-tokio-local",
[INFO] [stdout] 27 | | ))]
[INFO] [stdout]    | |_- the item is gated here
[INFO] [stdout] 28 |   pub mod tokio;
[INFO] [stdout]    |           ^^^^^
[INFO] [stdout] 
[INFO] [stdout] 
[INFO] [stdout] error[E0599]: no method named `teardown` found for type `!` in the current scope
[INFO] [stdout]   --> examples/basic.rs:11:1
[INFO] [stdout]    |
[INFO] [stdout] 11 |   #[rudzio::suite([
[INFO] [stdout]    |  _^
[INFO] [stdout] 12 | |     (runtime = Multithread::new, suite = Suite, test = Test),
[INFO] [stdout] 13 | | ])]
[INFO] [stdout]    | |___^ method not found in `!`
[INFO] [stdout]    |
[INFO] [stdout]    = note: this error originates in the attribute macro `rudzio::suite` (in Nightly builds, run with -Z macro-backtrace for more info)
[INFO] [stdout] 
[INFO] [stdout] 
[INFO] [stdout] error[E0432]: unresolved import `rudzio::common::context`
[INFO] [stdout]   --> examples/multi_runtime.rs:10:21
[INFO] [stdout]    |
[INFO] [stdout] 10 | use rudzio::common::context::{Suite, Test};
[INFO] [stdout]    |                     ^^^^^^^ could not find `context` in `common`
[INFO] [stdout]    |
[INFO] [stdout] note: found an item that was configured out
[INFO] [stdout]   --> src/common/mod.rs:4:9
[INFO] [stdout]    |
[INFO] [stdout]  3 | #[cfg(feature = "common")]
[INFO] [stdout]    |       ------------------ the item is gated behind the `common` feature
[INFO] [stdout]  4 | pub mod context;
[INFO] [stdout]    |         ^^^^^^^
[INFO] [stdout] 
[INFO] [stdout] 
[INFO] [stdout] error[E0432]: unresolved import `rudzio::runtime::compio`
[INFO] [stdout]   --> examples/multi_runtime.rs:11:5
[INFO] [stdout]    |
[INFO] [stdout] 11 | use rudzio::runtime::compio;
[INFO] [stdout]    |     ^^^^^^^^^^^^^^^^^------
[INFO] [stdout]    |                      |
[INFO] [stdout]    |                      no `compio` in `runtime`
[INFO] [stdout]    |
[INFO] [stdout] note: found an item that was configured out
[INFO] [stdout]   --> src/runtime/mod.rs:11:9
[INFO] [stdout]    |
[INFO] [stdout] 10 | #[cfg(feature = "runtime-compio")]
[INFO] [stdout]    |       -------------------------- the item is gated behind the `runtime-compio` feature
[INFO] [stdout] 11 | pub mod compio;
[INFO] [stdout]    |         ^^^^^^
[INFO] [stdout] 
[INFO] [stdout] 
[INFO] [stdout] error[E0432]: unresolved import `rudzio::runtime::tokio`
[INFO] [stdout]   --> examples/multi_runtime.rs:12:22
[INFO] [stdout]    |
[INFO] [stdout] 12 | use rudzio::runtime::tokio::{CurrentThread, Multithread};
[INFO] [stdout]    |                      ^^^^^ could not find `tokio` in `runtime`
[INFO] [stdout]    |
[INFO] [stdout] note: found an item that was configured out
[INFO] [stdout]   --> src/runtime/mod.rs:28:9
[INFO] [stdout]    |
[INFO] [stdout] 23 |   #[cfg(any(
[INFO] [stdout]    |  __________-
[INFO] [stdout] 24 | |     feature = "runtime-tokio-multi-thread",
[INFO] [stdout] 25 | |     feature = "runtime-tokio-current-thread",
[INFO] [stdout] 26 | |     feature = "runtime-tokio-local",
[INFO] [stdout] 27 | | ))]
[INFO] [stdout]    | |_- the item is gated here
[INFO] [stdout] 28 |   pub mod tokio;
[INFO] [stdout]    |           ^^^^^
[INFO] [stdout] 
[INFO] [stdout] 
[INFO] [stdout] warning: method call on a diverging inference variable
[INFO] [stdout]   --> examples/benchmark.rs:32:1
[INFO] [stdout]    |
[INFO] [stdout] 32 | / #[rudzio::suite([
[INFO] [stdout] 33 | |     (runtime = Multithread::new, suite = Suite, test = Test),
[INFO] [stdout] 34 | | ])]
[INFO] [stdout]    | |___^
[INFO] [stdout]    |
[INFO] [stdout]    = help: consider providing a type annotation
[INFO] [stdout]    = warning: this was previously accepted by the compiler but is being phased out; it will become a hard error in a future release!
[INFO] [stdout]    = note: for more information, see issue #156047 <https://github.com/rust-lang/rust/issues/156047>
[INFO] [stdout]    = note: `-F method-call-on-diverging-infer-var` implied by `-F future-incompatible`
[INFO] [stdout]    = note: the `method_call_on_diverging_infer_var` lint ignores `-D warnings`
[INFO] [stdout]    = note: this warning originates in the attribute macro `rudzio::suite` (in Nightly builds, run with -Z macro-backtrace for more info)
[INFO] [stdout] 
[INFO] [stdout] 
[INFO] [stdout] Some errors have detailed explanations: E0432, E0599.
[INFO] [stdout] 
[INFO] [stdout] For more information about an error, try `rustc --explain E0432`.
[INFO] [stdout] 
[INFO] [stderr] error: could not compile `rudzio` (example "basic") due to 3 previous errors; 3 warnings emitted
[INFO] [stderr] warning: build failed, waiting for other jobs to finish...
[INFO] [stdout] warning: method call on a diverging inference variable
[INFO] [stdout]    --> examples/custom_context.rs:212:1
[INFO] [stdout]     |
[INFO] [stdout] 212 | / #[rudzio::suite([
[INFO] [stdout] 213 | |     (runtime = Multithread::new, suite = CountingSuite, test = CountingTest),
[INFO] [stdout] 214 | | ])]
[INFO] [stdout]     | |___^
[INFO] [stdout]     |
[INFO] [stdout]     = help: consider providing a type annotation
[INFO] [stdout]     = warning: this was previously accepted by the compiler but is being phased out; it will become a hard error in a future release!
[INFO] [stdout]     = note: for more information, see issue #156047 <https://github.com/rust-lang/rust/issues/156047>
[INFO] [stdout]     = note: `-F method-call-on-diverging-infer-var` implied by `-F future-incompatible`
[INFO] [stdout]     = note: the `method_call_on_diverging_infer_var` lint ignores `-D warnings`
[INFO] [stdout]     = note: this warning originates in the attribute macro `rudzio::suite` (in Nightly builds, run with -Z macro-backtrace for more info)
[INFO] [stdout] 
[INFO] [stdout] 
[INFO] [stdout] error[E0599]: no method named `teardown` found for type `!` in the current scope
[INFO] [stdout]   --> examples/benchmark.rs:32:1
[INFO] [stdout]    |
[INFO] [stdout] 32 |   #[rudzio::suite([
[INFO] [stdout]    |  _^
[INFO] [stdout] 33 | |     (runtime = Multithread::new, suite = Suite, test = Test),
[INFO] [stdout] 34 | | ])]
[INFO] [stdout]    | |___^ method not found in `!`
[INFO] [stdout]    |
[INFO] [stdout]    = note: this error originates in the attribute macro `rudzio::suite` (in Nightly builds, run with -Z macro-backtrace for more info)
[INFO] [stdout] 
[INFO] [stdout] 
[INFO] [stdout] error[E0599]: no method named `teardown` found for type `!` in the current scope
[INFO] [stdout]    --> examples/custom_context.rs:212:1
[INFO] [stdout]     |
[INFO] [stdout] 212 |   #[rudzio::suite([
[INFO] [stdout]     |  _^
[INFO] [stdout] 213 | |     (runtime = Multithread::new, suite = CountingSuite, test = CountingTest),
[INFO] [stdout] 214 | | ])]
[INFO] [stdout]     | |___^ method not found in `!`
[INFO] [stdout]     |
[INFO] [stdout]     = note: this error originates in the attribute macro `rudzio::suite` (in Nightly builds, run with -Z macro-backtrace for more info)
[INFO] [stdout] 
[INFO] [stdout] 
[INFO] [stdout] warning: method call on a diverging inference variable
[INFO] [stdout]   --> examples/multi_runtime.rs:14:1
[INFO] [stdout]    |
[INFO] [stdout] 14 | / #[rudzio::suite([
[INFO] [stdout] 15 | |     (runtime = Multithread::new, suite = Suite, test = Test),
[INFO] [stdout] 16 | |     (runtime = CurrentThread::new, suite = Suite, test = Test),
[INFO] [stdout] 17 | |     (runtime = compio::Runtime::new, suite = Suite, test = Test),
[INFO] [stdout] 18 | | ])]
[INFO] [stdout]    | |___^
[INFO] [stdout]    |
[INFO] [stdout]    = help: consider providing a type annotation
[INFO] [stdout]    = warning: this was previously accepted by the compiler but is being phased out; it will become a hard error in a future release!
[INFO] [stdout]    = note: for more information, see issue #156047 <https://github.com/rust-lang/rust/issues/156047>
[INFO] [stdout]    = note: `-F method-call-on-diverging-infer-var` implied by `-F future-incompatible`
[INFO] [stdout]    = note: the `method_call_on_diverging_infer_var` lint ignores `-D warnings`
[INFO] [stdout]    = note: this warning originates in the attribute macro `rudzio::suite` (in Nightly builds, run with -Z macro-backtrace for more info)
[INFO] [stdout] 
[INFO] [stdout] 
[INFO] [stdout] error[E0599]: no method named `teardown` found for type `!` in the current scope
[INFO] [stdout]   --> examples/multi_runtime.rs:14:1
[INFO] [stdout]    |
[INFO] [stdout] 14 |   #[rudzio::suite([
[INFO] [stdout]    |  _^
[INFO] [stdout] 15 | |     (runtime = Multithread::new, suite = Suite, test = Test),
[INFO] [stdout] 16 | |     (runtime = CurrentThread::new, suite = Suite, test = Test),
[INFO] [stdout] 17 | |     (runtime = compio::Runtime::new, suite = Suite, test = Test),
[INFO] [stdout] 18 | | ])]
[INFO] [stdout]    | |___^ method not found in `!`
[INFO] [stdout]    |
[INFO] [stdout]    = note: this error originates in the attribute macro `rudzio::suite` (in Nightly builds, run with -Z macro-backtrace for more info)
[INFO] [stdout] 
[INFO] [stdout] 
[INFO] [stdout] Some errors have detailed explanations: E0432, E0599.
[INFO] [stdout] 
[INFO] [stdout] For more information about an error, try `rustc --explain E0432`.
[INFO] [stdout] 
[INFO] [stderr] error: could not compile `rudzio` (example "custom_context") due to 2 previous errors; 2 warnings emitted
[INFO] [stdout] Some errors have detailed explanations: E0432, E0599.
[INFO] [stdout] 
[INFO] [stdout] For more information about an error, try `rustc --explain E0432`.
[INFO] [stdout] 
[INFO] [stderr] error: could not compile `rudzio` (example "benchmark") due to 3 previous errors; 3 warnings emitted
[INFO] [stdout] Some errors have detailed explanations: E0432, E0599.
[INFO] [stdout] 
[INFO] [stdout] For more information about an error, try `rustc --explain E0432`.
[INFO] [stdout] 
[INFO] [stderr] error: could not compile `rudzio` (example "multi_runtime") due to 4 previous errors; 4 warnings emitted
[INFO] [stdout] error[E0432]: unresolved import `rudzio::common::context`
[INFO] [stdout]   --> tests/bench_live.rs:31:21
[INFO] [stdout]    |
[INFO] [stdout] 31 | use rudzio::common::context::Suite;
[INFO] [stdout]    |                     ^^^^^^^ could not find `context` in `common`
[INFO] [stdout]    |
[INFO] [stdout] note: found an item that was configured out
[INFO] [stdout]   --> src/common/mod.rs:4:9
[INFO] [stdout]    |
[INFO] [stdout]  3 | #[cfg(feature = "common")]
[INFO] [stdout]    |       ------------------ the item is gated behind the `common` feature
[INFO] [stdout]  4 | pub mod context;
[INFO] [stdout]    |         ^^^^^^^
[INFO] [stdout] 
[INFO] [stdout] 
[INFO] [stdout] error[E0432]: unresolved import `rudzio::runtime::async_std`
[INFO] [stdout]   --> tests/bench_live.rs:40:5
[INFO] [stdout]    |
[INFO] [stdout] 40 | use rudzio::runtime::async_std;
[INFO] [stdout]    |     ^^^^^^^^^^^^^^^^^---------
[INFO] [stdout]    |                      |
[INFO] [stdout]    |                      no `async_std` in `runtime`
[INFO] [stdout]    |
[INFO] [stdout] note: found an item that was configured out
[INFO] [stdout]   --> src/runtime/mod.rs:9:9
[INFO] [stdout]    |
[INFO] [stdout]  8 | #[cfg(feature = "runtime-async-std")]
[INFO] [stdout]    |       ----------------------------- the item is gated behind the `runtime-async-std` feature
[INFO] [stdout]  9 | pub mod async_std;
[INFO] [stdout]    |         ^^^^^^^^^
[INFO] [stdout] 
[INFO] [stdout] 
[INFO] [stdout] error[E0432]: unresolved import `rudzio::runtime::compio`
[INFO] [stdout]   --> tests/bench_live.rs:41:5
[INFO] [stdout]    |
[INFO] [stdout] 41 | use rudzio::runtime::compio;
[INFO] [stdout]    |     ^^^^^^^^^^^^^^^^^------
[INFO] [stdout]    |                      |
[INFO] [stdout]    |                      no `compio` in `runtime`
[INFO] [stdout]    |
[INFO] [stdout] note: found an item that was configured out
[INFO] [stdout]   --> src/runtime/mod.rs:11:9
[INFO] [stdout]    |
[INFO] [stdout] 10 | #[cfg(feature = "runtime-compio")]
[INFO] [stdout]    |       -------------------------- the item is gated behind the `runtime-compio` feature
[INFO] [stdout] 11 | pub mod compio;
[INFO] [stdout]    |         ^^^^^^
[INFO] [stdout] 
[INFO] [stdout] 
[INFO] [stdout] error[E0432]: unresolved import `rudzio::runtime::embassy`
[INFO] [stdout]   --> tests/bench_live.rs:42:5
[INFO] [stdout]    |
[INFO] [stdout] 42 | use rudzio::runtime::embassy;
[INFO] [stdout]    |     ^^^^^^^^^^^^^^^^^-------
[INFO] [stdout]    |                      |
[INFO] [stdout]    |                      no `embassy` in `runtime`
[INFO] [stdout]    |
[INFO] [stdout] note: found an item that was configured out
[INFO] [stdout]   --> src/runtime/mod.rs:13:9
[INFO] [stdout]    |
[INFO] [stdout] 12 | #[cfg(feature = "runtime-embassy")]
[INFO] [stdout]    |       --------------------------- the item is gated behind the `runtime-embassy` feature
[INFO] [stdout] 13 | pub mod embassy;
[INFO] [stdout]    |         ^^^^^^^
[INFO] [stdout] 
[INFO] [stdout] 
[INFO] [stdout] error[E0432]: unresolved import `rudzio::runtime::futures`
[INFO] [stdout]   --> tests/bench_live.rs:43:22
[INFO] [stdout]    |
[INFO] [stdout] 43 | use rudzio::runtime::futures::ThreadPool;
[INFO] [stdout]    |                      ^^^^^^^ could not find `futures` in `runtime`
[INFO] [stdout]    |
[INFO] [stdout] note: found an item that was configured out
[INFO] [stdout]   --> src/runtime/mod.rs:15:9
[INFO] [stdout]    |
[INFO] [stdout] 14 | #[cfg(feature = "runtime-futures")]
[INFO] [stdout]    |       --------------------------- the item is gated behind the `runtime-futures` feature
[INFO] [stdout] 15 | pub mod futures;
[INFO] [stdout]    |         ^^^^^^^
[INFO] [stdout] 
[INFO] [stdout] 
[INFO] [stdout] error[E0432]: unresolved import `rudzio::runtime::monoio`
[INFO] [stdout]   --> tests/bench_live.rs:45:5
[INFO] [stdout]    |
[INFO] [stdout] 45 | use rudzio::runtime::monoio;
[INFO] [stdout]    |     ^^^^^^^^^^^^^^^^^------
[INFO] [stdout]    |                      |
[INFO] [stdout]    |                      no `monoio` in `runtime`
[INFO] [stdout]    |
[INFO] [stdout] note: found an item that was configured out
[INFO] [stdout]   --> src/runtime/mod.rs:20:9
[INFO] [stdout]    |
[INFO] [stdout] 17 |     feature = "runtime-monoio",
[INFO] [stdout]    |     -------------------------- the item is gated behind the `runtime-monoio` feature
[INFO] [stdout] ...
[INFO] [stdout] 20 | pub mod monoio;
[INFO] [stdout]    |         ^^^^^^
[INFO] [stdout] 
[INFO] [stdout] 
[INFO] [stdout] error[E0432]: unresolved import `rudzio::runtime::smol`
[INFO] [stdout]   --> tests/bench_live.rs:46:5
[INFO] [stdout]    |
[INFO] [stdout] 46 | use rudzio::runtime::smol;
[INFO] [stdout]    |     ^^^^^^^^^^^^^^^^^----
[INFO] [stdout]    |                      |
[INFO] [stdout]    |                      no `smol` in `runtime`
[INFO] [stdout]    |
[INFO] [stdout] note: found an item that was configured out
[INFO] [stdout]   --> src/runtime/mod.rs:22:9
[INFO] [stdout]    |
[INFO] [stdout] 21 | #[cfg(feature = "runtime-smol")]
[INFO] [stdout]    |       ------------------------ the item is gated behind the `runtime-smol` feature
[INFO] [stdout] 22 | pub mod smol;
[INFO] [stdout]    |         ^^^^
[INFO] [stdout] 
[INFO] [stdout] 
[INFO] [stdout] error[E0432]: unresolved import `rudzio::runtime::tokio`
[INFO] [stdout]   --> tests/bench_live.rs:47:22
[INFO] [stdout]    |
[INFO] [stdout] 47 | use rudzio::runtime::tokio::{CurrentThread, Local, Multithread};
[INFO] [stdout]    |                      ^^^^^ could not find `tokio` in `runtime`
[INFO] [stdout]    |
[INFO] [stdout] note: found an item that was configured out
[INFO] [stdout]   --> src/runtime/mod.rs:28:9
[INFO] [stdout]    |
[INFO] [stdout] 23 |   #[cfg(any(
[INFO] [stdout]    |  __________-
[INFO] [stdout] 24 | |     feature = "runtime-tokio-multi-thread",
[INFO] [stdout] 25 | |     feature = "runtime-tokio-current-thread",
[INFO] [stdout] 26 | |     feature = "runtime-tokio-local",
[INFO] [stdout] 27 | | ))]
[INFO] [stdout]    | |_- the item is gated here
[INFO] [stdout] 28 |   pub mod tokio;
[INFO] [stdout]    |           ^^^^^
[INFO] [stdout] 
[INFO] [stdout] 
[INFO] [stdout] error[E0432]: unresolved import `rudzio::common::context`
[INFO] [stdout]   --> tests/parallelism_tests.rs:29:21
[INFO] [stdout]    |
[INFO] [stdout] 29 | use rudzio::common::context::{Suite, Test};
[INFO] [stdout]    |                     ^^^^^^^ could not find `context` in `common`
[INFO] [stdout]    |
[INFO] [stdout] note: found an item that was configured out
[INFO] [stdout]   --> src/common/mod.rs:4:9
[INFO] [stdout]    |
[INFO] [stdout]  3 | #[cfg(feature = "common")]
[INFO] [stdout]    |       ------------------ the item is gated behind the `common` feature
[INFO] [stdout]  4 | pub mod context;
[INFO] [stdout]    |         ^^^^^^^
[INFO] [stdout] 
[INFO] [stdout] 
[INFO] [stdout] error[E0432]: unresolved import `rudzio::runtime::futures`
[INFO] [stdout]   --> tests/parallelism_tests.rs:31:22
[INFO] [stdout]    |
[INFO] [stdout] 31 | use rudzio::runtime::futures::ThreadPool;
[INFO] [stdout]    |                      ^^^^^^^ could not find `futures` in `runtime`
[INFO] [stdout]    |
[INFO] [stdout] note: found an item that was configured out
[INFO] [stdout]   --> src/runtime/mod.rs:15:9
[INFO] [stdout]    |
[INFO] [stdout] 14 | #[cfg(feature = "runtime-futures")]
[INFO] [stdout]    |       --------------------------- the item is gated behind the `runtime-futures` feature
[INFO] [stdout] 15 | pub mod futures;
[INFO] [stdout]    |         ^^^^^^^
[INFO] [stdout] 
[INFO] [stdout] 
[INFO] [stdout] error[E0432]: unresolved import `rudzio::runtime::monoio`
[INFO] [stdout]   --> tests/parallelism_tests.rs:33:5
[INFO] [stdout]    |
[INFO] [stdout] 33 | use rudzio::runtime::monoio;
[INFO] [stdout]    |     ^^^^^^^^^^^^^^^^^------
[INFO] [stdout]    |                      |
[INFO] [stdout]    |                      no `monoio` in `runtime`
[INFO] [stdout]    |
[INFO] [stdout] note: found an item that was configured out
[INFO] [stdout]   --> src/runtime/mod.rs:20:9
[INFO] [stdout]    |
[INFO] [stdout] 17 |     feature = "runtime-monoio",
[INFO] [stdout]    |     -------------------------- the item is gated behind the `runtime-monoio` feature
[INFO] [stdout] ...
[INFO] [stdout] 20 | pub mod monoio;
[INFO] [stdout]    |         ^^^^^^
[INFO] [stdout] 
[INFO] [stdout] 
[INFO] [stdout] error[E0432]: unresolved import `rudzio::runtime::tokio`
[INFO] [stdout]   --> tests/parallelism_tests.rs:34:22
[INFO] [stdout]    |
[INFO] [stdout] 34 | use rudzio::runtime::tokio::{CurrentThread, Local, Multithread};
[INFO] [stdout]    |                      ^^^^^ could not find `tokio` in `runtime`
[INFO] [stdout]    |
[INFO] [stdout] note: found an item that was configured out
[INFO] [stdout]   --> src/runtime/mod.rs:28:9
[INFO] [stdout]    |
[INFO] [stdout] 23 |   #[cfg(any(
[INFO] [stdout]    |  __________-
[INFO] [stdout] 24 | |     feature = "runtime-tokio-multi-thread",
[INFO] [stdout] 25 | |     feature = "runtime-tokio-current-thread",
[INFO] [stdout] 26 | |     feature = "runtime-tokio-local",
[INFO] [stdout] 27 | | ))]
[INFO] [stdout]    | |_- the item is gated here
[INFO] [stdout] 28 |   pub mod tokio;
[INFO] [stdout]    |           ^^^^^
[INFO] [stdout] 
[INFO] [stdout] 
[INFO] [stdout] error[E0432]: unresolved imports `rudzio::runtime::async_std`, `rudzio::runtime::compio`, `rudzio::runtime::embassy`, `rudzio::runtime::smol`
[INFO] [stdout]   --> tests/parallelism_tests.rs:35:23
[INFO] [stdout]    |
[INFO] [stdout] 35 | use rudzio::runtime::{async_std, compio, embassy, smol};
[INFO] [stdout]    |                       ^^^^^^^^^  ^^^^^^  ^^^^^^^  ^^^^ no `smol` in `runtime`
[INFO] [stdout]    |                       |          |       |
[INFO] [stdout]    |                       |          |       no `embassy` in `runtime`
[INFO] [stdout]    |                       |          no `compio` in `runtime`
[INFO] [stdout]    |                       no `async_std` in `runtime`
[INFO] [stdout]    |
[INFO] [stdout] note: found an item that was configured out
[INFO] [stdout]   --> src/runtime/mod.rs:9:9
[INFO] [stdout]    |
[INFO] [stdout]  8 | #[cfg(feature = "runtime-async-std")]
[INFO] [stdout]    |       ----------------------------- the item is gated behind the `runtime-async-std` feature
[INFO] [stdout]  9 | pub mod async_std;
[INFO] [stdout]    |         ^^^^^^^^^
[INFO] [stdout] note: found an item that was configured out
[INFO] [stdout]   --> src/runtime/mod.rs:11:9
[INFO] [stdout]    |
[INFO] [stdout] 10 | #[cfg(feature = "runtime-compio")]
[INFO] [stdout]    |       -------------------------- the item is gated behind the `runtime-compio` feature
[INFO] [stdout] 11 | pub mod compio;
[INFO] [stdout]    |         ^^^^^^
[INFO] [stdout] note: found an item that was configured out
[INFO] [stdout]   --> src/runtime/mod.rs:13:9
[INFO] [stdout]    |
[INFO] [stdout] 12 | #[cfg(feature = "runtime-embassy")]
[INFO] [stdout]    |       --------------------------- the item is gated behind the `runtime-embassy` feature
[INFO] [stdout] 13 | pub mod embassy;
[INFO] [stdout]    |         ^^^^^^^
[INFO] [stdout] note: found an item that was configured out
[INFO] [stdout]   --> src/runtime/mod.rs:22:9
[INFO] [stdout]    |
[INFO] [stdout] 21 | #[cfg(feature = "runtime-smol")]
[INFO] [stdout]    |       ------------------------ the item is gated behind the `runtime-smol` feature
[INFO] [stdout] 22 | pub mod smol;
[INFO] [stdout]    |         ^^^^
[INFO] [stdout] 
[INFO] [stdout] 
[INFO] [stdout] error[E0432]: unresolved import `rudzio::common::context`
[INFO] [stdout]   --> tests/phase_wrapper.rs:44:21
[INFO] [stdout]    |
[INFO] [stdout] 44 | use rudzio::common::context::{Suite, Test};
[INFO] [stdout]    |                     ^^^^^^^ could not find `context` in `common`
[INFO] [stdout]    |
[INFO] [stdout] note: found an item that was configured out
[INFO] [stdout]   --> src/common/mod.rs:4:9
[INFO] [stdout]    |
[INFO] [stdout]  3 | #[cfg(feature = "common")]
[INFO] [stdout]    |       ------------------ the item is gated behind the `common` feature
[INFO] [stdout]  4 | pub mod context;
[INFO] [stdout]    |         ^^^^^^^
[INFO] [stdout] 
[INFO] [stdout] 
[INFO] [stdout] error[E0432]: unresolved import `rudzio::runtime::futures`
[INFO] [stdout]   --> tests/phase_wrapper.rs:46:22
[INFO] [stdout]    |
[INFO] [stdout] 46 | use rudzio::runtime::futures::ThreadPool;
[INFO] [stdout]    |                      ^^^^^^^ could not find `futures` in `runtime`
[INFO] [stdout]    |
[INFO] [stdout] note: found an item that was configured out
[INFO] [stdout]   --> src/runtime/mod.rs:15:9
[INFO] [stdout]    |
[INFO] [stdout] 14 | #[cfg(feature = "runtime-futures")]
[INFO] [stdout]    |       --------------------------- the item is gated behind the `runtime-futures` feature
[INFO] [stdout] 15 | pub mod futures;
[INFO] [stdout]    |         ^^^^^^^
[INFO] [stdout] 
[INFO] [stdout] 
[INFO] [stdout] error[E0432]: unresolved import `rudzio::runtime::monoio`
[INFO] [stdout]   --> tests/phase_wrapper.rs:48:5
[INFO] [stdout]    |
[INFO] [stdout] 48 | use rudzio::runtime::monoio;
[INFO] [stdout]    |     ^^^^^^^^^^^^^^^^^------
[INFO] [stdout]    |                      |
[INFO] [stdout]    |                      no `monoio` in `runtime`
[INFO] [stdout]    |
[INFO] [stdout] note: found an item that was configured out
[INFO] [stdout]   --> src/runtime/mod.rs:20:9
[INFO] [stdout]    |
[INFO] [stdout] 17 |     feature = "runtime-monoio",
[INFO] [stdout]    |     -------------------------- the item is gated behind the `runtime-monoio` feature
[INFO] [stdout] ...
[INFO] [stdout] 20 | pub mod monoio;
[INFO] [stdout]    |         ^^^^^^
[INFO] [stdout] 
[INFO] [stdout] 
[INFO] [stdout] error[E0432]: unresolved import `rudzio::runtime::tokio`
[INFO] [stdout]   --> tests/phase_wrapper.rs:49:22
[INFO] [stdout]    |
[INFO] [stdout] 49 | use rudzio::runtime::tokio::{CurrentThread, Local, Multithread};
[INFO] [stdout]    |                      ^^^^^ could not find `tokio` in `runtime`
[INFO] [stdout]    |
[INFO] [stdout] note: found an item that was configured out
[INFO] [stdout]   --> src/runtime/mod.rs:28:9
[INFO] [stdout]    |
[INFO] [stdout] 23 |   #[cfg(any(
[INFO] [stdout]    |  __________-
[INFO] [stdout] 24 | |     feature = "runtime-tokio-multi-thread",
[INFO] [stdout] 25 | |     feature = "runtime-tokio-current-thread",
[INFO] [stdout] 26 | |     feature = "runtime-tokio-local",
[INFO] [stdout] 27 | | ))]
[INFO] [stdout]    | |_- the item is gated here
[INFO] [stdout] 28 |   pub mod tokio;
[INFO] [stdout]    |           ^^^^^
[INFO] [stdout] 
[INFO] [stdout] 
[INFO] [stdout] error[E0432]: unresolved imports `rudzio::runtime::async_std`, `rudzio::runtime::compio`, `rudzio::runtime::embassy`, `rudzio::runtime::smol`
[INFO] [stdout]   --> tests/phase_wrapper.rs:50:23
[INFO] [stdout]    |
[INFO] [stdout] 50 | use rudzio::runtime::{async_std, compio, embassy, smol};
[INFO] [stdout]    |                       ^^^^^^^^^  ^^^^^^  ^^^^^^^  ^^^^ no `smol` in `runtime`
[INFO] [stdout]    |                       |          |       |
[INFO] [stdout]    |                       |          |       no `embassy` in `runtime`
[INFO] [stdout]    |                       |          no `compio` in `runtime`
[INFO] [stdout]    |                       no `async_std` in `runtime`
[INFO] [stdout]    |
[INFO] [stdout] note: found an item that was configured out
[INFO] [stdout]   --> src/runtime/mod.rs:9:9
[INFO] [stdout]    |
[INFO] [stdout]  8 | #[cfg(feature = "runtime-async-std")]
[INFO] [stdout]    |       ----------------------------- the item is gated behind the `runtime-async-std` feature
[INFO] [stdout]  9 | pub mod async_std;
[INFO] [stdout]    |         ^^^^^^^^^
[INFO] [stdout] note: found an item that was configured out
[INFO] [stdout]   --> src/runtime/mod.rs:11:9
[INFO] [stdout]    |
[INFO] [stdout] 10 | #[cfg(feature = "runtime-compio")]
[INFO] [stdout]    |       -------------------------- the item is gated behind the `runtime-compio` feature
[INFO] [stdout] 11 | pub mod compio;
[INFO] [stdout]    |         ^^^^^^
[INFO] [stdout] note: found an item that was configured out
[INFO] [stdout]   --> src/runtime/mod.rs:13:9
[INFO] [stdout]    |
[INFO] [stdout] 12 | #[cfg(feature = "runtime-embassy")]
[INFO] [stdout]    |       --------------------------- the item is gated behind the `runtime-embassy` feature
[INFO] [stdout] 13 | pub mod embassy;
[INFO] [stdout]    |         ^^^^^^^
[INFO] [stdout] note: found an item that was configured out
[INFO] [stdout]   --> src/runtime/mod.rs:22:9
[INFO] [stdout]    |
[INFO] [stdout] 21 | #[cfg(feature = "runtime-smol")]
[INFO] [stdout]    |       ------------------------ the item is gated behind the `runtime-smol` feature
[INFO] [stdout] 22 | pub mod smol;
[INFO] [stdout]    |         ^^^^
[INFO] [stdout] 
[INFO] [stdout] 
[INFO] [stdout] error[E0432]: unresolved import `rudzio::common::context`
[INFO] [stdout]   --> tests/render_idle_redraw.rs:32:21
[INFO] [stdout]    |
[INFO] [stdout] 32 | use rudzio::common::context::Suite;
[INFO] [stdout]    |                     ^^^^^^^ could not find `context` in `common`
[INFO] [stdout]    |
[INFO] [stdout] note: found an item that was configured out
[INFO] [stdout]   --> src/common/mod.rs:4:9
[INFO] [stdout]    |
[INFO] [stdout]  3 | #[cfg(feature = "common")]
[INFO] [stdout]    |       ------------------ the item is gated behind the `common` feature
[INFO] [stdout]  4 | pub mod context;
[INFO] [stdout]    |         ^^^^^^^
[INFO] [stdout] 
[INFO] [stdout] 
[INFO] [stdout] error[E0432]: unresolved import `rudzio::runtime::async_std`
[INFO] [stdout]   --> tests/render_idle_redraw.rs:40:5
[INFO] [stdout]    |
[INFO] [stdout] 40 | use rudzio::runtime::async_std;
[INFO] [stdout]    |     ^^^^^^^^^^^^^^^^^---------
[INFO] [stdout]    |                      |
[INFO] [stdout]    |                      no `async_std` in `runtime`
[INFO] [stdout]    |
[INFO] [stdout] note: found an item that was configured out
[INFO] [stdout]   --> src/runtime/mod.rs:9:9
[INFO] [stdout]    |
[INFO] [stdout]  8 | #[cfg(feature = "runtime-async-std")]
[INFO] [stdout]    |       ----------------------------- the item is gated behind the `runtime-async-std` feature
[INFO] [stdout]  9 | pub mod async_std;
[INFO] [stdout]    |         ^^^^^^^^^
[INFO] [stdout] 
[INFO] [stdout] 
[INFO] [stdout] error[E0432]: unresolved import `rudzio::runtime::compio`
[INFO] [stdout]   --> tests/render_idle_redraw.rs:41:5
[INFO] [stdout]    |
[INFO] [stdout] 41 | use rudzio::runtime::compio;
[INFO] [stdout]    |     ^^^^^^^^^^^^^^^^^------
[INFO] [stdout]    |                      |
[INFO] [stdout]    |                      no `compio` in `runtime`
[INFO] [stdout]    |
[INFO] [stdout] note: found an item that was configured out
[INFO] [stdout]   --> src/runtime/mod.rs:11:9
[INFO] [stdout]    |
[INFO] [stdout] 10 | #[cfg(feature = "runtime-compio")]
[INFO] [stdout]    |       -------------------------- the item is gated behind the `runtime-compio` feature
[INFO] [stdout] 11 | pub mod compio;
[INFO] [stdout]    |         ^^^^^^
[INFO] [stdout] 
[INFO] [stdout] 
[INFO] [stdout] error[E0432]: unresolved import `rudzio::runtime::embassy`
[INFO] [stdout]   --> tests/render_idle_redraw.rs:42:5
[INFO] [stdout]    |
[INFO] [stdout] 42 | use rudzio::runtime::embassy;
[INFO] [stdout]    |     ^^^^^^^^^^^^^^^^^-------
[INFO] [stdout]    |                      |
[INFO] [stdout]    |                      no `embassy` in `runtime`
[INFO] [stdout]    |
[INFO] [stdout] note: found an item that was configured out
[INFO] [stdout]   --> src/runtime/mod.rs:13:9
[INFO] [stdout]    |
[INFO] [stdout] 12 | #[cfg(feature = "runtime-embassy")]
[INFO] [stdout]    |       --------------------------- the item is gated behind the `runtime-embassy` feature
[INFO] [stdout] 13 | pub mod embassy;
[INFO] [stdout]    |         ^^^^^^^
[INFO] [stdout] 
[INFO] [stdout] 
[INFO] [stdout] error[E0432]: unresolved import `rudzio::runtime::futures`
[INFO] [stdout]   --> tests/render_idle_redraw.rs:43:22
[INFO] [stdout]    |
[INFO] [stdout] 43 | use rudzio::runtime::futures::ThreadPool;
[INFO] [stdout]    |                      ^^^^^^^ could not find `futures` in `runtime`
[INFO] [stdout]    |
[INFO] [stdout] note: found an item that was configured out
[INFO] [stdout]   --> src/runtime/mod.rs:15:9
[INFO] [stdout]    |
[INFO] [stdout] 14 | #[cfg(feature = "runtime-futures")]
[INFO] [stdout]    |       --------------------------- the item is gated behind the `runtime-futures` feature
[INFO] [stdout] 15 | pub mod futures;
[INFO] [stdout]    |         ^^^^^^^
[INFO] [stdout] 
[INFO] [stdout] 
[INFO] [stdout] error[E0432]: unresolved import `rudzio::runtime::monoio`
[INFO] [stdout]   --> tests/render_idle_redraw.rs:45:5
[INFO] [stdout]    |
[INFO] [stdout] 45 | use rudzio::runtime::monoio;
[INFO] [stdout]    |     ^^^^^^^^^^^^^^^^^------
[INFO] [stdout]    |                      |
[INFO] [stdout]    |                      no `monoio` in `runtime`
[INFO] [stdout]    |
[INFO] [stdout] note: found an item that was configured out
[INFO] [stdout]   --> src/runtime/mod.rs:20:9
[INFO] [stdout]    |
[INFO] [stdout] 17 |     feature = "runtime-monoio",
[INFO] [stdout]    |     -------------------------- the item is gated behind the `runtime-monoio` feature
[INFO] [stdout] ...
[INFO] [stdout] 20 | pub mod monoio;
[INFO] [stdout]    |         ^^^^^^
[INFO] [stdout] 
[INFO] [stdout] 
[INFO] [stdout] error[E0432]: unresolved import `rudzio::runtime::smol`
[INFO] [stdout]   --> tests/render_idle_redraw.rs:46:5
[INFO] [stdout]    |
[INFO] [stdout] 46 | use rudzio::runtime::smol;
[INFO] [stdout]    |     ^^^^^^^^^^^^^^^^^----
[INFO] [stdout]    |                      |
[INFO] [stdout]    |                      no `smol` in `runtime`
[INFO] [stdout]    |
[INFO] [stdout] note: found an item that was configured out
[INFO] [stdout]   --> src/runtime/mod.rs:22:9
[INFO] [stdout]    |
[INFO] [stdout] 21 | #[cfg(feature = "runtime-smol")]
[INFO] [stdout]    |       ------------------------ the item is gated behind the `runtime-smol` feature
[INFO] [stdout] 22 | pub mod smol;
[INFO] [stdout]    |         ^^^^
[INFO] [stdout] 
[INFO] [stdout] 
[INFO] [stdout] error[E0432]: unresolved import `rudzio::runtime::tokio`
[INFO] [stdout]   --> tests/render_idle_redraw.rs:47:22
[INFO] [stdout]    |
[INFO] [stdout] 47 | use rudzio::runtime::tokio::{CurrentThread, Local, Multithread};
[INFO] [stdout]    |                      ^^^^^ could not find `tokio` in `runtime`
[INFO] [stdout]    |
[INFO] [stdout] note: found an item that was configured out
[INFO] [stdout]   --> src/runtime/mod.rs:28:9
[INFO] [stdout]    |
[INFO] [stdout] 23 |   #[cfg(any(
[INFO] [stdout]    |  __________-
[INFO] [stdout] 24 | |     feature = "runtime-tokio-multi-thread",
[INFO] [stdout] 25 | |     feature = "runtime-tokio-current-thread",
[INFO] [stdout] 26 | |     feature = "runtime-tokio-local",
[INFO] [stdout] 27 | | ))]
[INFO] [stdout]    | |_- the item is gated here
[INFO] [stdout] 28 |   pub mod tokio;
[INFO] [stdout]    |           ^^^^^
[INFO] [stdout] 
[INFO] [stdout] 
[INFO] [stdout] error[E0432]: unresolved import `rudzio::common::context`
[INFO] [stdout]   --> tests/runner.rs:24:21
[INFO] [stdout]    |
[INFO] [stdout] 24 | use rudzio::common::context::{Suite, Test};
[INFO] [stdout]    |                     ^^^^^^^ could not find `context` in `common`
[INFO] [stdout]    |
[INFO] [stdout] note: found an item that was configured out
[INFO] [stdout]   --> src/common/mod.rs:4:9
[INFO] [stdout]    |
[INFO] [stdout]  3 | #[cfg(feature = "common")]
[INFO] [stdout]    |       ------------------ the item is gated behind the `common` feature
[INFO] [stdout]  4 | pub mod context;
[INFO] [stdout]    |         ^^^^^^^
[INFO] [stdout] 
[INFO] [stdout] 
[INFO] [stdout] error[E0432]: unresolved import `rudzio::runtime::futures`
[INFO] [stdout]   --> tests/runner.rs:25:22
[INFO] [stdout]    |
[INFO] [stdout] 25 | use rudzio::runtime::futures::ThreadPool;
[INFO] [stdout]    |                      ^^^^^^^ could not find `futures` in `runtime`
[INFO] [stdout]    |
[INFO] [stdout] note: found an item that was configured out
[INFO] [stdout]   --> src/runtime/mod.rs:15:9
[INFO] [stdout]    |
[INFO] [stdout] 14 | #[cfg(feature = "runtime-futures")]
[INFO] [stdout]    |       --------------------------- the item is gated behind the `runtime-futures` feature
[INFO] [stdout] 15 | pub mod futures;
[INFO] [stdout]    |         ^^^^^^^
[INFO] [stdout] 
[INFO] [stdout] 
[INFO] [stdout] error[E0432]: unresolved import `rudzio::runtime::monoio`
[INFO] [stdout]   --> tests/runner.rs:27:5
[INFO] [stdout]    |
[INFO] [stdout] 27 | use rudzio::runtime::monoio;
[INFO] [stdout]    |     ^^^^^^^^^^^^^^^^^------
[INFO] [stdout]    |                      |
[INFO] [stdout]    |                      no `monoio` in `runtime`
[INFO] [stdout]    |
[INFO] [stdout] note: found an item that was configured out
[INFO] [stdout]   --> src/runtime/mod.rs:20:9
[INFO] [stdout]    |
[INFO] [stdout] 17 |     feature = "runtime-monoio",
[INFO] [stdout]    |     -------------------------- the item is gated behind the `runtime-monoio` feature
[INFO] [stdout] ...
[INFO] [stdout] 20 | pub mod monoio;
[INFO] [stdout]    |         ^^^^^^
[INFO] [stdout] 
[INFO] [stdout] 
[INFO] [stdout] error[E0432]: unresolved import `rudzio::runtime::tokio`
[INFO] [stdout]   --> tests/runner.rs:28:22
[INFO] [stdout]    |
[INFO] [stdout] 28 | use rudzio::runtime::tokio::{CurrentThread, Local, Multithread};
[INFO] [stdout]    |                      ^^^^^ could not find `tokio` in `runtime`
[INFO] [stdout]    |
[INFO] [stdout] note: found an item that was configured out
[INFO] [stdout]   --> src/runtime/mod.rs:28:9
[INFO] [stdout]    |
[INFO] [stdout] 23 |   #[cfg(any(
[INFO] [stdout]    |  __________-
[INFO] [stdout] 24 | |     feature = "runtime-tokio-multi-thread",
[INFO] [stdout] 25 | |     feature = "runtime-tokio-current-thread",
[INFO] [stdout] 26 | |     feature = "runtime-tokio-local",
[INFO] [stdout] 27 | | ))]
[INFO] [stdout]    | |_- the item is gated here
[INFO] [stdout] 28 |   pub mod tokio;
[INFO] [stdout]    |           ^^^^^
[INFO] [stdout] 
[INFO] [stdout] 
[INFO] [stdout] error[E0432]: unresolved imports `rudzio::runtime::async_std`, `rudzio::runtime::compio`, `rudzio::runtime::embassy`, `rudzio::runtime::smol`
[INFO] [stdout]   --> tests/runner.rs:29:23
[INFO] [stdout]    |
[INFO] [stdout] 29 | use rudzio::runtime::{async_std, compio, embassy, smol};
[INFO] [stdout]    |                       ^^^^^^^^^  ^^^^^^  ^^^^^^^  ^^^^ no `smol` in `runtime`
[INFO] [stdout]    |                       |          |       |
[INFO] [stdout]    |                       |          |       no `embassy` in `runtime`
[INFO] [stdout]    |                       |          no `compio` in `runtime`
[INFO] [stdout]    |                       no `async_std` in `runtime`
[INFO] [stdout]    |
[INFO] [stdout] note: found an item that was configured out
[INFO] [stdout]   --> src/runtime/mod.rs:9:9
[INFO] [stdout]    |
[INFO] [stdout]  8 | #[cfg(feature = "runtime-async-std")]
[INFO] [stdout]    |       ----------------------------- the item is gated behind the `runtime-async-std` feature
[INFO] [stdout]  9 | pub mod async_std;
[INFO] [stdout]    |         ^^^^^^^^^
[INFO] [stdout] note: found an item that was configured out
[INFO] [stdout]   --> src/runtime/mod.rs:11:9
[INFO] [stdout]    |
[INFO] [stdout] 10 | #[cfg(feature = "runtime-compio")]
[INFO] [stdout]    |       -------------------------- the item is gated behind the `runtime-compio` feature
[INFO] [stdout] 11 | pub mod compio;
[INFO] [stdout]    |         ^^^^^^
[INFO] [stdout] note: found an item that was configured out
[INFO] [stdout]   --> src/runtime/mod.rs:13:9
[INFO] [stdout]    |
[INFO] [stdout] 12 | #[cfg(feature = "runtime-embassy")]
[INFO] [stdout]    |       --------------------------- the item is gated behind the `runtime-embassy` feature
[INFO] [stdout] 13 | pub mod embassy;
[INFO] [stdout]    |         ^^^^^^^
[INFO] [stdout] note: found an item that was configured out
[INFO] [stdout]   --> src/runtime/mod.rs:22:9
[INFO] [stdout]    |
[INFO] [stdout] 21 | #[cfg(feature = "runtime-smol")]
[INFO] [stdout]    |       ------------------------ the item is gated behind the `runtime-smol` feature
[INFO] [stdout] 22 | pub mod smol;
[INFO] [stdout]    |         ^^^^
[INFO] [stdout] 
[INFO] [stdout] 
[INFO] [stdout] error[E0432]: unresolved import `rudzio::common::context`
[INFO] [stdout]   --> tests/runtime_group_key_invariants.rs:45:21
[INFO] [stdout]    |
[INFO] [stdout] 45 | use rudzio::common::context::Suite;
[INFO] [stdout]    |                     ^^^^^^^ could not find `context` in `common`
[INFO] [stdout]    |
[INFO] [stdout] note: found an item that was configured out
[INFO] [stdout]   --> src/common/mod.rs:4:9
[INFO] [stdout]    |
[INFO] [stdout]  3 | #[cfg(feature = "common")]
[INFO] [stdout]    |       ------------------ the item is gated behind the `common` feature
[INFO] [stdout]  4 | pub mod context;
[INFO] [stdout]    |         ^^^^^^^
[INFO] [stdout] 
[INFO] [stdout] 
[INFO] [stdout] error[E0432]: unresolved import `rudzio::runtime::tokio`
[INFO] [stdout]   --> tests/runtime_group_key_invariants.rs:46:22
[INFO] [stdout]    |
[INFO] [stdout] 46 | use rudzio::runtime::tokio::Multithread;
[INFO] [stdout]    |                      ^^^^^ could not find `tokio` in `runtime`
[INFO] [stdout]    |
[INFO] [stdout] note: found an item that was configured out
[INFO] [stdout]   --> src/runtime/mod.rs:28:9
[INFO] [stdout]    |
[INFO] [stdout] 23 |   #[cfg(any(
[INFO] [stdout]    |  __________-
[INFO] [stdout] 24 | |     feature = "runtime-tokio-multi-thread",
[INFO] [stdout] 25 | |     feature = "runtime-tokio-current-thread",
[INFO] [stdout] 26 | |     feature = "runtime-tokio-local",
[INFO] [stdout] 27 | | ))]
[INFO] [stdout]    | |_- the item is gated here
[INFO] [stdout] 28 |   pub mod tokio;
[INFO] [stdout]    |           ^^^^^
[INFO] [stdout] 
[INFO] [stdout] 
[INFO] [stdout] error[E0432]: unresolved import `rudzio::common::context`
[INFO] [stdout]  --> tests/time_fmt.rs:5:21
[INFO] [stdout]   |
[INFO] [stdout] 5 | use rudzio::common::context::{Suite, Test};
[INFO] [stdout]   |                     ^^^^^^^ could not find `context` in `common`
[INFO] [stdout]   |
[INFO] [stdout] note: found an item that was configured out
[INFO] [stdout]  --> src/common/mod.rs:4:9
[INFO] [stdout]   |
[INFO] [stdout] 3 | #[cfg(feature = "common")]
[INFO] [stdout]   |       ------------------ the item is gated behind the `common` feature
[INFO] [stdout] 4 | pub mod context;
[INFO] [stdout]   |         ^^^^^^^
[INFO] [stdout] 
[INFO] [stdout] 
[INFO] [stdout] error[E0432]: unresolved import `rudzio::runtime::futures`
[INFO] [stdout]   --> tests/time_fmt.rs:7:22
[INFO] [stdout]    |
[INFO] [stdout]  7 | use rudzio::runtime::futures::ThreadPool;
[INFO] [stdout]    |                      ^^^^^^^ could not find `futures` in `runtime`
[INFO] [stdout]    |
[INFO] [stdout] note: found an item that was configured out
[INFO] [stdout]   --> src/runtime/mod.rs:15:9
[INFO] [stdout]    |
[INFO] [stdout] 14 | #[cfg(feature = "runtime-futures")]
[INFO] [stdout]    |       --------------------------- the item is gated behind the `runtime-futures` feature
[INFO] [stdout] 15 | pub mod futures;
[INFO] [stdout]    |         ^^^^^^^
[INFO] [stdout] 
[INFO] [stdout] 
[INFO] [stdout] error[E0432]: unresolved import `rudzio::runtime::monoio`
[INFO] [stdout]   --> tests/time_fmt.rs:9:5
[INFO] [stdout]    |
[INFO] [stdout]  9 | use rudzio::runtime::monoio;
[INFO] [stdout]    |     ^^^^^^^^^^^^^^^^^------
[INFO] [stdout]    |                      |
[INFO] [stdout]    |                      no `monoio` in `runtime`
[INFO] [stdout]    |
[INFO] [stdout] note: found an item that was configured out
[INFO] [stdout]   --> src/runtime/mod.rs:20:9
[INFO] [stdout]    |
[INFO] [stdout] 17 |     feature = "runtime-monoio",
[INFO] [stdout]    |     -------------------------- the item is gated behind the `runtime-monoio` feature
[INFO] [stdout] ...
[INFO] [stdout] 20 | pub mod monoio;
[INFO] [stdout]    |         ^^^^^^
[INFO] [stdout] 
[INFO] [stdout] 
[INFO] [stdout] error[E0432]: unresolved import `rudzio::runtime::tokio`
[INFO] [stdout]   --> tests/time_fmt.rs:10:22
[INFO] [stdout]    |
[INFO] [stdout] 10 | use rudzio::runtime::tokio::{CurrentThread, Local, Multithread};
[INFO] [stdout]    |                      ^^^^^ could not find `tokio` in `runtime`
[INFO] [stdout]    |
[INFO] [stdout] note: found an item that was configured out
[INFO] [stdout]   --> src/runtime/mod.rs:28:9
[INFO] [stdout]    |
[INFO] [stdout] 23 |   #[cfg(any(
[INFO] [stdout]    |  __________-
[INFO] [stdout] 24 | |     feature = "runtime-tokio-multi-thread",
[INFO] [stdout] 25 | |     feature = "runtime-tokio-current-thread",
[INFO] [stdout] 26 | |     feature = "runtime-tokio-local",
[INFO] [stdout] 27 | | ))]
[INFO] [stdout]    | |_- the item is gated here
[INFO] [stdout] 28 |   pub mod tokio;
[INFO] [stdout]    |           ^^^^^
[INFO] [stdout] 
[INFO] [stdout] 
[INFO] [stdout] error[E0432]: unresolved imports `rudzio::runtime::async_std`, `rudzio::runtime::compio`, `rudzio::runtime::embassy`, `rudzio::runtime::smol`
[INFO] [stdout]   --> tests/time_fmt.rs:11:23
[INFO] [stdout]    |
[INFO] [stdout] 11 | use rudzio::runtime::{async_std, compio, embassy, smol};
[INFO] [stdout]    |                       ^^^^^^^^^  ^^^^^^  ^^^^^^^  ^^^^ no `smol` in `runtime`
[INFO] [stdout]    |                       |          |       |
[INFO] [stdout]    |                       |          |       no `embassy` in `runtime`
[INFO] [stdout]    |                       |          no `compio` in `runtime`
[INFO] [stdout]    |                       no `async_std` in `runtime`
[INFO] [stdout]    |
[INFO] [stdout] note: found an item that was configured out
[INFO] [stdout]   --> src/runtime/mod.rs:9:9
[INFO] [stdout]    |
[INFO] [stdout]  8 | #[cfg(feature = "runtime-async-std")]
[INFO] [stdout]    |       ----------------------------- the item is gated behind the `runtime-async-std` feature
[INFO] [stdout]  9 | pub mod async_std;
[INFO] [stdout]    |         ^^^^^^^^^
[INFO] [stdout] note: found an item that was configured out
[INFO] [stdout]   --> src/runtime/mod.rs:11:9
[INFO] [stdout]    |
[INFO] [stdout] 10 | #[cfg(feature = "runtime-compio")]
[INFO] [stdout]    |       -------------------------- the item is gated behind the `runtime-compio` feature
[INFO] [stdout] 11 | pub mod compio;
[INFO] [stdout]    |         ^^^^^^
[INFO] [stdout] note: found an item that was configured out
[INFO] [stdout]   --> src/runtime/mod.rs:13:9
[INFO] [stdout]    |
[INFO] [stdout] 12 | #[cfg(feature = "runtime-embassy")]
[INFO] [stdout]    |       --------------------------- the item is gated behind the `runtime-embassy` feature
[INFO] [stdout] 13 | pub mod embassy;
[INFO] [stdout]    |         ^^^^^^^
[INFO] [stdout] note: found an item that was configured out
[INFO] [stdout]   --> src/runtime/mod.rs:22:9
[INFO] [stdout]    |
[INFO] [stdout] 21 | #[cfg(feature = "runtime-smol")]
[INFO] [stdout]    |       ------------------------ the item is gated behind the `runtime-smol` feature
[INFO] [stdout] 22 | pub mod smol;
[INFO] [stdout]    |         ^^^^
[INFO] [stdout] 
[INFO] [stdout] 
[INFO] [stdout] error[E0432]: unresolved import `rudzio::common::context`
[INFO] [stdout]   --> tests/runtime_group_key_invariants.rs:67:25
[INFO] [stdout]    |
[INFO] [stdout] 67 |     use rudzio::common::context::{Suite as CommonSuite, Test};
[INFO] [stdout]    |                         ^^^^^^^ could not find `context` in `common`
[INFO] [stdout]    |
[INFO] [stdout] note: found an item that was configured out
[INFO] [stdout]   --> src/common/mod.rs:4:9
[INFO] [stdout]    |
[INFO] [stdout]  3 | #[cfg(feature = "common")]
[INFO] [stdout]    |       ------------------ the item is gated behind the `common` feature
[INFO] [stdout]  4 | pub mod context;
[INFO] [stdout]    |         ^^^^^^^
[INFO] [stdout] 
[INFO] [stdout] 
[INFO] [stdout] error[E0432]: unresolved import `rudzio::runtime::tokio`
[INFO] [stdout]   --> tests/runtime_group_key_invariants.rs:68:26
[INFO] [stdout]    |
[INFO] [stdout] 68 |     use rudzio::runtime::tokio::Multithread;
[INFO] [stdout]    |                          ^^^^^ could not find `tokio` in `runtime`
[INFO] [stdout]    |
[INFO] [stdout] note: found an item that was configured out
[INFO] [stdout]   --> src/runtime/mod.rs:28:9
[INFO] [stdout]    |
[INFO] [stdout] 23 |   #[cfg(any(
[INFO] [stdout]    |  __________-
[INFO] [stdout] 24 | |     feature = "runtime-tokio-multi-thread",
[INFO] [stdout] 25 | |     feature = "runtime-tokio-current-thread",
[INFO] [stdout] 26 | |     feature = "runtime-tokio-local",
[INFO] [stdout] 27 | | ))]
[INFO] [stdout]    | |_- the item is gated here
[INFO] [stdout] 28 |   pub mod tokio;
[INFO] [stdout]    |           ^^^^^
[INFO] [stdout] 
[INFO] [stdout] 
[INFO] [stdout] warning: method call on a diverging inference variable
[INFO] [stdout]    --> tests/bench_live.rs:136:1
[INFO] [stdout]     |
[INFO] [stdout] 136 | / #[rudzio::suite([
[INFO] [stdout] 137 | |     (runtime = Multithread::new, suite = Suite, test = Test),
[INFO] [stdout] 138 | |     (runtime = CurrentThread::new, suite = Suite, test = Test),
[INFO] [stdout] 139 | |     (runtime = Local::new, suite = Suite, test = Test),
[INFO] [stdout] ...   |
[INFO] [stdout] 146 | |     (runtime = monoio::Runtime::new, suite = Suite, test = Test),
[INFO] [stdout] 147 | | ])]
[INFO] [stdout]     | |___^
[INFO] [stdout]     |
[INFO] [stdout]     = help: consider providing a type annotation
[INFO] [stdout]     = warning: this was previously accepted by the compiler but is being phased out; it will become a hard error in a future release!
[INFO] [stdout]     = note: for more information, see issue #156047 <https://github.com/rust-lang/rust/issues/156047>
[INFO] [stdout]     = note: `-F method-call-on-diverging-infer-var` implied by `-F future-incompatible`
[INFO] [stdout]     = note: the `method_call_on_diverging_infer_var` lint ignores `-D warnings`
[INFO] [stdout]     = note: this warning originates in the attribute macro `rudzio::suite` (in Nightly builds, run with -Z macro-backtrace for more info)
[INFO] [stdout] 
[INFO] [stdout] 
[INFO] [stdout] error[E0599]: no method named `teardown` found for type `!` in the current scope
[INFO] [stdout]    --> tests/bench_live.rs:136:1
[INFO] [stdout]     |
[INFO] [stdout] 136 |   #[rudzio::suite([
[INFO] [stdout]     |  _^
[INFO] [stdout] 137 | |     (runtime = Multithread::new, suite = Suite, test = Test),
[INFO] [stdout] 138 | |     (runtime = CurrentThread::new, suite = Suite, test = Test),
[INFO] [stdout] 139 | |     (runtime = Local::new, suite = Suite, test = Test),
[INFO] [stdout] ...   |
[INFO] [stdout] 146 | |     (runtime = monoio::Runtime::new, suite = Suite, test = Test),
[INFO] [stdout] 147 | | ])]
[INFO] [stdout]     | |___^ method not found in `!`
[INFO] [stdout]     |
[INFO] [stdout]     = note: this error originates in the attribute macro `rudzio::suite` (in Nightly builds, run with -Z macro-backtrace for more info)
[INFO] [stdout] 
[INFO] [stdout] 
[INFO] [stdout] warning: method call on a diverging inference variable
[INFO] [stdout]   --> tests/parallelism_tests.rs:37:1
[INFO] [stdout]    |
[INFO] [stdout] 37 | / #[rudzio::suite([
[INFO] [stdout] 38 | |     (runtime = Multithread::new, suite = Suite, test = Test),
[INFO] [stdout] 39 | |     (runtime = CurrentThread::new, suite = Suite, test = Test),
[INFO] [stdout] 40 | |     (runtime = Local::new, suite = Suite, test = Test),
[INFO] [stdout] ...  |
[INFO] [stdout] 47 | |     (runtime = monoio::Runtime::new, suite = Suite, test = Test),
[INFO] [stdout] 48 | | ])]
[INFO] [stdout]    | |___^
[INFO] [stdout]    |
[INFO] [stdout]    = help: consider providing a type annotation
[INFO] [stdout]    = warning: this was previously accepted by the compiler but is being phased out; it will become a hard error in a future release!
[INFO] [stdout]    = note: for more information, see issue #156047 <https://github.com/rust-lang/rust/issues/156047>
[INFO] [stdout]    = note: this warning originates in the attribute macro `rudzio::suite` (in Nightly builds, run with -Z macro-backtrace for more info)
[INFO] [stdout] 
[INFO] [stdout] 
[INFO] [stdout] error[E0599]: no method named `teardown` found for type `!` in the current scope
[INFO] [stdout]   --> tests/parallelism_tests.rs:37:1
[INFO] [stdout]    |
[INFO] [stdout] 37 |   #[rudzio::suite([
[INFO] [stdout]    |  _^
[INFO] [stdout] 38 | |     (runtime = Multithread::new, suite = Suite, test = Test),
[INFO] [stdout] 39 | |     (runtime = CurrentThread::new, suite = Suite, test = Test),
[INFO] [stdout] 40 | |     (runtime = Local::new, suite = Suite, test = Test),
[INFO] [stdout] ...  |
[INFO] [stdout] 47 | |     (runtime = monoio::Runtime::new, suite = Suite, test = Test),
[INFO] [stdout] 48 | | ])]
[INFO] [stdout]    | |___^ method not found in `!`
[INFO] [stdout]    |
[INFO] [stdout]    = note: this error originates in the attribute macro `rudzio::suite` (in Nightly builds, run with -Z macro-backtrace for more info)
[INFO] [stdout] 
[INFO] [stdout] 
[INFO] [stdout] warning: method call on a diverging inference variable
[INFO] [stdout]   --> tests/phase_wrapper.rs:54:1
[INFO] [stdout]    |
[INFO] [stdout] 54 | / #[rudzio::suite([
[INFO] [stdout] 55 | |     (runtime = Multithread::new, suite = Suite, test = Test),
[INFO] [stdout] 56 | |     (runtime = CurrentThread::new, suite = Suite, test = Test),
[INFO] [stdout] 57 | |     (runtime = Local::new, suite = Suite, test = Test),
[INFO] [stdout] ...  |
[INFO] [stdout] 64 | |     (runtime = monoio::Runtime::new, suite = Suite, test = Test),
[INFO] [stdout] 65 | | ])]
[INFO] [stdout]    | |___^
[INFO] [stdout]    |
[INFO] [stdout]    = help: consider providing a type annotation
[INFO] [stdout]    = warning: this was previously accepted by the compiler but is being phased out; it will become a hard error in a future release!
[INFO] [stdout]    = note: for more information, see issue #156047 <https://github.com/rust-lang/rust/issues/156047>
[INFO] [stdout]    = note: this warning originates in the attribute macro `rudzio::suite` (in Nightly builds, run with -Z macro-backtrace for more info)
[INFO] [stdout] 
[INFO] [stdout] 
[INFO] [stdout] error[E0599]: no method named `teardown` found for type `!` in the current scope
[INFO] [stdout]   --> tests/phase_wrapper.rs:54:1
[INFO] [stdout]    |
[INFO] [stdout] 54 |   #[rudzio::suite([
[INFO] [stdout]    |  _^
[INFO] [stdout] 55 | |     (runtime = Multithread::new, suite = Suite, test = Test),
[INFO] [stdout] 56 | |     (runtime = CurrentThread::new, suite = Suite, test = Test),
[INFO] [stdout] 57 | |     (runtime = Local::new, suite = Suite, test = Test),
[INFO] [stdout] ...  |
[INFO] [stdout] 64 | |     (runtime = monoio::Runtime::new, suite = Suite, test = Test),
[INFO] [stdout] 65 | | ])]
[INFO] [stdout]    | |___^ method not found in `!`
[INFO] [stdout]    |
[INFO] [stdout]    = note: this error originates in the attribute macro `rudzio::suite` (in Nightly builds, run with -Z macro-backtrace for more info)
[INFO] [stdout] 
[INFO] [stdout] 
[INFO] [stdout] warning: method call on a diverging inference variable
[INFO] [stdout]    --> tests/render_idle_redraw.rs:154:1
[INFO] [stdout]     |
[INFO] [stdout] 154 | / #[rudzio::suite([
[INFO] [stdout] 155 | |     (runtime = Multithread::new, suite = Suite, test = Test),
[INFO] [stdout] 156 | |     (runtime = CurrentThread::new, suite = Suite, test = Test),
[INFO] [stdout] 157 | |     (runtime = Local::new, suite = Suite, test = Test),
[INFO] [stdout] ...   |
[INFO] [stdout] 164 | |     (runtime = monoio::Runtime::new, suite = Suite, test = Test),
[INFO] [stdout] 165 | | ])]
[INFO] [stdout]     | |___^
[INFO] [stdout]     |
[INFO] [stdout]     = help: consider providing a type annotation
[INFO] [stdout]     = warning: this was previously accepted by the compiler but is being phased out; it will become a hard error in a future release!
[INFO] [stdout]     = note: for more information, see issue #156047 <https://github.com/rust-lang/rust/issues/156047>
[INFO] [stdout]     = note: this warning originates in the attribute macro `rudzio::suite` (in Nightly builds, run with -Z macro-backtrace for more info)
[INFO] [stdout] 
[INFO] [stdout] 
[INFO] [stdout] error[E0599]: no method named `teardown` found for type `!` in the current scope
[INFO] [stdout]    --> tests/render_idle_redraw.rs:154:1
[INFO] [stdout]     |
[INFO] [stdout] 154 |   #[rudzio::suite([
[INFO] [stdout]     |  _^
[INFO] [stdout] 155 | |     (runtime = Multithread::new, suite = Suite, test = Test),
[INFO] [stdout] 156 | |     (runtime = CurrentThread::new, suite = Suite, test = Test),
[INFO] [stdout] 157 | |     (runtime = Local::new, suite = Suite, test = Test),
[INFO] [stdout] ...   |
[INFO] [stdout] 164 | |     (runtime = monoio::Runtime::new, suite = Suite, test = Test),
[INFO] [stdout] 165 | | ])]
[INFO] [stdout]     | |___^ method not found in `!`
[INFO] [stdout]     |
[INFO] [stdout]     = note: this error originates in the attribute macro `rudzio::suite` (in Nightly builds, run with -Z macro-backtrace for more info)
[INFO] [stdout] 
[INFO] [stdout] 
[INFO] [stdout] warning: method call on a diverging inference variable
[INFO] [stdout]   --> tests/runner.rs:55:1
[INFO] [stdout]    |
[INFO] [stdout] 55 | / #[rudzio::suite([
[INFO] [stdout] 56 | |     (runtime = Multithread::new, suite = Suite, test = Test),
[INFO] [stdout] 57 | |     (runtime = CurrentThread::new, suite = Suite, test = Test),
[INFO] [stdout] 58 | |     (runtime = Local::new, suite = Suite, test = Test),
[INFO] [stdout] ...  |
[INFO] [stdout] 65 | |     (runtime = monoio::Runtime::new, suite = Suite, test = Test),
[INFO] [stdout] 66 | | ])]
[INFO] [stdout]    | |___^
[INFO] [stdout]    |
[INFO] [stdout]    = help: consider providing a type annotation
[INFO] [stdout]    = warning: this was previously accepted by the compiler but is being phased out; it will become a hard error in a future release!
[INFO] [stdout]    = note: for more information, see issue #156047 <https://github.com/rust-lang/rust/issues/156047>
[INFO] [stdout]    = note: this warning originates in the attribute macro `rudzio::suite` (in Nightly builds, run with -Z macro-backtrace for more info)
[INFO] [stdout] 
[INFO] [stdout] 
[INFO] [stdout] error[E0599]: no method named `teardown` found for type `!` in the current scope
[INFO] [stdout]   --> tests/runner.rs:55:1
[INFO] [stdout]    |
[INFO] [stdout] 55 |   #[rudzio::suite([
[INFO] [stdout]    |  _^
[INFO] [stdout] 56 | |     (runtime = Multithread::new, suite = Suite, test = Test),
[INFO] [stdout] 57 | |     (runtime = CurrentThread::new, suite = Suite, test = Test),
[INFO] [stdout] 58 | |     (runtime = Local::new, suite = Suite, test = Test),
[INFO] [stdout] ...  |
[INFO] [stdout] 65 | |     (runtime = monoio::Runtime::new, suite = Suite, test = Test),
[INFO] [stdout] 66 | | ])]
[INFO] [stdout]    | |___^ method not found in `!`
[INFO] [stdout]    |
[INFO] [stdout]    = note: this error originates in the attribute macro `rudzio::suite` (in Nightly builds, run with -Z macro-backtrace for more info)
[INFO] [stdout] 
[INFO] [stdout] 
[INFO] [stdout] warning: method call on a diverging inference variable
[INFO] [stdout]     --> tests/runner.rs:1367:1
[INFO] [stdout]      |
[INFO] [stdout] 1367 | / #[rudzio::suite([
[INFO] [stdout] 1368 | |     (runtime = Multithread::new, suite = Suite, test = Test),
[INFO] [stdout] 1369 | |     (runtime = CurrentThread::new, suite = Suite, test = Test),
[INFO] [stdout] 1370 | |     (runtime = Local::new, suite = Suite, test = Test),
[INFO] [stdout] ...    |
[INFO] [stdout] 1377 | |     (runtime = monoio::Runtime::new, suite = Suite, test = Test),
[INFO] [stdout] 1378 | | ])]
[INFO] [stdout]      | |___^
[INFO] [stdout]      |
[INFO] [stdout]      = help: consider providing a type annotation
[INFO] [stdout]      = warning: this was previously accepted by the compiler but is being phased out; it will become a hard error in a future release!
[INFO] [stdout]      = note: for more information, see issue #156047 <https://github.com/rust-lang/rust/issues/156047>
[INFO] [stdout]      = note: this warning originates in the attribute macro `rudzio::suite` (in Nightly builds, run with -Z macro-backtrace for more info)
[INFO] [stdout] 
[INFO] [stdout] 
[INFO] [stdout] error[E0599]: no method named `teardown` found for type `!` in the current scope
[INFO] [stdout]     --> tests/runner.rs:1367:1
[INFO] [stdout]      |
[INFO] [stdout] 1367 |   #[rudzio::suite([
[INFO] [stdout]      |  _^
[INFO] [stdout] 1368 | |     (runtime = Multithread::new, suite = Suite, test = Test),
[INFO] [stdout] 1369 | |     (runtime = CurrentThread::new, suite = Suite, test = Test),
[INFO] [stdout] 1370 | |     (runtime = Local::new, suite = Suite, test = Test),
[INFO] [stdout] ...    |
[INFO] [stdout] 1377 | |     (runtime = monoio::Runtime::new, suite = Suite, test = Test),
[INFO] [stdout] 1378 | | ])]
[INFO] [stdout]      | |___^ method not found in `!`
[INFO] [stdout]      |
[INFO] [stdout]      = note: this error originates in the attribute macro `rudzio::suite` (in Nightly builds, run with -Z macro-backtrace for more info)
[INFO] [stdout] 
[INFO] [stdout] 
[INFO] [stdout] warning: method call on a diverging inference variable
[INFO] [stdout]     --> tests/runner.rs:1497:1
[INFO] [stdout]      |
[INFO] [stdout] 1497 | / #[rudzio::suite([
[INFO] [stdout] 1498 | |     (runtime = Multithread::new, suite = Suite, test = Test),
[INFO] [stdout] 1499 | |     (runtime = CurrentThread::new, suite = Suite, test = Test),
[INFO] [stdout] 1500 | |     (runtime = Local::new, suite = Suite, test = Test),
[INFO] [stdout] ...    |
[INFO] [stdout] 1507 | |     (runtime = monoio::Runtime::new, suite = Suite, test = Test),
[INFO] [stdout] 1508 | | ])]
[INFO] [stdout]      | |___^
[INFO] [stdout]      |
[INFO] [stdout]      = help: consider providing a type annotation
[INFO] [stdout]      = warning: this was previously accepted by the compiler but is being phased out; it will become a hard error in a future release!
[INFO] [stdout]      = note: for more information, see issue #156047 <https://github.com/rust-lang/rust/issues/156047>
[INFO] [stdout]      = note: this warning originates in the attribute macro `rudzio::suite` (in Nightly builds, run with -Z macro-backtrace for more info)
[INFO] [stdout] 
[INFO] [stdout] 
[INFO] [stdout] error[E0599]: no method named `teardown` found for type `!` in the current scope
[INFO] [stdout]     --> tests/runner.rs:1497:1
[INFO] [stdout]      |
[INFO] [stdout] 1497 |   #[rudzio::suite([
[INFO] [stdout]      |  _^
[INFO] [stdout] 1498 | |     (runtime = Multithread::new, suite = Suite, test = Test),
[INFO] [stdout] 1499 | |     (runtime = CurrentThread::new, suite = Suite, test = Test),
[INFO] [stdout] 1500 | |     (runtime = Local::new, suite = Suite, test = Test),
[INFO] [stdout] ...    |
[INFO] [stdout] 1507 | |     (runtime = monoio::Runtime::new, suite = Suite, test = Test),
[INFO] [stdout] 1508 | | ])]
[INFO] [stdout]      | |___^ method not found in `!`
[INFO] [stdout]      |
[INFO] [stdout]      = note: this error originates in the attribute macro `rudzio::suite` (in Nightly builds, run with -Z macro-backtrace for more info)
[INFO] [stdout] 
[INFO] [stdout] 
[INFO] [stdout] warning: method call on a diverging inference variable
[INFO] [stdout]     --> tests/runner.rs:1552:1
[INFO] [stdout]      |
[INFO] [stdout] 1552 | / #[rudzio::suite([
[INFO] [stdout] 1553 | |     (runtime = Multithread::new, suite = Suite, test = Test),
[INFO] [stdout] 1554 | |     (runtime = CurrentThread::new, suite = Suite, test = Test),
[INFO] [stdout] 1555 | |     (runtime = Local::new, suite = Suite, test = Test),
[INFO] [stdout] ...    |
[INFO] [stdout] 1562 | |     (runtime = monoio::Runtime::new, suite = Suite, test = Test),
[INFO] [stdout] 1563 | | ])]
[INFO] [stdout]      | |___^
[INFO] [stdout]      |
[INFO] [stdout]      = help: consider providing a type annotation
[INFO] [stdout]      = warning: this was previously accepted by the compiler but is being phased out; it will become a hard error in a future release!
[INFO] [stdout]      = note: for more information, see issue #156047 <https://github.com/rust-lang/rust/issues/156047>
[INFO] [stdout]      = note: this warning originates in the attribute macro `rudzio::suite` (in Nightly builds, run with -Z macro-backtrace for more info)
[INFO] [stdout] 
[INFO] [stdout] 
[INFO] [stdout] error[E0599]: no method named `teardown` found for type `!` in the current scope
[INFO] [stdout]     --> tests/runner.rs:1552:1
[INFO] [stdout]      |
[INFO] [stdout] 1552 |   #[rudzio::suite([
[INFO] [stdout]      |  _^
[INFO] [stdout] 1553 | |     (runtime = Multithread::new, suite = Suite, test = Test),
[INFO] [stdout] 1554 | |     (runtime = CurrentThread::new, suite = Suite, test = Test),
[INFO] [stdout] 1555 | |     (runtime = Local::new, suite = Suite, test = Test),
[INFO] [stdout] ...    |
[INFO] [stdout] 1562 | |     (runtime = monoio::Runtime::new, suite = Suite, test = Test),
[INFO] [stdout] 1563 | | ])]
[INFO] [stdout]      | |___^ method not found in `!`
[INFO] [stdout]      |
[INFO] [stdout]      = note: this error originates in the attribute macro `rudzio::suite` (in Nightly builds, run with -Z macro-backtrace for more info)
[INFO] [stdout] 
[INFO] [stdout] 
[INFO] [stdout] warning: method call on a diverging inference variable
[INFO] [stdout]     --> tests/runner.rs:1744:1
[INFO] [stdout]      |
[INFO] [stdout] 1744 | / #[rudzio::suite([
[INFO] [stdout] 1745 | |     (runtime = Multithread::new, suite = Suite, test = Test),
[INFO] [stdout] 1746 | |     (runtime = CurrentThread::new, suite = Suite, test = Test),
[INFO] [stdout] 1747 | |     (runtime = Local::new, suite = Suite, test = Test),
[INFO] [stdout] ...    |
[INFO] [stdout] 1754 | |     (runtime = monoio::Runtime::new, suite = Suite, test = Test),
[INFO] [stdout] 1755 | | ])]
[INFO] [stdout]      | |___^
[INFO] [stdout]      |
[INFO] [stdout]      = help: consider providing a type annotation
[INFO] [stdout]      = warning: this was previously accepted by the compiler but is being phased out; it will become a hard error in a future release!
[INFO] [stdout]      = note: for more information, see issue #156047 <https://github.com/rust-lang/rust/issues/156047>
[INFO] [stdout]      = note: this warning originates in the attribute macro `rudzio::suite` (in Nightly builds, run with -Z macro-backtrace for more info)
[INFO] [stdout] 
[INFO] [stdout] 
[INFO] [stdout] error[E0599]: no method named `teardown` found for type `!` in the current scope
[INFO] [stdout]     --> tests/runner.rs:1744:1
[INFO] [stdout]      |
[INFO] [stdout] 1744 |   #[rudzio::suite([
[INFO] [stdout]      |  _^
[INFO] [stdout] 1745 | |     (runtime = Multithread::new, suite = Suite, test = Test),
[INFO] [stdout] 1746 | |     (runtime = CurrentThread::new, suite = Suite, test = Test),
[INFO] [stdout] 1747 | |     (runtime = Local::new, suite = Suite, test = Test),
[INFO] [stdout] ...    |
[INFO] [stdout] 1754 | |     (runtime = monoio::Runtime::new, suite = Suite, test = Test),
[INFO] [stdout] 1755 | | ])]
[INFO] [stdout]      | |___^ method not found in `!`
[INFO] [stdout]      |
[INFO] [stdout]      = note: this error originates in the attribute macro `rudzio::suite` (in Nightly builds, run with -Z macro-backtrace for more info)
[INFO] [stdout] 
[INFO] [stdout] 
[INFO] [stdout] warning: method call on a diverging inference variable
[INFO] [stdout]     --> tests/runner.rs:1872:1
[INFO] [stdout]      |
[INFO] [stdout] 1872 | / #[rudzio::suite([
[INFO] [stdout] 1873 | |     (runtime = Multithread::new, suite = Suite, test = Test),
[INFO] [stdout] 1874 | |     (runtime = CurrentThread::new, suite = Suite, test = Test),
[INFO] [stdout] 1875 | |     (runtime = Local::new, suite = Suite, test = Test),
[INFO] [stdout] ...    |
[INFO] [stdout] 1882 | |     (runtime = monoio::Runtime::new, suite = Suite, test = Test),
[INFO] [stdout] 1883 | | ])]
[INFO] [stdout]      | |___^
[INFO] [stdout]      |
[INFO] [stdout]      = help: consider providing a type annotation
[INFO] [stdout]      = warning: this was previously accepted by the compiler but is being phased out; it will become a hard error in a future release!
[INFO] [stdout]      = note: for more information, see issue #156047 <https://github.com/rust-lang/rust/issues/156047>
[INFO] [stdout]      = note: this warning originates in the attribute macro `rudzio::suite` (in Nightly builds, run with -Z macro-backtrace for more info)
[INFO] [stdout] 
[INFO] [stdout] 
[INFO] [stdout] error[E0599]: no method named `teardown` found for type `!` in the current scope
[INFO] [stdout]     --> tests/runner.rs:1872:1
[INFO] [stdout]      |
[INFO] [stdout] 1872 |   #[rudzio::suite([
[INFO] [stdout]      |  _^
[INFO] [stdout] 1873 | |     (runtime = Multithread::new, suite = Suite, test = Test),
[INFO] [stdout] 1874 | |     (runtime = CurrentThread::new, suite = Suite, test = Test),
[INFO] [stdout] 1875 | |     (runtime = Local::new, suite = Suite, test = Test),
[INFO] [stdout] ...    |
[INFO] [stdout] 1882 | |     (runtime = monoio::Runtime::new, suite = Suite, test = Test),
[INFO] [stdout] 1883 | | ])]
[INFO] [stdout]      | |___^ method not found in `!`
[INFO] [stdout]      |
[INFO] [stdout]      = note: this error originates in the attribute macro `rudzio::suite` (in Nightly builds, run with -Z macro-backtrace for more info)
[INFO] [stdout] 
[INFO] [stdout] 
[INFO] [stdout] warning: method call on a diverging inference variable
[INFO] [stdout]   --> tests/runtime_group_key_invariants.rs:60:1
[INFO] [stdout]    |
[INFO] [stdout] 60 | / #[rudzio::suite([
[INFO] [stdout] 61 | |     (runtime = Multithread::new, suite = Suite, test = Test),
[INFO] [stdout] 62 | | ])]
[INFO] [stdout]    | |___^
[INFO] [stdout]    |
[INFO] [stdout]    = help: consider providing a type annotation
[INFO] [stdout]    = warning: this was previously accepted by the compiler but is being phased out; it will become a hard error in a future release!
[INFO] [stdout]    = note: for more information, see issue #156047 <https://github.com/rust-lang/rust/issues/156047>
[INFO] [stdout]    = note: this warning originates in the attribute macro `rudzio::suite` (in Nightly builds, run with -Z macro-backtrace for more info)
[INFO] [stdout] 
[INFO] [stdout] 
[INFO] [stdout] error[E0599]: no method named `teardown` found for type `!` in the current scope
[INFO] [stdout]   --> tests/runtime_group_key_invariants.rs:60:1
[INFO] [stdout]    |
[INFO] [stdout] 60 |   #[rudzio::suite([
[INFO] [stdout]    |  _^
[INFO] [stdout] 61 | |     (runtime = Multithread::new, suite = Suite, test = Test),
[INFO] [stdout] 62 | | ])]
[INFO] [stdout]    | |___^ method not found in `!`
[INFO] [stdout]    |
[INFO] [stdout]    = note: this error originates in the attribute macro `rudzio::suite` (in Nightly builds, run with -Z macro-backtrace for more info)
[INFO] [stdout] 
[INFO] [stdout] 
[INFO] [stdout] warning: method call on a diverging inference variable
[INFO] [stdout]   --> tests/time_fmt.rs:13:1
[INFO] [stdout]    |
[INFO] [stdout] 13 | / #[rudzio::suite([
[INFO] [stdout] 14 | |     (runtime = Multithread::new, suite = Suite, test = Test),
[INFO] [stdout] 15 | |     (runtime = CurrentThread::new, suite = Suite, test = Test),
[INFO] [stdout] 16 | |     (runtime = Local::new, suite = Suite, test = Test),
[INFO] [stdout] ...  |
[INFO] [stdout] 23 | |     (runtime = monoio::Runtime::new, suite = Suite, test = Test),
[INFO] [stdout] 24 | | ])]
[INFO] [stdout]    | |___^
[INFO] [stdout]    |
[INFO] [stdout]    = help: consider providing a type annotation
[INFO] [stdout]    = warning: this was previously accepted by the compiler but is being phased out; it will become a hard error in a future release!
[INFO] [stdout]    = note: for more information, see issue #156047 <https://github.com/rust-lang/rust/issues/156047>
[INFO] [stdout]    = note: this warning originates in the attribute macro `rudzio::suite` (in Nightly builds, run with -Z macro-backtrace for more info)
[INFO] [stdout] 
[INFO] [stdout] 
[INFO] [stdout] error[E0599]: no method named `teardown` found for type `!` in the current scope
[INFO] [stdout]   --> tests/time_fmt.rs:13:1
[INFO] [stdout]    |
[INFO] [stdout] 13 |   #[rudzio::suite([
[INFO] [stdout]    |  _^
[INFO] [stdout] 14 | |     (runtime = Multithread::new, suite = Suite, test = Test),
[INFO] [stdout] 15 | |     (runtime = CurrentThread::new, suite = Suite, test = Test),
[INFO] [stdout] 16 | |     (runtime = Local::new, suite = Suite, test = Test),
[INFO] [stdout] ...  |
[INFO] [stdout] 23 | |     (runtime = monoio::Runtime::new, suite = Suite, test = Test),
[INFO] [stdout] 24 | | ])]
[INFO] [stdout]    | |___^ method not found in `!`
[INFO] [stdout]    |
[INFO] [stdout]    = note: this error originates in the attribute macro `rudzio::suite` (in Nightly builds, run with -Z macro-backtrace for more info)
[INFO] [stdout] 
[INFO] [stdout] 
[INFO] [stdout] Some errors have detailed explanations: E0432, E0599.
[INFO] [stdout] 
[INFO] [stdout] For more information about an error, try `rustc --explain E0432`.
[INFO] [stdout] 
[INFO] [stderr] error: could not compile `rudzio` (test "main") due to 52 previous errors; 247 warnings emitted
[INFO] running `Command { std: "docker" "inspect" "1d785a897cc34b1a6ec916cfd1094484dcc104f55c7df2b7cd37faa587bb2fef", kill_on_drop: false }`
[INFO] running `Command { std: "docker" "rm" "-f" "1d785a897cc34b1a6ec916cfd1094484dcc104f55c7df2b7cd37faa587bb2fef", kill_on_drop: false }`
[INFO] [stdout] 1d785a897cc34b1a6ec916cfd1094484dcc104f55c7df2b7cd37faa587bb2fef
