[INFO] fetching crate ruda-store-safetensors-tests 0.21.0...
[INFO] testing ruda-store-safetensors-tests-0.21.0 against 1.99.0-beta.8 for beta-1.100-2
[INFO] extracting crate ruda-store-safetensors-tests 0.21.0 into /workspace/builds/worker-7-tc1/source
[INFO] started tweaking crates.io crate ruda-store-safetensors-tests 0.21.0
[INFO] removed 0 missing tests
[INFO] finished tweaking crates.io crate ruda-store-safetensors-tests 0.21.0
[INFO] tweaked toml for crates.io crate ruda-store-safetensors-tests 0.21.0 written to /workspace/builds/worker-7-tc1/source/Cargo.toml
[INFO] validating manifest of crates.io crate ruda-store-safetensors-tests 0.21.0 on toolchain 1.99.0-beta.8
[INFO] running `Command { std: CARGO_HOME="/workspace/cargo-home" RUSTUP_HOME="/workspace/rustup-home" "/workspace/cargo-home/bin/cargo" "+1.99.0-beta.8" "metadata" "--manifest-path" "Cargo.toml" "--no-deps", kill_on_drop: false }`
[INFO] crate crates.io crate ruda-store-safetensors-tests 0.21.0 already has a lockfile, it will not be regenerated
[INFO] running `Command { std: CARGO_HOME="/workspace/cargo-home" RUSTUP_HOME="/workspace/rustup-home" "/workspace/cargo-home/bin/cargo" "+1.99.0-beta.8" "fetch" "--manifest-path" "Cargo.toml", kill_on_drop: false }`
[INFO] running `Command { std: "docker" "create" "-v" "/var/lib/crater-agent-workspace/builds/worker-7-tc1/source:/opt/rustwide/workdir:ro,Z" "-v" "/var/lib/crater-agent-workspace/builds/worker-7-tc1/target:/opt/rustwide/target:rw,Z" "-v" "/var/lib/crater-agent-workspace/cargo-home:/opt/rustwide/cargo-home:ro,Z" "-v" "/var/lib/crater-agent-workspace/rustup-home:/opt/rustwide/rustup-home:ro,Z" "-m" "1610612736" "--network" "none" "ghcr.io/rust-lang/crates-build-env/linux@sha256:3111399a4047eeb3a02b7a90e478d715f38a8c6669b5c4b49d30a17385265909" "sleep" "infinity", kill_on_drop: false }`
[INFO] [stdout] 7fe410ab330ffd3b55d31989e36c5f22a65ac3e1b0785f2b923641f43bf66452
[INFO] running `Command { std: "docker" "start" "7fe410ab330ffd3b55d31989e36c5f22a65ac3e1b0785f2b923641f43bf66452", kill_on_drop: false }`
[INFO] running `Command { std: "docker" "inspect" "7fe410ab330ffd3b55d31989e36c5f22a65ac3e1b0785f2b923641f43bf66452", kill_on_drop: false }`
[INFO] running `Command { std: "docker" "exec" "-e" "SOURCE_DIR=/opt/rustwide/workdir" "-e" "CARGO_HOME=/opt/rustwide/cargo-home" "-e" "RUSTUP_HOME=/opt/rustwide/rustup-home" "-e" "CARGO_TARGET_DIR=/opt/rustwide/target" "-w" "/opt/rustwide/workdir" "--user" "0:0" "7fe410ab330ffd3b55d31989e36c5f22a65ac3e1b0785f2b923641f43bf66452" "/opt/rustwide/cargo-home/bin/cargo" "+1.99.0-beta.8" "metadata" "--no-deps" "--format-version=1", kill_on_drop: false }`
[INFO] running `Command { std: "docker" "inspect" "7fe410ab330ffd3b55d31989e36c5f22a65ac3e1b0785f2b923641f43bf66452", kill_on_drop: false }`
[INFO] running `Command { std: "docker" "exec" "-e" "SOURCE_DIR=/opt/rustwide/workdir" "-e" "CARGO_HOME=/opt/rustwide/cargo-home" "-e" "RUSTUP_HOME=/opt/rustwide/rustup-home" "-e" "CARGO_TARGET_DIR=/opt/rustwide/target" "-e" "CARGO_INCREMENTAL=0" "-e" "RUST_BACKTRACE=full" "-e" "RUSTFLAGS=--cap-lints=warn" "-e" "RUSTDOCFLAGS=--cap-lints=warn" "-w" "/opt/rustwide/workdir" "--user" "0:0" "7fe410ab330ffd3b55d31989e36c5f22a65ac3e1b0785f2b923641f43bf66452" "/opt/rustwide/cargo-home/bin/cargo" "+1.99.0-beta.8" "build" "--frozen" "--message-format=json", kill_on_drop: false }`
[INFO] [stderr]    Compiling ruda-store-safetensors-tests v0.21.0 (/opt/rustwide/workdir)
[INFO] [stderr]     Finished `dev` profile [unoptimized + debuginfo] target(s) in 0.06s
[INFO] running `Command { std: "docker" "inspect" "7fe410ab330ffd3b55d31989e36c5f22a65ac3e1b0785f2b923641f43bf66452", kill_on_drop: false }`
[INFO] running `Command { std: "docker" "exec" "-e" "SOURCE_DIR=/opt/rustwide/workdir" "-e" "CARGO_HOME=/opt/rustwide/cargo-home" "-e" "RUSTUP_HOME=/opt/rustwide/rustup-home" "-e" "CARGO_TARGET_DIR=/opt/rustwide/target" "-e" "CARGO_INCREMENTAL=0" "-e" "RUST_BACKTRACE=full" "-e" "RUSTFLAGS=--cap-lints=warn" "-e" "RUSTDOCFLAGS=--cap-lints=warn" "-w" "/opt/rustwide/workdir" "--user" "0:0" "7fe410ab330ffd3b55d31989e36c5f22a65ac3e1b0785f2b923641f43bf66452" "/opt/rustwide/cargo-home/bin/cargo" "+1.99.0-beta.8" "test" "--frozen" "--no-run" "--message-format=json", kill_on_drop: false }`
[INFO] [stderr]    Compiling serde_core v1.0.229
[INFO] [stderr]    Compiling serde v1.0.229
[INFO] [stderr]    Compiling proc-macro2 v1.0.107
[INFO] [stderr]    Compiling float-cmp v0.10.0
[INFO] [stderr]    Compiling quote v1.0.47
[INFO] [stderr]    Compiling syn v3.0.4
[INFO] [stderr]    Compiling serde_derive v1.0.229
[INFO] [stderr]    Compiling ruda-store-safetensors-tests v0.21.0 (/opt/rustwide/workdir)
[INFO] [stdout] error[E0433]: cannot find module or crate `ruda_model` in this scope
[INFO] [stdout]  --> tests/multi_layer/mod.rs:1:5
[INFO] [stdout]   |
[INFO] [stdout] 1 | use ruda_model::module::Module;
[INFO] [stdout]   |     ^^^^^^^^^^ use of unresolved module or unlinked crate `ruda_model`
[INFO] [stdout]   |
[INFO] [stdout]   = help: if you wanted to use a crate named `ruda_model`, use `cargo add ruda_model` to add it to your `Cargo.toml`
[INFO] [stdout] 
[INFO] [stdout] 
[INFO] [stdout] error[E0433]: cannot find module or crate `ruda_tensor_host` in this scope
[INFO] [stdout]  --> tests/backend.rs:1:24
[INFO] [stdout]   |
[INFO] [stdout] 1 | pub type TestBackend = ruda_tensor_host::Host;
[INFO] [stdout]   |                        ^^^^^^^^^^^^^^^^ use of unresolved module or unlinked crate `ruda_tensor_host`
[INFO] [stdout]   |
[INFO] [stdout]   = help: if you wanted to use a crate named `ruda_tensor_host`, use `cargo add ruda_tensor_host` to add it to your `Cargo.toml`
[INFO] [stdout] 
[INFO] [stdout] 
[INFO] [stdout] For more information about this error, try `rustc --explain E0433`.
[INFO] [stdout] 
[INFO] [stderr] error: could not compile `ruda-store-safetensors-tests` (test "backend") due to 1 previous error
[INFO] [stderr] warning: build failed, waiting for other jobs to finish...
[INFO] [stdout] error[E0433]: cannot find module or crate `ruda_nn` in this scope
[INFO] [stdout]  --> tests/multi_layer/mod.rs:2:5
[INFO] [stdout]   |
[INFO] [stdout] 2 | use ruda_nn::{
[INFO] [stdout]   |     ^^^^^^^ use of unresolved module or unlinked crate `ruda_nn`
[INFO] [stdout]   |
[INFO] [stdout]   = help: if you wanted to use a crate named `ruda_nn`, use `cargo add ruda_nn` to add it to your `Cargo.toml`
[INFO] [stdout] 
[INFO] [stdout] 
[INFO] [stdout] error[E0433]: cannot find module or crate `ruda_tensor` in this scope
[INFO] [stdout]  --> tests/multi_layer/mod.rs:6:5
[INFO] [stdout]   |
[INFO] [stdout] 6 | use ruda_tensor::api::{Tensor, backend::Backend};
[INFO] [stdout]   |     ^^^^^^^^^^^ use of unresolved module or unlinked crate `ruda_tensor`
[INFO] [stdout]   |
[INFO] [stdout]   = help: if you wanted to use a crate named `ruda_tensor`, use `cargo add ruda_tensor` to add it to your `Cargo.toml`
[INFO] [stdout] 
[INFO] [stdout] 
[INFO] [stdout] error[E0433]: cannot find module or crate `ruda_tensor` in this scope
[INFO] [stdout]   --> tests/multi_layer/mod.rs:43:9
[INFO] [stdout]    |
[INFO] [stdout] 43 |     use ruda_tensor::api::Tolerance;
[INFO] [stdout]    |         ^^^^^^^^^^^ use of unresolved module or unlinked crate `ruda_tensor`
[INFO] [stdout]    |
[INFO] [stdout]    = help: if you wanted to use a crate named `ruda_tensor`, use `cargo add ruda_tensor` to add it to your `Cargo.toml`
[INFO] [stdout] 
[INFO] [stdout] 
[INFO] [stdout] error[E0432]: unresolved import `ruda_nn`
[INFO] [stdout]  --> tests/multi_layer/mod.rs:2:5
[INFO] [stdout]   |
[INFO] [stdout] 2 | use ruda_nn::{
[INFO] [stdout]   |     ^^^^^^^ use of unresolved module or unlinked crate `ruda_nn`
[INFO] [stdout]   |
[INFO] [stdout]   = help: if you wanted to use a crate named `ruda_nn`, use `cargo add ruda_nn` to add it to your `Cargo.toml`
[INFO] [stdout] 
[INFO] [stdout] 
[INFO] [stdout] error[E0432]: unresolved import `ruda_store`
[INFO] [stdout]   --> tests/multi_layer/mod.rs:44:9
[INFO] [stdout]    |
[INFO] [stdout] 44 |     use ruda_store::{ModuleSnapshot, PyTorchToRudaAdapter, SafetensorsStore};
[INFO] [stdout]    |         ^^^^^^^^^^ use of unresolved module or unlinked crate `ruda_store`
[INFO] [stdout]    |
[INFO] [stdout]    = help: if you wanted to use a crate named `ruda_store`, use `cargo add ruda_store` to add it to your `Cargo.toml`
[INFO] [stdout] 
[INFO] [stdout] 
[INFO] [stdout] error[E0433]: cannot find module or crate `ruda_tensor_host` in this scope
[INFO] [stdout]  --> tests/backend.rs:1:24
[INFO] [stdout]   |
[INFO] [stdout] 1 | pub type TestBackend = ruda_tensor_host::Host;
[INFO] [stdout]   |                        ^^^^^^^^^^^^^^^^ use of unresolved module or unlinked crate `ruda_tensor_host`
[INFO] [stdout]   |
[INFO] [stdout]   = help: if you wanted to use a crate named `ruda_tensor_host`, use `cargo add ruda_tensor_host` to add it to your `Cargo.toml`
[INFO] [stdout] 
[INFO] [stdout] 
[INFO] [stdout] Some errors have detailed explanations: E0432, E0433.
[INFO] [stdout] 
[INFO] [stdout] For more information about an error, try `rustc --explain E0432`.
[INFO] [stdout] 
[INFO] [stderr] error: could not compile `ruda-store-safetensors-tests` (test "test_mod") due to 7 previous errors
[INFO] running `Command { std: "docker" "inspect" "7fe410ab330ffd3b55d31989e36c5f22a65ac3e1b0785f2b923641f43bf66452", kill_on_drop: false }`
[INFO] running `Command { std: "docker" "rm" "-f" "7fe410ab330ffd3b55d31989e36c5f22a65ac3e1b0785f2b923641f43bf66452", kill_on_drop: false }`
[INFO] [stdout] 7fe410ab330ffd3b55d31989e36c5f22a65ac3e1b0785f2b923641f43bf66452
