[INFO] fetching crate ruda-llm 0.1.18...
[INFO] testing ruda-llm-0.1.18 against 1.99.0-beta.8 for beta-1.100-2
[INFO] extracting crate ruda-llm 0.1.18 into /workspace/builds/worker-2-tc1/source
[INFO] started tweaking crates.io crate ruda-llm 0.1.18
[INFO] removed 0 missing examples
[INFO] removed 0 missing tests
[INFO] finished tweaking crates.io crate ruda-llm 0.1.18
[INFO] tweaked toml for crates.io crate ruda-llm 0.1.18 written to /workspace/builds/worker-2-tc1/source/Cargo.toml
[INFO] validating manifest of crates.io crate ruda-llm 0.1.18 on toolchain 1.99.0-beta.8
[INFO] running `Command { std: CARGO_HOME="/workspace/cargo-home" RUSTUP_HOME="/workspace/rustup-home" "/workspace/cargo-home/bin/cargo" "+1.99.0-beta.8" "metadata" "--manifest-path" "Cargo.toml" "--no-deps", kill_on_drop: false }`
[INFO] crate crates.io crate ruda-llm 0.1.18 already has a lockfile, it will not be regenerated
[INFO] running `Command { std: CARGO_HOME="/workspace/cargo-home" RUSTUP_HOME="/workspace/rustup-home" "/workspace/cargo-home/bin/cargo" "+1.99.0-beta.8" "fetch" "--manifest-path" "Cargo.toml", kill_on_drop: false }`
[INFO] [stderr]     Updating crates.io index
[INFO] [stderr]  Downloading crates ...
[INFO] [stderr]   Downloaded macro_rules_attribute v0.2.3
[INFO] [stderr]   Downloaded sanitize-filename v0.6.0
[INFO] [stderr]   Downloaded macro_rules_attribute-proc_macro v0.2.3
[INFO] [stderr]   Downloaded float-ord v0.3.2
[INFO] [stderr]   Downloaded ruda-ir-macros v0.1.2
[INFO] [stderr]   Downloaded variadics_please v1.1.0
[INFO] [stderr]   Downloaded embedded-hal-async v1.0.0
[INFO] [stderr]   Downloaded pastey v0.2.3
[INFO] [stderr]   Downloaded embassy-time-driver v0.2.2
[INFO] [stderr]   Downloaded libredox v0.1.21
[INFO] [stderr]   Downloaded onig v6.5.3
[INFO] [stderr]   Downloaded nb v1.1.0
[INFO] [stderr]   Downloaded embassy-futures v0.1.2
[INFO] [stderr]   Downloaded md5 v0.8.1
[INFO] [stderr]   Downloaded inflections v1.1.1
[INFO] [stderr]   Downloaded derive-new v0.7.0
[INFO] [stderr]   Downloaded dary_heap v0.3.9
[INFO] [stderr]   Downloaded ruda-tensor-config v0.21.2
[INFO] [stderr]   Downloaded tynm v0.2.0
[INFO] [stderr]   Downloaded float8 v0.7.0
[INFO] [stderr]   Downloaded float4 v0.2.0
[INFO] [stderr]   Downloaded enumset v1.1.14
[INFO] [stderr]   Downloaded enumset_derive v0.15.0
[INFO] [stderr]   Downloaded embedded-hal v1.0.0
[INFO] [stderr]   Downloaded embedded-hal v0.2.7
[INFO] [stderr]   Downloaded nb v0.1.3
[INFO] [stderr]   Downloaded tokenizers v0.22.2
[INFO] [stderr]   Downloaded spin v0.10.1
[INFO] [stderr]   Downloaded oneshot v0.2.1
[INFO] [stderr]   Downloaded ruda-tensor-device v0.21.18
[INFO] [stderr]   Downloaded embassy-time v0.5.1
[INFO] [stderr]   Downloaded wgpu-naga-bridge v29.0.4
[INFO] [stderr]   Downloaded toml v1.1.4+spec-1.1.0
[INFO] [stderr]   Downloaded stable-vec v0.4.3
[INFO] [stderr]   Downloaded ruda-driver-wgpu v0.1.18
[INFO] [stderr]   Downloaded bit-vec v0.9.1
[INFO] [stderr]   Downloaded raw-window-metal v1.1.0
[INFO] [stderr]   Downloaded objc2-quartz-core v0.3.2
[INFO] [stderr]   Downloaded ruda-kernel-macros v0.1.5
[INFO] [stderr]   Downloaded spirv v0.4.0+sdk-1.4.341.0
[INFO] [stderr]   Downloaded bit-set v0.9.1
[INFO] [stderr]   Downloaded block2 v0.6.2
[INFO] [stderr]   Downloaded ruda-core v0.1.4
[INFO] [stderr]   Downloaded indexmap v2.14.1
[INFO] [stderr]   Downloaded ruda-runtime v0.1.1
[INFO] [stderr]   Downloaded wgpu-types v29.0.4
[INFO] [stderr]   Downloaded ordered-float v5.5.0
[INFO] [stderr]   Downloaded gpu-allocator v0.28.0
[INFO] [stderr]   Downloaded wgpu-core-deps-apple v29.0.4
[INFO] [stderr]   Downloaded wgpu v29.0.4
[INFO] [stderr]   Downloaded wgpu-core-deps-emscripten v29.0.4
[INFO] [stderr]   Downloaded ruda-driver-hip v0.1.18
[INFO] [stderr]   Downloaded ruda-driver-cann v0.1.18
[INFO] [stderr]   Downloaded textdistance v1.1.1
[INFO] [stderr]   Downloaded ruda-tensor v0.21.18
[INFO] [stderr]   Downloaded ruda-kernel v0.1.7
[INFO] [stderr]   Downloaded wgpu-core-deps-windows-linux-android v29.0.4
[INFO] [stderr]   Downloaded ruda-driver-cuda v0.1.18
[INFO] [stderr]   Downloaded objc2-metal v0.3.2
[INFO] [stderr]   Downloaded ruda v0.1.8
[INFO] [stderr]   Downloaded ruRAND v0.1.18
[INFO] [stderr]   Downloaded ruda-compiler v0.1.5
[INFO] [stderr]   Downloaded ruda-fft v0.1.18
[INFO] [stderr]   Downloaded uuid v1.26.0
[INFO] [stderr]   Downloaded ruda-model-codegen v0.21.0
[INFO] [stderr]   Downloaded ruda-io v0.21.3
[INFO] [stderr]   Downloaded glow v0.17.0
[INFO] [stderr]   Downloaded ruda-model-macros v0.21.0
[INFO] [stderr]   Downloaded rublas v0.1.18
[INFO] [stderr]   Downloaded ruda-model v0.21.17
[INFO] [stderr]   Downloaded ruPRIM v0.1.18
[INFO] [stderr]   Downloaded wgpu-hal v29.0.4
[INFO] [stderr]   Downloaded ruda-fusion v0.21.18
[INFO] [stderr]   Downloaded ruda-store v0.21.17
[INFO] [stderr]   Downloaded ruDNN v0.1.18
[INFO] [stderr]   Downloaded wgpu-core v29.0.4
[INFO] [stderr]   Downloaded onig_sys v69.9.3
[INFO] [stderr]   Downloaded cudarc v0.19.9
[INFO] [stderr]   Downloaded naga v29.0.4
[INFO] [stderr]   Downloaded ruda-hip-sys v7.14.6085000
[INFO] [stderr]   Downloaded quinn-proto v0.11.17
[INFO] [stderr]   Downloaded tinyvec v1.12.0
[INFO] [stderr]   Downloaded ipnet v2.12.1
[INFO] [stderr]   Downloaded console v0.16.4
[INFO] [stderr]   Downloaded zlib-rs v0.6.7
[INFO] [stderr]   Downloaded ruda-nn v0.21.18
[INFO] [stderr]   Downloaded crc32fast v1.5.1
[INFO] [stderr]   Downloaded libjpeg-turbo-rs v0.8.0
[INFO] running `Command { std: "docker" "create" "-v" "/var/lib/crater-agent-workspace/builds/worker-2-tc1/source:/opt/rustwide/workdir:ro,Z" "-v" "/var/lib/crater-agent-workspace/builds/worker-2-tc1/target:/opt/rustwide/target:rw,Z" "-v" "/var/lib/crater-agent-workspace/cargo-home:/opt/rustwide/cargo-home:ro,Z" "-v" "/var/lib/crater-agent-workspace/rustup-home:/opt/rustwide/rustup-home:ro,Z" "-m" "1610612736" "--network" "none" "ghcr.io/rust-lang/crates-build-env/linux@sha256:3111399a4047eeb3a02b7a90e478d715f38a8c6669b5c4b49d30a17385265909" "sleep" "infinity", kill_on_drop: false }`
[INFO] [stdout] ec6fb411e94f2e6c9fdce7cdf483c5742b4050bbe407f2b468d1a56ea35d1ac0
[INFO] running `Command { std: "docker" "start" "ec6fb411e94f2e6c9fdce7cdf483c5742b4050bbe407f2b468d1a56ea35d1ac0", kill_on_drop: false }`
[INFO] running `Command { std: "docker" "inspect" "ec6fb411e94f2e6c9fdce7cdf483c5742b4050bbe407f2b468d1a56ea35d1ac0", kill_on_drop: false }`
[INFO] running `Command { std: "docker" "exec" "-e" "SOURCE_DIR=/opt/rustwide/workdir" "-e" "CARGO_HOME=/opt/rustwide/cargo-home" "-e" "RUSTUP_HOME=/opt/rustwide/rustup-home" "-e" "CARGO_TARGET_DIR=/opt/rustwide/target" "-w" "/opt/rustwide/workdir" "--user" "0:0" "ec6fb411e94f2e6c9fdce7cdf483c5742b4050bbe407f2b468d1a56ea35d1ac0" "/opt/rustwide/cargo-home/bin/cargo" "+1.99.0-beta.8" "metadata" "--no-deps" "--format-version=1", kill_on_drop: false }`
[INFO] running `Command { std: "docker" "inspect" "ec6fb411e94f2e6c9fdce7cdf483c5742b4050bbe407f2b468d1a56ea35d1ac0", kill_on_drop: false }`
[INFO] running `Command { std: "docker" "exec" "-e" "SOURCE_DIR=/opt/rustwide/workdir" "-e" "CARGO_HOME=/opt/rustwide/cargo-home" "-e" "RUSTUP_HOME=/opt/rustwide/rustup-home" "-e" "CARGO_TARGET_DIR=/opt/rustwide/target" "-e" "CARGO_INCREMENTAL=0" "-e" "RUST_BACKTRACE=full" "-e" "RUSTFLAGS=--cap-lints=warn" "-e" "RUSTDOCFLAGS=--cap-lints=warn" "-w" "/opt/rustwide/workdir" "--user" "0:0" "ec6fb411e94f2e6c9fdce7cdf483c5742b4050bbe407f2b468d1a56ea35d1ac0" "/opt/rustwide/cargo-home/bin/cargo" "+1.99.0-beta.8" "build" "--frozen" "--message-format=json", kill_on_drop: false }`
[INFO] [stderr]    Compiling syn v2.0.119
[INFO] [stderr]    Compiling unicode-segmentation v1.13.3
[INFO] [stderr]    Compiling serde_derive v1.0.229
[INFO] [stderr]    Compiling num-traits v0.2.19
[INFO] [stderr]    Compiling bytemuck_derive v1.12.0
[INFO] [stderr]    Compiling chacha20 v0.10.2
[INFO] [stderr]    Compiling getrandom v0.3.4
[INFO] [stderr]    Compiling aho-corasick v1.1.5
[INFO] [stderr]    Compiling serde_json v1.0.151
[INFO] [stderr]    Compiling portable-atomic v1.15.0
[INFO] [stderr]    Compiling getrandom v0.4.3
[INFO] [stderr]    Compiling thiserror v2.0.20
[INFO] [stderr]    Compiling option-ext v0.2.0
[INFO] [stderr]    Compiling serde_core v1.0.229
[INFO] [stderr]    Compiling embassy-futures v0.1.2
[INFO] [stderr]    Compiling futures-core v0.3.34
[INFO] [stderr]    Compiling hashbrown v0.16.1
[INFO] [stderr]    Compiling dirs-sys v0.5.0
[INFO] [stderr]    Compiling toml_datetime v1.1.1+spec-1.1.0
[INFO] [stderr]    Compiling serde_spanned v1.1.1
[INFO] [stderr]    Compiling nom v8.0.0
[INFO] [stderr]    Compiling convert_case v0.10.0
[INFO] [stderr]    Compiling ruda-core v0.1.4
[INFO] [stderr]    Compiling fastrand v2.5.0
[INFO] [stderr]    Compiling serde v1.0.229
[INFO] [stderr]    Compiling backtrace v0.3.76
[INFO] [stderr]    Compiling rand v0.10.2
[INFO] [stderr]    Compiling dirs v6.0.0
[INFO] [stderr]    Compiling futures-lite v2.6.1
[INFO] [stderr]    Compiling toml v1.1.4+spec-1.1.0
[INFO] [stderr]    Compiling event-listener v5.4.2
[INFO] [stderr]    Compiling serde_bytes v0.11.19
[INFO] [stderr]    Compiling bitflags v2.13.1
[INFO] [stderr]    Compiling memchr v2.8.3
[INFO] [stderr]    Compiling bytes v1.12.1
[INFO] [stderr]    Compiling float4 v0.2.0
[INFO] [stderr]    Compiling winnow v1.0.4
[INFO] [stderr]    Compiling xxhash-rust v0.8.18
[INFO] [stderr]    Compiling oneshot v0.2.1
[INFO] [stderr]    Compiling rand_distr v0.6.0
[INFO] [stderr]    Compiling float-ord v0.3.2
[INFO] [stderr]    Compiling indexmap v2.14.1
[INFO] [stderr]    Compiling event-listener-strategy v0.5.4
[INFO] [stderr]    Compiling concurrent-queue v2.5.0
[INFO] [stderr]    Compiling ruda-runtime v0.1.1
[INFO] [stderr]    Compiling regex-automata v0.4.18
[INFO] [stderr]    Compiling async-channel v2.5.0
[INFO] [stderr]    Compiling bytemuck v1.25.2
[INFO] [stderr]    Compiling spin v0.10.1
[INFO] [stderr]    Compiling md5 v0.8.1
[INFO] [stderr]    Compiling toml_parser v1.1.3+spec-1.1.0
[INFO] [stderr]    Compiling ruda-kernel-macros v0.1.5
[INFO] [stderr]    Compiling inflections v1.1.1
[INFO] [stderr]    Compiling crc32fast v1.5.1
[INFO] [stderr]    Compiling miniz_oxide v0.9.1
[INFO] [stderr]    Compiling find-msvc-tools v0.1.11
[INFO] [stderr]    Compiling colored v3.1.1
[INFO] [stderr]    Compiling rmp v0.8.15
[INFO] [stderr]    Compiling cc v1.4.4
[INFO] [stderr]    Compiling toml_edit v0.25.13+spec-1.1.0
[INFO] [stderr]    Compiling unty v0.0.4
[INFO] [stderr]    Compiling rand_core v0.9.5
[INFO] [stderr]    Compiling minimal-lexical v0.2.1
[INFO] [stderr]    Compiling uuid v1.26.0
[INFO] [stderr]    Compiling esaxx-rs v0.1.10
[INFO] [stderr]    Compiling data-encoding v2.11.1
[INFO] [stderr]    Compiling castaway v0.2.4
[INFO] [stderr]    Compiling rayon v1.12.0
[INFO] [stderr]    Compiling flate2 v1.1.10
[INFO] [stderr]    Compiling itertools v0.14.0
[INFO] [stderr]    Compiling fdeflate v0.3.7
[INFO] [stderr]    Compiling zune-core v0.5.3
[INFO] [stderr]    Compiling macro_rules_attribute-proc_macro v0.2.3
[INFO] [stderr]    Compiling nom v7.1.3
[INFO] [stderr]    Compiling pastey v0.2.3
[INFO] [stderr]    Compiling pxfm v0.1.30
[INFO] [stderr]    Compiling proc-macro-crate v3.5.0
[INFO] [stderr]    Compiling png v0.18.1
[INFO] [stderr]    Compiling zune-jpeg v0.5.15
[INFO] [stderr]    Compiling macro_rules_attribute v0.2.3
[INFO] [stderr]    Compiling tynm v0.2.0
[INFO] [stderr]    Compiling regex v1.13.1
[INFO] [stderr]    Compiling onig_sys v69.9.3
[INFO] [stderr]    Compiling byteorder v1.5.0
[INFO] [stderr]    Compiling unicode_categories v0.1.1
[INFO] [stderr]    Compiling byteorder-lite v0.1.0
[INFO] [stderr]    Compiling textdistance v1.1.1
[INFO] [stderr]    Compiling sanitize-filename v0.6.0
[INFO] [stderr]    Compiling smallvec v1.15.2
[INFO] [stderr]    Compiling bincode v2.0.1
[INFO] [stderr]    Compiling rmp-serde v1.3.1
[INFO] [stderr]    Compiling safetensors v0.7.0
[INFO] [stderr]    Compiling dary_heap v0.3.9
[INFO] [stderr]    Compiling darling_core v0.21.3
[INFO] [stderr]    Compiling darling_core v0.23.0
[INFO] [stderr]    Compiling parking_lot_core v0.9.12
[INFO] [stderr]    Compiling prettyplease v0.2.37
[INFO] [stderr]    Compiling darling_core v0.20.11
[INFO] [stderr]    Compiling unicode-normalization-alignments v0.1.12
[INFO] [stderr]    Compiling moxcms v0.8.1
[INFO] [stderr]    Compiling parking_lot v0.12.5
[INFO] [stderr]    Compiling compact_str v0.9.1
[INFO] [stderr]    Compiling spm_precompiled v0.1.4
[INFO] [stderr]    Compiling libjpeg-turbo-rs v0.8.0
[INFO] [stderr]    Compiling rayon-cond v0.4.0
[INFO] [stderr]    Compiling zerocopy-derive v0.8.56
[INFO] [stderr]    Compiling derive-new v0.7.0
[INFO] [stderr]    Compiling derive_more-impl v2.1.1
[INFO] [stderr]    Compiling variadics_please v1.1.0
[INFO] [stderr]    Compiling monostate-impl v0.1.18
[INFO] [stderr]    Compiling monostate v0.1.18
[INFO] [stderr]    Compiling ruda-model-codegen v0.21.0
[INFO] [stderr]    Compiling darling_macro v0.20.11
[INFO] [stderr]    Compiling darling v0.20.11
[INFO] [stderr]    Compiling derive_builder_core v0.20.2
[INFO] [stderr]    Compiling ruda-model-macros v0.21.0
[INFO] [stderr]    Compiling darling_macro v0.21.3
[INFO] [stderr]    Compiling darling v0.21.3
[INFO] [stderr]    Compiling enumset_derive v0.15.0
[INFO] [stderr]    Compiling darling_macro v0.23.0
[INFO] [stderr]    Compiling zerocopy v0.8.56
[INFO] [stderr]    Compiling darling v0.23.0
[INFO] [stderr]    Compiling ruda-ir-macros v0.1.2
[INFO] [stderr]    Compiling derive_builder_macro v0.20.2
[INFO] [stderr]    Compiling derive_builder v0.20.2
[INFO] [stderr]    Compiling enumset v1.1.14
[INFO] [stderr]    Compiling derive_more v2.1.1
[INFO] [stderr]    Compiling image v0.25.10
[INFO] [stderr]    Compiling onig v6.5.3
[INFO] [stderr]    Compiling ahash v0.8.12
[INFO] [stderr]    Compiling half v2.7.1
[INFO] [stderr]    Compiling ppv-lite86 v0.2.21
[INFO] [stderr]    Compiling rand_chacha v0.9.0
[INFO] [stderr]    Compiling float8 v0.7.0
[INFO] [stderr]    Compiling rand v0.9.5
[INFO] [stderr]    Compiling tokenizers v0.22.2
[INFO] [stderr]    Compiling ruda-tensor-config v0.21.2
[INFO] [stderr]    Compiling ruda-kernel v0.1.7
[INFO] [stderr]    Compiling ruda v0.1.8
[INFO] [stderr]    Compiling ruPRIM v0.1.18
[INFO] [stderr]    Compiling rublas v0.1.18
[INFO] [stderr]    Compiling ruRAND v0.1.18
[INFO] [stderr]    Compiling ruDNN v0.1.18
[INFO] [stderr]    Compiling ruda-fft v0.1.18
[INFO] [stderr]    Compiling ruda-tensor v0.21.18
[INFO] [stderr]    Compiling ruda-model v0.21.17
[INFO] [stderr]    Compiling ruda-fusion v0.21.18
[INFO] [stderr]    Compiling ruda-nn v0.21.18
[INFO] [stderr]    Compiling ruda-store v0.21.17
[INFO] [stderr]    Compiling ruda-tensor-device v0.21.18
[INFO] [stderr]    Compiling ruda-llm v0.1.18 (/opt/rustwide/workdir)
[INFO] [stdout] warning: unused import: `sampling::BatchTokenSelection`
[INFO] [stdout]   --> src/continuous_batch.rs:16:16
[INFO] [stdout]    |
[INFO] [stdout] 16 | pub(crate) use sampling::BatchTokenSelection;
[INFO] [stdout]    |                ^^^^^^^^^^^^^^^^^^^^^^^^^^^^^
[INFO] [stdout]    |
[INFO] [stdout]    = note: `#[warn(unused_imports)]` (part of `#[warn(unused)]`) on by default
[INFO] [stdout] 
[INFO] [stdout] 
[INFO] [stdout] warning: use of deprecated method `std::sync::atomic::Atomic::<usize>::fetch_update`: renamed to `try_update` for consistency
[INFO] [stdout]    --> src/runtime/worker.rs:167:26
[INFO] [stdout]     |
[INFO] [stdout] 167 |         self.outstanding.fetch_update(Ordering::AcqRel, Ordering::Acquire,
[INFO] [stdout]     |                          ^^^^^^^^^^^^
[INFO] [stdout]     |
[INFO] [stdout]     = note: `#[warn(deprecated)]` on by default
[INFO] [stdout] help: replace the use of the deprecated method
[INFO] [stdout]     |
[INFO] [stdout] 167 -         self.outstanding.fetch_update(Ordering::AcqRel, Ordering::Acquire,
[INFO] [stdout] 167 +         self.outstanding.try_update(Ordering::AcqRel, Ordering::Acquire,
[INFO] [stdout]     |
[INFO] [stdout] 
[INFO] [stdout] 
[INFO] [stdout] warning: bounds on generic parameters in type aliases are not enforced
[INFO] [stdout]   --> src/qwen35/loading.rs:19:33
[INFO] [stdout]    |
[INFO] [stdout] 19 | pub(super) type PackedLoader<B: Backend> = fn(&mut Checkpoint, &str, usize, usize,
[INFO] [stdout]    |                                 ^^^^^^^ will not be checked at usage sites of the type alias
[INFO] [stdout]    |
[INFO] [stdout]    = note: this is a known limitation of the type checker that may be lifted in a future edition.
[INFO] [stdout]            see issue #112792 <https://github.com/rust-lang/rust/issues/112792> for more information
[INFO] [stdout]    = note: `#[warn(type_alias_bounds)]` on by default
[INFO] [stdout] help: remove this bound
[INFO] [stdout]    |
[INFO] [stdout] 19 - pub(super) type PackedLoader<B: Backend> = fn(&mut Checkpoint, &str, usize, usize,
[INFO] [stdout] 19 + pub(super) type PackedLoader<B> = fn(&mut Checkpoint, &str, usize, usize,
[INFO] [stdout]    |
[INFO] [stdout] 
[INFO] [stdout] 
[INFO] [stderr]     Finished `dev` profile [unoptimized + debuginfo] target(s) in 2m 25s
[INFO] running `Command { std: "docker" "inspect" "ec6fb411e94f2e6c9fdce7cdf483c5742b4050bbe407f2b468d1a56ea35d1ac0", kill_on_drop: false }`
[INFO] running `Command { std: "docker" "exec" "-e" "SOURCE_DIR=/opt/rustwide/workdir" "-e" "CARGO_HOME=/opt/rustwide/cargo-home" "-e" "RUSTUP_HOME=/opt/rustwide/rustup-home" "-e" "CARGO_TARGET_DIR=/opt/rustwide/target" "-e" "CARGO_INCREMENTAL=0" "-e" "RUST_BACKTRACE=full" "-e" "RUSTFLAGS=--cap-lints=warn" "-e" "RUSTDOCFLAGS=--cap-lints=warn" "-w" "/opt/rustwide/workdir" "--user" "0:0" "ec6fb411e94f2e6c9fdce7cdf483c5742b4050bbe407f2b468d1a56ea35d1ac0" "/opt/rustwide/cargo-home/bin/cargo" "+1.99.0-beta.8" "test" "--frozen" "--no-run" "--message-format=json", kill_on_drop: false }`
[INFO] [stderr]    Compiling ruda-llm v0.1.18 (/opt/rustwide/workdir)
[INFO] [stdout] warning: unused import: `sampling::BatchTokenSelection`
[INFO] [stdout]   --> src/continuous_batch.rs:16:16
[INFO] [stdout]    |
[INFO] [stdout] 16 | pub(crate) use sampling::BatchTokenSelection;
[INFO] [stdout]    |                ^^^^^^^^^^^^^^^^^^^^^^^^^^^^^
[INFO] [stdout]    |
[INFO] [stdout]    = note: `#[warn(unused_imports)]` (part of `#[warn(unused)]`) on by default
[INFO] [stdout] 
[INFO] [stdout] 
[INFO] [stdout] warning: use of deprecated method `std::sync::atomic::Atomic::<usize>::fetch_update`: renamed to `try_update` for consistency
[INFO] [stdout]    --> src/runtime/worker.rs:167:26
[INFO] [stdout]     |
[INFO] [stdout] 167 |         self.outstanding.fetch_update(Ordering::AcqRel, Ordering::Acquire,
[INFO] [stdout]     |                          ^^^^^^^^^^^^
[INFO] [stdout]     |
[INFO] [stdout]     = note: `#[warn(deprecated)]` on by default
[INFO] [stdout] help: replace the use of the deprecated method
[INFO] [stdout]     |
[INFO] [stdout] 167 -         self.outstanding.fetch_update(Ordering::AcqRel, Ordering::Acquire,
[INFO] [stdout] 167 +         self.outstanding.try_update(Ordering::AcqRel, Ordering::Acquire,
[INFO] [stdout]     |
[INFO] [stdout] 
[INFO] [stdout] 
[INFO] [stdout] warning: bounds on generic parameters in type aliases are not enforced
[INFO] [stdout]   --> src/qwen35/loading.rs:19:33
[INFO] [stdout]    |
[INFO] [stdout] 19 | pub(super) type PackedLoader<B: Backend> = fn(&mut Checkpoint, &str, usize, usize,
[INFO] [stdout]    |                                 ^^^^^^^ will not be checked at usage sites of the type alias
[INFO] [stdout]    |
[INFO] [stdout]    = note: this is a known limitation of the type checker that may be lifted in a future edition.
[INFO] [stdout]            see issue #112792 <https://github.com/rust-lang/rust/issues/112792> for more information
[INFO] [stdout]    = note: `#[warn(type_alias_bounds)]` on by default
[INFO] [stdout] help: remove this bound
[INFO] [stdout]    |
[INFO] [stdout] 19 - pub(super) type PackedLoader<B: Backend> = fn(&mut Checkpoint, &str, usize, usize,
[INFO] [stdout] 19 + pub(super) type PackedLoader<B> = fn(&mut Checkpoint, &str, usize, usize,
[INFO] [stdout]    |
[INFO] [stdout] 
[INFO] [stdout] 
[INFO] [stdout] error[E0432]: unresolved import `ruda_tensor_host`
[INFO] [stdout]  --> tests/generation_control.rs:3:5
[INFO] [stdout]   |
[INFO] [stdout] 3 | use ruda_tensor_host::{Host, HostDevice};
[INFO] [stdout]   |     ^^^^^^^^^^^^^^^^ use of unresolved module or unlinked crate `ruda_tensor_host`
[INFO] [stdout]   |
[INFO] [stdout] help: there is a crate or module with a similar name
[INFO] [stdout]   |
[INFO] [stdout] 3 - use ruda_tensor_host::{Host, HostDevice};
[INFO] [stdout] 3 + use ruda_tensor::{Host, HostDevice};
[INFO] [stdout]   |
[INFO] [stdout] 
[INFO] [stdout] 
[INFO] [stdout] error[E0432]: unresolved import `ruda_tensor_host`
[INFO] [stdout]  --> tests/speculative_generation.rs:2:5
[INFO] [stdout]   |
[INFO] [stdout] 2 | use ruda_tensor_host::{Host, HostDevice};
[INFO] [stdout]   |     ^^^^^^^^^^^^^^^^ use of unresolved module or unlinked crate `ruda_tensor_host`
[INFO] [stdout]   |
[INFO] [stdout] help: there is a crate or module with a similar name
[INFO] [stdout]   |
[INFO] [stdout] 2 - use ruda_tensor_host::{Host, HostDevice};
[INFO] [stdout] 2 + use ruda_tensor::{Host, HostDevice};
[INFO] [stdout]   |
[INFO] [stdout] 
[INFO] [stdout] 
[INFO] [stdout] error[E0432]: unresolved import `ruda_tensor_host`
[INFO] [stdout]  --> tests/device_batch_executor.rs:2:5
[INFO] [stdout]   |
[INFO] [stdout] 2 | use ruda_tensor_host::{Host, HostDevice};
[INFO] [stdout]   |     ^^^^^^^^^^^^^^^^ use of unresolved module or unlinked crate `ruda_tensor_host`
[INFO] [stdout]   |
[INFO] [stdout] help: there is a crate or module with a similar name
[INFO] [stdout]   |
[INFO] [stdout] 2 - use ruda_tensor_host::{Host, HostDevice};
[INFO] [stdout] 2 + use ruda_tensor::{Host, HostDevice};
[INFO] [stdout]   |
[INFO] [stdout] 
[INFO] [stdout] 
[INFO] [stdout] error[E0277]: the size for values of type `[i32]` cannot be known at compilation time
[INFO] [stdout]    --> tests/device_batch_executor.rs:112:14
[INFO] [stdout]     |
[INFO] [stdout] 112 |     for (id, p, n) in [(a, vec![1, 2], 8), (c, vec![3], 4), (d, vec![4, 1, 2], 3)] {
[INFO] [stdout]     |              ^ doesn't have a size known at compile-time
[INFO] [stdout]     |
[INFO] [stdout]     = help: the trait `Sized` is not implemented for `[i32]`
[INFO] [stdout]     = note: all local variables must have a statically known size
[INFO] [stdout] 
[INFO] [stdout] 
[INFO] [stdout] error[E0277]: the size for values of type `[i32]` cannot be known at compilation time
[INFO] [stdout]    --> tests/device_batch_executor.rs:112:23
[INFO] [stdout]     |
[INFO] [stdout] 112 |     for (id, p, n) in [(a, vec![1, 2], 8), (c, vec![3], 4), (d, vec![4, 1, 2], 3)] {
[INFO] [stdout]     |                       ^^^^^^^^^^^^^^^^^^^^^^^^^^^^^^^^^^^^^^^^^^^^^^^^^^^^^^^^^^^^ doesn't have a size known at compile-time
[INFO] [stdout]     |
[INFO] [stdout]     = help: the trait `Sized` is not implemented for `[i32]`
[INFO] [stdout]     = note: only the last element of a tuple may have a dynamically sized type
[INFO] [stdout] 
[INFO] [stdout] 
[INFO] [stdout] Some errors have detailed explanations: E0277, E0432.
[INFO] [stdout] 
[INFO] [stdout] For more information about an error, try `rustc --explain E0277`.
[INFO] [stdout] 
[INFO] [stderr] error: could not compile `ruda-llm` (test "device_batch_executor") due to 3 previous errors
[INFO] [stderr] warning: build failed, waiting for other jobs to finish...
[INFO] [stdout] For more information about this error, try `rustc --explain E0432`.
[INFO] [stdout] 
[INFO] [stderr] error: could not compile `ruda-llm` (test "speculative_generation") due to 1 previous error
[INFO] [stdout] For more information about this error, try `rustc --explain E0432`.
[INFO] [stdout] 
[INFO] [stderr] error: could not compile `ruda-llm` (test "generation_control") due to 1 previous error
[INFO] [stdout] error[E0432]: unresolved import `ruda_tensor_host`
[INFO] [stdout]  --> src/qwen35/../gpu_inference_tensor_tests.rs:5:5
[INFO] [stdout]   |
[INFO] [stdout] 5 | use ruda_tensor_host::{Host, HostDevice};
[INFO] [stdout]   |     ^^^^^^^^^^^^^^^^ use of unresolved module or unlinked crate `ruda_tensor_host`
[INFO] [stdout]   |
[INFO] [stdout] help: there is a crate or module with a similar name
[INFO] [stdout]   |
[INFO] [stdout] 5 - use ruda_tensor_host::{Host, HostDevice};
[INFO] [stdout] 5 + use ruda_tensor::{Host, HostDevice};
[INFO] [stdout]   |
[INFO] [stdout] 
[INFO] [stdout] 
[INFO] [stdout] error[E0432]: unresolved import `ruda_tensor_host`
[INFO] [stdout]    --> src/qwen35/attention.rs:249:9
[INFO] [stdout]     |
[INFO] [stdout] 249 |     use ruda_tensor_host::{Host, HostDevice};
[INFO] [stdout]     |         ^^^^^^^^^^^^^^^^ use of unresolved module or unlinked crate `ruda_tensor_host`
[INFO] [stdout]     |
[INFO] [stdout] help: there is a crate or module with a similar name
[INFO] [stdout]     |
[INFO] [stdout] 249 -     use ruda_tensor_host::{Host, HostDevice};
[INFO] [stdout] 249 +     use ruda_tensor::{Host, HostDevice};
[INFO] [stdout]     |
[INFO] [stdout] 
[INFO] [stdout] 
[INFO] [stdout] error[E0432]: unresolved import `ruda_tensor_host`
[INFO] [stdout]    --> src/qwen35/batching.rs:561:9
[INFO] [stdout]     |
[INFO] [stdout] 561 |     use ruda_tensor_host::{Host, HostDevice};
[INFO] [stdout]     |         ^^^^^^^^^^^^^^^^ use of unresolved module or unlinked crate `ruda_tensor_host`
[INFO] [stdout]     |
[INFO] [stdout] help: there is a crate or module with a similar name
[INFO] [stdout]     |
[INFO] [stdout] 561 -     use ruda_tensor_host::{Host, HostDevice};
[INFO] [stdout] 561 +     use ruda_tensor::{Host, HostDevice};
[INFO] [stdout]     |
[INFO] [stdout] 
[INFO] [stdout] 
[INFO] [stdout] warning: unused import: `sampling::BatchTokenSelection`
[INFO] [stdout]   --> src/continuous_batch.rs:16:16
[INFO] [stdout]    |
[INFO] [stdout] 16 | pub(crate) use sampling::BatchTokenSelection;
[INFO] [stdout]    |                ^^^^^^^^^^^^^^^^^^^^^^^^^^^^^
[INFO] [stdout]    |
[INFO] [stdout]    = note: `#[warn(unused_imports)]` (part of `#[warn(unused)]`) on by default
[INFO] [stdout] 
[INFO] [stdout] 
[INFO] [stdout] warning: use of deprecated method `std::sync::atomic::Atomic::<usize>::fetch_update`: renamed to `try_update` for consistency
[INFO] [stdout]    --> src/runtime/worker.rs:167:26
[INFO] [stdout]     |
[INFO] [stdout] 167 |         self.outstanding.fetch_update(Ordering::AcqRel, Ordering::Acquire,
[INFO] [stdout]     |                          ^^^^^^^^^^^^
[INFO] [stdout]     |
[INFO] [stdout]     = note: `#[warn(deprecated)]` on by default
[INFO] [stdout] help: replace the use of the deprecated method
[INFO] [stdout]     |
[INFO] [stdout] 167 -         self.outstanding.fetch_update(Ordering::AcqRel, Ordering::Acquire,
[INFO] [stdout] 167 +         self.outstanding.try_update(Ordering::AcqRel, Ordering::Acquire,
[INFO] [stdout]     |
[INFO] [stdout] 
[INFO] [stdout] 
[INFO] [stdout] For more information about this error, try `rustc --explain E0432`.
[INFO] [stdout] 
[INFO] [stderr] error: could not compile `ruda-llm` (lib test) due to 3 previous errors; 2 warnings emitted
[INFO] running `Command { std: "docker" "inspect" "ec6fb411e94f2e6c9fdce7cdf483c5742b4050bbe407f2b468d1a56ea35d1ac0", kill_on_drop: false }`
[INFO] running `Command { std: "docker" "rm" "-f" "ec6fb411e94f2e6c9fdce7cdf483c5742b4050bbe407f2b468d1a56ea35d1ac0", kill_on_drop: false }`
[INFO] [stdout] ec6fb411e94f2e6c9fdce7cdf483c5742b4050bbe407f2b468d1a56ea35d1ac0
