[INFO] fetching crate ruda-hip-sys 7.14.6085000...
[INFO] testing ruda-hip-sys-7.14.6085000 against 1.100.0-beta.1 for beta-1.100-2
[INFO] extracting crate ruda-hip-sys 7.14.6085000 into /workspace/builds/worker-2-tc2/source
[INFO] started tweaking crates.io crate ruda-hip-sys 7.14.6085000
[INFO] finished tweaking crates.io crate ruda-hip-sys 7.14.6085000
[INFO] tweaked toml for crates.io crate ruda-hip-sys 7.14.6085000 written to /workspace/builds/worker-2-tc2/source/Cargo.toml
[INFO] validating manifest of crates.io crate ruda-hip-sys 7.14.6085000 on toolchain 1.100.0-beta.1
[INFO] running `Command { std: CARGO_HOME="/workspace/cargo-home" RUSTUP_HOME="/workspace/rustup-home" "/workspace/cargo-home/bin/cargo" "+1.100.0-beta.1" "metadata" "--manifest-path" "Cargo.toml" "--no-deps", kill_on_drop: false }`
[INFO] crate crates.io crate ruda-hip-sys 7.14.6085000 already has a lockfile, it will not be regenerated
[INFO] running `Command { std: CARGO_HOME="/workspace/cargo-home" RUSTUP_HOME="/workspace/rustup-home" "/workspace/cargo-home/bin/cargo" "+1.100.0-beta.1" "fetch" "--manifest-path" "Cargo.toml", kill_on_drop: false }`
[INFO] running `Command { std: "docker" "create" "-v" "/var/lib/crater-agent-workspace/builds/worker-2-tc2/source:/opt/rustwide/workdir:ro,Z" "-v" "/var/lib/crater-agent-workspace/builds/worker-2-tc2/target:/opt/rustwide/target:rw,Z" "-v" "/var/lib/crater-agent-workspace/cargo-home:/opt/rustwide/cargo-home:ro,Z" "-v" "/var/lib/crater-agent-workspace/rustup-home:/opt/rustwide/rustup-home:ro,Z" "-m" "1610612736" "--network" "none" "ghcr.io/rust-lang/crates-build-env/linux@sha256:3111399a4047eeb3a02b7a90e478d715f38a8c6669b5c4b49d30a17385265909" "sleep" "infinity", kill_on_drop: false }`
[INFO] [stdout] ff13fd4610e75a82276817dcbe9c870637e43df9e2f1114b42db1a13fc7872c5
[INFO] running `Command { std: "docker" "start" "ff13fd4610e75a82276817dcbe9c870637e43df9e2f1114b42db1a13fc7872c5", kill_on_drop: false }`
[INFO] running `Command { std: "docker" "inspect" "ff13fd4610e75a82276817dcbe9c870637e43df9e2f1114b42db1a13fc7872c5", kill_on_drop: false }`
[INFO] running `Command { std: "docker" "exec" "-e" "SOURCE_DIR=/opt/rustwide/workdir" "-e" "CARGO_HOME=/opt/rustwide/cargo-home" "-e" "RUSTUP_HOME=/opt/rustwide/rustup-home" "-e" "CARGO_TARGET_DIR=/opt/rustwide/target" "-w" "/opt/rustwide/workdir" "--user" "0:0" "ff13fd4610e75a82276817dcbe9c870637e43df9e2f1114b42db1a13fc7872c5" "/opt/rustwide/cargo-home/bin/cargo" "+1.100.0-beta.1" "metadata" "--no-deps" "--format-version=1", kill_on_drop: false }`
[INFO] running `Command { std: "docker" "inspect" "ff13fd4610e75a82276817dcbe9c870637e43df9e2f1114b42db1a13fc7872c5", kill_on_drop: false }`
[INFO] running `Command { std: "docker" "exec" "-e" "SOURCE_DIR=/opt/rustwide/workdir" "-e" "CARGO_HOME=/opt/rustwide/cargo-home" "-e" "RUSTUP_HOME=/opt/rustwide/rustup-home" "-e" "CARGO_TARGET_DIR=/opt/rustwide/target" "-e" "CARGO_INCREMENTAL=0" "-e" "RUST_BACKTRACE=full" "-e" "RUSTFLAGS=--cap-lints=warn" "-e" "RUSTDOCFLAGS=--cap-lints=warn" "-w" "/opt/rustwide/workdir" "--user" "0:0" "ff13fd4610e75a82276817dcbe9c870637e43df9e2f1114b42db1a13fc7872c5" "/opt/rustwide/cargo-home/bin/cargo" "+1.100.0-beta.1" "build" "--frozen" "--message-format=json", kill_on_drop: false }`
[INFO] [stderr]    Compiling libc v0.2.189
[INFO] [stderr]    Compiling ruda-hip-sys v7.14.6085000 (/opt/rustwide/workdir)
[INFO] [stderr] warning: ruda-hip-sys@7.14.6085000: Could not find 'hipconfig' in your PATH. You should install ROCm HIP or ensure 'hipconfig' is available. For more information please visit https://rocm.docs.amd.com/projects/install-on-linux/en/latest/.
[INFO] [stderr] warning: ruda-hip-sys@7.14.6085000: Defaulting to the latest feature of HIP bindings available: hip_60850
[INFO] [stdout] warning: suspicious definition of the runtime `malloc` symbol used by the standard library
[INFO] [stdout]     --> src/bindings/bindings_60850.rs:1102:5
[INFO] [stdout]      |
[INFO] [stdout] 1102 |     pub fn malloc(__size: ::std::os::raw::c_ulong) -> *mut ::std::os::raw::c_void;
[INFO] [stdout]      |     ^^^^^^^^^^^^^^^^^^^^^^^^^^^^^^^^^^^^^^^^^^^^^^^^^^^^^^^^^^^^^^^^^^^^^^^^^^^^^^
[INFO] [stdout]      |
[INFO] [stdout]      = note: expected `unsafe extern "C" fn(usize) -> *mut c_void` (for the current target)
[INFO] [stdout]              found    `unsafe extern "C" fn(u64) -> *mut c_void`
[INFO] [stdout]      = help: either fix the signature or remove any attributes like `#[unsafe(no_mangle)]`, `#[unsafe(export_name = "malloc")]`, or `#[link_name = "malloc"]`
[INFO] [stdout]      = help: allow this lint if the signature is compatible
[INFO] [stdout]      = note: `#[warn(suspicious_runtime_symbol_definitions)]` on by default
[INFO] [stdout] 
[INFO] [stdout] 
[INFO] [stdout] warning: suspicious definition of the runtime `realloc` symbol used by the standard library
[INFO] [stdout]     --> src/bindings/bindings_60850.rs:1111:5
[INFO] [stdout]      |
[INFO] [stdout] 1111 | /     pub fn realloc(
[INFO] [stdout] 1112 | |         __ptr: *mut ::std::os::raw::c_void,
[INFO] [stdout] 1113 | |         __size: ::std::os::raw::c_ulong,
[INFO] [stdout] 1114 | |     ) -> *mut ::std::os::raw::c_void;
[INFO] [stdout]      | |_____________________________________^
[INFO] [stdout]      |
[INFO] [stdout]      = note: expected `unsafe extern "C" fn(*mut c_void, usize) -> *mut c_void` (for the current target)
[INFO] [stdout]              found    `unsafe extern "C" fn(*mut c_void, u64) -> *mut c_void`
[INFO] [stdout]      = help: either fix the signature or remove any attributes like `#[unsafe(no_mangle)]`, `#[unsafe(export_name = "realloc")]`, or `#[link_name = "realloc"]`
[INFO] [stdout]      = help: allow this lint if the signature is compatible
[INFO] [stdout] 
[INFO] [stdout] 
[INFO] [stderr] warning: unused dependency `libc`
[INFO] [stderr]  --> Cargo.toml:4:15
[INFO] [stderr]   |
[INFO] [stderr] 4 | [dependencies.libc]
[INFO] [stderr]   |               ^^^^^
[INFO] [stderr]   |
[INFO] [stderr]   = note: `cargo::unused_dependencies` is set to `warn` by default
[INFO] [stderr] help: consider removing the dependency on `libc`
[INFO] [stderr] warning: `ruda-hip-sys` (manifest) generated 1 warning
[INFO] [stderr]     Finished `dev` profile [unoptimized + debuginfo] target(s) in 1.34s
[INFO] running `Command { std: "docker" "inspect" "ff13fd4610e75a82276817dcbe9c870637e43df9e2f1114b42db1a13fc7872c5", kill_on_drop: false }`
[INFO] running `Command { std: "docker" "exec" "-e" "SOURCE_DIR=/opt/rustwide/workdir" "-e" "CARGO_HOME=/opt/rustwide/cargo-home" "-e" "RUSTUP_HOME=/opt/rustwide/rustup-home" "-e" "CARGO_TARGET_DIR=/opt/rustwide/target" "-e" "CARGO_INCREMENTAL=0" "-e" "RUST_BACKTRACE=full" "-e" "RUSTFLAGS=--cap-lints=warn" "-e" "RUSTDOCFLAGS=--cap-lints=warn" "-w" "/opt/rustwide/workdir" "--user" "0:0" "ff13fd4610e75a82276817dcbe9c870637e43df9e2f1114b42db1a13fc7872c5" "/opt/rustwide/cargo-home/bin/cargo" "+1.100.0-beta.1" "test" "--frozen" "--no-run" "--message-format=json", kill_on_drop: false }`
[INFO] [stderr] warning: ruda-hip-sys@7.14.6085000: Could not find 'hipconfig' in your PATH. You should install ROCm HIP or ensure 'hipconfig' is available. For more information please visit https://rocm.docs.amd.com/projects/install-on-linux/en/latest/.
[INFO] [stderr] warning: ruda-hip-sys@7.14.6085000: Defaulting to the latest feature of HIP bindings available: hip_60850
[INFO] [stdout] warning: suspicious definition of the runtime `malloc` symbol used by the standard library
[INFO] [stdout]     --> src/bindings/bindings_60850.rs:1102:5
[INFO] [stdout]      |
[INFO] [stdout] 1102 |     pub fn malloc(__size: ::std::os::raw::c_ulong) -> *mut ::std::os::raw::c_void;
[INFO] [stdout]      |     ^^^^^^^^^^^^^^^^^^^^^^^^^^^^^^^^^^^^^^^^^^^^^^^^^^^^^^^^^^^^^^^^^^^^^^^^^^^^^^
[INFO] [stdout]      |
[INFO] [stdout]      = note: expected `unsafe extern "C" fn(usize) -> *mut c_void` (for the current target)
[INFO] [stdout]              found    `unsafe extern "C" fn(u64) -> *mut c_void`
[INFO] [stdout]      = help: either fix the signature or remove any attributes like `#[unsafe(no_mangle)]`, `#[unsafe(export_name = "malloc")]`, or `#[link_name = "malloc"]`
[INFO] [stdout]      = help: allow this lint if the signature is compatible
[INFO] [stdout]      = note: `#[warn(suspicious_runtime_symbol_definitions)]` on by default
[INFO] [stdout] 
[INFO] [stdout] 
[INFO] [stdout] warning: suspicious definition of the runtime `realloc` symbol used by the standard library
[INFO] [stdout]     --> src/bindings/bindings_60850.rs:1111:5
[INFO] [stdout]      |
[INFO] [stdout] 1111 | /     pub fn realloc(
[INFO] [stdout] 1112 | |         __ptr: *mut ::std::os::raw::c_void,
[INFO] [stdout] 1113 | |         __size: ::std::os::raw::c_ulong,
[INFO] [stdout] 1114 | |     ) -> *mut ::std::os::raw::c_void;
[INFO] [stdout]      | |_____________________________________^
[INFO] [stdout]      |
[INFO] [stdout]      = note: expected `unsafe extern "C" fn(*mut c_void, usize) -> *mut c_void` (for the current target)
[INFO] [stdout]              found    `unsafe extern "C" fn(*mut c_void, u64) -> *mut c_void`
[INFO] [stdout]      = help: either fix the signature or remove any attributes like `#[unsafe(no_mangle)]`, `#[unsafe(export_name = "realloc")]`, or `#[link_name = "realloc"]`
[INFO] [stdout]      = help: allow this lint if the signature is compatible
[INFO] [stdout] 
[INFO] [stdout] 
[INFO] [stderr]    Compiling ruda-hip-sys v7.14.6085000 (/opt/rustwide/workdir)
[INFO] [stdout] warning: suspicious definition of the runtime `malloc` symbol used by the standard library
[INFO] [stdout]     --> src/bindings/bindings_60850.rs:1102:5
[INFO] [stdout]      |
[INFO] [stdout] 1102 |     pub fn malloc(__size: ::std::os::raw::c_ulong) -> *mut ::std::os::raw::c_void;
[INFO] [stdout]      |     ^^^^^^^^^^^^^^^^^^^^^^^^^^^^^^^^^^^^^^^^^^^^^^^^^^^^^^^^^^^^^^^^^^^^^^^^^^^^^^
[INFO] [stdout]      |
[INFO] [stdout]      = note: expected `unsafe extern "C" fn(usize) -> *mut c_void` (for the current target)
[INFO] [stdout]              found    `unsafe extern "C" fn(u64) -> *mut c_void`
[INFO] [stdout]      = help: either fix the signature or remove any attributes like `#[unsafe(no_mangle)]`, `#[unsafe(export_name = "malloc")]`, or `#[link_name = "malloc"]`
[INFO] [stdout]      = help: allow this lint if the signature is compatible
[INFO] [stdout]      = note: `#[warn(suspicious_runtime_symbol_definitions)]` on by default
[INFO] [stdout] 
[INFO] [stdout] 
[INFO] [stdout] warning: suspicious definition of the runtime `realloc` symbol used by the standard library
[INFO] [stdout]     --> src/bindings/bindings_60850.rs:1111:5
[INFO] [stdout]      |
[INFO] [stdout] 1111 | /     pub fn realloc(
[INFO] [stdout] 1112 | |         __ptr: *mut ::std::os::raw::c_void,
[INFO] [stdout] 1113 | |         __size: ::std::os::raw::c_ulong,
[INFO] [stdout] 1114 | |     ) -> *mut ::std::os::raw::c_void;
[INFO] [stdout]      | |_____________________________________^
[INFO] [stdout]      |
[INFO] [stdout]      = note: expected `unsafe extern "C" fn(*mut c_void, usize) -> *mut c_void` (for the current target)
[INFO] [stdout]              found    `unsafe extern "C" fn(*mut c_void, u64) -> *mut c_void`
[INFO] [stdout]      = help: either fix the signature or remove any attributes like `#[unsafe(no_mangle)]`, `#[unsafe(export_name = "realloc")]`, or `#[link_name = "realloc"]`
[INFO] [stdout]      = help: allow this lint if the signature is compatible
[INFO] [stdout] 
[INFO] [stdout] 
[INFO] [stdout] error: linking with `cc` failed: exit status: 1
[INFO] [stdout]   |
[INFO] [stdout]   = note:  "cc" "-m64" "/opt/rustwide/target/debug/build/ruda-hip-sys/b77fa98a1ad3fbe5/out/rustcM1wJf8/symbols.o" "<3 object files omitted>" "-Wl,--as-needed" "-Wl,-Bstatic" "/opt/rustwide/target/debug/build/libc/32464e1b8391e223/out/liblibc-32464e1b8391e223.rlib" "<sysroot>/lib/rustlib/x86_64-unknown-linux-gnu/lib/{libtest-*,libgetopts-*,librustc_std_workspace_std-*}.rlib" "/opt/rustwide/target/debug/build/regex/e2a1df9fe4d77424/out/libregex-e2a1df9fe4d77424.rlib" "/opt/rustwide/target/debug/build/regex-automata/44045568805783a7/out/libregex_automata-44045568805783a7.rlib" "/opt/rustwide/target/debug/build/aho-corasick/57dfe431622534cc/out/libaho_corasick-57dfe431622534cc.rlib" "/opt/rustwide/target/debug/build/memchr/efcaf924912fba01/out/libmemchr-efcaf924912fba01.rlib" "/opt/rustwide/target/debug/build/regex-syntax/801391c65a42f645/out/libregex_syntax-801391c65a42f645.rlib" "<sysroot>/lib/rustlib/x86_64-unknown-linux-gnu/lib/{libstd-*,libpanic_unwind-*,libobject-*,libmemchr-*,libaddr2line-*,libgimli-*,libcfg_if-*,librustc_demangle-*,libstd_detect-*,libhashbrown-*,librustc_std_workspace_alloc-*,libminiz_oxide-*,libadler2-*,libunwind-*,liblibc-*,librustc_std_workspace_core-*,liballoc-*,libcore-*,libcompiler_builtins-*}.rlib" "-Wl,-Bdynamic" "-lgcc_s" "-lutil" "-lrt" "-lpthread" "-lm" "-ldl" "-lc" "-L" "/opt/rustwide/target/debug/build/ruda-hip-sys/b77fa98a1ad3fbe5/out/rustcM1wJf8/raw-dylibs" "-B<sysroot>/lib/rustlib/x86_64-unknown-linux-gnu/bin/gcc-ld" "-fuse-ld=lld" "-Wl,--eh-frame-hdr" "-Wl,-z,noexecstack" "-L" "<sysroot>/lib/rustlib/x86_64-unknown-linux-gnu/lib" "-o" "/opt/rustwide/target/debug/build/ruda-hip-sys/b77fa98a1ad3fbe5/out/ruda_hip_sys-b77fa98a1ad3fbe5" "-Wl,--gc-sections" "-pie" "-Wl,-z,relro,-z,now" "-nodefaultlibs"
[INFO] [stdout]   = note: some arguments are omitted. use `--verbose` to show all linker arguments
[INFO] [stdout]   = note: rust-lld: error: undefined symbol: hipSetDevice
[INFO] [stdout]           >>> referenced by lib.rs:42 (src/lib.rs:42)
[INFO] [stdout]           >>>               /opt/rustwide/target/debug/build/ruda-hip-sys/b77fa98a1ad3fbe5/out/ruda_hip_sys-b77fa98a1ad3fbe5.ruda_hip_sys.451b8d940c48346-cgu.0.rcgu.o:(ruda_hip_sys::tests::test_launch_kernel_end_to_end)
[INFO] [stdout]           
[INFO] [stdout]           rust-lld: error: undefined symbol: hipMemGetInfo
[INFO] [stdout]           >>> referenced by lib.rs:49 (src/lib.rs:49)
[INFO] [stdout]           >>>               /opt/rustwide/target/debug/build/ruda-hip-sys/b77fa98a1ad3fbe5/out/ruda_hip_sys-b77fa98a1ad3fbe5.ruda_hip_sys.451b8d940c48346-cgu.0.rcgu.o:(ruda_hip_sys::tests::test_launch_kernel_end_to_end)
[INFO] [stdout]           
[INFO] [stdout]           rust-lld: error: undefined symbol: hiprtcCreateProgram
[INFO] [stdout]           >>> referenced by lib.rs:63 (src/lib.rs:63)
[INFO] [stdout]           >>>               /opt/rustwide/target/debug/build/ruda-hip-sys/b77fa98a1ad3fbe5/out/ruda_hip_sys-b77fa98a1ad3fbe5.ruda_hip_sys.451b8d940c48346-cgu.0.rcgu.o:(ruda_hip_sys::tests::test_launch_kernel_end_to_end)
[INFO] [stdout]           
[INFO] [stdout]           rust-lld: error: undefined symbol: hiprtcCompileProgram
[INFO] [stdout]           >>> referenced by lib.rs:79 (src/lib.rs:79)
[INFO] [stdout]           >>>               /opt/rustwide/target/debug/build/ruda-hip-sys/b77fa98a1ad3fbe5/out/ruda_hip_sys-b77fa98a1ad3fbe5.ruda_hip_sys.451b8d940c48346-cgu.0.rcgu.o:(ruda_hip_sys::tests::test_launch_kernel_end_to_end)
[INFO] [stdout]           
[INFO] [stdout]           rust-lld: error: undefined symbol: hiprtcGetProgramLogSize
[INFO] [stdout]           >>> referenced by lib.rs:86 (src/lib.rs:86)
[INFO] [stdout]           >>>               /opt/rustwide/target/debug/build/ruda-hip-sys/b77fa98a1ad3fbe5/out/ruda_hip_sys-b77fa98a1ad3fbe5.ruda_hip_sys.451b8d940c48346-cgu.0.rcgu.o:(ruda_hip_sys::tests::test_launch_kernel_end_to_end)
[INFO] [stdout]           
[INFO] [stdout]           rust-lld: error: undefined symbol: hiprtcGetProgramLog
[INFO] [stdout]           >>> referenced by lib.rs:93 (src/lib.rs:93)
[INFO] [stdout]           >>>               /opt/rustwide/target/debug/build/ruda-hip-sys/b77fa98a1ad3fbe5/out/ruda_hip_sys-b77fa98a1ad3fbe5.ruda_hip_sys.451b8d940c48346-cgu.0.rcgu.o:(ruda_hip_sys::tests::test_launch_kernel_end_to_end)
[INFO] [stdout]           
[INFO] [stdout]           rust-lld: error: undefined symbol: hiprtcGetCodeSize
[INFO] [stdout]           >>> referenced by lib.rs:110 (src/lib.rs:110)
[INFO] [stdout]           >>>               /opt/rustwide/target/debug/build/ruda-hip-sys/b77fa98a1ad3fbe5/out/ruda_hip_sys-b77fa98a1ad3fbe5.ruda_hip_sys.451b8d940c48346-cgu.0.rcgu.o:(ruda_hip_sys::tests::test_launch_kernel_end_to_end)
[INFO] [stdout]           
[INFO] [stdout]           rust-lld: error: undefined symbol: hiprtcGetCode
[INFO] [stdout]           >>> referenced by lib.rs:118 (src/lib.rs:118)
[INFO] [stdout]           >>>               /opt/rustwide/target/debug/build/ruda-hip-sys/b77fa98a1ad3fbe5/out/ruda_hip_sys-b77fa98a1ad3fbe5.ruda_hip_sys.451b8d940c48346-cgu.0.rcgu.o:(ruda_hip_sys::tests::test_launch_kernel_end_to_end)
[INFO] [stdout]           
[INFO] [stdout]           rust-lld: error: undefined symbol: hiprtcDestroyProgram
[INFO] [stdout]           >>> referenced by lib.rs:127 (src/lib.rs:127)
[INFO] [stdout]           >>>               /opt/rustwide/target/debug/build/ruda-hip-sys/b77fa98a1ad3fbe5/out/ruda_hip_sys-b77fa98a1ad3fbe5.ruda_hip_sys.451b8d940c48346-cgu.0.rcgu.o:(ruda_hip_sys::tests::test_launch_kernel_end_to_end)
[INFO] [stdout]           
[INFO] [stdout]           rust-lld: error: undefined symbol: hipMalloc
[INFO] [stdout]           >>> referenced by lib.rs:148 (src/lib.rs:148)
[INFO] [stdout]           >>>               /opt/rustwide/target/debug/build/ruda-hip-sys/b77fa98a1ad3fbe5/out/ruda_hip_sys-b77fa98a1ad3fbe5.ruda_hip_sys.451b8d940c48346-cgu.0.rcgu.o:(ruda_hip_sys::tests::test_launch_kernel_end_to_end)
[INFO] [stdout]           >>> referenced by lib.rs:150 (src/lib.rs:150)
[INFO] [stdout]           >>>               /opt/rustwide/target/debug/build/ruda-hip-sys/b77fa98a1ad3fbe5/out/ruda_hip_sys-b77fa98a1ad3fbe5.ruda_hip_sys.451b8d940c48346-cgu.0.rcgu.o:(ruda_hip_sys::tests::test_launch_kernel_end_to_end)
[INFO] [stdout]           >>> referenced by lib.rs:152 (src/lib.rs:152)
[INFO] [stdout]           >>>               /opt/rustwide/target/debug/build/ruda-hip-sys/b77fa98a1ad3fbe5/out/ruda_hip_sys-b77fa98a1ad3fbe5.ruda_hip_sys.451b8d940c48346-cgu.0.rcgu.o:(ruda_hip_sys::tests::test_launch_kernel_end_to_end)
[INFO] [stdout]           
[INFO] [stdout]           rust-lld: error: undefined symbol: hipMemcpy
[INFO] [stdout]           >>> referenced by lib.rs:161 (src/lib.rs:161)
[INFO] [stdout]           >>>               /opt/rustwide/target/debug/build/ruda-hip-sys/b77fa98a1ad3fbe5/out/ruda_hip_sys-b77fa98a1ad3fbe5.ruda_hip_sys.451b8d940c48346-cgu.0.rcgu.o:(ruda_hip_sys::tests::test_launch_kernel_end_to_end)
[INFO] [stdout]           >>> referenced by lib.rs:171 (src/lib.rs:171)
[INFO] [stdout]           >>>               /opt/rustwide/target/debug/build/ruda-hip-sys/b77fa98a1ad3fbe5/out/ruda_hip_sys-b77fa98a1ad3fbe5.ruda_hip_sys.451b8d940c48346-cgu.0.rcgu.o:(ruda_hip_sys::tests::test_launch_kernel_end_to_end)
[INFO] [stdout]           >>> referenced by lib.rs:182 (src/lib.rs:182)
[INFO] [stdout]           >>>               /opt/rustwide/target/debug/build/ruda-hip-sys/b77fa98a1ad3fbe5/out/ruda_hip_sys-b77fa98a1ad3fbe5.ruda_hip_sys.451b8d940c48346-cgu.0.rcgu.o:(ruda_hip_sys::tests::test_launch_kernel_end_to_end)
[INFO] [stdout]           >>> referenced 1 more times
[INFO] [stdout]           
[INFO] [stdout]           rust-lld: error: undefined symbol: hipModuleLoadData
[INFO] [stdout]           >>> referenced by lib.rs:199 (src/lib.rs:199)
[INFO] [stdout]           >>>               /opt/rustwide/target/debug/build/ruda-hip-sys/b77fa98a1ad3fbe5/out/ruda_hip_sys-b77fa98a1ad3fbe5.ruda_hip_sys.451b8d940c48346-cgu.0.rcgu.o:(ruda_hip_sys::tests::test_launch_kernel_end_to_end)
[INFO] [stdout]           
[INFO] [stdout]           rust-lld: error: undefined symbol: hipModuleGetFunction
[INFO] [stdout]           >>> referenced by lib.rs:204 (src/lib.rs:204)
[INFO] [stdout]           >>>               /opt/rustwide/target/debug/build/ruda-hip-sys/b77fa98a1ad3fbe5/out/ruda_hip_sys-b77fa98a1ad3fbe5.ruda_hip_sys.451b8d940c48346-cgu.0.rcgu.o:(ruda_hip_sys::tests::test_launch_kernel_end_to_end)
[INFO] [stdout]           
[INFO] [stdout]           rust-lld: error: undefined symbol: hipStreamCreate
[INFO] [stdout]           >>> referenced by lib.rs:228 (src/lib.rs:228)
[INFO] [stdout]           >>>               /opt/rustwide/target/debug/build/ruda-hip-sys/b77fa98a1ad3fbe5/out/ruda_hip_sys-b77fa98a1ad3fbe5.ruda_hip_sys.451b8d940c48346-cgu.0.rcgu.o:(ruda_hip_sys::tests::test_launch_kernel_end_to_end)
[INFO] [stdout]           
[INFO] [stdout]           rust-lld: error: undefined symbol: hipModuleLaunchKernel
[INFO] [stdout]           >>> referenced by lib.rs:232 (src/lib.rs:232)
[INFO] [stdout]           >>>               /opt/rustwide/target/debug/build/ruda-hip-sys/b77fa98a1ad3fbe5/out/ruda_hip_sys-b77fa98a1ad3fbe5.ruda_hip_sys.451b8d940c48346-cgu.0.rcgu.o:(ruda_hip_sys::tests::test_launch_kernel_end_to_end)
[INFO] [stdout]           
[INFO] [stdout]           rust-lld: error: undefined symbol: hipDeviceSynchronize
[INFO] [stdout]           >>> referenced by lib.rs:249 (src/lib.rs:249)
[INFO] [stdout]           >>>               /opt/rustwide/target/debug/build/ruda-hip-sys/b77fa98a1ad3fbe5/out/ruda_hip_sys-b77fa98a1ad3fbe5.ruda_hip_sys.451b8d940c48346-cgu.0.rcgu.o:(ruda_hip_sys::tests::test_launch_kernel_end_to_end)
[INFO] [stdout]           
[INFO] [stdout]           rust-lld: error: undefined symbol: hipFree
[INFO] [stdout]           >>> referenced by lib.rs:274 (src/lib.rs:274)
[INFO] [stdout]           >>>               /opt/rustwide/target/debug/build/ruda-hip-sys/b77fa98a1ad3fbe5/out/ruda_hip_sys-b77fa98a1ad3fbe5.ruda_hip_sys.451b8d940c48346-cgu.0.rcgu.o:(ruda_hip_sys::tests::test_launch_kernel_end_to_end)
[INFO] [stdout]           >>> referenced by lib.rs:276 (src/lib.rs:276)
[INFO] [stdout]           >>>               /opt/rustwide/target/debug/build/ruda-hip-sys/b77fa98a1ad3fbe5/out/ruda_hip_sys-b77fa98a1ad3fbe5.ruda_hip_sys.451b8d940c48346-cgu.0.rcgu.o:(ruda_hip_sys::tests::test_launch_kernel_end_to_end)
[INFO] [stdout]           >>> referenced by lib.rs:278 (src/lib.rs:278)
[INFO] [stdout]           >>>               /opt/rustwide/target/debug/build/ruda-hip-sys/b77fa98a1ad3fbe5/out/ruda_hip_sys-b77fa98a1ad3fbe5.ruda_hip_sys.451b8d940c48346-cgu.0.rcgu.o:(ruda_hip_sys::tests::test_launch_kernel_end_to_end)
[INFO] [stdout]           collect2: error: ld returned 1 exit status
[INFO] [stdout]           
[INFO] [stdout] 
[INFO] [stdout] 
[INFO] [stderr] warning: ruda-hip-sys@7.14.6085000: Could not find 'hipconfig' in your PATH. You should install ROCm HIP or ensure 'hipconfig' is available. For more information please visit https://rocm.docs.amd.com/projects/install-on-linux/en/latest/.
[INFO] [stderr] warning: ruda-hip-sys@7.14.6085000: Defaulting to the latest feature of HIP bindings available: hip_60850
[INFO] [stderr] error: could not compile `ruda-hip-sys` (lib test) due to 1 previous error; 2 warnings emitted
[INFO] [stderr] warning: unused dependency `libc`
[INFO] [stderr]  --> Cargo.toml:4:15
[INFO] [stderr]   |
[INFO] [stderr] 4 | [dependencies.libc]
[INFO] [stderr]   |               ^^^^^
[INFO] [stderr]   |
[INFO] [stderr]   = note: `cargo::unused_dependencies` is set to `warn` by default
[INFO] [stderr] help: consider removing the dependency on `libc`
[INFO] [stderr] help: to still use for development builds, move to `dev-dependencies`
[INFO] [stderr] warning: `ruda-hip-sys` (manifest) generated 1 warning
[INFO] running `Command { std: "docker" "inspect" "ff13fd4610e75a82276817dcbe9c870637e43df9e2f1114b42db1a13fc7872c5", kill_on_drop: false }`
[INFO] running `Command { std: "docker" "rm" "-f" "ff13fd4610e75a82276817dcbe9c870637e43df9e2f1114b42db1a13fc7872c5", kill_on_drop: false }`
[INFO] [stdout] ff13fd4610e75a82276817dcbe9c870637e43df9e2f1114b42db1a13fc7872c5
