[INFO] fetching crate rten-cli 0.27.0...
[INFO] testing rten-cli-0.27.0 against 1.99.0-beta.8 for beta-1.100-2
[INFO] extracting crate rten-cli 0.27.0 into /workspace/builds/worker-7-tc1/source
[INFO] started tweaking crates.io crate rten-cli 0.27.0
[INFO] finished tweaking crates.io crate rten-cli 0.27.0
[INFO] tweaked toml for crates.io crate rten-cli 0.27.0 written to /workspace/builds/worker-7-tc1/source/Cargo.toml
[INFO] validating manifest of crates.io crate rten-cli 0.27.0 on toolchain 1.99.0-beta.8
[INFO] running `Command { std: CARGO_HOME="/workspace/cargo-home" RUSTUP_HOME="/workspace/rustup-home" "/workspace/cargo-home/bin/cargo" "+1.99.0-beta.8" "metadata" "--manifest-path" "Cargo.toml" "--no-deps", kill_on_drop: false }`
[INFO] crate crates.io crate rten-cli 0.27.0 already has a lockfile, it will not be regenerated
[INFO] running `Command { std: CARGO_HOME="/workspace/cargo-home" RUSTUP_HOME="/workspace/rustup-home" "/workspace/cargo-home/bin/cargo" "+1.99.0-beta.8" "fetch" "--manifest-path" "Cargo.toml", kill_on_drop: false }`
[INFO] [stderr]     Updating crates.io index
[INFO] [stderr]  Downloading crates ...
[INFO] [stderr]   Downloaded safetensors v0.8.0
[INFO] [stderr]   Downloaded rten-base v0.27.0
[INFO] [stderr]   Downloaded rten-serialize v0.27.0
[INFO] [stderr]   Downloaded fastrand-contrib v0.1.0
[INFO] [stderr]   Downloaded rten-parallel v0.27.0
[INFO] [stderr]   Downloaded argh_shared v0.1.19
[INFO] [stderr]   Downloaded flatbuffers v24.12.23
[INFO] [stderr]   Downloaded rten-vecmath v0.27.0
[INFO] [stderr]   Downloaded argh v0.1.19
[INFO] [stderr]   Downloaded rten-tensor v0.27.0
[INFO] [stderr]   Downloaded rten-model-file v0.27.0
[INFO] [stderr]   Downloaded argh_derive v0.1.19
[INFO] [stderr]   Downloaded rten-simd v0.27.0
[INFO] [stderr]   Downloaded rten-gemm v0.27.0
[INFO] [stderr]   Downloaded rten-shape-inference v0.27.0
[INFO] [stderr]   Downloaded rten-onnx v0.27.0
[INFO] [stderr]   Downloaded syn v2.0.110
[INFO] [stderr]   Downloaded rten v0.27.0
[INFO] running `Command { std: "docker" "create" "-v" "/var/lib/crater-agent-workspace/builds/worker-7-tc1/source:/opt/rustwide/workdir:ro,Z" "-v" "/var/lib/crater-agent-workspace/builds/worker-7-tc1/target:/opt/rustwide/target:rw,Z" "-v" "/var/lib/crater-agent-workspace/cargo-home:/opt/rustwide/cargo-home:ro,Z" "-v" "/var/lib/crater-agent-workspace/rustup-home:/opt/rustwide/rustup-home:ro,Z" "-m" "1610612736" "--network" "none" "ghcr.io/rust-lang/crates-build-env/linux@sha256:3111399a4047eeb3a02b7a90e478d715f38a8c6669b5c4b49d30a17385265909" "sleep" "infinity", kill_on_drop: false }`
[INFO] [stdout] 3647327df111555ecf4d6e20602d2c7e1235b112b09947f39ac7b13240f097a2
[INFO] running `Command { std: "docker" "start" "3647327df111555ecf4d6e20602d2c7e1235b112b09947f39ac7b13240f097a2", kill_on_drop: false }`
[INFO] running `Command { std: "docker" "inspect" "3647327df111555ecf4d6e20602d2c7e1235b112b09947f39ac7b13240f097a2", kill_on_drop: false }`
[INFO] running `Command { std: "docker" "exec" "-e" "SOURCE_DIR=/opt/rustwide/workdir" "-e" "CARGO_HOME=/opt/rustwide/cargo-home" "-e" "RUSTUP_HOME=/opt/rustwide/rustup-home" "-e" "CARGO_TARGET_DIR=/opt/rustwide/target" "-w" "/opt/rustwide/workdir" "--user" "0:0" "3647327df111555ecf4d6e20602d2c7e1235b112b09947f39ac7b13240f097a2" "/opt/rustwide/cargo-home/bin/cargo" "+1.99.0-beta.8" "metadata" "--no-deps" "--format-version=1", kill_on_drop: false }`
[INFO] running `Command { std: "docker" "inspect" "3647327df111555ecf4d6e20602d2c7e1235b112b09947f39ac7b13240f097a2", kill_on_drop: false }`
[INFO] running `Command { std: "docker" "exec" "-e" "SOURCE_DIR=/opt/rustwide/workdir" "-e" "CARGO_HOME=/opt/rustwide/cargo-home" "-e" "RUSTUP_HOME=/opt/rustwide/rustup-home" "-e" "CARGO_TARGET_DIR=/opt/rustwide/target" "-e" "CARGO_INCREMENTAL=0" "-e" "RUST_BACKTRACE=full" "-e" "RUSTFLAGS=--cap-lints=warn" "-e" "RUSTDOCFLAGS=--cap-lints=warn" "-w" "/opt/rustwide/workdir" "--user" "0:0" "3647327df111555ecf4d6e20602d2c7e1235b112b09947f39ac7b13240f097a2" "/opt/rustwide/cargo-home/bin/cargo" "+1.99.0-beta.8" "build" "--frozen" "--message-format=json", kill_on_drop: false }`
[INFO] [stderr]    Compiling rten-base v0.27.0
[INFO] [stderr]    Compiling smallvec v1.16.2
[INFO] [stderr]    Compiling serde_json v1.0.151
[INFO] [stderr]    Compiling strength_reduce v0.2.4
[INFO] [stderr]    Compiling rten-simd v0.27.0
[INFO] [stderr]    Compiling syn v3.0.6
[INFO] [stderr]    Compiling memchr v2.7.6
[INFO] [stderr]    Compiling syn v2.0.110
[INFO] [stderr]    Compiling hashbrown v0.16.1
[INFO] [stderr]    Compiling argh_shared v0.1.19
[INFO] [stderr]    Compiling fastrand-contrib v0.1.0
[INFO] [stderr]    Compiling num_cpus v1.17.0
[INFO] [stderr]    Compiling memmap2 v0.9.10
[INFO] [stderr]    Compiling rustc-hash v2.1.2
[INFO] [stderr]    Compiling num-integer v0.1.46
[INFO] [stderr]    Compiling rayon v1.12.0
[INFO] [stderr]    Compiling num-complex v0.4.6
[INFO] [stderr]    Compiling rten-onnx v0.27.0
[INFO] [stderr]    Compiling transpose v0.2.3
[INFO] [stderr]    Compiling primal-check v0.3.4
[INFO] [stderr]    Compiling rten-vecmath v0.27.0
[INFO] [stderr]    Compiling rustfft v6.4.1
[INFO] [stderr]    Compiling serde_derive v1.0.229
[INFO] [stderr]    Compiling rten-parallel v0.27.0
[INFO] [stderr]    Compiling argh_derive v0.1.19
[INFO] [stderr]    Compiling serde v1.0.229
[INFO] [stderr]    Compiling rten-tensor v0.27.0
[INFO] [stderr]    Compiling safetensors v0.8.0
[INFO] [stderr]    Compiling argh v0.1.19
[INFO] [stderr]    Compiling rten-gemm v0.27.0
[INFO] [stderr]    Compiling rten-shape-inference v0.27.0
[INFO] [stderr]    Compiling rten-serialize v0.27.0
[INFO] [stderr]    Compiling rten v0.27.0
[INFO] [stderr]    Compiling rten-cli v0.27.0 (/opt/rustwide/workdir)
[INFO] [stderr]     Finished `dev` profile [unoptimized + debuginfo] target(s) in 46.77s
[INFO] running `Command { std: "docker" "inspect" "3647327df111555ecf4d6e20602d2c7e1235b112b09947f39ac7b13240f097a2", kill_on_drop: false }`
[INFO] running `Command { std: "docker" "exec" "-e" "SOURCE_DIR=/opt/rustwide/workdir" "-e" "CARGO_HOME=/opt/rustwide/cargo-home" "-e" "RUSTUP_HOME=/opt/rustwide/rustup-home" "-e" "CARGO_TARGET_DIR=/opt/rustwide/target" "-e" "CARGO_INCREMENTAL=0" "-e" "RUST_BACKTRACE=full" "-e" "RUSTFLAGS=--cap-lints=warn" "-e" "RUSTDOCFLAGS=--cap-lints=warn" "-w" "/opt/rustwide/workdir" "--user" "0:0" "3647327df111555ecf4d6e20602d2c7e1235b112b09947f39ac7b13240f097a2" "/opt/rustwide/cargo-home/bin/cargo" "+1.99.0-beta.8" "test" "--frozen" "--no-run" "--message-format=json", kill_on_drop: false }`
[INFO] [stderr]    Compiling rten-cli v0.27.0 (/opt/rustwide/workdir)
[INFO] [stdout] error[E0432]: unresolved import `rten_testing`
[INFO] [stdout]   --> src/dim_size.rs:95:9
[INFO] [stdout]    |
[INFO] [stdout] 95 |     use rten_testing::TestCases;
[INFO] [stdout]    |         ^^^^^^^^^^^^ use of unresolved module or unlinked crate `rten_testing`
[INFO] [stdout]    |
[INFO] [stdout]    = help: if you wanted to use a crate named `rten_testing`, use `cargo add rten_testing` to add it to your `Cargo.toml`
[INFO] [stdout] 
[INFO] [stdout] 
[INFO] [stdout] error[E0432]: unresolved import `rten_testing`
[INFO] [stdout]    --> src/input_generator.rs:210:9
[INFO] [stdout]     |
[INFO] [stdout] 210 |     use rten_testing::TestCases;
[INFO] [stdout]     |         ^^^^^^^^^^^^ use of unresolved module or unlinked crate `rten_testing`
[INFO] [stdout]     |
[INFO] [stdout]     = help: if you wanted to use a crate named `rten_testing`, use `cargo add rten_testing` to add it to your `Cargo.toml`
[INFO] [stdout] 
[INFO] [stdout] 
[INFO] [stdout] error[E0432]: unresolved import `rten_testing`
[INFO] [stdout]   --> src/input_range.rs:96:9
[INFO] [stdout]    |
[INFO] [stdout] 96 |     use rten_testing::TestCases;
[INFO] [stdout]    |         ^^^^^^^^^^^^ use of unresolved module or unlinked crate `rten_testing`
[INFO] [stdout]    |
[INFO] [stdout]    = help: if you wanted to use a crate named `rten_testing`, use `cargo add rten_testing` to add it to your `Cargo.toml`
[INFO] [stdout] 
[INFO] [stdout] 
[INFO] [stdout] error[E0432]: unresolved import `rten_testing`
[INFO] [stdout]   --> src/name_value.rs:71:9
[INFO] [stdout]    |
[INFO] [stdout] 71 |     use rten_testing::TestCases;
[INFO] [stdout]    |         ^^^^^^^^^^^^ use of unresolved module or unlinked crate `rten_testing`
[INFO] [stdout]    |
[INFO] [stdout]    = help: if you wanted to use a crate named `rten_testing`, use `cargo add rten_testing` to add it to your `Cargo.toml`
[INFO] [stdout] 
[INFO] [stdout] 
[INFO] [stdout] error[E0599]: no method named `test_each` found for array `[dim_size::tests::test_parse::Case<'_>; 6]` in the current scope
[INFO] [stdout]    --> src/dim_size.rs:155:15
[INFO] [stdout]     |
[INFO] [stdout] 155 |         cases.test_each(|Case { spec, expected }| {
[INFO] [stdout]     |         ------^^^^^^^^^ method not found in `[dim_size::tests::test_parse::Case<'_>; 6]`
[INFO] [stdout] 
[INFO] [stdout] 
[INFO] [stdout] error[E0614]: type `Result<DimSize, name_value::ParseError>` cannot be dereferenced
[INFO] [stdout]    --> src/dim_size.rs:157:34
[INFO] [stdout]     |
[INFO] [stdout] 157 |             assert_eq!(dim_size, *expected);
[INFO] [stdout]     |                                  ^^^^^^^^^ can't be dereferenced
[INFO] [stdout] 
[INFO] [stdout] 
[INFO] [stdout] error[E0599]: no method named `test_each` found for array `[input_generator::tests::test_generate_value_range::Case; 10]` in the current scope
[INFO] [stdout]    --> src/input_generator.rs:316:15
[INFO] [stdout]     |
[INFO] [stdout] 316 |         cases.test_each(
[INFO] [stdout]     |         ------^^^^^^^^^ method not found in `[input_generator::tests::test_generate_value_range::Case; 10]`
[INFO] [stdout] 
[INFO] [stdout] 
[INFO] [stdout] error[E0614]: type `(f32, f32)` cannot be dereferenced
[INFO] [stdout]    --> src/input_generator.rs:322:34
[INFO] [stdout]     |
[INFO] [stdout] 322 |                 let (min, max) = *expected;
[INFO] [stdout]     |                                  ^^^^^^^^^ can't be dereferenced
[INFO] [stdout] 
[INFO] [stdout] 
[INFO] [stdout] error[E0614]: type `rten::DataType` cannot be dereferenced
[INFO] [stdout]    --> src/input_generator.rs:323:43
[INFO] [stdout]     |
[INFO] [stdout] 323 |                 let value = generate("x", *dtype, *range).unwrap();
[INFO] [stdout]     |                                           ^^^^^^ can't be dereferenced
[INFO] [stdout] 
[INFO] [stdout] 
[INFO] [stdout] error[E0614]: type `std::option::Option<(f32, f32)>` cannot be dereferenced
[INFO] [stdout]    --> src/input_generator.rs:323:51
[INFO] [stdout]     |
[INFO] [stdout] 323 |                 let value = generate("x", *dtype, *range).unwrap();
[INFO] [stdout]     |                                                   ^^^^^^ can't be dereferenced
[INFO] [stdout] 
[INFO] [stdout] 
[INFO] [stdout] error[E0599]: no method named `test_each` found for array `[input_generator::tests::test_generate_empty_range::Case; 5]` in the current scope
[INFO] [stdout]    --> src/input_generator.rs:376:15
[INFO] [stdout]     |
[INFO] [stdout] 376 |         cases.test_each(
[INFO] [stdout]     |         ------^^^^^^^^^ method not found in `[input_generator::tests::test_generate_empty_range::Case; 5]`
[INFO] [stdout] 
[INFO] [stdout] 
[INFO] [stdout] error[E0614]: type `rten::DataType` cannot be dereferenced
[INFO] [stdout]    --> src/input_generator.rs:382:43
[INFO] [stdout]     |
[INFO] [stdout] 382 |                 let value = generate("x", *dtype, Some(*range)).err();
[INFO] [stdout]     |                                           ^^^^^^ can't be dereferenced
[INFO] [stdout] 
[INFO] [stdout] 
[INFO] [stdout] error[E0614]: type `(f32, f32)` cannot be dereferenced
[INFO] [stdout]    --> src/input_generator.rs:382:56
[INFO] [stdout]     |
[INFO] [stdout] 382 |                 let value = generate("x", *dtype, Some(*range)).err();
[INFO] [stdout]     |                                                        ^^^^^^ can't be dereferenced
[INFO] [stdout] 
[INFO] [stdout] 
[INFO] [stdout] error[E0614]: type `std::option::Option<GenerateError>` cannot be dereferenced
[INFO] [stdout]    --> src/input_generator.rs:383:35
[INFO] [stdout]     |
[INFO] [stdout] 383 |                 assert_eq!(value, *expected);
[INFO] [stdout]     |                                   ^^^^^^^^^ can't be dereferenced
[INFO] [stdout] 
[INFO] [stdout] 
[INFO] [stdout] error[E0599]: no method named `test_each` found for array `[input_range::tests::test_parse::Case<'_>; 10]` in the current scope
[INFO] [stdout]    --> src/input_range.rs:185:15
[INFO] [stdout]     |
[INFO] [stdout] 185 |         cases.test_each(|Case { spec, expected }| {
[INFO] [stdout]     |         ------^^^^^^^^^ method not found in `[input_range::tests::test_parse::Case<'_>; 10]`
[INFO] [stdout] 
[INFO] [stdout] 
[INFO] [stdout] error[E0614]: type `Result<InputRange, name_value::ParseError>` cannot be dereferenced
[INFO] [stdout]    --> src/input_range.rs:187:31
[INFO] [stdout]     |
[INFO] [stdout] 187 |             assert_eq!(range, *expected);
[INFO] [stdout]     |                               ^^^^^^^^^ can't be dereferenced
[INFO] [stdout] 
[INFO] [stdout] 
[INFO] [stdout] error[E0599]: no method named `test_each` found for array `[name_value::tests::test_split::Case<'_>; 9]` in the current scope
[INFO] [stdout]    --> src/name_value.rs:132:15
[INFO] [stdout]     |
[INFO] [stdout] 132 |         cases.test_each(|Case { spec, expected }| {
[INFO] [stdout]     |         ------^^^^^^^^^ method not found in `[name_value::tests::test_split::Case<'_>; 9]`
[INFO] [stdout] 
[INFO] [stdout] 
[INFO] [stdout] error[E0614]: type `std::option::Option<(Vec<Token>, &str)>` cannot be dereferenced
[INFO] [stdout]    --> src/name_value.rs:133:37
[INFO] [stdout]     |
[INFO] [stdout] 133 |             assert_eq!(split(spec), *expected);
[INFO] [stdout]     |                                     ^^^^^^^^^ can't be dereferenced
[INFO] [stdout] 
[INFO] [stdout] 
[INFO] [stdout] Some errors have detailed explanations: E0432, E0599, E0614.
[INFO] [stdout] 
[INFO] [stdout] For more information about an error, try `rustc --explain E0432`.
[INFO] [stdout] 
[INFO] [stderr] error: could not compile `rten-cli` (bin "rten" test) due to 18 previous errors
[INFO] running `Command { std: "docker" "inspect" "3647327df111555ecf4d6e20602d2c7e1235b112b09947f39ac7b13240f097a2", kill_on_drop: false }`
[INFO] running `Command { std: "docker" "rm" "-f" "3647327df111555ecf4d6e20602d2c7e1235b112b09947f39ac7b13240f097a2", kill_on_drop: false }`
[INFO] [stdout] 3647327df111555ecf4d6e20602d2c7e1235b112b09947f39ac7b13240f097a2
