[INFO] fetching crate rstest-bdd-server 0.6.0-beta2...
[INFO] testing rstest-bdd-server-0.6.0-beta2 against 1.99.0-beta.8 for beta-1.100-2
[INFO] extracting crate rstest-bdd-server 0.6.0-beta2 into /workspace/builds/worker-5-tc1/source
[INFO] started tweaking crates.io crate rstest-bdd-server 0.6.0-beta2
[INFO] removed 0 missing tests
[INFO] finished tweaking crates.io crate rstest-bdd-server 0.6.0-beta2
[INFO] tweaked toml for crates.io crate rstest-bdd-server 0.6.0-beta2 written to /workspace/builds/worker-5-tc1/source/Cargo.toml
[INFO] validating manifest of crates.io crate rstest-bdd-server 0.6.0-beta2 on toolchain 1.99.0-beta.8
[INFO] running `Command { std: CARGO_HOME="/workspace/cargo-home" RUSTUP_HOME="/workspace/rustup-home" "/workspace/cargo-home/bin/cargo" "+1.99.0-beta.8" "metadata" "--manifest-path" "Cargo.toml" "--no-deps", kill_on_drop: false }`
[INFO] crate crates.io crate rstest-bdd-server 0.6.0-beta2 already has a lockfile, it will not be regenerated
[INFO] running `Command { std: CARGO_HOME="/workspace/cargo-home" RUSTUP_HOME="/workspace/rustup-home" "/workspace/cargo-home/bin/cargo" "+1.99.0-beta.8" "fetch" "--manifest-path" "Cargo.toml", kill_on_drop: false }`
[INFO] [stderr]     Updating crates.io index
[INFO] [stderr]  Downloading crates ...
[INFO] [stderr]   Downloaded gherkin v0.14.0
[INFO] [stderr]   Downloaded typed-builder-macro v0.15.2
[INFO] [stderr]   Downloaded rstest-bdd-patterns v0.6.0-beta2
[INFO] [stderr]   Downloaded typed-builder v0.15.2
[INFO] [stderr]   Downloaded peg v0.6.3
[INFO] [stderr]   Downloaded peg-runtime v0.6.3
[INFO] [stderr]   Downloaded waitpid-any v0.3.0
[INFO] [stderr]   Downloaded peg-macros v0.6.3
[INFO] [stderr]   Downloaded async-lsp v0.2.4
[INFO] [stderr]   Downloaded lsp-types v0.95.1
[INFO] running `Command { std: "docker" "create" "-v" "/var/lib/crater-agent-workspace/builds/worker-5-tc1/source:/opt/rustwide/workdir:ro,Z" "-v" "/var/lib/crater-agent-workspace/builds/worker-5-tc1/target:/opt/rustwide/target:rw,Z" "-v" "/var/lib/crater-agent-workspace/cargo-home:/opt/rustwide/cargo-home:ro,Z" "-v" "/var/lib/crater-agent-workspace/rustup-home:/opt/rustwide/rustup-home:ro,Z" "-m" "1610612736" "--network" "none" "ghcr.io/rust-lang/crates-build-env/linux@sha256:3111399a4047eeb3a02b7a90e478d715f38a8c6669b5c4b49d30a17385265909" "sleep" "infinity", kill_on_drop: false }`
[INFO] [stdout] 874ebac0a10f39933eefb867faa6428f3f4148d36f02b215cd347ec4b72bd076
[INFO] running `Command { std: "docker" "start" "874ebac0a10f39933eefb867faa6428f3f4148d36f02b215cd347ec4b72bd076", kill_on_drop: false }`
[INFO] running `Command { std: "docker" "inspect" "874ebac0a10f39933eefb867faa6428f3f4148d36f02b215cd347ec4b72bd076", kill_on_drop: false }`
[INFO] running `Command { std: "docker" "exec" "-e" "SOURCE_DIR=/opt/rustwide/workdir" "-e" "CARGO_HOME=/opt/rustwide/cargo-home" "-e" "RUSTUP_HOME=/opt/rustwide/rustup-home" "-e" "CARGO_TARGET_DIR=/opt/rustwide/target" "-w" "/opt/rustwide/workdir" "--user" "0:0" "874ebac0a10f39933eefb867faa6428f3f4148d36f02b215cd347ec4b72bd076" "/opt/rustwide/cargo-home/bin/cargo" "+1.99.0-beta.8" "metadata" "--no-deps" "--format-version=1", kill_on_drop: false }`
[INFO] running `Command { std: "docker" "inspect" "874ebac0a10f39933eefb867faa6428f3f4148d36f02b215cd347ec4b72bd076", kill_on_drop: false }`
[INFO] running `Command { std: "docker" "exec" "-e" "SOURCE_DIR=/opt/rustwide/workdir" "-e" "CARGO_HOME=/opt/rustwide/cargo-home" "-e" "RUSTUP_HOME=/opt/rustwide/rustup-home" "-e" "CARGO_TARGET_DIR=/opt/rustwide/target" "-e" "CARGO_INCREMENTAL=0" "-e" "RUST_BACKTRACE=full" "-e" "RUSTFLAGS=--cap-lints=warn" "-e" "RUSTDOCFLAGS=--cap-lints=warn" "-w" "/opt/rustwide/workdir" "--user" "0:0" "874ebac0a10f39933eefb867faa6428f3f4148d36f02b215cd347ec4b72bd076" "/opt/rustwide/cargo-home/bin/cargo" "+1.99.0-beta.8" "build" "--frozen" "--message-format=json", kill_on_drop: false }`
[INFO] [stderr]    Compiling unicode-ident v1.0.24
[INFO] [stderr]    Compiling memchr v2.8.1
[INFO] [stderr]    Compiling serde_json v1.0.150
[INFO] [stderr]    Compiling log v0.4.32
[INFO] [stderr]    Compiling futures-io v0.3.32
[INFO] [stderr]    Compiling proc-macro2 v1.0.106
[INFO] [stderr]    Compiling rustix v1.1.4
[INFO] [stderr]    Compiling peg-runtime v0.6.3
[INFO] [stderr]    Compiling futures-channel v0.3.32
[INFO] [stderr]    Compiling camino v1.2.2
[INFO] [stderr]    Compiling unicode-linebreak v0.1.5
[INFO] [stderr]    Compiling smawk v0.3.2
[INFO] [stderr]    Compiling bitflags v2.13.0
[INFO] [stderr]    Compiling colorchoice v1.0.5
[INFO] [stderr]    Compiling quote v1.0.45
[INFO] [stderr]    Compiling anstream v1.0.0
[INFO] [stderr]    Compiling textwrap v0.16.2
[INFO] [stderr]    Compiling aho-corasick v1.1.4
[INFO] [stderr]    Compiling syn v2.0.117
[INFO] [stderr]    Compiling peg-macros v0.6.3
[INFO] [stderr]    Compiling strsim v0.11.1
[INFO] [stderr]    Compiling clap_builder v4.6.0
[INFO] [stderr]    Compiling regex-automata v0.4.14
[INFO] [stderr]    Compiling peg v0.6.3
[INFO] [stderr]    Compiling tracing-log v0.2.0
[INFO] [stderr]    Compiling semver v1.0.28
[INFO] [stderr]    Compiling waitpid-any v0.3.0
[INFO] [stderr]    Compiling synstructure v0.13.2
[INFO] [stderr]    Compiling zerofrom-derive v0.1.7
[INFO] [stderr]    Compiling yoke-derive v0.8.2
[INFO] [stderr]    Compiling zerovec-derive v0.11.3
[INFO] [stderr]    Compiling displaydoc v0.2.6
[INFO] [stderr]    Compiling serde_derive v1.0.228
[INFO] [stderr]    Compiling tracing-attributes v0.1.31
[INFO] [stderr]    Compiling thiserror-impl v1.0.69
[INFO] [stderr]    Compiling tokio-macros v2.7.0
[INFO] [stderr]    Compiling tracing v0.1.44
[INFO] [stderr]    Compiling typed-builder-macro v0.15.2
[INFO] [stderr]    Compiling zerofrom v0.1.8
[INFO] [stderr]    Compiling yoke v0.8.3
[INFO] [stderr]    Compiling futures-macro v0.3.32
[INFO] [stderr]    Compiling tokio v1.52.3
[INFO] [stderr]    Compiling thiserror v1.0.69
[INFO] [stderr]    Compiling thiserror-impl v2.0.18
[INFO] [stderr]    Compiling zerovec v0.11.6
[INFO] [stderr]    Compiling tinystr v0.8.3
[INFO] [stderr]    Compiling potential_utf v0.1.5
[INFO] [stderr]    Compiling zerotrie v0.2.4
[INFO] [stderr]    Compiling icu_locale_core v2.2.0
[INFO] [stderr]    Compiling icu_collections v2.2.0
[INFO] [stderr]    Compiling typed-builder v0.15.2
[INFO] [stderr]    Compiling futures-util v0.3.32
[INFO] [stderr]    Compiling serde_repr v0.1.20
[INFO] [stderr]    Compiling thiserror v2.0.18
[INFO] [stderr]    Compiling matchers v0.2.0
[INFO] [stderr]    Compiling regex v1.12.3
[INFO] [stderr]    Compiling clap_derive v4.6.1
[INFO] [stderr]    Compiling icu_provider v2.2.0
[INFO] [stderr]    Compiling tracing-subscriber v0.3.23
[INFO] [stderr]    Compiling icu_normalizer v2.2.0
[INFO] [stderr]    Compiling icu_properties v2.2.0
[INFO] [stderr]    Compiling tower v0.4.13
[INFO] [stderr]    Compiling serde v1.0.228
[INFO] [stderr]    Compiling cargo-platform v0.1.9
[INFO] [stderr]    Compiling gherkin v0.14.0
[INFO] [stderr]    Compiling cargo_metadata v0.18.1
[INFO] [stderr]    Compiling tokio-util v0.7.18
[INFO] [stderr]    Compiling clap v4.6.1
[INFO] [stderr]    Compiling idna_adapter v1.2.2
[INFO] [stderr]    Compiling idna v1.1.0
[INFO] [stderr]    Compiling rstest-bdd-patterns v0.6.0-beta2
[INFO] [stderr]    Compiling url v2.5.8
[INFO] [stderr]    Compiling futures v0.3.32
[INFO] [stderr]    Compiling lsp-types v0.95.1
[INFO] [stderr]    Compiling async-lsp v0.2.4
[INFO] [stderr]    Compiling rstest-bdd-server v0.6.0-beta2 (/opt/rustwide/workdir)
[INFO] [stderr]     Finished `dev` profile [unoptimized + debuginfo] target(s) in 1m 39s
[INFO] running `Command { std: "docker" "inspect" "874ebac0a10f39933eefb867faa6428f3f4148d36f02b215cd347ec4b72bd076", kill_on_drop: false }`
[INFO] running `Command { std: "docker" "exec" "-e" "SOURCE_DIR=/opt/rustwide/workdir" "-e" "CARGO_HOME=/opt/rustwide/cargo-home" "-e" "RUSTUP_HOME=/opt/rustwide/rustup-home" "-e" "CARGO_TARGET_DIR=/opt/rustwide/target" "-e" "CARGO_INCREMENTAL=0" "-e" "RUST_BACKTRACE=full" "-e" "RUSTFLAGS=--cap-lints=warn" "-e" "RUSTDOCFLAGS=--cap-lints=warn" "-w" "/opt/rustwide/workdir" "--user" "0:0" "874ebac0a10f39933eefb867faa6428f3f4148d36f02b215cd347ec4b72bd076" "/opt/rustwide/cargo-home/bin/cargo" "+1.99.0-beta.8" "test" "--frozen" "--no-run" "--message-format=json", kill_on_drop: false }`
[INFO] [stderr]    Compiling futures-util v0.3.32
[INFO] [stderr]    Compiling winnow v1.0.3
[INFO] [stderr]    Compiling semver v1.0.28
[INFO] [stderr]    Compiling indexmap v2.14.0
[INFO] [stderr]    Compiling aho-corasick v1.1.4
[INFO] [stderr]    Compiling getrandom v0.4.2
[INFO] [stderr]    Compiling relative-path v1.9.3
[INFO] [stderr]    Compiling futures-timer v3.0.4
[INFO] [stderr]    Compiling rustc_version v0.4.1
[INFO] [stderr]    Compiling tempfile v3.27.0
[INFO] [stderr]    Compiling rstest_macros v0.26.1
[INFO] [stderr]    Compiling regex-automata v0.4.14
[INFO] [stderr]    Compiling toml_parser v1.1.2+spec-1.1.0
[INFO] [stderr]    Compiling toml_edit v0.25.12+spec-1.1.0
[INFO] [stderr]    Compiling proc-macro-crate v3.5.0
[INFO] [stderr]    Compiling futures v0.3.32
[INFO] [stderr]    Compiling async-lsp v0.2.4
[INFO] [stderr]    Compiling regex v1.12.3
[INFO] [stderr]    Compiling rstest-bdd-server v0.6.0-beta2 (/opt/rustwide/workdir)
[INFO] [stderr]    Compiling rstest v0.26.1
[INFO] [stdout] error[E0432]: unresolved import `rstest_bdd_server::test_support`
[INFO] [stdout]   --> tests/support/mod.rs:9:28
[INFO] [stdout]    |
[INFO] [stdout]  9 | pub use rstest_bdd_server::test_support::{ScenarioBuilder, TestScenario};
[INFO] [stdout]    |                            ^^^^^^^^^^^^ could not find `test_support` in `rstest_bdd_server`
[INFO] [stdout]    |
[INFO] [stdout] note: found an item that was configured out
[INFO] [stdout]   --> src/lib.rs:59:9
[INFO] [stdout]    |
[INFO] [stdout] 58 | #[cfg(any(test, feature = "test-support"))]
[INFO] [stdout]    |          -------------------------------- the item is gated here
[INFO] [stdout] 59 | pub mod test_support;
[INFO] [stdout]    |         ^^^^^^^^^^^^
[INFO] [stdout] 
[INFO] [stdout] 
[INFO] [stdout] For more information about this error, try `rustc --explain E0432`.
[INFO] [stdout] 
[INFO] [stdout] error[E0432]: unresolved import `rstest_bdd_server::test_support`
[INFO] [stdout]   --> tests/support/mod.rs:9:28
[INFO] [stdout]    |
[INFO] [stdout]  9 | pub use rstest_bdd_server::test_support::{ScenarioBuilder, TestScenario};
[INFO] [stdout]    |                            ^^^^^^^^^^^^ could not find `test_support` in `rstest_bdd_server`
[INFO] [stdout]    |
[INFO] [stdout] note: found an item that was configured out
[INFO] [stdout]   --> src/lib.rs:59:9
[INFO] [stdout]    |
[INFO] [stdout] 58 | #[cfg(any(test, feature = "test-support"))]
[INFO] [stdout]    |          -------------------------------- the item is gated here
[INFO] [stdout] 59 | pub mod test_support;
[INFO] [stdout]    |         ^^^^^^^^^^^^
[INFO] [stdout] 
[INFO] [stdout] 
[INFO] [stdout] error[E0432]: unresolved import `rstest_bdd_server::test_support`
[INFO] [stdout]   --> tests/diagnostics_basic.rs:17:24
[INFO] [stdout]    |
[INFO] [stdout] 17 | use rstest_bdd_server::test_support::DiagnosticCheckType;
[INFO] [stdout]    |                        ^^^^^^^^^^^^ could not find `test_support` in `rstest_bdd_server`
[INFO] [stdout]    |
[INFO] [stdout] note: found an item that was configured out
[INFO] [stdout]   --> src/lib.rs:59:9
[INFO] [stdout]    |
[INFO] [stdout] 58 | #[cfg(any(test, feature = "test-support"))]
[INFO] [stdout]    |          -------------------------------- the item is gated here
[INFO] [stdout] 59 | pub mod test_support;
[INFO] [stdout]    |         ^^^^^^^^^^^^
[INFO] [stdout] 
[INFO] [stdout] 
[INFO] [stderr] error: could not compile `rstest-bdd-server` (test "diagnostics_scenario_outline") due to 1 previous error
[INFO] [stderr] warning: build failed, waiting for other jobs to finish...
[INFO] [stdout] For more information about this error, try `rustc --explain E0432`.
[INFO] [stdout] 
[INFO] [stderr] error: could not compile `rstest-bdd-server` (test "diagnostics_basic") due to 2 previous errors
[INFO] running `Command { std: "docker" "inspect" "874ebac0a10f39933eefb867faa6428f3f4148d36f02b215cd347ec4b72bd076", kill_on_drop: false }`
[INFO] running `Command { std: "docker" "rm" "-f" "874ebac0a10f39933eefb867faa6428f3f4148d36f02b215cd347ec4b72bd076", kill_on_drop: false }`
[INFO] [stdout] 874ebac0a10f39933eefb867faa6428f3f4148d36f02b215cd347ec4b72bd076
