[INFO] fetching crate rstest-bdd-harness 0.6.0...
[INFO] testing rstest-bdd-harness-0.6.0 against 1.99.0-beta.8 for beta-1.100-2
[INFO] extracting crate rstest-bdd-harness 0.6.0 into /workspace/builds/worker-1-tc1/source
[INFO] started tweaking crates.io crate rstest-bdd-harness 0.6.0
[INFO] removed 0 missing tests
[INFO] finished tweaking crates.io crate rstest-bdd-harness 0.6.0
[INFO] tweaked toml for crates.io crate rstest-bdd-harness 0.6.0 written to /workspace/builds/worker-1-tc1/source/Cargo.toml
[INFO] validating manifest of crates.io crate rstest-bdd-harness 0.6.0 on toolchain 1.99.0-beta.8
[INFO] running `Command { std: CARGO_HOME="/workspace/cargo-home" RUSTUP_HOME="/workspace/rustup-home" "/workspace/cargo-home/bin/cargo" "+1.99.0-beta.8" "metadata" "--manifest-path" "Cargo.toml" "--no-deps", kill_on_drop: false }`
[INFO] crate crates.io crate rstest-bdd-harness 0.6.0 already has a lockfile, it will not be regenerated
[INFO] running `Command { std: CARGO_HOME="/workspace/cargo-home" RUSTUP_HOME="/workspace/rustup-home" "/workspace/cargo-home/bin/cargo" "+1.99.0-beta.8" "fetch" "--manifest-path" "Cargo.toml", kill_on_drop: false }`
[INFO] [stderr]     Updating crates.io index
[INFO] [stderr]  Downloading crates ...
[INFO] [stderr]   Downloaded temp-env v0.3.6
[INFO] running `Command { std: "docker" "create" "-v" "/var/lib/crater-agent-workspace/builds/worker-1-tc1/source:/opt/rustwide/workdir:ro,Z" "-v" "/var/lib/crater-agent-workspace/builds/worker-1-tc1/target:/opt/rustwide/target:rw,Z" "-v" "/var/lib/crater-agent-workspace/cargo-home:/opt/rustwide/cargo-home:ro,Z" "-v" "/var/lib/crater-agent-workspace/rustup-home:/opt/rustwide/rustup-home:ro,Z" "-m" "1610612736" "--network" "none" "ghcr.io/rust-lang/crates-build-env/linux@sha256:3111399a4047eeb3a02b7a90e478d715f38a8c6669b5c4b49d30a17385265909" "sleep" "infinity", kill_on_drop: false }`
[INFO] [stdout] 0caaca44016444a8a76b1bc1607d5060252e5efe14a5812e212171176ce7f34a
[INFO] running `Command { std: "docker" "start" "0caaca44016444a8a76b1bc1607d5060252e5efe14a5812e212171176ce7f34a", kill_on_drop: false }`
[INFO] running `Command { std: "docker" "inspect" "0caaca44016444a8a76b1bc1607d5060252e5efe14a5812e212171176ce7f34a", kill_on_drop: false }`
[INFO] running `Command { std: "docker" "exec" "-e" "SOURCE_DIR=/opt/rustwide/workdir" "-e" "CARGO_HOME=/opt/rustwide/cargo-home" "-e" "RUSTUP_HOME=/opt/rustwide/rustup-home" "-e" "CARGO_TARGET_DIR=/opt/rustwide/target" "-w" "/opt/rustwide/workdir" "--user" "0:0" "0caaca44016444a8a76b1bc1607d5060252e5efe14a5812e212171176ce7f34a" "/opt/rustwide/cargo-home/bin/cargo" "+1.99.0-beta.8" "metadata" "--no-deps" "--format-version=1", kill_on_drop: false }`
[INFO] running `Command { std: "docker" "inspect" "0caaca44016444a8a76b1bc1607d5060252e5efe14a5812e212171176ce7f34a", kill_on_drop: false }`
[INFO] running `Command { std: "docker" "exec" "-e" "SOURCE_DIR=/opt/rustwide/workdir" "-e" "CARGO_HOME=/opt/rustwide/cargo-home" "-e" "RUSTUP_HOME=/opt/rustwide/rustup-home" "-e" "CARGO_TARGET_DIR=/opt/rustwide/target" "-e" "CARGO_INCREMENTAL=0" "-e" "RUST_BACKTRACE=full" "-e" "RUSTFLAGS=--cap-lints=warn" "-e" "RUSTDOCFLAGS=--cap-lints=warn" "-w" "/opt/rustwide/workdir" "--user" "0:0" "0caaca44016444a8a76b1bc1607d5060252e5efe14a5812e212171176ce7f34a" "/opt/rustwide/cargo-home/bin/cargo" "+1.99.0-beta.8" "build" "--frozen" "--message-format=json", kill_on_drop: false }`
[INFO] [stderr]    Compiling camino v1.2.5
[INFO] [stderr]    Compiling syn v3.0.4
[INFO] [stderr]    Compiling syn v2.0.119
[INFO] [stderr]    Compiling serde_json v1.0.151
[INFO] [stderr]    Compiling thiserror-impl v2.0.20
[INFO] [stderr]    Compiling serde_derive v1.0.229
[INFO] [stderr]    Compiling thiserror v2.0.20
[INFO] [stderr]    Compiling serde v1.0.229
[INFO] [stderr]    Compiling tracing-attributes v0.1.31
[INFO] [stderr]    Compiling cargo_metadata v0.23.1
[INFO] [stderr]    Compiling tracing v0.1.44
[INFO] [stderr]    Compiling rstest-bdd-harness v0.6.0 (/opt/rustwide/workdir)
[INFO] [stderr]     Finished `dev` profile [unoptimized + debuginfo] target(s) in 9.68s
[INFO] running `Command { std: "docker" "inspect" "0caaca44016444a8a76b1bc1607d5060252e5efe14a5812e212171176ce7f34a", kill_on_drop: false }`
[INFO] running `Command { std: "docker" "exec" "-e" "SOURCE_DIR=/opt/rustwide/workdir" "-e" "CARGO_HOME=/opt/rustwide/cargo-home" "-e" "RUSTUP_HOME=/opt/rustwide/rustup-home" "-e" "CARGO_TARGET_DIR=/opt/rustwide/target" "-e" "CARGO_INCREMENTAL=0" "-e" "RUST_BACKTRACE=full" "-e" "RUSTFLAGS=--cap-lints=warn" "-e" "RUSTDOCFLAGS=--cap-lints=warn" "-w" "/opt/rustwide/workdir" "--user" "0:0" "0caaca44016444a8a76b1bc1607d5060252e5efe14a5812e212171176ce7f34a" "/opt/rustwide/cargo-home/bin/cargo" "+1.99.0-beta.8" "test" "--frozen" "--no-run" "--message-format=json", kill_on_drop: false }`
[INFO] [stderr]    Compiling syn v3.0.4
[INFO] [stderr]    Compiling syn v2.0.119
[INFO] [stderr]    Compiling winnow v1.0.4
[INFO] [stderr]    Compiling indexmap v2.14.1
[INFO] [stderr]    Compiling aho-corasick v1.1.5
[INFO] [stderr]    Compiling toml_datetime v1.1.1+spec-1.1.0
[INFO] [stderr]    Compiling num-traits v0.2.19
[INFO] [stderr]    Compiling rstest_macros v0.26.1
[INFO] [stderr]    Compiling getrandom v0.4.3
[INFO] [stderr]    Compiling rustix v1.1.4
[INFO] [stderr]    Compiling parking_lot_core v0.9.12
[INFO] [stderr]    Compiling ppv-lite86 v0.2.21
[INFO] [stderr]    Compiling glob v0.3.4
[INFO] [stderr]    Compiling relative-path v1.9.3
[INFO] [stderr]    Compiling futures-core v0.3.34
[INFO] [stderr]    Compiling rand_xorshift v0.4.0
[INFO] [stderr]    Compiling rand v0.9.5
[INFO] [stderr]    Compiling parking_lot v0.12.5
[INFO] [stderr]    Compiling console v0.16.4
[INFO] [stderr]    Compiling similar v2.7.0
[INFO] [stderr]    Compiling unarray v0.1.4
[INFO] [stderr]    Compiling temp-env v0.3.6
[INFO] [stderr]    Compiling rand_chacha v0.9.0
[INFO] [stderr]    Compiling proptest v1.11.0
[INFO] [stderr]    Compiling toml_parser v1.1.3+spec-1.1.0
[INFO] [stderr]    Compiling regex-automata v0.4.18
[INFO] [stderr]    Compiling toml_edit v0.25.13+spec-1.1.0
[INFO] [stderr]    Compiling tempfile v3.27.0
[INFO] [stderr]    Compiling insta v1.48.0
[INFO] [stderr]    Compiling serde_derive v1.0.229
[INFO] [stderr]    Compiling thiserror-impl v2.0.20
[INFO] [stderr]    Compiling futures-macro v0.3.34
[INFO] [stderr]    Compiling proc-macro-crate v3.5.0
[INFO] [stderr]    Compiling tracing-attributes v0.1.31
[INFO] [stderr]    Compiling thiserror v2.0.20
[INFO] [stderr]    Compiling futures-util v0.3.34
[INFO] [stderr]    Compiling tracing v0.1.44
[INFO] [stderr]    Compiling regex v1.13.1
[INFO] [stderr]    Compiling serde v1.0.229
[INFO] [stderr]    Compiling cargo_metadata v0.23.1
[INFO] [stderr]    Compiling rstest-bdd-harness v0.6.0 (/opt/rustwide/workdir)
[INFO] [stderr]    Compiling rstest v0.26.1
[INFO] [stdout] error[E0433]: cannot find module or crate `rstest_bdd_test_macros` in this scope
[INFO] [stdout]    --> src/trybuild_staging/tests.rs:188:3
[INFO] [stdout]     |
[INFO] [stdout] 188 | #[rstest_bdd_test_macros::allow_fixture_expansion_lints]
[INFO] [stdout]     |   ^^^^^^^^^^^^^^^^^^^^^^ use of unresolved module or unlinked crate `rstest_bdd_test_macros`
[INFO] [stdout] 
[INFO] [stdout] 
[INFO] [stdout] error[E0433]: cannot find module or crate `rstest_bdd_test_macros` in this scope
[INFO] [stdout]    --> src/trybuild_staging/tests.rs:103:3
[INFO] [stdout]     |
[INFO] [stdout] 103 | #[rstest_bdd_test_macros::allow_fixture_expansion_lints]
[INFO] [stdout]     |   ^^^^^^^^^^^^^^^^^^^^^^ use of unresolved module or unlinked crate `rstest_bdd_test_macros`
[INFO] [stdout] 
[INFO] [stdout] 
[INFO] [stdout] error[E0433]: cannot find module or crate `rstest_bdd_test_macros` in this scope
[INFO] [stdout]   --> src/trybuild_staging/tests.rs:66:3
[INFO] [stdout]    |
[INFO] [stdout] 66 | #[rstest_bdd_test_macros::allow_fixture_expansion_lints]
[INFO] [stdout]    |   ^^^^^^^^^^^^^^^^^^^^^^ use of unresolved module or unlinked crate `rstest_bdd_test_macros`
[INFO] [stdout] 
[INFO] [stdout] 
[INFO] [stdout] error[E0433]: cannot find module or crate `rstest_bdd_test_macros` in this scope
[INFO] [stdout]   --> src/trybuild_staging/tests.rs:57:3
[INFO] [stdout]    |
[INFO] [stdout] 57 | #[rstest_bdd_test_macros::allow_fixture_expansion_lints]
[INFO] [stdout]    |   ^^^^^^^^^^^^^^^^^^^^^^ use of unresolved module or unlinked crate `rstest_bdd_test_macros`
[INFO] [stdout] 
[INFO] [stdout] 
[INFO] [stdout] error[E0433]: cannot find module or crate `rstest_bdd_test_macros` in this scope
[INFO] [stdout]   --> src/trybuild_staging/tests.rs:16:3
[INFO] [stdout]    |
[INFO] [stdout] 16 | #[rstest_bdd_test_macros::allow_fixture_expansion_lints]
[INFO] [stdout]    |   ^^^^^^^^^^^^^^^^^^^^^^ use of unresolved module or unlinked crate `rstest_bdd_test_macros`
[INFO] [stdout] 
[INFO] [stdout] 
[INFO] [stdout] error[E0433]: cannot find module or crate `rstest_bdd_test_macros` in this scope
[INFO] [stdout]   --> src/std_harness.rs:48:7
[INFO] [stdout]    |
[INFO] [stdout] 48 |     #[rstest_bdd_test_macros::allow_fixture_expansion_lints]
[INFO] [stdout]    |       ^^^^^^^^^^^^^^^^^^^^^^ use of unresolved module or unlinked crate `rstest_bdd_test_macros`
[INFO] [stdout] 
[INFO] [stdout] 
[INFO] [stdout] error[E0433]: cannot find module or crate `rstest_bdd_test_macros` in this scope
[INFO] [stdout]   --> src/std_harness.rs:44:7
[INFO] [stdout]    |
[INFO] [stdout] 44 |     #[rstest_bdd_test_macros::allow_fixture_expansion_lints]
[INFO] [stdout]    |       ^^^^^^^^^^^^^^^^^^^^^^ use of unresolved module or unlinked crate `rstest_bdd_test_macros`
[INFO] [stdout] 
[INFO] [stdout] 
[INFO] [stdout] warning: unnecessary braces around block return value
[INFO] [stdout]   --> src/std_harness.rs:46:32
[INFO] [stdout]    |
[INFO] [stdout] 46 |     fn harness() -> StdHarness { StdHarness::new() }
[INFO] [stdout]    |                                ^^                 ^^
[INFO] [stdout]    |
[INFO] [stdout]    = note: `#[warn(unused_braces)]` (part of `#[warn(unused)]`) on by default
[INFO] [stdout] help: remove these braces
[INFO] [stdout]    |
[INFO] [stdout] 46 -     fn harness() -> StdHarness { StdHarness::new() }
[INFO] [stdout] 46 +     fn harness() -> StdHarness StdHarness::new()
[INFO] [stdout]    |
[INFO] [stdout] 
[INFO] [stdout] 
[INFO] [stdout] error[E0432]: unresolved import `rstest_bdd_harness::FailingHarness`
[INFO] [stdout]   --> tests/harness_behaviour.rs:12:5
[INFO] [stdout]    |
[INFO] [stdout] 12 |     FailingHarness,
[INFO] [stdout]    |     ^^^^^^^^^^^^^^ no `FailingHarness` in the root
[INFO] [stdout]    |
[INFO] [stdout] note: found an item that was configured out
[INFO] [stdout]   --> src/lib.rs:36:18
[INFO] [stdout]    |
[INFO] [stdout] 35 | #[cfg(feature = "testing")]
[INFO] [stdout]    |       ------------------- the item is gated behind the `testing` feature
[INFO] [stdout] 36 | pub use testing::FailingHarness;
[INFO] [stdout]    |                  ^^^^^^^^^^^^^^
[INFO] [stdout] 
[INFO] [stdout] 
[INFO] [stdout] error[E0433]: cannot find module or crate `rstest_bdd_test_macros` in this scope
[INFO] [stdout]   --> tests/harness_behaviour.rs:29:3
[INFO] [stdout]    |
[INFO] [stdout] 29 | #[rstest_bdd_test_macros::allow_fixture_expansion_lints]
[INFO] [stdout]    |   ^^^^^^^^^^^^^^^^^^^^^^ use of unresolved module or unlinked crate `rstest_bdd_test_macros`
[INFO] [stdout] 
[INFO] [stdout] 
[INFO] [stdout] warning: unnecessary braces around block return value
[INFO] [stdout]   --> tests/harness_behaviour.rs:31:43
[INFO] [stdout]    |
[INFO] [stdout] 31 | fn default_metadata() -> ScenarioMetadata { ScenarioMetadata::default() }
[INFO] [stdout]    |                                           ^^                           ^^
[INFO] [stdout]    |
[INFO] [stdout]    = note: `#[warn(unused_braces)]` (part of `#[warn(unused)]`) on by default
[INFO] [stdout] help: remove these braces
[INFO] [stdout]    |
[INFO] [stdout] 31 - fn default_metadata() -> ScenarioMetadata { ScenarioMetadata::default() }
[INFO] [stdout] 31 + fn default_metadata() -> ScenarioMetadata ScenarioMetadata::default()
[INFO] [stdout]    |
[INFO] [stdout] 
[INFO] [stdout] 
[INFO] [stderr] error: could not compile `rstest-bdd-harness` (test "harness_behaviour") due to 2 previous errors; 1 warning emitted
[INFO] [stdout] Some errors have detailed explanations: E0432, E0433.
[INFO] [stdout] 
[INFO] [stderr] warning: build failed, waiting for other jobs to finish...
[INFO] [stdout] For more information about an error, try `rustc --explain E0432`.
[INFO] [stdout] 
[INFO] [stdout] For more information about this error, try `rustc --explain E0433`.
[INFO] [stdout] 
[INFO] [stderr] error: could not compile `rstest-bdd-harness` (lib test) due to 7 previous errors; 1 warning emitted
[INFO] running `Command { std: "docker" "inspect" "0caaca44016444a8a76b1bc1607d5060252e5efe14a5812e212171176ce7f34a", kill_on_drop: false }`
[INFO] running `Command { std: "docker" "rm" "-f" "0caaca44016444a8a76b1bc1607d5060252e5efe14a5812e212171176ce7f34a", kill_on_drop: false }`
[INFO] [stdout] 0caaca44016444a8a76b1bc1607d5060252e5efe14a5812e212171176ce7f34a
