[INFO] fetching crate rsaber_hackedcpal 0.2.0+0.18.0...
[INFO] testing rsaber_hackedcpal-0.2.0+0.18.0 against 1.100.0-beta.1 for beta-1.100-2
[INFO] extracting crate rsaber_hackedcpal 0.2.0+0.18.0 into /workspace/builds/worker-3-tc2/source
[INFO] started tweaking crates.io crate rsaber_hackedcpal 0.2.0+0.18.0
[INFO] removed 0 missing examples
[INFO] finished tweaking crates.io crate rsaber_hackedcpal 0.2.0+0.18.0
[INFO] tweaked toml for crates.io crate rsaber_hackedcpal 0.2.0+0.18.0 written to /workspace/builds/worker-3-tc2/source/Cargo.toml
[INFO] validating manifest of crates.io crate rsaber_hackedcpal 0.2.0+0.18.0 on toolchain 1.100.0-beta.1
[INFO] running `Command { std: CARGO_HOME="/workspace/cargo-home" RUSTUP_HOME="/workspace/rustup-home" "/workspace/cargo-home/bin/cargo" "+1.100.0-beta.1" "metadata" "--manifest-path" "Cargo.toml" "--no-deps", kill_on_drop: false }`
[INFO] crate crates.io crate rsaber_hackedcpal 0.2.0+0.18.0 already has a lockfile, it will not be regenerated
[INFO] running `Command { std: CARGO_HOME="/workspace/cargo-home" RUSTUP_HOME="/workspace/rustup-home" "/workspace/cargo-home/bin/cargo" "+1.100.0-beta.1" "fetch" "--manifest-path" "Cargo.toml", kill_on_drop: false }`
[INFO] running `Command { std: "docker" "create" "-v" "/var/lib/crater-agent-workspace/builds/worker-3-tc2/source:/opt/rustwide/workdir:ro,Z" "-v" "/var/lib/crater-agent-workspace/builds/worker-3-tc2/target:/opt/rustwide/target:rw,Z" "-v" "/var/lib/crater-agent-workspace/cargo-home:/opt/rustwide/cargo-home:ro,Z" "-v" "/var/lib/crater-agent-workspace/rustup-home:/opt/rustwide/rustup-home:ro,Z" "-m" "1610612736" "--network" "none" "ghcr.io/rust-lang/crates-build-env/linux@sha256:3111399a4047eeb3a02b7a90e478d715f38a8c6669b5c4b49d30a17385265909" "sleep" "infinity", kill_on_drop: false }`
[INFO] [stdout] 14b6ada2675ec357c7e94d2e16597141535d0d773b3c1456397e27e3e54c054b
[INFO] running `Command { std: "docker" "start" "14b6ada2675ec357c7e94d2e16597141535d0d773b3c1456397e27e3e54c054b", kill_on_drop: false }`
[INFO] running `Command { std: "docker" "inspect" "14b6ada2675ec357c7e94d2e16597141535d0d773b3c1456397e27e3e54c054b", kill_on_drop: false }`
[INFO] running `Command { std: "docker" "exec" "-e" "SOURCE_DIR=/opt/rustwide/workdir" "-e" "CARGO_HOME=/opt/rustwide/cargo-home" "-e" "RUSTUP_HOME=/opt/rustwide/rustup-home" "-e" "CARGO_TARGET_DIR=/opt/rustwide/target" "-w" "/opt/rustwide/workdir" "--user" "0:0" "14b6ada2675ec357c7e94d2e16597141535d0d773b3c1456397e27e3e54c054b" "/opt/rustwide/cargo-home/bin/cargo" "+1.100.0-beta.1" "metadata" "--no-deps" "--format-version=1", kill_on_drop: false }`
[INFO] running `Command { std: "docker" "inspect" "14b6ada2675ec357c7e94d2e16597141535d0d773b3c1456397e27e3e54c054b", kill_on_drop: false }`
[INFO] running `Command { std: "docker" "exec" "-e" "SOURCE_DIR=/opt/rustwide/workdir" "-e" "CARGO_HOME=/opt/rustwide/cargo-home" "-e" "RUSTUP_HOME=/opt/rustwide/rustup-home" "-e" "CARGO_TARGET_DIR=/opt/rustwide/target" "-e" "CARGO_INCREMENTAL=0" "-e" "RUST_BACKTRACE=full" "-e" "RUSTFLAGS=--cap-lints=warn" "-e" "RUSTDOCFLAGS=--cap-lints=warn" "-w" "/opt/rustwide/workdir" "--user" "0:0" "14b6ada2675ec357c7e94d2e16597141535d0d773b3c1456397e27e3e54c054b" "/opt/rustwide/cargo-home/bin/cargo" "+1.100.0-beta.1" "build" "--frozen" "--message-format=json", kill_on_drop: false }`
[INFO] [stderr]    Compiling alsa-sys v0.4.0
[INFO] [stderr]    Compiling rsaber_hackedcpal v0.2.0+0.18.0 (/opt/rustwide/workdir)
[INFO] [stderr]    Compiling dasp_sample v0.11.0
[INFO] [stderr]    Compiling alsa v0.11.0
[INFO] [stderr]     Finished `dev` profile [unoptimized + debuginfo] target(s) in 3.19s
[INFO] running `Command { std: "docker" "inspect" "14b6ada2675ec357c7e94d2e16597141535d0d773b3c1456397e27e3e54c054b", kill_on_drop: false }`
[INFO] running `Command { std: "docker" "exec" "-e" "SOURCE_DIR=/opt/rustwide/workdir" "-e" "CARGO_HOME=/opt/rustwide/cargo-home" "-e" "RUSTUP_HOME=/opt/rustwide/rustup-home" "-e" "CARGO_TARGET_DIR=/opt/rustwide/target" "-e" "CARGO_INCREMENTAL=0" "-e" "RUST_BACKTRACE=full" "-e" "RUSTFLAGS=--cap-lints=warn" "-e" "RUSTDOCFLAGS=--cap-lints=warn" "-w" "/opt/rustwide/workdir" "--user" "0:0" "14b6ada2675ec357c7e94d2e16597141535d0d773b3c1456397e27e3e54c054b" "/opt/rustwide/cargo-home/bin/cargo" "+1.100.0-beta.1" "test" "--frozen" "--no-run" "--message-format=json", kill_on_drop: false }`
[INFO] [stderr]    Compiling crossbeam-utils v0.8.21
[INFO] [stderr]    Compiling anstyle v1.0.14
[INFO] [stderr]    Compiling anstyle-query v1.1.5
[INFO] [stderr]    Compiling colorchoice v1.0.5
[INFO] [stderr]    Compiling is_terminal_polyfill v1.70.2
[INFO] [stderr]    Compiling clap_lex v1.1.0
[INFO] [stderr]    Compiling hound v3.5.1
[INFO] [stderr]    Compiling clap_derive v4.6.1
[INFO] [stderr]    Compiling anstream v1.0.0
[INFO] [stderr]    Compiling clap_builder v4.6.0
[INFO] [stderr]    Compiling ringbuf v0.4.8
[INFO] [stderr]    Compiling clap v4.6.1
[INFO] [stderr]    Compiling rsaber_hackedcpal v0.2.0+0.18.0 (/opt/rustwide/workdir)
[INFO] [stdout] error[E0463]: can't find crate for `cpal`
[INFO] [stdout]  --> examples/synth_tones.rs:7:1
[INFO] [stdout]   |
[INFO] [stdout] 7 | extern crate cpal;
[INFO] [stdout]   | ^^^^^^^^^^^^^^^^^^ can't find crate
[INFO] [stdout] 
[INFO] [stdout] 
[INFO] [stdout] For more information about this error, try `rustc --explain E0463`.
[INFO] [stdout] 
[INFO] [stderr] error: could not compile `rsaber_hackedcpal` (example "synth_tones") due to 1 previous error
[INFO] [stderr] warning: build failed, waiting for other jobs to finish...
[INFO] [stdout] error[E0433]: cannot find module or crate `cpal` in this scope
[INFO] [stdout]   --> examples/custom.rs:10:5
[INFO] [stdout]    |
[INFO] [stdout] 10 | use cpal::{
[INFO] [stdout]    |     ^^^^ use of unresolved module or unlinked crate `cpal`
[INFO] [stdout]    |
[INFO] [stdout]    = help: if you wanted to use a crate named `cpal`, use `cargo add cpal` to add it to your `Cargo.toml`
[INFO] [stdout] 
[INFO] [stdout] 
[INFO] [stdout] error[E0463]: can't find crate for `cpal`
[INFO] [stdout]   --> examples/enumerate.rs:13:1
[INFO] [stdout]    |
[INFO] [stdout] 13 | extern crate cpal;
[INFO] [stdout]    | ^^^^^^^^^^^^^^^^^^ can't find crate
[INFO] [stdout] 
[INFO] [stdout] 
[INFO] [stderr] error: could not compile `rsaber_hackedcpal` (example "enumerate") due to 1 previous error
[INFO] [stdout] For more information about this error, try `rustc --explain E0463`.
[INFO] [stdout] 
[INFO] [stdout] error[E0433]: cannot find module or crate `cpal` in this scope
[INFO] [stdout]   --> examples/record_wav.rs:12:5
[INFO] [stdout]    |
[INFO] [stdout] 12 | use cpal::{
[INFO] [stdout]    |     ^^^^ use of unresolved module or unlinked crate `cpal`
[INFO] [stdout]    |
[INFO] [stdout]    = help: if you wanted to use a crate named `cpal`, use `cargo add cpal` to add it to your `Cargo.toml`
[INFO] [stdout] 
[INFO] [stdout] 
[INFO] [stdout] error[E0432]: unresolved import `cpal`
[INFO] [stdout]   --> examples/custom.rs:10:5
[INFO] [stdout]    |
[INFO] [stdout] 10 | use cpal::{
[INFO] [stdout]    |     ^^^^ use of unresolved module or unlinked crate `cpal`
[INFO] [stdout]    |
[INFO] [stdout]    = help: if you wanted to use a crate named `cpal`, use `cargo add cpal` to add it to your `Cargo.toml`
[INFO] [stdout] 
[INFO] [stdout] 
[INFO] [stdout] error[E0433]: cannot find module or crate `cpal` in this scope
[INFO] [stdout]   --> examples/beep.rs:15:5
[INFO] [stdout]    |
[INFO] [stdout] 15 | use cpal::{
[INFO] [stdout]    |     ^^^^ use of unresolved module or unlinked crate `cpal`
[INFO] [stdout]    |
[INFO] [stdout]    = help: if you wanted to use a crate named `cpal`, use `cargo add cpal` to add it to your `Cargo.toml`
[INFO] [stdout] 
[INFO] [stdout] 
[INFO] [stdout] error[E0433]: cannot find module or crate `cpal` in this scope
[INFO] [stdout]   --> examples/feedback.rs:10:5
[INFO] [stdout]    |
[INFO] [stdout] 10 | use cpal::{
[INFO] [stdout]    |     ^^^^ use of unresolved module or unlinked crate `cpal`
[INFO] [stdout]    |
[INFO] [stdout]    = help: if you wanted to use a crate named `cpal`, use `cargo add cpal` to add it to your `Cargo.toml`
[INFO] [stdout] 
[INFO] [stdout] 
[INFO] [stdout] error[E0432]: unresolved import `cpal`
[INFO] [stdout]   --> examples/record_wav.rs:12:5
[INFO] [stdout]    |
[INFO] [stdout] 12 | use cpal::{
[INFO] [stdout]    |     ^^^^ use of unresolved module or unlinked crate `cpal`
[INFO] [stdout]    |
[INFO] [stdout]    = help: if you wanted to use a crate named `cpal`, use `cargo add cpal` to add it to your `Cargo.toml`
[INFO] [stdout] 
[INFO] [stdout] 
[INFO] [stdout] error[E0432]: unresolved import `cpal`
[INFO] [stdout]   --> examples/beep.rs:15:5
[INFO] [stdout]    |
[INFO] [stdout] 15 | use cpal::{
[INFO] [stdout]    |     ^^^^ use of unresolved module or unlinked crate `cpal`
[INFO] [stdout]    |
[INFO] [stdout]    = help: if you wanted to use a crate named `cpal`, use `cargo add cpal` to add it to your `Cargo.toml`
[INFO] [stdout] 
[INFO] [stdout] 
[INFO] [stdout] error[E0432]: unresolved import `cpal`
[INFO] [stdout]   --> examples/feedback.rs:10:5
[INFO] [stdout]    |
[INFO] [stdout] 10 | use cpal::{
[INFO] [stdout]    |     ^^^^ use of unresolved module or unlinked crate `cpal`
[INFO] [stdout]    |
[INFO] [stdout]    = help: if you wanted to use a crate named `cpal`, use `cargo add cpal` to add it to your `Cargo.toml`
[INFO] [stdout] 
[INFO] [stdout] 
[INFO] [stdout] Some errors have detailed explanations: E0432, E0433.
[INFO] [stdout] 
[INFO] [stdout] For more information about an error, try `rustc --explain E0432`.
[INFO] [stdout] 
[INFO] [stderr] error: could not compile `rsaber_hackedcpal` (example "custom") due to 2 previous errors
[INFO] [stdout] error[E0433]: cannot find module or crate `cpal` in this scope
[INFO] [stdout]   --> examples/record_wav.rs:78:23
[INFO] [stdout]    |
[INFO] [stdout] 78 |             .and_then(cpal::host_from_id)
[INFO] [stdout]    |                       ^^^^ use of unresolved module or unlinked crate `cpal`
[INFO] [stdout]    |
[INFO] [stdout]    = help: if you wanted to use a crate named `cpal`, use `cargo add cpal` to add it to your `Cargo.toml`
[INFO] [stdout] 
[INFO] [stdout] 
[INFO] [stderr] error: could not compile `rsaber_hackedcpal` (example "record_wav") due to 6 previous errors
[INFO] [stdout] error[E0433]: cannot find module or crate `cpal` in this scope
[INFO] [stdout]   --> examples/record_wav.rs:82:23
[INFO] [stdout]    |
[INFO] [stdout] 82 |             .and_then(cpal::host_from_id)
[INFO] [stdout]    |                       ^^^^ use of unresolved module or unlinked crate `cpal`
[INFO] [stdout]    |
[INFO] [stdout]    = help: if you wanted to use a crate named `cpal`, use `cargo add cpal` to add it to your `Cargo.toml`
[INFO] [stdout] 
[INFO] [stdout] 
[INFO] [stdout] error[E0433]: cannot find module or crate `cpal` in this scope
[INFO] [stdout]   --> examples/record_wav.rs:86:23
[INFO] [stdout]    |
[INFO] [stdout] 86 |             .and_then(cpal::host_from_id)
[INFO] [stdout]    |                       ^^^^ use of unresolved module or unlinked crate `cpal`
[INFO] [stdout]    |
[INFO] [stdout]    = help: if you wanted to use a crate named `cpal`, use `cargo add cpal` to add it to your `Cargo.toml`
[INFO] [stdout] 
[INFO] [stdout] 
[INFO] [stdout] error[E0433]: cannot find module or crate `cpal` in this scope
[INFO] [stdout]   --> examples/record_wav.rs:89:9
[INFO] [stdout]    |
[INFO] [stdout] 89 |         cpal::default_host()
[INFO] [stdout]    |         ^^^^ use of unresolved module or unlinked crate `cpal`
[INFO] [stdout]    |
[INFO] [stdout]    = help: if you wanted to use a crate named `cpal`, use `cargo add cpal` to add it to your `Cargo.toml`
[INFO] [stdout] 
[INFO] [stdout] 
[INFO] [stdout] Some errors have detailed explanations: E0432, E0433.
[INFO] [stdout] 
[INFO] [stdout] For more information about an error, try `rustc --explain E0432`.
[INFO] [stdout] 
[INFO] [stdout] error[E0433]: cannot find module or crate `cpal` in this scope
[INFO] [stdout]   --> examples/feedback.rs:75:23
[INFO] [stdout]    |
[INFO] [stdout] 75 |             .and_then(cpal::host_from_id)
[INFO] [stdout]    |                       ^^^^ use of unresolved module or unlinked crate `cpal`
[INFO] [stdout]    |
[INFO] [stdout]    = help: if you wanted to use a crate named `cpal`, use `cargo add cpal` to add it to your `Cargo.toml`
[INFO] [stdout] 
[INFO] [stdout] 
[INFO] [stdout] error[E0433]: cannot find module or crate `cpal` in this scope
[INFO] [stdout]   --> examples/feedback.rs:79:23
[INFO] [stdout]    |
[INFO] [stdout] 79 |             .and_then(cpal::host_from_id)
[INFO] [stdout]    |                       ^^^^ use of unresolved module or unlinked crate `cpal`
[INFO] [stdout]    |
[INFO] [stdout]    = help: if you wanted to use a crate named `cpal`, use `cargo add cpal` to add it to your `Cargo.toml`
[INFO] [stdout] 
[INFO] [stdout] 
[INFO] [stdout] error[E0433]: cannot find module or crate `cpal` in this scope
[INFO] [stdout]   --> examples/feedback.rs:82:9
[INFO] [stdout]    |
[INFO] [stdout] 82 |         cpal::default_host()
[INFO] [stdout]    |         ^^^^ use of unresolved module or unlinked crate `cpal`
[INFO] [stdout]    |
[INFO] [stdout]    = help: if you wanted to use a crate named `cpal`, use `cargo add cpal` to add it to your `Cargo.toml`
[INFO] [stdout] 
[INFO] [stdout] 
[INFO] [stdout] error[E0433]: cannot find module or crate `cpal` in this scope
[INFO] [stdout]   --> examples/beep.rs:78:23
[INFO] [stdout]    |
[INFO] [stdout] 78 |             .and_then(cpal::host_from_id)
[INFO] [stdout]    |                       ^^^^ use of unresolved module or unlinked crate `cpal`
[INFO] [stdout]    |
[INFO] [stdout]    = help: if you wanted to use a crate named `cpal`, use `cargo add cpal` to add it to your `Cargo.toml`
[INFO] [stdout] 
[INFO] [stdout] 
[INFO] [stdout] error[E0433]: cannot find module or crate `cpal` in this scope
[INFO] [stdout]   --> examples/beep.rs:82:23
[INFO] [stdout]    |
[INFO] [stdout] 82 |             .and_then(cpal::host_from_id)
[INFO] [stdout]    |                       ^^^^ use of unresolved module or unlinked crate `cpal`
[INFO] [stdout]    |
[INFO] [stdout]    = help: if you wanted to use a crate named `cpal`, use `cargo add cpal` to add it to your `Cargo.toml`
[INFO] [stdout] 
[INFO] [stdout] 
[INFO] [stdout] error[E0433]: cannot find module or crate `cpal` in this scope
[INFO] [stdout]   --> examples/beep.rs:86:23
[INFO] [stdout]    |
[INFO] [stdout] 86 |             .and_then(cpal::host_from_id)
[INFO] [stdout]    |                       ^^^^ use of unresolved module or unlinked crate `cpal`
[INFO] [stdout]    |
[INFO] [stdout]    = help: if you wanted to use a crate named `cpal`, use `cargo add cpal` to add it to your `Cargo.toml`
[INFO] [stdout] 
[INFO] [stdout] 
[INFO] [stdout] error[E0433]: cannot find module or crate `cpal` in this scope
[INFO] [stdout]   --> examples/beep.rs:89:9
[INFO] [stdout]    |
[INFO] [stdout] 89 |         cpal::default_host()
[INFO] [stdout]    |         ^^^^ use of unresolved module or unlinked crate `cpal`
[INFO] [stdout]    |
[INFO] [stdout]    = help: if you wanted to use a crate named `cpal`, use `cargo add cpal` to add it to your `Cargo.toml`
[INFO] [stdout] 
[INFO] [stdout] 
[INFO] [stdout] Some errors have detailed explanations: E0432, E0433.
[INFO] [stdout] 
[INFO] [stdout] For more information about an error, try `rustc --explain E0432`.
[INFO] [stdout] 
[INFO] [stdout] error[E0599]: no associated function or constant named `EQUILIBRIUM` found for type `f32` in the current scope
[INFO] [stdout]    --> examples/feedback.rs:120:32
[INFO] [stdout]     |
[INFO] [stdout] 120 |         producer.try_push(f32::EQUILIBRIUM).unwrap();
[INFO] [stdout]     |                                ^^^^^^^^^^^ associated function or constant not found in `f32`
[INFO] [stdout]     |
[INFO] [stdout]     = help: items from traits can only be used if the trait is in scope
[INFO] [stdout] help: trait `Sample` which provides `EQUILIBRIUM` is implemented but not in scope; perhaps you want to import it
[INFO] [stdout]     |
[INFO] [stdout]   9 + use rsaber_hackedcpal::Sample;
[INFO] [stdout]     |
[INFO] [stdout] 
[INFO] [stdout] 
[INFO] [stderr] error: could not compile `rsaber_hackedcpal` (example "beep") due to 6 previous errors
[INFO] [stdout] error[E0599]: no associated function or constant named `EQUILIBRIUM` found for type `f32` in the current scope
[INFO] [stdout]    --> examples/feedback.rs:132:36
[INFO] [stdout]     |
[INFO] [stdout] 132 |             data[read..].fill(f32::EQUILIBRIUM);
[INFO] [stdout]     |                                    ^^^^^^^^^^^ associated function or constant not found in `f32`
[INFO] [stdout]     |
[INFO] [stdout]     = help: items from traits can only be used if the trait is in scope
[INFO] [stdout] help: trait `Sample` which provides `EQUILIBRIUM` is implemented but not in scope; perhaps you want to import it
[INFO] [stdout]     |
[INFO] [stdout]   9 + use rsaber_hackedcpal::Sample;
[INFO] [stdout]     |
[INFO] [stdout] 
[INFO] [stdout] 
[INFO] [stdout] Some errors have detailed explanations: E0432, E0433, E0599.
[INFO] [stdout] 
[INFO] [stdout] For more information about an error, try `rustc --explain E0432`.
[INFO] [stdout] 
[INFO] [stderr] error: could not compile `rsaber_hackedcpal` (example "feedback") due to 7 previous errors
[INFO] running `Command { std: "docker" "inspect" "14b6ada2675ec357c7e94d2e16597141535d0d773b3c1456397e27e3e54c054b", kill_on_drop: false }`
[INFO] running `Command { std: "docker" "rm" "-f" "14b6ada2675ec357c7e94d2e16597141535d0d773b3c1456397e27e3e54c054b", kill_on_drop: false }`
[INFO] [stdout] 14b6ada2675ec357c7e94d2e16597141535d0d773b3c1456397e27e3e54c054b
