[INFO] fetching crate rsa-wasm-signatures 0.2.0...
[INFO] testing rsa-wasm-signatures-0.2.0 against 1.100.0-beta.1 for beta-1.100-2
[INFO] extracting crate rsa-wasm-signatures 0.2.0 into /workspace/builds/worker-2-tc2/source
[INFO] removed /workspace/builds/worker-2-tc2/source/.cargo/config.toml
[INFO] removed /workspace/builds/worker-2-tc2/source/rust-toolchain
[INFO] started tweaking crates.io crate rsa-wasm-signatures 0.2.0
[INFO] finished tweaking crates.io crate rsa-wasm-signatures 0.2.0
[INFO] tweaked toml for crates.io crate rsa-wasm-signatures 0.2.0 written to /workspace/builds/worker-2-tc2/source/Cargo.toml
[INFO] validating manifest of crates.io crate rsa-wasm-signatures 0.2.0 on toolchain 1.100.0-beta.1
[INFO] running `Command { std: CARGO_HOME="/workspace/cargo-home" RUSTUP_HOME="/workspace/rustup-home" "/workspace/cargo-home/bin/cargo" "+1.100.0-beta.1" "metadata" "--manifest-path" "Cargo.toml" "--no-deps", kill_on_drop: false }`
[INFO] crate crates.io crate rsa-wasm-signatures 0.2.0 already has a lockfile, it will not be regenerated
[INFO] running `Command { std: CARGO_HOME="/workspace/cargo-home" RUSTUP_HOME="/workspace/rustup-home" "/workspace/cargo-home/bin/cargo" "+1.100.0-beta.1" "fetch" "--manifest-path" "Cargo.toml", kill_on_drop: false }`
[INFO] running `Command { std: "docker" "create" "-v" "/var/lib/crater-agent-workspace/builds/worker-2-tc2/source:/opt/rustwide/workdir:ro,Z" "-v" "/var/lib/crater-agent-workspace/builds/worker-2-tc2/target:/opt/rustwide/target:rw,Z" "-v" "/var/lib/crater-agent-workspace/cargo-home:/opt/rustwide/cargo-home:ro,Z" "-v" "/var/lib/crater-agent-workspace/rustup-home:/opt/rustwide/rustup-home:ro,Z" "-m" "1610612736" "--network" "none" "ghcr.io/rust-lang/crates-build-env/linux@sha256:3111399a4047eeb3a02b7a90e478d715f38a8c6669b5c4b49d30a17385265909" "sleep" "infinity", kill_on_drop: false }`
[INFO] [stdout] 327f8533b0f323a36ae18a780ca14f8e0cb3bfcc45d03317e585f53fdc05c233
[INFO] running `Command { std: "docker" "start" "327f8533b0f323a36ae18a780ca14f8e0cb3bfcc45d03317e585f53fdc05c233", kill_on_drop: false }`
[INFO] running `Command { std: "docker" "inspect" "327f8533b0f323a36ae18a780ca14f8e0cb3bfcc45d03317e585f53fdc05c233", kill_on_drop: false }`
[INFO] running `Command { std: "docker" "exec" "-e" "SOURCE_DIR=/opt/rustwide/workdir" "-e" "CARGO_HOME=/opt/rustwide/cargo-home" "-e" "RUSTUP_HOME=/opt/rustwide/rustup-home" "-e" "CARGO_TARGET_DIR=/opt/rustwide/target" "-w" "/opt/rustwide/workdir" "--user" "0:0" "327f8533b0f323a36ae18a780ca14f8e0cb3bfcc45d03317e585f53fdc05c233" "/opt/rustwide/cargo-home/bin/cargo" "+1.100.0-beta.1" "metadata" "--no-deps" "--format-version=1", kill_on_drop: false }`
[INFO] running `Command { std: "docker" "inspect" "327f8533b0f323a36ae18a780ca14f8e0cb3bfcc45d03317e585f53fdc05c233", kill_on_drop: false }`
[INFO] running `Command { std: "docker" "exec" "-e" "SOURCE_DIR=/opt/rustwide/workdir" "-e" "CARGO_HOME=/opt/rustwide/cargo-home" "-e" "RUSTUP_HOME=/opt/rustwide/rustup-home" "-e" "CARGO_TARGET_DIR=/opt/rustwide/target" "-e" "CARGO_INCREMENTAL=0" "-e" "RUST_BACKTRACE=full" "-e" "RUSTFLAGS=--cap-lints=warn" "-e" "RUSTDOCFLAGS=--cap-lints=warn" "-w" "/opt/rustwide/workdir" "--user" "0:0" "327f8533b0f323a36ae18a780ca14f8e0cb3bfcc45d03317e585f53fdc05c233" "/opt/rustwide/cargo-home/bin/cargo" "+1.100.0-beta.1" "build" "--frozen" "--message-format=json", kill_on_drop: false }`
[INFO] [stderr]    Compiling rsa-wasm-signatures v0.2.0 (/opt/rustwide/workdir)
[INFO] [stderr]     Finished `dev` profile [unoptimized + debuginfo] target(s) in 0.25s
[INFO] running `Command { std: "docker" "inspect" "327f8533b0f323a36ae18a780ca14f8e0cb3bfcc45d03317e585f53fdc05c233", kill_on_drop: false }`
[INFO] running `Command { std: "docker" "exec" "-e" "SOURCE_DIR=/opt/rustwide/workdir" "-e" "CARGO_HOME=/opt/rustwide/cargo-home" "-e" "RUSTUP_HOME=/opt/rustwide/rustup-home" "-e" "CARGO_TARGET_DIR=/opt/rustwide/target" "-e" "CARGO_INCREMENTAL=0" "-e" "RUST_BACKTRACE=full" "-e" "RUSTFLAGS=--cap-lints=warn" "-e" "RUSTDOCFLAGS=--cap-lints=warn" "-w" "/opt/rustwide/workdir" "--user" "0:0" "327f8533b0f323a36ae18a780ca14f8e0cb3bfcc45d03317e585f53fdc05c233" "/opt/rustwide/cargo-home/bin/cargo" "+1.100.0-beta.1" "test" "--frozen" "--no-run" "--message-format=json", kill_on_drop: false }`
[INFO] [stderr]    Compiling find-msvc-tools v0.1.13
[INFO] [stderr]    Compiling cc v1.4.7
[INFO] [stderr]    Compiling precision v0.1.21
[INFO] [stderr]    Compiling benchmark-simple v0.1.11
[INFO] [stderr]    Compiling rsa-wasm-signatures v0.2.0 (/opt/rustwide/workdir)
[INFO] [stdout] error: linking with `cc` failed: exit status: 1
[INFO] [stdout]   |
[INFO] [stdout]   = note:  "cc" "-m64" "/opt/rustwide/target/debug/build/rsa-wasm-signatures/d3ba41ebd6f5b68d/out/rustcmX9K3i/symbols.o" "<2 object files omitted>" "-Wl,--as-needed" "-Wl,-Bstatic" "-lrsa" "<sysroot>/lib/rustlib/x86_64-unknown-linux-gnu/lib/{libtest-*,libgetopts-*,librustc_std_workspace_std-*,libstd-*,libpanic_unwind-*,libobject-*,libmemchr-*,libaddr2line-*,libgimli-*,libcfg_if-*,librustc_demangle-*,libstd_detect-*,libhashbrown-*,librustc_std_workspace_alloc-*,libminiz_oxide-*,libadler2-*,libunwind-*,liblibc-*,librustc_std_workspace_core-*,liballoc-*,libcore-*,libcompiler_builtins-*}.rlib" "-Wl,-Bdynamic" "-lgcc_s" "-lutil" "-lrt" "-lpthread" "-lm" "-ldl" "-lc" "-L" "/opt/rustwide/target/debug/build/rsa-wasm-signatures/d3ba41ebd6f5b68d/out/rustcmX9K3i/raw-dylibs" "-B<sysroot>/lib/rustlib/x86_64-unknown-linux-gnu/bin/gcc-ld" "-fuse-ld=lld" "-Wl,--eh-frame-hdr" "-Wl,-z,noexecstack" "-L" "/opt/rustwide/workdir/wasm-libs" "-L" "<sysroot>/lib/rustlib/x86_64-unknown-linux-gnu/lib" "-o" "/opt/rustwide/target/debug/build/rsa-wasm-signatures/d3ba41ebd6f5b68d/out/rsa_wasm_signatures-d3ba41ebd6f5b68d" "-Wl,--gc-sections" "-pie" "-Wl,-z,relro,-z,now" "-nodefaultlibs"
[INFO] [stdout]   = note: some arguments are omitted. use `--verbose` to show all linker arguments
[INFO] [stdout]   = note: rust-lld: warning: /opt/rustwide/workdir/wasm-libs/librsa.a: archive member '.zig-cache/o/42633171be605fb00b98ddcbd3df84e5/rsa_zcu.o' is neither ET_REL nor LLVM bitcode
[INFO] [stdout]           rust-lld: error: undefined symbol: rsa2048_key_bytes
[INFO] [stdout]           >>> referenced by lib.rs:124 (src/lib.rs:124)
[INFO] [stdout]           >>>               /opt/rustwide/target/debug/build/rsa-wasm-signatures/d3ba41ebd6f5b68d/out/rsa_wasm_signatures-d3ba41ebd6f5b68d.rsa_wasm_signatures.718973a06d01124f-cgu.0.rcgu.o:(<rsa_wasm_signatures::rsa2048::SecretKey>::from_components::<alloc::vec::Vec<u8>, alloc::vec::Vec<u8>, alloc::vec::Vec<u8>, alloc::vec::Vec<u8>, alloc::vec::Vec<u8>>)
[INFO] [stdout]           >>> referenced by lib.rs:124 (src/lib.rs:124)
[INFO] [stdout]           >>>               /opt/rustwide/target/debug/build/rsa-wasm-signatures/d3ba41ebd6f5b68d/out/rsa_wasm_signatures-d3ba41ebd6f5b68d.rsa_wasm_signatures.718973a06d01124f-cgu.0.rcgu.o:(<rsa_wasm_signatures::rsa2048::SecretKey>::from_components::<&alloc::vec::Vec<u8>, &alloc::vec::Vec<u8>, &alloc::vec::Vec<u8>, &alloc::vec::Vec<u8>, &alloc::vec::Vec<u8>>)
[INFO] [stdout]           
[INFO] [stdout]           rust-lld: error: undefined symbol: rsa2048_key_init
[INFO] [stdout]           >>> referenced by lib.rs:127 (src/lib.rs:127)
[INFO] [stdout]           >>>               /opt/rustwide/target/debug/build/rsa-wasm-signatures/d3ba41ebd6f5b68d/out/rsa_wasm_signatures-d3ba41ebd6f5b68d.rsa_wasm_signatures.718973a06d01124f-cgu.0.rcgu.o:(<rsa_wasm_signatures::rsa2048::SecretKey>::from_components::<alloc::vec::Vec<u8>, alloc::vec::Vec<u8>, alloc::vec::Vec<u8>, alloc::vec::Vec<u8>, alloc::vec::Vec<u8>>)
[INFO] [stdout]           >>> referenced by lib.rs:127 (src/lib.rs:127)
[INFO] [stdout]           >>>               /opt/rustwide/target/debug/build/rsa-wasm-signatures/d3ba41ebd6f5b68d/out/rsa_wasm_signatures-d3ba41ebd6f5b68d.rsa_wasm_signatures.718973a06d01124f-cgu.0.rcgu.o:(<rsa_wasm_signatures::rsa2048::SecretKey>::from_components::<&alloc::vec::Vec<u8>, &alloc::vec::Vec<u8>, &alloc::vec::Vec<u8>, &alloc::vec::Vec<u8>, &alloc::vec::Vec<u8>>)
[INFO] [stdout]           
[INFO] [stdout]           rust-lld: error: undefined symbol: rsa2048_sign
[INFO] [stdout]           >>> referenced by lib.rs:150 (src/lib.rs:150)
[INFO] [stdout]           >>>               /opt/rustwide/target/debug/build/rsa-wasm-signatures/d3ba41ebd6f5b68d/out/rsa_wasm_signatures-d3ba41ebd6f5b68d.rsa_wasm_signatures.718973a06d01124f-cgu.0.rcgu.o:(<rsa_wasm_signatures::rsa2048::SecretKey>::sign::<&[u8; 28]>)
[INFO] [stdout]           >>> referenced by lib.rs:150 (src/lib.rs:150)
[INFO] [stdout]           >>>               /opt/rustwide/target/debug/build/rsa-wasm-signatures/d3ba41ebd6f5b68d/out/rsa_wasm_signatures-d3ba41ebd6f5b68d.rsa_wasm_signatures.718973a06d01124f-cgu.0.rcgu.o:(<rsa_wasm_signatures::rsa2048::SecretKey>::sign::<&[u8]>)
[INFO] [stdout]           
[INFO] [stdout]           rust-lld: error: undefined symbol: rsa3072_key_bytes
[INFO] [stdout]           >>> referenced by lib.rs:124 (src/lib.rs:124)
[INFO] [stdout]           >>>               /opt/rustwide/target/debug/build/rsa-wasm-signatures/d3ba41ebd6f5b68d/out/rsa_wasm_signatures-d3ba41ebd6f5b68d.rsa_wasm_signatures.718973a06d01124f-cgu.0.rcgu.o:(<rsa_wasm_signatures::rsa3072::SecretKey>::from_components::<alloc::vec::Vec<u8>, alloc::vec::Vec<u8>, alloc::vec::Vec<u8>, alloc::vec::Vec<u8>, alloc::vec::Vec<u8>>)
[INFO] [stdout]           
[INFO] [stdout]           rust-lld: error: undefined symbol: rsa3072_key_init
[INFO] [stdout]           >>> referenced by lib.rs:127 (src/lib.rs:127)
[INFO] [stdout]           >>>               /opt/rustwide/target/debug/build/rsa-wasm-signatures/d3ba41ebd6f5b68d/out/rsa_wasm_signatures-d3ba41ebd6f5b68d.rsa_wasm_signatures.718973a06d01124f-cgu.0.rcgu.o:(<rsa_wasm_signatures::rsa3072::SecretKey>::from_components::<alloc::vec::Vec<u8>, alloc::vec::Vec<u8>, alloc::vec::Vec<u8>, alloc::vec::Vec<u8>, alloc::vec::Vec<u8>>)
[INFO] [stdout]           
[INFO] [stdout]           rust-lld: error: undefined symbol: rsa3072_sign
[INFO] [stdout]           >>> referenced by lib.rs:150 (src/lib.rs:150)
[INFO] [stdout]           >>>               /opt/rustwide/target/debug/build/rsa-wasm-signatures/d3ba41ebd6f5b68d/out/rsa_wasm_signatures-d3ba41ebd6f5b68d.rsa_wasm_signatures.718973a06d01124f-cgu.0.rcgu.o:(<rsa_wasm_signatures::rsa3072::SecretKey>::sign::<&[u8; 28]>)
[INFO] [stdout]           >>> referenced by lib.rs:150 (src/lib.rs:150)
[INFO] [stdout]           >>>               /opt/rustwide/target/debug/build/rsa-wasm-signatures/d3ba41ebd6f5b68d/out/rsa_wasm_signatures-d3ba41ebd6f5b68d.rsa_wasm_signatures.718973a06d01124f-cgu.0.rcgu.o:(<rsa_wasm_signatures::rsa3072::SecretKey>::sign::<&[u8]>)
[INFO] [stdout]           
[INFO] [stdout]           rust-lld: error: undefined symbol: rsa4096_key_bytes
[INFO] [stdout]           >>> referenced by lib.rs:124 (src/lib.rs:124)
[INFO] [stdout]           >>>               /opt/rustwide/target/debug/build/rsa-wasm-signatures/d3ba41ebd6f5b68d/out/rsa_wasm_signatures-d3ba41ebd6f5b68d.rsa_wasm_signatures.718973a06d01124f-cgu.0.rcgu.o:(<rsa_wasm_signatures::rsa4096::SecretKey>::from_components::<alloc::vec::Vec<u8>, alloc::vec::Vec<u8>, alloc::vec::Vec<u8>, alloc::vec::Vec<u8>, alloc::vec::Vec<u8>>)
[INFO] [stdout]           
[INFO] [stdout]           rust-lld: error: undefined symbol: rsa4096_key_init
[INFO] [stdout]           >>> referenced by lib.rs:127 (src/lib.rs:127)
[INFO] [stdout]           >>>               /opt/rustwide/target/debug/build/rsa-wasm-signatures/d3ba41ebd6f5b68d/out/rsa_wasm_signatures-d3ba41ebd6f5b68d.rsa_wasm_signatures.718973a06d01124f-cgu.0.rcgu.o:(<rsa_wasm_signatures::rsa4096::SecretKey>::from_components::<alloc::vec::Vec<u8>, alloc::vec::Vec<u8>, alloc::vec::Vec<u8>, alloc::vec::Vec<u8>, alloc::vec::Vec<u8>>)
[INFO] [stdout]           
[INFO] [stdout]           rust-lld: error: undefined symbol: rsa4096_sign
[INFO] [stdout]           >>> referenced by lib.rs:150 (src/lib.rs:150)
[INFO] [stdout]           >>>               /opt/rustwide/target/debug/build/rsa-wasm-signatures/d3ba41ebd6f5b68d/out/rsa_wasm_signatures-d3ba41ebd6f5b68d.rsa_wasm_signatures.718973a06d01124f-cgu.0.rcgu.o:(<rsa_wasm_signatures::rsa4096::SecretKey>::sign::<&[u8; 28]>)
[INFO] [stdout]           >>> referenced by lib.rs:150 (src/lib.rs:150)
[INFO] [stdout]           >>>               /opt/rustwide/target/debug/build/rsa-wasm-signatures/d3ba41ebd6f5b68d/out/rsa_wasm_signatures-d3ba41ebd6f5b68d.rsa_wasm_signatures.718973a06d01124f-cgu.0.rcgu.o:(<rsa_wasm_signatures::rsa4096::SecretKey>::sign::<&[u8]>)
[INFO] [stdout]           
[INFO] [stdout]           rust-lld: error: undefined symbol: rsa2048_verify
[INFO] [stdout]           >>> referenced by lib.rs:202 (src/lib.rs:202)
[INFO] [stdout]           >>>               /opt/rustwide/target/debug/build/rsa-wasm-signatures/d3ba41ebd6f5b68d/out/rsa_wasm_signatures-d3ba41ebd6f5b68d.rsa_wasm_signatures.718973a06d01124f-cgu.0.rcgu.o:(<rsa_wasm_signatures::rsa2048::PublicKey>::verify::<&[u8; 28], [u8; 256]>)
[INFO] [stdout]           >>> referenced by lib.rs:202 (src/lib.rs:202)
[INFO] [stdout]           >>>               /opt/rustwide/target/debug/build/rsa-wasm-signatures/d3ba41ebd6f5b68d/out/rsa_wasm_signatures-d3ba41ebd6f5b68d.rsa_wasm_signatures.718973a06d01124f-cgu.0.rcgu.o:(<rsa_wasm_signatures::rsa2048::PublicKey>::verify::<&[u8; 32], [u8; 256]>)
[INFO] [stdout]           >>> referenced by lib.rs:202 (src/lib.rs:202)
[INFO] [stdout]           >>>               /opt/rustwide/target/debug/build/rsa-wasm-signatures/d3ba41ebd6f5b68d/out/rsa_wasm_signatures-d3ba41ebd6f5b68d.rsa_wasm_signatures.718973a06d01124f-cgu.0.rcgu.o:(<rsa_wasm_signatures::rsa2048::PublicKey>::verify::<&[u8], [u8; 256]>)
[INFO] [stdout]           >>> referenced 1 more times
[INFO] [stdout]           
[INFO] [stdout]           rust-lld: error: undefined symbol: rsa3072_verify
[INFO] [stdout]           >>> referenced by lib.rs:202 (src/lib.rs:202)
[INFO] [stdout]           >>>               /opt/rustwide/target/debug/build/rsa-wasm-signatures/d3ba41ebd6f5b68d/out/rsa_wasm_signatures-d3ba41ebd6f5b68d.rsa_wasm_signatures.718973a06d01124f-cgu.0.rcgu.o:(<rsa_wasm_signatures::rsa3072::PublicKey>::verify::<&[u8; 28], [u8; 384]>)
[INFO] [stdout]           >>> referenced by lib.rs:202 (src/lib.rs:202)
[INFO] [stdout]           >>>               /opt/rustwide/target/debug/build/rsa-wasm-signatures/d3ba41ebd6f5b68d/out/rsa_wasm_signatures-d3ba41ebd6f5b68d.rsa_wasm_signatures.718973a06d01124f-cgu.0.rcgu.o:(<rsa_wasm_signatures::rsa3072::PublicKey>::verify::<&[u8; 32], [u8; 384]>)
[INFO] [stdout]           >>> referenced by lib.rs:202 (src/lib.rs:202)
[INFO] [stdout]           >>>               /opt/rustwide/target/debug/build/rsa-wasm-signatures/d3ba41ebd6f5b68d/out/rsa_wasm_signatures-d3ba41ebd6f5b68d.rsa_wasm_signatures.718973a06d01124f-cgu.0.rcgu.o:(<rsa_wasm_signatures::rsa3072::PublicKey>::verify::<&[u8], [u8; 384]>)
[INFO] [stdout]           >>> referenced 1 more times
[INFO] [stdout]           
[INFO] [stdout]           rust-lld: error: undefined symbol: rsa4096_verify
[INFO] [stdout]           >>> referenced by lib.rs:202 (src/lib.rs:202)
[INFO] [stdout]           >>>               /opt/rustwide/target/debug/build/rsa-wasm-signatures/d3ba41ebd6f5b68d/out/rsa_wasm_signatures-d3ba41ebd6f5b68d.rsa_wasm_signatures.718973a06d01124f-cgu.0.rcgu.o:(<rsa_wasm_signatures::rsa4096::PublicKey>::verify::<&[u8; 28], [u8; 512]>)
[INFO] [stdout]           >>> referenced by lib.rs:202 (src/lib.rs:202)
[INFO] [stdout]           >>>               /opt/rustwide/target/debug/build/rsa-wasm-signatures/d3ba41ebd6f5b68d/out/rsa_wasm_signatures-d3ba41ebd6f5b68d.rsa_wasm_signatures.718973a06d01124f-cgu.0.rcgu.o:(<rsa_wasm_signatures::rsa4096::PublicKey>::verify::<&[u8; 32], [u8; 512]>)
[INFO] [stdout]           >>> referenced by lib.rs:202 (src/lib.rs:202)
[INFO] [stdout]           >>>               /opt/rustwide/target/debug/build/rsa-wasm-signatures/d3ba41ebd6f5b68d/out/rsa_wasm_signatures-d3ba41ebd6f5b68d.rsa_wasm_signatures.718973a06d01124f-cgu.0.rcgu.o:(<rsa_wasm_signatures::rsa4096::PublicKey>::verify::<&[u8], [u8; 512]>)
[INFO] [stdout]           >>> referenced 1 more times
[INFO] [stdout]           collect2: error: ld returned 1 exit status
[INFO] [stdout]           
[INFO] [stdout] 
[INFO] [stdout] 
[INFO] [stderr] error: could not compile `rsa-wasm-signatures` (lib test) due to 1 previous error
[INFO] running `Command { std: "docker" "inspect" "327f8533b0f323a36ae18a780ca14f8e0cb3bfcc45d03317e585f53fdc05c233", kill_on_drop: false }`
[INFO] running `Command { std: "docker" "rm" "-f" "327f8533b0f323a36ae18a780ca14f8e0cb3bfcc45d03317e585f53fdc05c233", kill_on_drop: false }`
[INFO] [stdout] 327f8533b0f323a36ae18a780ca14f8e0cb3bfcc45d03317e585f53fdc05c233
