[INFO] fetching crate rs-rich-lumis 0.0.2...
[INFO] testing rs-rich-lumis-0.0.2 against 1.100.0-beta.1 for beta-1.100-2
[INFO] extracting crate rs-rich-lumis 0.0.2 into /workspace/builds/worker-0-tc2/source
[INFO] started tweaking crates.io crate rs-rich-lumis 0.0.2
[INFO] finished tweaking crates.io crate rs-rich-lumis 0.0.2
[INFO] tweaked toml for crates.io crate rs-rich-lumis 0.0.2 written to /workspace/builds/worker-0-tc2/source/Cargo.toml
[INFO] validating manifest of crates.io crate rs-rich-lumis 0.0.2 on toolchain 1.100.0-beta.1
[INFO] running `Command { std: CARGO_HOME="/workspace/cargo-home" RUSTUP_HOME="/workspace/rustup-home" "/workspace/cargo-home/bin/cargo" "+1.100.0-beta.1" "metadata" "--manifest-path" "Cargo.toml" "--no-deps", kill_on_drop: false }`
[INFO] crate crates.io crate rs-rich-lumis 0.0.2 already has a lockfile, it will not be regenerated
[INFO] running `Command { std: CARGO_HOME="/workspace/cargo-home" RUSTUP_HOME="/workspace/rustup-home" "/workspace/cargo-home/bin/cargo" "+1.100.0-beta.1" "fetch" "--manifest-path" "Cargo.toml", kill_on_drop: false }`
[INFO] [stderr] warning: `package.homepage` is redundant with `package.repository`
[INFO] [stderr]   --> Cargo.toml:48:12
[INFO] [stderr]    |
[INFO] [stderr] 48 | homepage = "https://github.com/buchochelliq-labs/rs-rich-cli"
[INFO] [stderr]    |            ^^^^^^^^^^^^^^^^^^^^^^^^^^^^^^^^^^^^^^^^^^^^^^^^^^
[INFO] [stderr] ...
[INFO] [stderr] 54 | repository = "https://github.com/buchochelliq-labs/rs-rich-cli"
[INFO] [stderr]    |              --------------------------------------------------
[INFO] [stderr]    |
[INFO] [stderr]    = note: `cargo::redundant_homepage` is set to `warn` by default
[INFO] [stderr] help: consider removing `package.homepage`
[INFO] [stderr] warning: `rs-rich-lumis` (manifest) generated 1 warning
[INFO] running `Command { std: "docker" "create" "-v" "/var/lib/crater-agent-workspace/builds/worker-0-tc2/source:/opt/rustwide/workdir:ro,Z" "-v" "/var/lib/crater-agent-workspace/builds/worker-0-tc2/target:/opt/rustwide/target:rw,Z" "-v" "/var/lib/crater-agent-workspace/cargo-home:/opt/rustwide/cargo-home:ro,Z" "-v" "/var/lib/crater-agent-workspace/rustup-home:/opt/rustwide/rustup-home:ro,Z" "-m" "1610612736" "--network" "none" "ghcr.io/rust-lang/crates-build-env/linux@sha256:3111399a4047eeb3a02b7a90e478d715f38a8c6669b5c4b49d30a17385265909" "sleep" "infinity", kill_on_drop: false }`
[INFO] [stdout] ee32b8c5e3a4fdd9416521783e4d6cbfafcbfde7ff9969fc82b580ac7c752457
[INFO] running `Command { std: "docker" "start" "ee32b8c5e3a4fdd9416521783e4d6cbfafcbfde7ff9969fc82b580ac7c752457", kill_on_drop: false }`
[INFO] running `Command { std: "docker" "inspect" "ee32b8c5e3a4fdd9416521783e4d6cbfafcbfde7ff9969fc82b580ac7c752457", kill_on_drop: false }`
[INFO] running `Command { std: "docker" "exec" "-e" "SOURCE_DIR=/opt/rustwide/workdir" "-e" "CARGO_HOME=/opt/rustwide/cargo-home" "-e" "RUSTUP_HOME=/opt/rustwide/rustup-home" "-e" "CARGO_TARGET_DIR=/opt/rustwide/target" "-w" "/opt/rustwide/workdir" "--user" "0:0" "ee32b8c5e3a4fdd9416521783e4d6cbfafcbfde7ff9969fc82b580ac7c752457" "/opt/rustwide/cargo-home/bin/cargo" "+1.100.0-beta.1" "metadata" "--no-deps" "--format-version=1", kill_on_drop: false }`
[INFO] running `Command { std: "docker" "inspect" "ee32b8c5e3a4fdd9416521783e4d6cbfafcbfde7ff9969fc82b580ac7c752457", kill_on_drop: false }`
[INFO] running `Command { std: "docker" "exec" "-e" "SOURCE_DIR=/opt/rustwide/workdir" "-e" "CARGO_HOME=/opt/rustwide/cargo-home" "-e" "RUSTUP_HOME=/opt/rustwide/rustup-home" "-e" "CARGO_TARGET_DIR=/opt/rustwide/target" "-e" "CARGO_INCREMENTAL=0" "-e" "RUST_BACKTRACE=full" "-e" "RUSTFLAGS=--cap-lints=warn" "-e" "RUSTDOCFLAGS=--cap-lints=warn" "-w" "/opt/rustwide/workdir" "--user" "0:0" "ee32b8c5e3a4fdd9416521783e4d6cbfafcbfde7ff9969fc82b580ac7c752457" "/opt/rustwide/cargo-home/bin/cargo" "+1.100.0-beta.1" "build" "--frozen" "--message-format=json", kill_on_drop: false }`
[INFO] [stderr] warning: `package.homepage` is redundant with `package.repository`
[INFO] [stderr]   --> Cargo.toml:48:12
[INFO] [stderr]    |
[INFO] [stderr] 48 | homepage = "https://github.com/buchochelliq-labs/rs-rich-cli"
[INFO] [stderr]    |            ^^^^^^^^^^^^^^^^^^^^^^^^^^^^^^^^^^^^^^^^^^^^^^^^^^
[INFO] [stderr] ...
[INFO] [stderr] 54 | repository = "https://github.com/buchochelliq-labs/rs-rich-cli"
[INFO] [stderr]    |              --------------------------------------------------
[INFO] [stderr]    |
[INFO] [stderr]    = note: `cargo::redundant_homepage` is set to `warn` by default
[INFO] [stderr] help: consider removing `package.homepage`
[INFO] [stderr] warning: `rs-rich-lumis` (manifest) generated 1 warning
[INFO] [stderr]    Compiling tree-sitter-language v0.1.8
[INFO] [stderr]    Compiling serde_core v1.0.229
[INFO] [stderr]    Compiling regex-syntax v0.8.11
[INFO] [stderr]    Compiling hashbrown v0.17.1
[INFO] [stderr]    Compiling serde_json v1.0.151
[INFO] [stderr]    Compiling serde v1.0.229
[INFO] [stderr]    Compiling cc v1.2.67
[INFO] [stderr]    Compiling aho-corasick v1.1.4
[INFO] [stderr]    Compiling ident_case v1.0.1
[INFO] [stderr]    Compiling strsim v0.11.1
[INFO] [stderr]    Compiling prettyplease v0.3.0
[INFO] [stderr]    Compiling foldhash v0.2.0
[INFO] [stderr]    Compiling proc-macro2 v1.0.107
[INFO] [stderr]    Compiling crossbeam-utils v0.8.23
[INFO] [stderr]    Compiling winnow v1.0.4
[INFO] [stderr]    Compiling rustix v1.1.4
[INFO] [stderr]    Compiling toml_writer v1.1.2+spec-1.1.0
[INFO] [stderr]    Compiling crossbeam-epoch v0.9.21
[INFO] [stderr]    Compiling bitflags v2.13.1
[INFO] [stderr]    Compiling typenum v1.20.1
[INFO] [stderr]    Compiling indexmap v2.14.0
[INFO] [stderr]    Compiling thiserror v2.0.21
[INFO] [stderr]    Compiling crossbeam-deque v0.8.8
[INFO] [stderr]    Compiling pkg-config v0.3.34
[INFO] [stderr]    Compiling toml_parser v1.1.3+spec-1.1.0
[INFO] [stderr]    Compiling libc v0.2.189
[INFO] [stderr]    Compiling rayon-core v1.13.0
[INFO] [stderr]    Compiling quote v1.0.47
[INFO] [stderr]    Compiling bit-vec v0.8.0
[INFO] [stderr]    Compiling syn v3.0.3
[INFO] [stderr]    Compiling syn v2.0.119
[INFO] [stderr]    Compiling bit-set v0.8.0
[INFO] [stderr]    Compiling streaming-iterator v0.1.9
[INFO] [stderr]    Compiling simd-adler32 v0.3.10
[INFO] [stderr]    Compiling glob v0.3.4
[INFO] [stderr]    Compiling getrandom v0.4.3
[INFO] [stderr]    Compiling miniz_oxide v0.8.9
[INFO] [stderr]    Compiling hybrid-array v0.4.15
[INFO] [stderr]    Compiling either v1.18.0
[INFO] [stderr]    Compiling v_escape-base v0.1.0
[INFO] [stderr]    Compiling crypto-common v0.2.2
[INFO] [stderr]    Compiling block-buffer v0.12.1
[INFO] [stderr]    Compiling same-file v1.0.6
[INFO] [stderr]    Compiling const-oid v0.10.2
[INFO] [stderr]    Compiling v_htmlescape v0.17.0
[INFO] [stderr]    Compiling flate2 v1.1.9
[INFO] [stderr]    Compiling typed-path v0.12.3
[INFO] [stderr]    Compiling walkdir v2.5.0
[INFO] [stderr]    Compiling cpufeatures v0.3.1
[INFO] [stderr]    Compiling lumis-build v1.1.0
[INFO] [stderr]    Compiling regex-automata v0.4.16
[INFO] [stderr]    Compiling anyhow v1.0.104
[INFO] [stderr]    Compiling lzma-sys v0.1.20
[INFO] [stderr]    Compiling codebook-tree-sitter-typst v0.12.1
[INFO] [stderr]    Compiling tree-sitter-llvm v1.1.0
[INFO] [stderr]    Compiling tree-sitter-java v0.23.5
[INFO] [stderr]    Compiling tree-sitter-lua v0.5.0
[INFO] [stderr]    Compiling tree-sitter-make v1.1.1
[INFO] [stderr]    Compiling tree-sitter-matlab v1.3.1
[INFO] [stderr]    Compiling xz2 v0.1.7
[INFO] [stderr]    Compiling tree-sitter-md v0.5.3
[INFO] [stderr]    Compiling tree-sitter-nginx v1.0.1
[INFO] [stderr]    Compiling tree-sitter-javadoc v0.3.1
[INFO] [stderr]    Compiling rayon v1.12.0
[INFO] [stderr]    Compiling tree-sitter-nix v0.3.0
[INFO] [stderr]    Compiling tree-sitter-javascript v0.25.0
[INFO] [stderr]    Compiling tree-sitter-objc v3.0.2
[INFO] [stderr]    Compiling tree-sitter-ocaml v0.26.0
[INFO] [stderr]    Compiling tree-sitter-pascal v0.10.2
[INFO] [stderr]    Compiling tree-sitter-php v0.24.2
[INFO] [stderr]    Compiling tree-sitter-arduino v0.24.0
[INFO] [stderr]    Compiling tree-sitter-powershell v0.26.4
[INFO] [stderr]    Compiling tree-sitter-fish v3.6.0
[INFO] [stderr]    Compiling digest v0.11.3
[INFO] [stderr]    Compiling tree-sitter-asm v0.24.0
[INFO] [stderr]    Compiling tree-sitter-puppet v1.3.0
[INFO] [stderr]    Compiling tree-sitter-qmljs v0.3.1
[INFO] [stderr]    Compiling tree-sitter-bicep v1.1.0
[INFO] [stderr]    Compiling tree-sitter-c v0.24.2
[INFO] [stderr]    Compiling tree-sitter-r v1.3.0
[INFO] [stderr]    Compiling tree-sitter-c-sharp v0.23.5
[INFO] [stderr]    Compiling tree-sitter-racket v0.25.0
[INFO] [stderr]    Compiling tree-sitter-regex v0.25.0
[INFO] [stderr]    Compiling tree-sitter-caddy v0.1.0
[INFO] [stderr]    Compiling tree-sitter-clojure-orchard v0.2.8
[INFO] [stderr]    Compiling tree-sitter-rst v0.2.0
[INFO] [stderr]    Compiling tree-sitter-cmake v0.7.5
[INFO] [stderr]    Compiling tree-sitter-rust v0.24.2
[INFO] [stderr]    Compiling tree-sitter-scala v0.26.2
[INFO] [stderr]    Compiling tree-sitter-comment v0.3.0
[INFO] [stderr]    Compiling tree-sitter-commonlisp v0.4.1
[INFO] [stderr]    Compiling tree-sitter-scheme v0.24.7
[INFO] [stderr]    Compiling tree-sitter-cpp v0.23.4
[INFO] [stderr]    Compiling tree-sitter-sequel v0.3.11
[INFO] [stderr]    Compiling tree-sitter-solidity v1.2.13
[INFO] [stderr]    Compiling toml_datetime v1.1.1+spec-1.1.0
[INFO] [stderr]    Compiling serde_spanned v1.1.1
[INFO] [stderr]    Compiling tree-sitter-css v0.25.0
[INFO] [stderr]    Compiling tree-sitter-jinja v0.13.0
[INFO] [stderr]    Compiling tree-sitter-d v0.8.2
[INFO] [stderr]    Compiling tree-sitter-swift v0.7.3
[INFO] [stderr]    Compiling tree-sitter-elixir v0.3.5
[INFO] [stderr]    Compiling tree-sitter-systemverilog v0.4.1
[INFO] [stderr]    Compiling tree-sitter-elm v5.9.4
[INFO] [stderr]    Compiling tree-sitter-toml-ng v0.7.0
[INFO] [stderr]    Compiling tree-sitter-embedded-template v0.25.0
[INFO] [stderr]    Compiling tree-sitter-typescript v0.23.2
[INFO] [stderr]    Compiling toml v1.1.6+spec-1.1.0
[INFO] [stderr]    Compiling tree-sitter-erlang v0.20.0
[INFO] [stderr]    Compiling tree-sitter-vhdl v1.4.0
[INFO] [stderr]    Compiling regex v1.13.1
[INFO] [stderr]    Compiling fancy-regex v0.16.2
[INFO] [stderr]    Compiling tree-sitter-zig v1.1.2
[INFO] [stderr]    Compiling tree-sitter-fortran v0.6.0
[INFO] [stderr]    Compiling tree-sitter-zsh v0.63.4
[INFO] [stderr]    Compiling tree-sitter-fsharp v0.3.12
[INFO] [stderr]    Compiling tree-sitter-glsl v0.2.0
[INFO] [stderr]    Compiling tree-sitter-go v0.25.0
[INFO] [stderr]    Compiling tree-sitter-graphql v0.2.1
[INFO] [stderr]    Compiling tree-sitter-heex v0.8.1
[INFO] [stderr]    Compiling darling_core v0.20.11
[INFO] [stderr]    Compiling tree-sitter-hcl v1.1.0
[INFO] [stderr]    Compiling tree-sitter-ini v1.4.0
[INFO] [stderr]    Compiling tree-sitter-json v0.24.8
[INFO] [stderr]    Compiling tree-sitter-julia v0.23.1
[INFO] [stderr]    Compiling fastrand v2.5.0
[INFO] [stderr]    Compiling semver v1.0.28
[INFO] [stderr]    Compiling tempfile v3.27.0
[INFO] [stderr]    Compiling tree-sitter v0.26.13
[INFO] [stderr]    Compiling serde_derive v1.0.229
[INFO] [stderr]    Compiling thiserror-impl v2.0.21
[INFO] [stderr]    Compiling fancy-regex v0.19.2
[INFO] [stderr]    Compiling darling_macro v0.20.11
[INFO] [stderr]    Compiling darling v0.20.11
[INFO] [stderr]    Compiling derive_builder_core v0.20.2
[INFO] [stderr] error: could not compile `serde_derive` (lib)
[INFO] [stderr] 
[INFO] [stderr] Caused by:
[INFO] [stderr]   process didn't exit successfully: `/opt/rustwide/rustup-home/toolchains/1.100.0-beta.1-x86_64-unknown-linux-gnu/bin/rustc --crate-name serde_derive --edition=2021 /opt/rustwide/cargo-home/registry/src/index.crates.io-1949cf8c6b5b557f/serde_derive-1.0.229/src/lib.rs --error-format=json --json=diagnostic-rendered-ansi,artifacts,future-incompat,unused-externs-silent --crate-type proc-macro --emit=dep-info,link -C prefer-dynamic -C embed-bitcode=no --cfg 'feature="default"' --check-cfg 'cfg(docsrs,test)' --check-cfg 'cfg(feature, values("default", "deserialize_in_place"))' -C metadata=373e5a07c4e929f4 -C extra-filename=-39e762a6c6e59808 --out-dir /opt/rustwide/target/debug/build/serde_derive/39e762a6c6e59808/out -L dependency=/opt/rustwide/target/debug/build/proc-macro2/07b820aa231198b5/out -L dependency=/opt/rustwide/target/debug/build/quote/bf53898b3f04765a/out -L dependency=/opt/rustwide/target/debug/build/unicode-ident/86faa6b6bcc5b157/out --extern proc_macro2=/opt/rustwide/target/debug/build/proc-macro2/07b820aa231198b5/out/libproc_macro2-07b820aa231198b5.rlib --extern quote=/opt/rustwide/target/debug/build/quote/bf53898b3f04765a/out/libquote-bf53898b3f04765a.rlib --extern syn=/opt/rustwide/target/debug/build/syn/179f53df77570333/out/libsyn-179f53df77570333.rlib --extern proc_macro --cap-lints allow --cap-lints=warn --force-warn=unused_crate_dependencies` (signal: 9, SIGKILL: kill)
[INFO] [stderr] warning: build failed, waiting for other jobs to finish...
[INFO] [stderr] error: could not compile `fancy-regex` (lib)
[INFO] [stderr] 
[INFO] [stderr] Caused by:
[INFO] [stderr]   process didn't exit successfully: `/opt/rustwide/rustup-home/toolchains/1.100.0-beta.1-x86_64-unknown-linux-gnu/bin/rustc --crate-name fancy_regex --edition=2018 /opt/rustwide/cargo-home/registry/src/index.crates.io-1949cf8c6b5b557f/fancy-regex-0.19.2/src/lib.rs --error-format=json --json=diagnostic-rendered-ansi,artifacts,future-incompat,unused-externs-silent --crate-type lib --emit=dep-info,metadata,link -C embed-bitcode=no -C debuginfo=2 --cfg 'feature="default"' --cfg 'feature="perf"' --cfg 'feature="std"' --cfg 'feature="unicode"' --cfg 'feature="variable-lookbehinds"' --check-cfg 'cfg(docsrs,test)' --check-cfg 'cfg(feature, values("default", "leftmost_longest", "perf", "perf-dfa-full", "std", "track_caller", "unicode", "variable-lookbehinds"))' -C metadata=1b4a18b5403ff0ed -C extra-filename=-38a4d89cc8b53f37 --out-dir /opt/rustwide/target/debug/build/fancy-regex/38a4d89cc8b53f37/out -L dependency=/opt/rustwide/target/debug/build/aho-corasick/5b74fb32056a7cd4/out -L dependency=/opt/rustwide/target/debug/build/bit-vec/b1d1b68c2b4b1dac/out -L dependency=/opt/rustwide/target/debug/build/memchr/efcaf924912fba01/out -L dependency=/opt/rustwide/target/debug/build/regex-syntax/801391c65a42f645/out --extern bit_set=/opt/rustwide/target/debug/build/bit-set/0311c4fb3031ff2a/out/libbit_set-0311c4fb3031ff2a.rmeta --extern regex_automata=/opt/rustwide/target/debug/build/regex-automata/18c54addcc3c21e1/out/libregex_automata-18c54addcc3c21e1.rmeta --extern regex_syntax=/opt/rustwide/target/debug/build/regex-syntax/801391c65a42f645/out/libregex_syntax-801391c65a42f645.rmeta --cap-lints allow --cap-lints=warn --force-warn=unused_crate_dependencies` (signal: 9, SIGKILL: kill)
[INFO] [stderr] error: could not compile `tree-sitter` (lib)
[INFO] [stderr] 
[INFO] [stderr] Caused by:
[INFO] [stderr]   process didn't exit successfully: `/opt/rustwide/rustup-home/toolchains/1.100.0-beta.1-x86_64-unknown-linux-gnu/bin/rustc --crate-name tree_sitter --edition=2021 /opt/rustwide/cargo-home/registry/src/index.crates.io-1949cf8c6b5b557f/tree-sitter-0.26.13/binding_rust/lib.rs --error-format=json --json=diagnostic-rendered-ansi,artifacts,future-incompat,unused-externs-silent --crate-type lib --emit=dep-info,metadata,link -C embed-bitcode=no -C debuginfo=2 --cfg 'feature="default"' --cfg 'feature="std"' --check-cfg 'cfg(docsrs,test)' --check-cfg 'cfg(feature, values("bindgen", "default", "std", "wasm", "wasmtime-c-api"))' -C metadata=d8fa41cc945b638c -C extra-filename=-4359e8a6b768f498 --out-dir /opt/rustwide/target/debug/build/tree-sitter/4359e8a6b768f498/out -L dependency=/opt/rustwide/target/debug/build/aho-corasick/5b74fb32056a7cd4/out -L dependency=/opt/rustwide/target/debug/build/memchr/efcaf924912fba01/out -L dependency=/opt/rustwide/target/debug/build/regex-automata/18c54addcc3c21e1/out -L dependency=/opt/rustwide/target/debug/build/regex-syntax/801391c65a42f645/out --extern regex=/opt/rustwide/target/debug/build/regex/8a6978dfcb78dbc8/out/libregex-8a6978dfcb78dbc8.rmeta --extern regex_syntax=/opt/rustwide/target/debug/build/regex-syntax/801391c65a42f645/out/libregex_syntax-801391c65a42f645.rmeta --extern streaming_iterator=/opt/rustwide/target/debug/build/streaming-iterator/73bcbfca32316069/out/libstreaming_iterator-73bcbfca32316069.rmeta --extern tree_sitter_language=/opt/rustwide/target/debug/build/tree-sitter-language/da7c828fafa2043b/out/libtree_sitter_language-da7c828fafa2043b.rmeta --cap-lints allow --cap-lints=warn --force-warn=unused_crate_dependencies -L native=/opt/rustwide/target/debug/build/tree-sitter/315222f9cfeb9c16/out -l static=tree-sitter` (signal: 9, SIGKILL: kill)
[INFO] [stderr] error: could not compile `derive_builder_core` (lib)
[INFO] [stderr] 
[INFO] [stderr] Caused by:
[INFO] [stderr]   process didn't exit successfully: `/opt/rustwide/rustup-home/toolchains/1.100.0-beta.1-x86_64-unknown-linux-gnu/bin/rustc --crate-name derive_builder_core --edition=2018 /opt/rustwide/cargo-home/registry/src/index.crates.io-1949cf8c6b5b557f/derive_builder_core-0.20.2/src/lib.rs --error-format=json --json=diagnostic-rendered-ansi,artifacts,future-incompat,unused-externs-silent --crate-type lib --emit=dep-info,metadata,link -C embed-bitcode=no --cfg 'feature="lib_has_std"' --check-cfg 'cfg(docsrs,test)' --check-cfg 'cfg(feature, values("alloc", "clippy", "lib_has_std"))' -C metadata=d8eb265d2b384590 -C extra-filename=-52ef31f7f9fb763d --out-dir /opt/rustwide/target/debug/build/derive_builder_core/52ef31f7f9fb763d/out -L dependency=/opt/rustwide/target/debug/build/darling_core/bc47f694c937f53a/out -L dependency=/opt/rustwide/target/debug/build/darling_macro/ecd5464a0b5a5b6f/out -L dependency=/opt/rustwide/target/debug/build/fnv/79e2cbfbe03dcd16/out -L dependency=/opt/rustwide/target/debug/build/ident_case/5ff01a002fe2b7d3/out -L dependency=/opt/rustwide/target/debug/build/proc-macro2/07b820aa231198b5/out -L dependency=/opt/rustwide/target/debug/build/quote/bf53898b3f04765a/out -L dependency=/opt/rustwide/target/debug/build/strsim/77a3e1b41cc5657c/out -L dependency=/opt/rustwide/target/debug/build/syn/8b5786696d6443a1/out -L dependency=/opt/rustwide/target/debug/build/unicode-ident/86faa6b6bcc5b157/out --extern darling=/opt/rustwide/target/debug/build/darling/1cc71a7362af0f70/out/libdarling-1cc71a7362af0f70.rmeta --extern proc_macro2=/opt/rustwide/target/debug/build/proc-macro2/07b820aa231198b5/out/libproc_macro2-07b820aa231198b5.rmeta --extern quote=/opt/rustwide/target/debug/build/quote/bf53898b3f04765a/out/libquote-bf53898b3f04765a.rmeta --extern syn=/opt/rustwide/target/debug/build/syn/8b5786696d6443a1/out/libsyn-8b5786696d6443a1.rmeta --cap-lints allow --cap-lints=warn --force-warn=unused_crate_dependencies` (signal: 9, SIGKILL: kill)
[INFO] [stderr] warning: tree-sitter-julia@0.23.1: cc: fatal error: Killed signal terminated program cc1
[INFO] [stderr] warning: tree-sitter-julia@0.23.1: compilation terminated.
[INFO] [stderr] error: failed to run custom build command for `tree-sitter-julia v0.23.1`
[INFO] [stderr] note: To improve backtraces for build dependencies, set the CARGO_PROFILE_DEV_BUILD_OVERRIDE_DEBUG=true environment variable to enable debug information generation.
[INFO] [stderr] 
[INFO] [stderr] Caused by:
[INFO] [stderr]   process didn't exit successfully: `/opt/rustwide/target/debug/build/tree-sitter-julia/f82b50473e38c83e/out/build_script_build` (exit status: 1)
[INFO] [stderr]   --- stdout
[INFO] [stderr]   cargo:rerun-if-changed=src/parser.c
[INFO] [stderr]   cargo:rerun-if-changed=src/scanner.c
[INFO] [stderr]   cargo:rerun-if-env-changed=CC_FORCE_DISABLE
[INFO] [stderr]   CC_FORCE_DISABLE = None
[INFO] [stderr]   cargo:rerun-if-env-changed=CC_x86_64-unknown-linux-gnu
[INFO] [stderr]   CC_x86_64-unknown-linux-gnu = None
[INFO] [stderr]   cargo:rerun-if-env-changed=CC_x86_64_unknown_linux_gnu
[INFO] [stderr]   CC_x86_64_unknown_linux_gnu = None
[INFO] [stderr]   cargo:rerun-if-env-changed=HOST_CC
[INFO] [stderr]   HOST_CC = None
[INFO] [stderr]   cargo:rerun-if-env-changed=CC
[INFO] [stderr]   CC = None
[INFO] [stderr]   cargo:rerun-if-env-changed=CC_ENABLE_DEBUG_OUTPUT
[INFO] [stderr]   cargo:rerun-if-env-changed=CRATE_CC_NO_DEFAULTS
[INFO] [stderr]   CRATE_CC_NO_DEFAULTS = None
[INFO] [stderr]   cargo:rerun-if-env-changed=CFLAGS
[INFO] [stderr]   CFLAGS = None
[INFO] [stderr]   cargo:rerun-if-env-changed=HOST_CFLAGS
[INFO] [stderr]   HOST_CFLAGS = None
[INFO] [stderr]   cargo:rerun-if-env-changed=CFLAGS_x86_64_unknown_linux_gnu
[INFO] [stderr]   CFLAGS_x86_64_unknown_linux_gnu = None
[INFO] [stderr]   cargo:rerun-if-env-changed=CFLAGS_x86_64-unknown-linux-gnu
[INFO] [stderr]   CFLAGS_x86_64-unknown-linux-gnu = None
[INFO] [stderr]   cargo:rerun-if-env-changed=CC_ENABLE_DEBUG_OUTPUT
[INFO] [stderr]   cargo:rerun-if-env-changed=CRATE_CC_NO_DEFAULTS
[INFO] [stderr]   CRATE_CC_NO_DEFAULTS = None
[INFO] [stderr]   cargo:rerun-if-env-changed=CFLAGS
[INFO] [stderr]   CFLAGS = None
[INFO] [stderr]   cargo:rerun-if-env-changed=HOST_CFLAGS
[INFO] [stderr]   HOST_CFLAGS = None
[INFO] [stderr]   cargo:rerun-if-env-changed=CFLAGS_x86_64_unknown_linux_gnu
[INFO] [stderr]   CFLAGS_x86_64_unknown_linux_gnu = None
[INFO] [stderr]   cargo:rerun-if-env-changed=CFLAGS_x86_64-unknown-linux-gnu
[INFO] [stderr]   CFLAGS_x86_64-unknown-linux-gnu = None
[INFO] [stderr]   cargo:warning=cc: fatal error: Killed signal terminated program cc1
[INFO] [stderr]   cargo:warning=compilation terminated.
[INFO] [stderr] 
[INFO] [stderr]   --- stderr
[INFO] [stderr] 
[INFO] [stderr] 
[INFO] [stderr]   error occurred in cc-rs: command did not execute successfully (status code exit status: 1): LC_ALL="C" "cc" "-O0" "-ffunction-sections" "-fdata-sections" "-fPIC" "-g" "-gdwarf-4" "-fno-omit-frame-pointer" "-m64" "-std=c11" "-I" "src" "-Wall" "-Wextra" "-Wno-unused-value" "-o" "/opt/rustwide/target/debug/build/tree-sitter-julia/3296c23ad93b5230/out/ea708c7824d36062-parser.o" "-c" "src/parser.c"
[INFO] [stderr] 
[INFO] [stderr] 
[INFO] [stderr] warning: tree-sitter-zsh@0.63.4: cc: fatal error: Killed signal terminated program cc1
[INFO] [stderr] warning: tree-sitter-zsh@0.63.4: compilation terminated.
[INFO] [stderr] error: failed to run custom build command for `tree-sitter-zsh v0.63.4`
[INFO] [stderr] note: To improve backtraces for build dependencies, set the CARGO_PROFILE_DEV_BUILD_OVERRIDE_DEBUG=true environment variable to enable debug information generation.
[INFO] [stderr] 
[INFO] [stderr] Caused by:
[INFO] [stderr]   process didn't exit successfully: `/opt/rustwide/target/debug/build/tree-sitter-zsh/111a44251c58f64d/out/build_script_build` (exit status: 1)
[INFO] [stderr]   --- stdout
[INFO] [stderr]   cargo:rerun-if-changed=src/parser.c
[INFO] [stderr]   cargo:rerun-if-changed=src/scanner.c
[INFO] [stderr]   cargo:rerun-if-env-changed=CC_FORCE_DISABLE
[INFO] [stderr]   CC_FORCE_DISABLE = None
[INFO] [stderr]   cargo:rerun-if-env-changed=CC_x86_64-unknown-linux-gnu
[INFO] [stderr]   CC_x86_64-unknown-linux-gnu = None
[INFO] [stderr]   cargo:rerun-if-env-changed=CC_x86_64_unknown_linux_gnu
[INFO] [stderr]   CC_x86_64_unknown_linux_gnu = None
[INFO] [stderr]   cargo:rerun-if-env-changed=HOST_CC
[INFO] [stderr]   HOST_CC = None
[INFO] [stderr]   cargo:rerun-if-env-changed=CC
[INFO] [stderr]   CC = None
[INFO] [stderr]   cargo:rerun-if-env-changed=CC_ENABLE_DEBUG_OUTPUT
[INFO] [stderr]   cargo:rerun-if-env-changed=CRATE_CC_NO_DEFAULTS
[INFO] [stderr]   CRATE_CC_NO_DEFAULTS = None
[INFO] [stderr]   cargo:rerun-if-env-changed=CFLAGS
[INFO] [stderr]   CFLAGS = None
[INFO] [stderr]   cargo:rerun-if-env-changed=HOST_CFLAGS
[INFO] [stderr]   HOST_CFLAGS = None
[INFO] [stderr]   cargo:rerun-if-env-changed=CFLAGS_x86_64_unknown_linux_gnu
[INFO] [stderr]   CFLAGS_x86_64_unknown_linux_gnu = None
[INFO] [stderr]   cargo:rerun-if-env-changed=CFLAGS_x86_64-unknown-linux-gnu
[INFO] [stderr]   CFLAGS_x86_64-unknown-linux-gnu = None
[INFO] [stderr]   cargo:rerun-if-env-changed=CC_ENABLE_DEBUG_OUTPUT
[INFO] [stderr]   cargo:rerun-if-env-changed=CRATE_CC_NO_DEFAULTS
[INFO] [stderr]   CRATE_CC_NO_DEFAULTS = None
[INFO] [stderr]   cargo:rerun-if-env-changed=CFLAGS
[INFO] [stderr]   CFLAGS = None
[INFO] [stderr]   cargo:rerun-if-env-changed=HOST_CFLAGS
[INFO] [stderr]   HOST_CFLAGS = None
[INFO] [stderr]   cargo:rerun-if-env-changed=CFLAGS_x86_64_unknown_linux_gnu
[INFO] [stderr]   CFLAGS_x86_64_unknown_linux_gnu = None
[INFO] [stderr]   cargo:rerun-if-env-changed=CFLAGS_x86_64-unknown-linux-gnu
[INFO] [stderr]   CFLAGS_x86_64-unknown-linux-gnu = None
[INFO] [stderr]   cargo:warning=cc: fatal error: Killed signal terminated program cc1
[INFO] [stderr]   cargo:warning=compilation terminated.
[INFO] [stderr] 
[INFO] [stderr]   --- stderr
[INFO] [stderr] 
[INFO] [stderr] 
[INFO] [stderr]   error occurred in cc-rs: command did not execute successfully (status code exit status: 1): LC_ALL="C" "cc" "-O0" "-ffunction-sections" "-fdata-sections" "-fPIC" "-g" "-gdwarf-4" "-fno-omit-frame-pointer" "-m64" "-std=c11" "-I" "src" "-Wall" "-Wextra" "-Wno-unused-value" "-o" "/opt/rustwide/target/debug/build/tree-sitter-zsh/dc8e675fa8857b14/out/ea708c7824d36062-parser.o" "-c" "src/parser.c"
[INFO] [stderr] 
[INFO] [stderr] 
[INFO] running `Command { std: "docker" "inspect" "ee32b8c5e3a4fdd9416521783e4d6cbfafcbfde7ff9969fc82b580ac7c752457", kill_on_drop: false }`
[INFO] running `Command { std: "docker" "rm" "-f" "ee32b8c5e3a4fdd9416521783e4d6cbfafcbfde7ff9969fc82b580ac7c752457", kill_on_drop: false }`
[INFO] [stdout] ee32b8c5e3a4fdd9416521783e4d6cbfafcbfde7ff9969fc82b580ac7c752457
