[INFO] fetching crate rpkl-jdx 0.4.0...
[INFO] testing rpkl-jdx-0.4.0 against 1.99.0-beta.8 for beta-1.100-2
[INFO] extracting crate rpkl-jdx 0.4.0 into /workspace/builds/worker-5-tc1/source
[INFO] started tweaking crates.io crate rpkl-jdx 0.4.0
[INFO] removed 0 missing examples
[INFO] removed 0 missing tests
[INFO] finished tweaking crates.io crate rpkl-jdx 0.4.0
[INFO] tweaked toml for crates.io crate rpkl-jdx 0.4.0 written to /workspace/builds/worker-5-tc1/source/Cargo.toml
[INFO] validating manifest of crates.io crate rpkl-jdx 0.4.0 on toolchain 1.99.0-beta.8
[INFO] running `Command { std: CARGO_HOME="/workspace/cargo-home" RUSTUP_HOME="/workspace/rustup-home" "/workspace/cargo-home/bin/cargo" "+1.99.0-beta.8" "metadata" "--manifest-path" "Cargo.toml" "--no-deps", kill_on_drop: false }`
[INFO] crate crates.io crate rpkl-jdx 0.4.0 already has a lockfile, it will not be regenerated
[INFO] running `Command { std: CARGO_HOME="/workspace/cargo-home" RUSTUP_HOME="/workspace/rustup-home" "/workspace/cargo-home/bin/cargo" "+1.99.0-beta.8" "fetch" "--manifest-path" "Cargo.toml", kill_on_drop: false }`
[INFO] [stderr]     Updating crates.io index
[INFO] [stderr]  Downloading crates ...
[INFO] [stderr]   Downloaded tracing-log v0.2.0
[INFO] [stderr]   Downloaded valuable v0.1.0
[INFO] [stderr]   Downloaded once_cell v1.19.0
[INFO] [stderr]   Downloaded tracing-core v0.1.32
[INFO] [stderr]   Downloaded adler v1.0.2
[INFO] [stderr]   Downloaded itoa v1.0.11
[INFO] [stderr]   Downloaded thousands v0.2.0
[INFO] [stderr]   Downloaded thread_local v1.1.8
[INFO] [stderr]   Downloaded pin-project-lite v0.2.14
[INFO] [stderr]   Downloaded parking_lot_core v0.9.10
[INFO] [stderr]   Downloaded redox_syscall v0.5.1
[INFO] [stderr]   Downloaded rustc-demangle v0.1.24
[INFO] [stderr]   Downloaded mintex v0.1.3
[INFO] [stderr]   Downloaded cfg-if v1.0.0
[INFO] [stderr]   Downloaded dhat v0.3.3
[INFO] [stderr]   Downloaded bitflags v2.5.0
[INFO] [stderr]   Downloaded convert_case v0.6.0
[INFO] [stderr]   Downloaded unicode-ident v1.0.12
[INFO] [stderr]   Downloaded dunce v1.0.4
[INFO] [stderr]   Downloaded quote v1.0.36
[INFO] [stderr]   Downloaded autocfg v1.3.0
[INFO] [stderr]   Downloaded miniz_oxide v0.7.3
[INFO] [stderr]   Downloaded nu-ansi-term v0.46.0
[INFO] [stderr]   Downloaded overload v0.1.1
[INFO] [stderr]   Downloaded tracing-attributes v0.1.27
[INFO] [stderr]   Downloaded parking_lot v0.12.3
[INFO] [stderr]   Downloaded windows-targets v0.52.5
[INFO] [stderr]   Downloaded ryu v1.0.18
[INFO] [stderr]   Downloaded rmp v0.8.14
[INFO] [stderr]   Downloaded addr2line v0.22.0
[INFO] [stderr]   Downloaded tracing-subscriber v0.3.18
[INFO] [stderr]   Downloaded log v0.4.21
[INFO] [stderr]   Downloaded proc-macro2 v1.0.85
[INFO] [stderr]   Downloaded serde_derive v1.0.203
[INFO] [stderr]   Downloaded rmp-serde v1.3.0
[INFO] [stderr]   Downloaded cc v1.0.99
[INFO] [stderr]   Downloaded smallvec v1.13.2
[INFO] [stderr]   Downloaded rmpv v1.3.0
[INFO] [stderr]   Downloaded tracing v0.1.40
[INFO] [stderr]   Downloaded serde v1.0.203
[INFO] [stderr]   Downloaded lock_api v0.4.12
[INFO] [stderr]   Downloaded memchr v2.7.4
[INFO] [stderr]   Downloaded sharded-slab v0.1.7
[INFO] [stderr]   Downloaded backtrace v0.3.73
[INFO] [stderr]   Downloaded unicode-segmentation v1.11.0
[INFO] [stderr]   Downloaded serde_json v1.0.117
[INFO] [stderr]   Downloaded indexmap v2.7.1
[INFO] [stderr]   Downloaded hashbrown v0.15.2
[INFO] [stderr]   Downloaded gimli v0.29.0
[INFO] [stderr]   Downloaded syn v2.0.66
[INFO] [stderr]   Downloaded object v0.36.0
[INFO] [stderr]   Downloaded windows_i686_gnullvm v0.52.5
[INFO] [stderr]   Downloaded windows_aarch64_gnullvm v0.52.5
[INFO] [stderr]   Downloaded windows_x86_64_gnullvm v0.52.5
[INFO] [stderr]   Downloaded libc v0.2.155
[INFO] [stderr]   Downloaded windows_aarch64_msvc v0.52.5
[INFO] [stderr]   Downloaded windows_x86_64_gnu v0.52.5
[INFO] [stderr]   Downloaded windows_x86_64_msvc v0.52.5
[INFO] [stderr]   Downloaded windows_i686_gnu v0.52.5
[INFO] [stderr]   Downloaded windows_i686_msvc v0.52.5
[INFO] running `Command { std: "docker" "create" "-v" "/var/lib/crater-agent-workspace/builds/worker-5-tc1/source:/opt/rustwide/workdir:ro,Z" "-v" "/var/lib/crater-agent-workspace/builds/worker-5-tc1/target:/opt/rustwide/target:rw,Z" "-v" "/var/lib/crater-agent-workspace/cargo-home:/opt/rustwide/cargo-home:ro,Z" "-v" "/var/lib/crater-agent-workspace/rustup-home:/opt/rustwide/rustup-home:ro,Z" "-m" "1610612736" "--network" "none" "ghcr.io/rust-lang/crates-build-env/linux@sha256:3111399a4047eeb3a02b7a90e478d715f38a8c6669b5c4b49d30a17385265909" "sleep" "infinity", kill_on_drop: false }`
[INFO] [stdout] 02c29afe6cb253a6bb00e61813228196ccff139bdbaae2e7014943b479aade9e
[INFO] running `Command { std: "docker" "start" "02c29afe6cb253a6bb00e61813228196ccff139bdbaae2e7014943b479aade9e", kill_on_drop: false }`
[INFO] running `Command { std: "docker" "inspect" "02c29afe6cb253a6bb00e61813228196ccff139bdbaae2e7014943b479aade9e", kill_on_drop: false }`
[INFO] running `Command { std: "docker" "exec" "-e" "SOURCE_DIR=/opt/rustwide/workdir" "-e" "CARGO_HOME=/opt/rustwide/cargo-home" "-e" "RUSTUP_HOME=/opt/rustwide/rustup-home" "-e" "CARGO_TARGET_DIR=/opt/rustwide/target" "-w" "/opt/rustwide/workdir" "--user" "0:0" "02c29afe6cb253a6bb00e61813228196ccff139bdbaae2e7014943b479aade9e" "/opt/rustwide/cargo-home/bin/cargo" "+1.99.0-beta.8" "metadata" "--no-deps" "--format-version=1", kill_on_drop: false }`
[INFO] running `Command { std: "docker" "inspect" "02c29afe6cb253a6bb00e61813228196ccff139bdbaae2e7014943b479aade9e", kill_on_drop: false }`
[INFO] running `Command { std: "docker" "exec" "-e" "SOURCE_DIR=/opt/rustwide/workdir" "-e" "CARGO_HOME=/opt/rustwide/cargo-home" "-e" "RUSTUP_HOME=/opt/rustwide/rustup-home" "-e" "CARGO_TARGET_DIR=/opt/rustwide/target" "-e" "CARGO_INCREMENTAL=0" "-e" "RUST_BACKTRACE=full" "-e" "RUSTFLAGS=--cap-lints=warn" "-e" "RUSTDOCFLAGS=--cap-lints=warn" "-w" "/opt/rustwide/workdir" "--user" "0:0" "02c29afe6cb253a6bb00e61813228196ccff139bdbaae2e7014943b479aade9e" "/opt/rustwide/cargo-home/bin/cargo" "+1.99.0-beta.8" "build" "--frozen" "--message-format=json", kill_on_drop: false }`
[INFO] [stderr]    Compiling proc-macro2 v1.0.85
[INFO] [stderr]    Compiling autocfg v1.3.0
[INFO] [stderr]    Compiling unicode-ident v1.0.12
[INFO] [stderr]    Compiling paste v1.0.15
[INFO] [stderr]    Compiling serde v1.0.203
[INFO] [stderr]    Compiling byteorder v1.5.0
[INFO] [stderr]    Compiling num-traits v0.2.19
[INFO] [stderr]    Compiling quote v1.0.36
[INFO] [stderr]    Compiling syn v2.0.66
[INFO] [stderr]    Compiling rmp v0.8.14
[INFO] [stderr]    Compiling rmpv v1.3.0
[INFO] [stderr]    Compiling serde_derive v1.0.203
[INFO] [stderr]    Compiling rmp-serde v1.3.0
[INFO] [stderr]    Compiling rpkl-jdx v0.4.0 (/opt/rustwide/workdir)
[INFO] [stdout] warning: use of deprecated module `std::i32`: all constants in this module replaced by associated constants on the type
[INFO] [stdout]   --> src/pkl/internal/visitor.rs:42:18
[INFO] [stdout]    |
[INFO] [stdout] 42 |         use std::i32;
[INFO] [stdout]    |                  ^^^
[INFO] [stdout]    |
[INFO] [stdout]    = note: `#[warn(deprecated)]` on by default
[INFO] [stdout] 
[INFO] [stdout] 
[INFO] [stdout] warning: use of deprecated constant `std::i32::MIN`: replaced by the `MIN` associated constant on this type
[INFO] [stdout]   --> src/pkl/internal/visitor.rs:46:36
[INFO] [stdout]    |
[INFO] [stdout] 46 |         if value >= i64::from(i32::MIN) && value <= i64::from(i32::MAX) {
[INFO] [stdout]    |                                    ^^^
[INFO] [stdout] 
[INFO] [stdout] 
[INFO] [stdout] warning: use of deprecated constant `std::i32::MAX`: replaced by the `MAX` associated constant on this type
[INFO] [stdout]   --> src/pkl/internal/visitor.rs:46:68
[INFO] [stdout]    |
[INFO] [stdout] 46 |         if value >= i64::from(i32::MIN) && value <= i64::from(i32::MAX) {
[INFO] [stdout]    |                                                                    ^^^
[INFO] [stdout] 
[INFO] [stdout] 
[INFO] [stdout] warning: struct `DurationDeserializer` is never constructed
[INFO] [stdout]  --> src/pkl/de/duration.rs:8:12
[INFO] [stdout]   |
[INFO] [stdout] 8 | pub struct DurationDeserializer<'a> {
[INFO] [stdout]   |            ^^^^^^^^^^^^^^^^^^^^
[INFO] [stdout]   |
[INFO] [stdout]   = note: `#[warn(dead_code)]` (part of `#[warn(unused)]`) on by default
[INFO] [stdout] 
[INFO] [stdout] 
[INFO] [stdout] warning: struct `TupleDeserializer` is never constructed
[INFO] [stdout]  --> src/pkl/de/pair.rs:8:12
[INFO] [stdout]   |
[INFO] [stdout] 8 | pub struct TupleDeserializer<'a> {
[INFO] [stdout]   |            ^^^^^^^^^^^^^^^^^
[INFO] [stdout] 
[INFO] [stdout] 
[INFO] [stdout] warning: struct `RangeDeserializer` is never constructed
[INFO] [stdout]  --> src/pkl/de/range.rs:8:12
[INFO] [stdout]   |
[INFO] [stdout] 8 | pub struct RangeDeserializer<'a> {
[INFO] [stdout]   |            ^^^^^^^^^^^^^^^^^
[INFO] [stdout] 
[INFO] [stdout] 
[INFO] [stdout] warning: hiding a lifetime that's elided elsewhere is confusing
[INFO] [stdout]    --> src/pkl/deserializer.rs:272:30
[INFO] [stdout]     |
[INFO] [stdout] 272 |     pub fn into_deserializer(&self) -> PklValueDeserializer {
[INFO] [stdout]     |                              ^^^^^     ^^^^^^^^^^^^^^^^^^^^ the same lifetime is hidden here
[INFO] [stdout]     |                              |
[INFO] [stdout]     |                              the lifetime is elided here
[INFO] [stdout]     |
[INFO] [stdout]     = help: the same lifetime is referred to in inconsistent ways, making the signature confusing
[INFO] [stdout]     = note: `#[warn(mismatched_lifetime_syntaxes)]` on by default
[INFO] [stdout] help: use `'_` for type paths
[INFO] [stdout]     |
[INFO] [stdout] 272 |     pub fn into_deserializer(&self) -> PklValueDeserializer<'_> {
[INFO] [stdout]     |                                                            ++++
[INFO] [stdout] 
[INFO] [stdout] 
[INFO] [stderr]     Finished `dev` profile [unoptimized + debuginfo] target(s) in 13.42s
[INFO] running `Command { std: "docker" "inspect" "02c29afe6cb253a6bb00e61813228196ccff139bdbaae2e7014943b479aade9e", kill_on_drop: false }`
[INFO] running `Command { std: "docker" "exec" "-e" "SOURCE_DIR=/opt/rustwide/workdir" "-e" "CARGO_HOME=/opt/rustwide/cargo-home" "-e" "RUSTUP_HOME=/opt/rustwide/rustup-home" "-e" "CARGO_TARGET_DIR=/opt/rustwide/target" "-e" "CARGO_INCREMENTAL=0" "-e" "RUST_BACKTRACE=full" "-e" "RUSTFLAGS=--cap-lints=warn" "-e" "RUSTDOCFLAGS=--cap-lints=warn" "-w" "/opt/rustwide/workdir" "--user" "0:0" "02c29afe6cb253a6bb00e61813228196ccff139bdbaae2e7014943b479aade9e" "/opt/rustwide/cargo-home/bin/cargo" "+1.99.0-beta.8" "test" "--frozen" "--no-run" "--message-format=json", kill_on_drop: false }`
[INFO] [stderr]    Compiling serde_json v1.0.117
[INFO] [stderr]    Compiling itoa v1.0.11
[INFO] [stderr]    Compiling ryu v1.0.18
[INFO] [stdout] warning: use of deprecated module `std::i32`: all constants in this module replaced by associated constants on the type
[INFO] [stdout]   --> src/pkl/internal/visitor.rs:42:18
[INFO] [stdout]    |
[INFO] [stdout] 42 |         use std::i32;
[INFO] [stdout]    |                  ^^^
[INFO] [stdout]    |
[INFO] [stdout]    = note: `#[warn(deprecated)]` on by default
[INFO] [stdout] 
[INFO] [stdout] 
[INFO] [stdout] warning: use of deprecated constant `std::i32::MIN`: replaced by the `MIN` associated constant on this type
[INFO] [stdout]   --> src/pkl/internal/visitor.rs:46:36
[INFO] [stdout]    |
[INFO] [stdout] 46 |         if value >= i64::from(i32::MIN) && value <= i64::from(i32::MAX) {
[INFO] [stdout]    |                                    ^^^
[INFO] [stdout] 
[INFO] [stdout] 
[INFO] [stdout] warning: use of deprecated constant `std::i32::MAX`: replaced by the `MAX` associated constant on this type
[INFO] [stdout]   --> src/pkl/internal/visitor.rs:46:68
[INFO] [stdout]    |
[INFO] [stdout] 46 |         if value >= i64::from(i32::MIN) && value <= i64::from(i32::MAX) {
[INFO] [stdout]    |                                                                    ^^^
[INFO] [stdout] 
[INFO] [stdout] 
[INFO] [stdout] warning: struct `DurationDeserializer` is never constructed
[INFO] [stdout]  --> src/pkl/de/duration.rs:8:12
[INFO] [stdout]   |
[INFO] [stdout] 8 | pub struct DurationDeserializer<'a> {
[INFO] [stdout]   |            ^^^^^^^^^^^^^^^^^^^^
[INFO] [stdout]   |
[INFO] [stdout]   = note: `#[warn(dead_code)]` (part of `#[warn(unused)]`) on by default
[INFO] [stdout] 
[INFO] [stdout] 
[INFO] [stdout] warning: struct `TupleDeserializer` is never constructed
[INFO] [stdout]  --> src/pkl/de/pair.rs:8:12
[INFO] [stdout]   |
[INFO] [stdout] 8 | pub struct TupleDeserializer<'a> {
[INFO] [stdout]   |            ^^^^^^^^^^^^^^^^^
[INFO] [stdout] 
[INFO] [stdout] 
[INFO] [stdout] warning: struct `RangeDeserializer` is never constructed
[INFO] [stdout]  --> src/pkl/de/range.rs:8:12
[INFO] [stdout]   |
[INFO] [stdout] 8 | pub struct RangeDeserializer<'a> {
[INFO] [stdout]   |            ^^^^^^^^^^^^^^^^^
[INFO] [stdout] 
[INFO] [stdout] 
[INFO] [stdout] warning: hiding a lifetime that's elided elsewhere is confusing
[INFO] [stdout]    --> src/pkl/deserializer.rs:272:30
[INFO] [stdout]     |
[INFO] [stdout] 272 |     pub fn into_deserializer(&self) -> PklValueDeserializer {
[INFO] [stdout]     |                              ^^^^^     ^^^^^^^^^^^^^^^^^^^^ the same lifetime is hidden here
[INFO] [stdout]     |                              |
[INFO] [stdout]     |                              the lifetime is elided here
[INFO] [stdout]     |
[INFO] [stdout]     = help: the same lifetime is referred to in inconsistent ways, making the signature confusing
[INFO] [stdout]     = note: `#[warn(mismatched_lifetime_syntaxes)]` on by default
[INFO] [stdout] help: use `'_` for type paths
[INFO] [stdout]     |
[INFO] [stdout] 272 |     pub fn into_deserializer(&self) -> PklValueDeserializer<'_> {
[INFO] [stdout]     |                                                            ++++
[INFO] [stdout] 
[INFO] [stdout] 
[INFO] [stderr]    Compiling rpkl-jdx v0.4.0 (/opt/rustwide/workdir)
[INFO] [stdout] error[E0433]: cannot find module or crate `rpkl` in this scope
[INFO] [stdout]  --> examples/evaluator_options.rs:3:5
[INFO] [stdout]   |
[INFO] [stdout] 3 | use rpkl::api::evaluator::EvaluatorOptions;
[INFO] [stdout]   |     ^^^^ use of unresolved module or unlinked crate `rpkl`
[INFO] [stdout]   |
[INFO] [stdout]   = help: if you wanted to use a crate named `rpkl`, use `cargo add rpkl` to add it to your `Cargo.toml`
[INFO] [stdout] 
[INFO] [stdout] 
[INFO] [stdout] error[E0433]: cannot find module or crate `rpkl` in this scope
[INFO] [stdout]  --> examples/external_resource_reader.rs:1:5
[INFO] [stdout]   |
[INFO] [stdout] 1 | use rpkl::api::external_reader::*;
[INFO] [stdout]   |     ^^^^ use of unresolved module or unlinked crate `rpkl`
[INFO] [stdout]   |
[INFO] [stdout]   = help: if you wanted to use a crate named `rpkl`, use `cargo add rpkl` to add it to your `Cargo.toml`
[INFO] [stdout] 
[INFO] [stdout] 
[INFO] [stdout] error[E0432]: unresolved import `rpkl`
[INFO] [stdout]  --> examples/codegen.rs:1:5
[INFO] [stdout]   |
[INFO] [stdout] 1 | use rpkl::from_config;
[INFO] [stdout]   |     ^^^^ use of unresolved module or unlinked crate `rpkl`
[INFO] [stdout]   |
[INFO] [stdout]   = help: if you wanted to use a crate named `rpkl`, use `cargo add rpkl` to add it to your `Cargo.toml`
[INFO] [stdout] 
[INFO] [stdout] 
[INFO] [stdout] error[E0433]: cannot find module or crate `rpkl` in this scope
[INFO] [stdout]  --> examples/custom_readers.rs:3:5
[INFO] [stdout]   |
[INFO] [stdout] 3 | use rpkl::{api::reader::*, EvaluatorOptions};
[INFO] [stdout]   |     ^^^^ use of unresolved module or unlinked crate `rpkl`
[INFO] [stdout]   |
[INFO] [stdout]   = help: if you wanted to use a crate named `rpkl`, use `cargo add rpkl` to add it to your `Cargo.toml`
[INFO] [stdout] 
[INFO] [stdout] 
[INFO] [stdout] error[E0432]: unresolved import `rpkl`
[INFO] [stdout]  --> examples/custom_readers.rs:3:5
[INFO] [stdout]   |
[INFO] [stdout] 3 | use rpkl::{api::reader::*, EvaluatorOptions};
[INFO] [stdout]   |     ^^^^ use of unresolved module or unlinked crate `rpkl`
[INFO] [stdout]   |
[INFO] [stdout]   = help: if you wanted to use a crate named `rpkl`, use `cargo add rpkl` to add it to your `Cargo.toml`
[INFO] [stdout] 
[INFO] [stdout] 
[INFO] [stdout] error[E0405]: cannot find trait `PklResourceReader` in this scope
[INFO] [stdout]   --> examples/custom_readers.rs:11:6
[INFO] [stdout]    |
[INFO] [stdout] 11 | impl PklResourceReader for LdapReader {
[INFO] [stdout]    |      ^^^^^^^^^^^^^^^^^ not found in this scope
[INFO] [stdout] 
[INFO] [stdout] 
[INFO] [stdout] error[E0425]: cannot find type `PathElements` in this scope
[INFO] [stdout]   --> examples/custom_readers.rs:20:46
[INFO] [stdout]    |
[INFO] [stdout] 20 |     fn list(&self, _uri: &str) -> Result<Vec<PathElements>, Box<dyn std::error::Error>> {
[INFO] [stdout]    |                                              ^^^^^^^^^^^^ not found in this scope
[INFO] [stdout]    |
[INFO] [stdout] help: you might be missing a type parameter
[INFO] [stdout]    |
[INFO] [stdout] 11 | impl<PathElements> PklResourceReader for LdapReader {
[INFO] [stdout]    |     ++++++++++++++
[INFO] [stdout] 
[INFO] [stdout] 
[INFO] [stdout] error[E0405]: cannot find trait `PklResourceReader` in this scope
[INFO] [stdout]   --> examples/custom_readers.rs:25:6
[INFO] [stdout]    |
[INFO] [stdout] 25 | impl PklResourceReader for LdapsReader {
[INFO] [stdout]    |      ^^^^^^^^^^^^^^^^^ not found in this scope
[INFO] [stdout] 
[INFO] [stdout] 
[INFO] [stdout] error[E0425]: cannot find type `PathElements` in this scope
[INFO] [stdout]   --> examples/custom_readers.rs:34:46
[INFO] [stdout]    |
[INFO] [stdout] 34 |     fn list(&self, _uri: &str) -> Result<Vec<PathElements>, Box<dyn std::error::Error>> {
[INFO] [stdout]    |                                              ^^^^^^^^^^^^ not found in this scope
[INFO] [stdout]    |
[INFO] [stdout] help: you might be missing a type parameter
[INFO] [stdout]    |
[INFO] [stdout] 25 | impl<PathElements> PklResourceReader for LdapsReader {
[INFO] [stdout]    |     ++++++++++++++
[INFO] [stdout] 
[INFO] [stdout] 
[INFO] [stdout] error[E0405]: cannot find trait `PklModuleReader` in this scope
[INFO] [stdout]   --> examples/custom_readers.rs:39:6
[INFO] [stdout]    |
[INFO] [stdout] 39 | impl PklModuleReader for ModuleReader {
[INFO] [stdout]    |      ^^^^^^^^^^^^^^^ not found in this scope
[INFO] [stdout] 
[INFO] [stdout] 
[INFO] [stdout] error[E0425]: cannot find type `PathElements` in this scope
[INFO] [stdout]   --> examples/custom_readers.rs:52:46
[INFO] [stdout]    |
[INFO] [stdout] 52 |     fn list(&self, _uri: &str) -> Result<Vec<PathElements>, Box<dyn std::error::Error>> {
[INFO] [stdout]    |                                              ^^^^^^^^^^^^ not found in this scope
[INFO] [stdout]    |
[INFO] [stdout] help: you might be missing a type parameter
[INFO] [stdout]    |
[INFO] [stdout] 39 | impl<PathElements> PklModuleReader for ModuleReader {
[INFO] [stdout]    |     ++++++++++++++
[INFO] [stdout] 
[INFO] [stdout] 
[INFO] [stdout] error[E0433]: cannot find module or crate `rpkl` in this scope
[INFO] [stdout]   --> examples/custom_readers.rs:74:26
[INFO] [stdout]    |
[INFO] [stdout] 74 |     let config: Config = rpkl::from_config_with_options(path, options).unwrap();
[INFO] [stdout]    |                          ^^^^ use of unresolved module or unlinked crate `rpkl`
[INFO] [stdout]    |
[INFO] [stdout]    = help: if you wanted to use a crate named `rpkl`, use `cargo add rpkl` to add it to your `Cargo.toml`
[INFO] [stdout] 
[INFO] [stdout] 
[INFO] [stdout] Some errors have detailed explanations: E0405, E0425, E0432, E0433.
[INFO] [stdout] 
[INFO] [stdout] For more information about an error, try `rustc --explain E0405`.
[INFO] [stdout] 
[INFO] [stderr] error: could not compile `rpkl-jdx` (example "custom_readers") due to 9 previous errors
[INFO] [stderr] warning: build failed, waiting for other jobs to finish...
[INFO] [stdout] error[E0433]: cannot find module or crate `rpkl` in this scope
[INFO] [stdout]  --> examples/nonprim.rs:7:11
[INFO] [stdout]   |
[INFO] [stdout] 7 |     size: rpkl::value::DataSize,
[INFO] [stdout]   |           ^^^^ use of unresolved module or unlinked crate `rpkl`
[INFO] [stdout]   |
[INFO] [stdout]   = help: if you wanted to use a crate named `rpkl`, use `cargo add rpkl` to add it to your `Cargo.toml`
[INFO] [stdout] 
[INFO] [stdout] 
[INFO] [stdout] error[E0433]: cannot find module or crate `rpkl` in this scope
[INFO] [stdout]   --> examples/database.rs:24:17
[INFO] [stdout]    |
[INFO] [stdout] 24 |     let value = rpkl::from_config::<Config>(path);
[INFO] [stdout]    |                 ^^^^ use of unresolved module or unlinked crate `rpkl`
[INFO] [stdout]    |
[INFO] [stdout]    = help: if you wanted to use a crate named `rpkl`, use `cargo add rpkl` to add it to your `Cargo.toml`
[INFO] [stdout] 
[INFO] [stdout] 
[INFO] [stdout] error[E0433]: cannot find module or crate `rpkl` in this scope
[INFO] [stdout]   --> tests/tests.rs:12:9
[INFO] [stdout]    |
[INFO] [stdout] 12 |     use rpkl::api::evaluator::EvaluatorOptions;
[INFO] [stdout]    |         ^^^^ use of unresolved module or unlinked crate `rpkl`
[INFO] [stdout]    |
[INFO] [stdout]    = help: if you wanted to use a crate named `rpkl`, use `cargo add rpkl` to add it to your `Cargo.toml`
[INFO] [stdout] 
[INFO] [stdout] 
[INFO] [stdout] error[E0433]: cannot find module or crate `rpkl` in this scope
[INFO] [stdout]   --> tests/tests.rs:13:9
[INFO] [stdout]    |
[INFO] [stdout] 13 |     use rpkl::pkl::Deserializer;
[INFO] [stdout]    |         ^^^^ use of unresolved module or unlinked crate `rpkl`
[INFO] [stdout]    |
[INFO] [stdout]    = help: if you wanted to use a crate named `rpkl`, use `cargo add rpkl` to add it to your `Cargo.toml`
[INFO] [stdout] 
[INFO] [stdout] 
[INFO] [stdout] error[E0433]: cannot find module or crate `rpkl` in this scope
[INFO] [stdout]   --> tests/tests.rs:14:9
[INFO] [stdout]    |
[INFO] [stdout] 14 |     use rpkl::pkl::PklSerialize;
[INFO] [stdout]    |         ^^^^ use of unresolved module or unlinked crate `rpkl`
[INFO] [stdout]    |
[INFO] [stdout]    = help: if you wanted to use a crate named `rpkl`, use `cargo add rpkl` to add it to your `Cargo.toml`
[INFO] [stdout] 
[INFO] [stdout] 
[INFO] [stdout] error[E0432]: unresolved import `rpkl`
[INFO] [stdout]   --> tests/tests.rs:11:9
[INFO] [stdout]    |
[INFO] [stdout] 11 |     use rpkl::api;
[INFO] [stdout]    |         ^^^^ use of unresolved module or unlinked crate `rpkl`
[INFO] [stdout]    |
[INFO] [stdout]    = help: if you wanted to use a crate named `rpkl`, use `cargo add rpkl` to add it to your `Cargo.toml`
[INFO] [stdout] 
[INFO] [stdout] 
[INFO] [stdout] error[E0433]: cannot find module or crate `rpkl` in this scope
[INFO] [stdout]   --> examples/nested.rs:16:17
[INFO] [stdout]    |
[INFO] [stdout] 16 |     let value = rpkl::from_config::<Config>(path);
[INFO] [stdout]    |                 ^^^^ use of unresolved module or unlinked crate `rpkl`
[INFO] [stdout]    |
[INFO] [stdout]    = help: if you wanted to use a crate named `rpkl`, use `cargo add rpkl` to add it to your `Cargo.toml`
[INFO] [stdout] 
[INFO] [stdout] 
[INFO] [stdout] error[E0433]: cannot find module or crate `rpkl` in this scope
[INFO] [stdout]   --> examples/evaluator_options.rs:20:26
[INFO] [stdout]    |
[INFO] [stdout] 20 |     let config: Config = rpkl::from_config_with_options(path, options).unwrap();
[INFO] [stdout]    |                          ^^^^ use of unresolved module or unlinked crate `rpkl`
[INFO] [stdout]    |
[INFO] [stdout]    = help: if you wanted to use a crate named `rpkl`, use `cargo add rpkl` to add it to your `Cargo.toml`
[INFO] [stdout] 
[INFO] [stdout] 
[INFO] [stdout] For more information about this error, try `rustc --explain E0433`.
[INFO] [stdout] 
[INFO] [stdout] error[E0433]: cannot find module or crate `rpkl` in this scope
[INFO] [stdout]   --> examples/enums.rs:22:17
[INFO] [stdout]    |
[INFO] [stdout] 22 |     let value = rpkl::from_config::<Config>(path);
[INFO] [stdout]    |                 ^^^^ use of unresolved module or unlinked crate `rpkl`
[INFO] [stdout]    |
[INFO] [stdout]    = help: if you wanted to use a crate named `rpkl`, use `cargo add rpkl` to add it to your `Cargo.toml`
[INFO] [stdout] 
[INFO] [stdout] 
[INFO] [stderr] error: could not compile `rpkl-jdx` (example "nested") due to 1 previous error
[INFO] [stdout] For more information about this error, try `rustc --explain E0433`.
[INFO] [stdout] 
[INFO] [stderr] error: could not compile `rpkl-jdx` (example "database") due to 1 previous error
[INFO] [stdout] For more information about this error, try `rustc --explain E0433`.
[INFO] [stdout] 
[INFO] [stdout] error[E0433]: cannot find module or crate `rpkl` in this scope
[INFO] [stdout]    --> tests/tests.rs:320:15
[INFO] [stdout]     |
[INFO] [stdout] 320 |         size: rpkl::value::DataSize,
[INFO] [stdout]     |               ^^^^ use of unresolved module or unlinked crate `rpkl`
[INFO] [stdout]     |
[INFO] [stdout]     = help: if you wanted to use a crate named `rpkl`, use `cargo add rpkl` to add it to your `Cargo.toml`
[INFO] [stdout] 
[INFO] [stdout] 
[INFO] [stderr] error: could not compile `rpkl-jdx` (example "enums") due to 1 previous error
[INFO] [stdout] For more information about this error, try `rustc --explain E0433`.
[INFO] [stdout] 
[INFO] [stderr] error: could not compile `rpkl-jdx` (example "evaluator_options") due to 2 previous errors
[INFO] [stdout] error[E0554]: `#![feature]` may not be used on the beta release channel
[INFO] [stdout]  --> tests/tests.rs:1:1
[INFO] [stdout]   |
[INFO] [stdout] 1 | #![feature(test)]
[INFO] [stdout]   | ^^^^^^^^^^^^^^^^^
[INFO] [stdout] 
[INFO] [stdout] 
[INFO] [stdout] warning: use of deprecated module `std::i32`: all constants in this module replaced by associated constants on the type
[INFO] [stdout]   --> src/pkl/internal/visitor.rs:42:18
[INFO] [stdout]    |
[INFO] [stdout] 42 |         use std::i32;
[INFO] [stdout]    |                  ^^^
[INFO] [stdout]    |
[INFO] [stdout]    = note: `#[warn(deprecated)]` on by default
[INFO] [stdout] 
[INFO] [stdout] 
[INFO] [stdout] warning: use of deprecated constant `std::i32::MIN`: replaced by the `MIN` associated constant on this type
[INFO] [stdout]   --> src/pkl/internal/visitor.rs:46:36
[INFO] [stdout]    |
[INFO] [stdout] 46 |         if value >= i64::from(i32::MIN) && value <= i64::from(i32::MAX) {
[INFO] [stdout]    |                                    ^^^
[INFO] [stdout] 
[INFO] [stdout] 
[INFO] [stdout] warning: use of deprecated constant `std::i32::MAX`: replaced by the `MAX` associated constant on this type
[INFO] [stdout]   --> src/pkl/internal/visitor.rs:46:68
[INFO] [stdout]    |
[INFO] [stdout] 46 |         if value >= i64::from(i32::MIN) && value <= i64::from(i32::MAX) {
[INFO] [stdout]    |                                                                    ^^^
[INFO] [stdout] 
[INFO] [stdout] 
[INFO] [stdout] error[E0433]: cannot find module or crate `rpkl` in this scope
[INFO] [stdout]   --> tests/tests.rs:69:22
[INFO] [stdout]    |
[INFO] [stdout] 69 |         let config = rpkl::from_config::<Config>(path).unwrap();
[INFO] [stdout]    |                      ^^^^ use of unresolved module or unlinked crate `rpkl`
[INFO] [stdout]    |
[INFO] [stdout]    = help: if you wanted to use a crate named `rpkl`, use `cargo add rpkl` to add it to your `Cargo.toml`
[INFO] [stdout] 
[INFO] [stdout] 
[INFO] [stdout] error[E0433]: cannot find module or crate `rpkl` in this scope
[INFO] [stdout]   --> tests/tests.rs:94:22
[INFO] [stdout]    |
[INFO] [stdout] 94 |         let config = rpkl::from_config_with_options::<Config>(path, options).unwrap();
[INFO] [stdout]    |                      ^^^^ use of unresolved module or unlinked crate `rpkl`
[INFO] [stdout]    |
[INFO] [stdout]    = help: if you wanted to use a crate named `rpkl`, use `cargo add rpkl` to add it to your `Cargo.toml`
[INFO] [stdout] 
[INFO] [stdout] 
[INFO] [stdout] error[E0405]: cannot find trait `PklResourceReader` in this scope
[INFO] [stdout]  --> examples/external_resource_reader.rs:8:6
[INFO] [stdout]   |
[INFO] [stdout] 8 | impl PklResourceReader for LdapReader {
[INFO] [stdout]   |      ^^^^^^^^^^^^^^^^^ not found in this scope
[INFO] [stdout] 
[INFO] [stdout] 
[INFO] [stdout] error[E0425]: cannot find type `PathElements` in this scope
[INFO] [stdout]   --> examples/external_resource_reader.rs:17:46
[INFO] [stdout]    |
[INFO] [stdout] 17 |     fn list(&self, _uri: &str) -> Result<Vec<PathElements>, Box<dyn std::error::Error>> {
[INFO] [stdout]    |                                              ^^^^^^^^^^^^ not found in this scope
[INFO] [stdout]    |
[INFO] [stdout] help: you might be missing a type parameter
[INFO] [stdout]    |
[INFO] [stdout]  8 | impl<PathElements> PklResourceReader for LdapReader {
[INFO] [stdout]    |     ++++++++++++++
[INFO] [stdout] 
[INFO] [stdout] 
[INFO] [stdout] error[E0405]: cannot find trait `PklResourceReader` in this scope
[INFO] [stdout]   --> examples/external_resource_reader.rs:22:6
[INFO] [stdout]    |
[INFO] [stdout] 22 | impl PklResourceReader for LdapsReader {
[INFO] [stdout]    |      ^^^^^^^^^^^^^^^^^ not found in this scope
[INFO] [stdout] 
[INFO] [stdout] 
[INFO] [stdout] error[E0425]: cannot find type `PathElements` in this scope
[INFO] [stdout]   --> examples/external_resource_reader.rs:31:46
[INFO] [stdout]    |
[INFO] [stdout] 31 |     fn list(&self, _uri: &str) -> Result<Vec<PathElements>, Box<dyn std::error::Error>> {
[INFO] [stdout]    |                                              ^^^^^^^^^^^^ not found in this scope
[INFO] [stdout]    |
[INFO] [stdout] help: you might be missing a type parameter
[INFO] [stdout]    |
[INFO] [stdout] 22 | impl<PathElements> PklResourceReader for LdapsReader {
[INFO] [stdout]    |     ++++++++++++++
[INFO] [stdout] 
[INFO] [stdout] 
[INFO] [stdout] error[E0405]: cannot find trait `PklModuleReader` in this scope
[INFO] [stdout]   --> examples/external_resource_reader.rs:36:6
[INFO] [stdout]    |
[INFO] [stdout] 36 | impl PklModuleReader for ModuleReader {
[INFO] [stdout]    |      ^^^^^^^^^^^^^^^ not found in this scope
[INFO] [stdout] 
[INFO] [stdout] 
[INFO] [stdout] error[E0425]: cannot find type `PathElements` in this scope
[INFO] [stdout]   --> examples/external_resource_reader.rs:49:46
[INFO] [stdout]    |
[INFO] [stdout] 49 |     fn list(&self, _uri: &str) -> Result<Vec<PathElements>, Box<dyn std::error::Error>> {
[INFO] [stdout]    |                                              ^^^^^^^^^^^^ not found in this scope
[INFO] [stdout]    |
[INFO] [stdout] help: you might be missing a type parameter
[INFO] [stdout]    |
[INFO] [stdout] 36 | impl<PathElements> PklModuleReader for ModuleReader {
[INFO] [stdout]    |     ++++++++++++++
[INFO] [stdout] 
[INFO] [stdout] 
[INFO] [stdout] error[E0433]: cannot find type `ExternalReaderRuntime` in this scope
[INFO] [stdout]   --> examples/external_resource_reader.rs:55:9
[INFO] [stdout]    |
[INFO] [stdout] 55 |     _ = ExternalReaderRuntime::new()
[INFO] [stdout]    |         ^^^^^^^^^^^^^^^^^^^^^ use of undeclared type `ExternalReaderRuntime`
[INFO] [stdout] 
[INFO] [stdout] 
[INFO] [stdout] Some errors have detailed explanations: E0405, E0425, E0433.
[INFO] [stdout] 
[INFO] [stdout] For more information about an error, try `rustc --explain E0405`.
[INFO] [stdout] 
[INFO] [stdout] error[E0433]: cannot find module or crate `rpkl` in this scope
[INFO] [stdout]    --> tests/tests.rs:308:9
[INFO] [stdout]     |
[INFO] [stdout] 308 |         rpkl::from_config_with_options::<Config>(path, options).unwrap();
[INFO] [stdout]     |         ^^^^ use of unresolved module or unlinked crate `rpkl`
[INFO] [stdout]     |
[INFO] [stdout]     = help: if you wanted to use a crate named `rpkl`, use `cargo add rpkl` to add it to your `Cargo.toml`
[INFO] [stdout] 
[INFO] [stdout] 
[INFO] [stderr] error: could not compile `rpkl-jdx` (example "external_resource_reader") due to 8 previous errors
[INFO] [stdout] error[E0433]: cannot find module or crate `rpkl` in this scope
[INFO] [stdout]    --> tests/tests.rs:338:22
[INFO] [stdout]     |
[INFO] [stdout] 338 |         let config = rpkl::from_config::<Config>(path)?;
[INFO] [stdout]     |                      ^^^^ use of unresolved module or unlinked crate `rpkl`
[INFO] [stdout]     |
[INFO] [stdout]     = help: if you wanted to use a crate named `rpkl`, use `cargo add rpkl` to add it to your `Cargo.toml`
[INFO] [stdout] 
[INFO] [stdout] 
[INFO] [stdout] error[E0433]: cannot find module or crate `rpkl` in this scope
[INFO] [stdout]    --> tests/tests.rs:369:22
[INFO] [stdout]     |
[INFO] [stdout] 369 |         let config = rpkl::from_config::<MappingConfig>(path)?;
[INFO] [stdout]     |                      ^^^^ use of unresolved module or unlinked crate `rpkl`
[INFO] [stdout]     |
[INFO] [stdout]     = help: if you wanted to use a crate named `rpkl`, use `cargo add rpkl` to add it to your `Cargo.toml`
[INFO] [stdout] 
[INFO] [stdout] 
[INFO] [stdout] error[E0433]: cannot find module or crate `rpkl` in this scope
[INFO] [stdout]   --> examples/nonprim.rs:24:17
[INFO] [stdout]    |
[INFO] [stdout] 24 |     let value = rpkl::from_config::<Config>(path);
[INFO] [stdout]    |                 ^^^^ use of unresolved module or unlinked crate `rpkl`
[INFO] [stdout]    |
[INFO] [stdout]    = help: if you wanted to use a crate named `rpkl`, use `cargo add rpkl` to add it to your `Cargo.toml`
[INFO] [stdout] 
[INFO] [stdout] 
[INFO] [stdout] error[E0433]: cannot find module or crate `rpkl` in this scope
[INFO] [stdout]   --> examples/nonprim.rs:16:18
[INFO] [stdout]    |
[INFO] [stdout] 16 |     numbers: Vec<rpkl::Value>,
[INFO] [stdout]    |                  ^^^^ use of unresolved module or unlinked crate `rpkl`
[INFO] [stdout]    |
[INFO] [stdout]    = help: if you wanted to use a crate named `rpkl`, use `cargo add rpkl` to add it to your `Cargo.toml`
[INFO] [stdout] 
[INFO] [stdout] 
[INFO] [stdout] For more information about this error, try `rustc --explain E0433`.
[INFO] [stdout] 
[INFO] [stderr] error: could not compile `rpkl-jdx` (example "nonprim") due to 3 previous errors
[INFO] [stdout] error[E0433]: cannot find module or crate `rpkl` in this scope
[INFO] [stdout]   --> examples/codegen.rs:11:20
[INFO] [stdout]    |
[INFO] [stdout] 11 |     pub birds: Vec<rpkl::Value>,
[INFO] [stdout]    |                    ^^^^ use of unresolved module or unlinked crate `rpkl`
[INFO] [stdout]    |
[INFO] [stdout]    = help: if you wanted to use a crate named `rpkl`, use `cargo add rpkl` to add it to your `Cargo.toml`
[INFO] [stdout] 
[INFO] [stdout] 
[INFO] [stdout] error[E0433]: cannot find module or crate `rpkl` in this scope
[INFO] [stdout]   --> examples/codegen.rs:12:18
[INFO] [stdout]    |
[INFO] [stdout] 12 |     pub mapping: rpkl::Value,
[INFO] [stdout]    |                  ^^^^ use of unresolved module or unlinked crate `rpkl`
[INFO] [stdout]    |
[INFO] [stdout]    = help: if you wanted to use a crate named `rpkl`, use `cargo add rpkl` to add it to your `Cargo.toml`
[INFO] [stdout] 
[INFO] [stdout] 
[INFO] [stdout] Some errors have detailed explanations: E0432, E0433.
[INFO] [stdout] 
[INFO] [stdout] For more information about an error, try `rustc --explain E0432`.
[INFO] [stdout] 
[INFO] [stderr] error: could not compile `rpkl-jdx` (example "codegen") due to 3 previous errors
[INFO] [stdout] error[E0433]: cannot find module or crate `rpkl` in this scope
[INFO] [stdout]    --> tests/tests.rs:329:22
[INFO] [stdout]     |
[INFO] [stdout] 329 |         numbers: Vec<rpkl::Value>,
[INFO] [stdout]     |                      ^^^^ use of unresolved module or unlinked crate `rpkl`
[INFO] [stdout]     |
[INFO] [stdout]     = help: if you wanted to use a crate named `rpkl`, use `cargo add rpkl` to add it to your `Cargo.toml`
[INFO] [stdout] 
[INFO] [stdout] 
[INFO] [stdout] error[E0433]: cannot find module or crate `rpkl` in this scope
[INFO] [stdout]    --> tests/tests.rs:358:33
[INFO] [stdout]     |
[INFO] [stdout] 358 |     fn mappings() -> Result<(), rpkl::Error> {
[INFO] [stdout]     |                                 ^^^^ use of unresolved module or unlinked crate `rpkl`
[INFO] [stdout]     |
[INFO] [stdout]     = help: if you wanted to use a crate named `rpkl`, use `cargo add rpkl` to add it to your `Cargo.toml`
[INFO] [stdout] 
[INFO] [stdout] 
[INFO] [stdout] error[E0433]: cannot find module or crate `rpkl` in this scope
[INFO] [stdout]    --> tests/tests.rs:333:45
[INFO] [stdout]     |
[INFO] [stdout] 333 |     fn non_primitive_values() -> Result<(), rpkl::Error> {
[INFO] [stdout]     |                                             ^^^^ use of unresolved module or unlinked crate `rpkl`
[INFO] [stdout]     |
[INFO] [stdout]     = help: if you wanted to use a crate named `rpkl`, use `cargo add rpkl` to add it to your `Cargo.toml`
[INFO] [stdout] 
[INFO] [stdout] 
[INFO] [stdout] Some errors have detailed explanations: E0432, E0433, E0554.
[INFO] [stdout] 
[INFO] [stdout] For more information about an error, try `rustc --explain E0432`.
[INFO] [stdout] 
[INFO] [stderr] error: could not compile `rpkl-jdx` (test "tests") due to 14 previous errors
[INFO] [stdout] warning: struct `DurationDeserializer` is never constructed
[INFO] [stdout]  --> src/pkl/de/duration.rs:8:12
[INFO] [stdout]   |
[INFO] [stdout] 8 | pub struct DurationDeserializer<'a> {
[INFO] [stdout]   |            ^^^^^^^^^^^^^^^^^^^^
[INFO] [stdout]   |
[INFO] [stdout]   = note: `#[warn(dead_code)]` (part of `#[warn(unused)]`) on by default
[INFO] [stdout] 
[INFO] [stdout] 
[INFO] [stdout] warning: struct `TupleDeserializer` is never constructed
[INFO] [stdout]  --> src/pkl/de/pair.rs:8:12
[INFO] [stdout]   |
[INFO] [stdout] 8 | pub struct TupleDeserializer<'a> {
[INFO] [stdout]   |            ^^^^^^^^^^^^^^^^^
[INFO] [stdout] 
[INFO] [stdout] 
[INFO] [stdout] warning: struct `RangeDeserializer` is never constructed
[INFO] [stdout]  --> src/pkl/de/range.rs:8:12
[INFO] [stdout]   |
[INFO] [stdout] 8 | pub struct RangeDeserializer<'a> {
[INFO] [stdout]   |            ^^^^^^^^^^^^^^^^^
[INFO] [stdout] 
[INFO] [stdout] 
[INFO] [stdout] warning: hiding a lifetime that's elided elsewhere is confusing
[INFO] [stdout]    --> src/pkl/deserializer.rs:272:30
[INFO] [stdout]     |
[INFO] [stdout] 272 |     pub fn into_deserializer(&self) -> PklValueDeserializer {
[INFO] [stdout]     |                              ^^^^^     ^^^^^^^^^^^^^^^^^^^^ the same lifetime is hidden here
[INFO] [stdout]     |                              |
[INFO] [stdout]     |                              the lifetime is elided here
[INFO] [stdout]     |
[INFO] [stdout]     = help: the same lifetime is referred to in inconsistent ways, making the signature confusing
[INFO] [stdout]     = note: `#[warn(mismatched_lifetime_syntaxes)]` on by default
[INFO] [stdout] help: use `'_` for type paths
[INFO] [stdout]     |
[INFO] [stdout] 272 |     pub fn into_deserializer(&self) -> PklValueDeserializer<'_> {
[INFO] [stdout]     |                                                            ++++
[INFO] [stdout] 
[INFO] [stdout] 
[INFO] running `Command { std: "docker" "inspect" "02c29afe6cb253a6bb00e61813228196ccff139bdbaae2e7014943b479aade9e", kill_on_drop: false }`
[INFO] running `Command { std: "docker" "rm" "-f" "02c29afe6cb253a6bb00e61813228196ccff139bdbaae2e7014943b479aade9e", kill_on_drop: false }`
[INFO] [stdout] 02c29afe6cb253a6bb00e61813228196ccff139bdbaae2e7014943b479aade9e
