[INFO] fetching crate rpi-hal-embassy 0.9.0...
[INFO] testing rpi-hal-embassy-0.9.0 against 1.99.0-beta.8 for beta-1.100-2
[INFO] extracting crate rpi-hal-embassy 0.9.0 into /workspace/builds/worker-2-tc1/source
[INFO] removed /workspace/builds/worker-2-tc1/source/.cargo/config.toml
[INFO] removed /workspace/builds/worker-2-tc1/source/rust-toolchain.toml
[INFO] started tweaking crates.io crate rpi-hal-embassy 0.9.0
[INFO] removed 0 missing examples
[INFO] finished tweaking crates.io crate rpi-hal-embassy 0.9.0
[INFO] tweaked toml for crates.io crate rpi-hal-embassy 0.9.0 written to /workspace/builds/worker-2-tc1/source/Cargo.toml
[INFO] validating manifest of crates.io crate rpi-hal-embassy 0.9.0 on toolchain 1.99.0-beta.8
[INFO] running `Command { std: CARGO_HOME="/workspace/cargo-home" RUSTUP_HOME="/workspace/rustup-home" "/workspace/cargo-home/bin/cargo" "+1.99.0-beta.8" "metadata" "--manifest-path" "Cargo.toml" "--no-deps", kill_on_drop: false }`
[INFO] crate crates.io crate rpi-hal-embassy 0.9.0 already has a lockfile, it will not be regenerated
[INFO] running `Command { std: CARGO_HOME="/workspace/cargo-home" RUSTUP_HOME="/workspace/rustup-home" "/workspace/cargo-home/bin/cargo" "+1.99.0-beta.8" "fetch" "--manifest-path" "Cargo.toml", kill_on_drop: false }`
[INFO] [stderr]     Updating crates.io index
[INFO] [stderr]  Downloading crates ...
[INFO] [stderr]   Downloaded embedded-io-async v0.7.0
[INFO] [stderr]   Downloaded embedded-io v0.7.1
[INFO] [stderr]   Downloaded embassy-executor-macros v0.8.0
[INFO] [stderr]   Downloaded picoserve_derive v0.1.4
[INFO] [stderr]   Downloaded embassy-net-driver v0.2.0
[INFO] [stderr]   Downloaded embedded-nal v0.9.0
[INFO] [stderr]   Downloaded managed v0.8.0
[INFO] [stderr]   Downloaded embedded-nal-async v0.9.0
[INFO] [stderr]   Downloaded const-sha1 v0.3.0
[INFO] [stderr]   Downloaded embassy-time-queue-utils v0.3.2
[INFO] [stderr]   Downloaded embassy-executor-timer-queue v0.1.0
[INFO] [stderr]   Downloaded embassy-net-driver-channel v0.4.0
[INFO] [stderr]   Downloaded embassy-net v0.9.1
[INFO] [stderr]   Downloaded embassy-sync v0.8.0
[INFO] [stderr]   Downloaded embassy-executor v0.10.0
[INFO] [stderr]   Downloaded cordyceps v0.3.5
[INFO] [stderr]   Downloaded bcm2837-lpa v0.5.0
[INFO] [stderr]   Downloaded embedded-sdmmc v0.9.0
[INFO] [stderr]   Downloaded heapless v0.9.3
[INFO] [stderr]   Downloaded bcm2835-lpa v0.5.0
[INFO] [stderr]   Downloaded smoltcp v0.13.1
[INFO] [stderr]   Downloaded rpi-hal v0.9.0
[INFO] [stderr]   Downloaded picoserve v0.19.0
[INFO] running `Command { std: "docker" "create" "-v" "/var/lib/crater-agent-workspace/builds/worker-2-tc1/source:/opt/rustwide/workdir:ro,Z" "-v" "/var/lib/crater-agent-workspace/builds/worker-2-tc1/target:/opt/rustwide/target:rw,Z" "-v" "/var/lib/crater-agent-workspace/cargo-home:/opt/rustwide/cargo-home:ro,Z" "-v" "/var/lib/crater-agent-workspace/rustup-home:/opt/rustwide/rustup-home:ro,Z" "-m" "1610612736" "--network" "none" "ghcr.io/rust-lang/crates-build-env/linux@sha256:3111399a4047eeb3a02b7a90e478d715f38a8c6669b5c4b49d30a17385265909" "sleep" "infinity", kill_on_drop: false }`
[INFO] [stdout] 9ca8ea7ff25a01ab527dc1e226fa82d3b528ebe01d3d7150ce12acb73183e1df
[INFO] running `Command { std: "docker" "start" "9ca8ea7ff25a01ab527dc1e226fa82d3b528ebe01d3d7150ce12acb73183e1df", kill_on_drop: false }`
[INFO] running `Command { std: "docker" "inspect" "9ca8ea7ff25a01ab527dc1e226fa82d3b528ebe01d3d7150ce12acb73183e1df", kill_on_drop: false }`
[INFO] running `Command { std: "docker" "exec" "-e" "SOURCE_DIR=/opt/rustwide/workdir" "-e" "CARGO_HOME=/opt/rustwide/cargo-home" "-e" "RUSTUP_HOME=/opt/rustwide/rustup-home" "-e" "CARGO_TARGET_DIR=/opt/rustwide/target" "-w" "/opt/rustwide/workdir" "--user" "0:0" "9ca8ea7ff25a01ab527dc1e226fa82d3b528ebe01d3d7150ce12acb73183e1df" "/opt/rustwide/cargo-home/bin/cargo" "+1.99.0-beta.8" "metadata" "--no-deps" "--format-version=1", kill_on_drop: false }`
[INFO] running `Command { std: "docker" "inspect" "9ca8ea7ff25a01ab527dc1e226fa82d3b528ebe01d3d7150ce12acb73183e1df", kill_on_drop: false }`
[INFO] running `Command { std: "docker" "exec" "-e" "SOURCE_DIR=/opt/rustwide/workdir" "-e" "CARGO_HOME=/opt/rustwide/cargo-home" "-e" "RUSTUP_HOME=/opt/rustwide/rustup-home" "-e" "CARGO_TARGET_DIR=/opt/rustwide/target" "-e" "CARGO_INCREMENTAL=0" "-e" "RUST_BACKTRACE=full" "-e" "RUSTFLAGS=--cap-lints=warn" "-e" "RUSTDOCFLAGS=--cap-lints=warn" "-w" "/opt/rustwide/workdir" "--user" "0:0" "9ca8ea7ff25a01ab527dc1e226fa82d3b528ebe01d3d7150ce12acb73183e1df" "/opt/rustwide/cargo-home/bin/cargo" "+1.99.0-beta.8" "build" "--frozen" "--message-format=json", kill_on_drop: false }`
[INFO] [stderr]    Compiling embassy-time-driver v0.2.2
[INFO] [stderr]    Compiling heapless v0.9.3
[INFO] [stderr]    Compiling embassy-time-queue-utils v0.3.2
[INFO] [stderr]    Compiling litrs v1.0.0
[INFO] [stderr]    Compiling byteorder v1.5.0
[INFO] [stderr]    Compiling stable_deref_trait v1.2.1
[INFO] [stderr]    Compiling rpi-hal v0.9.0
[INFO] [stderr]    Compiling critical-section v1.2.0
[INFO] [stderr]    Compiling embassy-executor v0.10.0
[INFO] [stderr]    Compiling vcell v0.1.3
[INFO] [stderr]    Compiling embassy-executor-timer-queue v0.1.0
[INFO] [stderr]    Compiling cordyceps v0.3.5
[INFO] [stderr]    Compiling rpi-hal-embassy v0.9.0 (/opt/rustwide/workdir)
[INFO] [stderr]    Compiling embedded-io v0.7.1
[INFO] [stderr]    Compiling embedded-hal v1.0.0
[INFO] [stderr]    Compiling syn v2.0.119
[INFO] [stderr]    Compiling bcm2837-lpa v0.5.0
[INFO] [stderr]    Compiling hash32 v0.3.1
[INFO] [stderr]    Compiling document-features v0.2.12
[INFO] [stdout] error: rpi-hal supports only ARM (AArch32) and AArch64 targets
[INFO] [stdout]    --> /opt/rustwide/cargo-home/registry/src/index.crates.io-1949cf8c6b5b557f/rpi-hal-0.9.0/src/barrier.rs:101:1
[INFO] [stdout]     |
[INFO] [stdout] 101 | compile_error!("rpi-hal supports only ARM (AArch32) and AArch64 targets");
[INFO] [stdout]     | ^^^^^^^^^^^^^^^^^^^^^^^^^^^^^^^^^^^^^^^^^^^^^^^^^^^^^^^^^^^^^^^^^^^^^^^^^
[INFO] [stdout] 
[INFO] [stdout] 
[INFO] [stdout] error: rpi-hal supports only ARM (AArch32) and AArch64 targets
[INFO] [stdout]    --> /opt/rustwide/cargo-home/registry/src/index.crates.io-1949cf8c6b5b557f/rpi-hal-0.9.0/src/cache.rs:140:1
[INFO] [stdout]     |
[INFO] [stdout] 140 | compile_error!("rpi-hal supports only ARM (AArch32) and AArch64 targets");
[INFO] [stdout]     | ^^^^^^^^^^^^^^^^^^^^^^^^^^^^^^^^^^^^^^^^^^^^^^^^^^^^^^^^^^^^^^^^^^^^^^^^^
[INFO] [stdout] 
[INFO] [stdout] 
[INFO] [stderr]    Compiling darling_core v0.20.11
[INFO] [stdout] error[E0425]: cannot find function `core_id` in module `crate::cpu`
[INFO] [stdout]    --> /opt/rustwide/cargo-home/registry/src/index.crates.io-1949cf8c6b5b557f/rpi-hal-0.9.0/src/generic_timer.rs:216:58
[INFO] [stdout]     |
[INFO] [stdout] 216 |     let reg = (LOCAL_TIMER_IRQCTL_BASE + 4 * crate::cpu::core_id()) as *mut u32;
[INFO] [stdout]     |                                                          ^^^^^^^ not found in `crate::cpu`
[INFO] [stdout]     |
[INFO] [stdout] note: found an item that was configured out
[INFO] [stdout]    --> /opt/rustwide/cargo-home/registry/src/index.crates.io-1949cf8c6b5b557f/rpi-hal-0.9.0/src/cpu.rs:24:8
[INFO] [stdout]     |
[INFO] [stdout]  22 | #[cfg(all(target_arch = "arm", not(armv6)))]
[INFO] [stdout]     |           ------------------- the item is gated behind the `arm` feature
[INFO] [stdout]  23 | #[inline(always)]
[INFO] [stdout]  24 | pub fn core_id() -> usize {
[INFO] [stdout]     |        ^^^^^^^
[INFO] [stdout] note: found an item that was configured out
[INFO] [stdout]    --> /opt/rustwide/cargo-home/registry/src/index.crates.io-1949cf8c6b5b557f/rpi-hal-0.9.0/src/cpu.rs:44:8
[INFO] [stdout]     |
[INFO] [stdout]  42 | #[cfg(armv6)]
[INFO] [stdout]     |       ----- the item is gated here
[INFO] [stdout]  43 | #[inline(always)]
[INFO] [stdout]  44 | pub fn core_id() -> usize {
[INFO] [stdout]     |        ^^^^^^^
[INFO] [stdout] note: found an item that was configured out
[INFO] [stdout]    --> /opt/rustwide/cargo-home/registry/src/index.crates.io-1949cf8c6b5b557f/rpi-hal-0.9.0/src/cpu.rs:51:8
[INFO] [stdout]     |
[INFO] [stdout]  49 | #[cfg(target_arch = "aarch64")]
[INFO] [stdout]     |       ----------------------- the item is gated behind the `aarch64` feature
[INFO] [stdout]  50 | #[inline(always)]
[INFO] [stdout]  51 | pub fn core_id() -> usize {
[INFO] [stdout]     |        ^^^^^^^
[INFO] [stdout] 
[INFO] [stdout] 
[INFO] [stdout] error[E0425]: cannot find function `rpi_hal_fpu_init` in this scope
[INFO] [stdout]   --> /opt/rustwide/cargo-home/registry/src/index.crates.io-1949cf8c6b5b557f/rpi-hal-0.9.0/src/fpu.rs:47:14
[INFO] [stdout]    |
[INFO] [stdout] 47 |     unsafe { rpi_hal_fpu_init() }
[INFO] [stdout]    |              ^^^^^^^^^^^^^^^^ not found in this scope
[INFO] [stdout] 
[INFO] [stdout] 
[INFO] [stdout] error[E0425]: cannot find function `read_cntfrq` in this scope
[INFO] [stdout]   --> /opt/rustwide/cargo-home/registry/src/index.crates.io-1949cf8c6b5b557f/rpi-hal-0.9.0/src/generic_timer.rs:96:9
[INFO] [stdout]    |
[INFO] [stdout] 96 |         read_cntfrq()
[INFO] [stdout]    |         ^^^^^^^^^^^ not found in this scope
[INFO] [stdout] 
[INFO] [stdout] 
[INFO] [stdout] error[E0425]: cannot find function `read_cntpct` in this scope
[INFO] [stdout]    --> /opt/rustwide/cargo-home/registry/src/index.crates.io-1949cf8c6b5b557f/rpi-hal-0.9.0/src/generic_timer.rs:104:9
[INFO] [stdout]     |
[INFO] [stdout] 104 |         read_cntpct()
[INFO] [stdout]     |         ^^^^^^^^^^^ not found in this scope
[INFO] [stdout] 
[INFO] [stdout] 
[INFO] [stdout] error[E0425]: cannot find function `write_cntp_tval` in this scope
[INFO] [stdout]    --> /opt/rustwide/cargo-home/registry/src/index.crates.io-1949cf8c6b5b557f/rpi-hal-0.9.0/src/generic_timer.rs:134:9
[INFO] [stdout]     |
[INFO] [stdout] 134 |         write_cntp_tval(ticks as u32);
[INFO] [stdout]     |         ^^^^^^^^^^^^^^^ not found in this scope
[INFO] [stdout] 
[INFO] [stdout] 
[INFO] [stdout] error[E0425]: cannot find function `write_cntp_ctl` in this scope
[INFO] [stdout]    --> /opt/rustwide/cargo-home/registry/src/index.crates.io-1949cf8c6b5b557f/rpi-hal-0.9.0/src/generic_timer.rs:135:9
[INFO] [stdout]     |
[INFO] [stdout] 135 |         write_cntp_ctl(CTL_ENABLE);
[INFO] [stdout]     |         ^^^^^^^^^^^^^^ not found in this scope
[INFO] [stdout] 
[INFO] [stdout] 
[INFO] [stdout] error[E0425]: cannot find function `write_cntp_cval` in this scope
[INFO] [stdout]    --> /opt/rustwide/cargo-home/registry/src/index.crates.io-1949cf8c6b5b557f/rpi-hal-0.9.0/src/generic_timer.rs:148:9
[INFO] [stdout]     |
[INFO] [stdout] 148 |         write_cntp_cval(deadline);
[INFO] [stdout]     |         ^^^^^^^^^^^^^^^ not found in this scope
[INFO] [stdout] 
[INFO] [stdout] 
[INFO] [stdout] error[E0425]: cannot find function `write_cntp_ctl` in this scope
[INFO] [stdout]    --> /opt/rustwide/cargo-home/registry/src/index.crates.io-1949cf8c6b5b557f/rpi-hal-0.9.0/src/generic_timer.rs:149:9
[INFO] [stdout]     |
[INFO] [stdout] 149 |         write_cntp_ctl(CTL_ENABLE);
[INFO] [stdout]     |         ^^^^^^^^^^^^^^ not found in this scope
[INFO] [stdout] 
[INFO] [stdout] 
[INFO] [stdout] error[E0425]: cannot find function `read_cntp_ctl` in this scope
[INFO] [stdout]    --> /opt/rustwide/cargo-home/registry/src/index.crates.io-1949cf8c6b5b557f/rpi-hal-0.9.0/src/generic_timer.rs:157:9
[INFO] [stdout]     |
[INFO] [stdout] 157 |         read_cntp_ctl() & CTL_ISTATUS != 0
[INFO] [stdout]     |         ^^^^^^^^^^^^^ not found in this scope
[INFO] [stdout] 
[INFO] [stdout] 
[INFO] [stdout] error[E0425]: cannot find function `write_cntp_ctl` in this scope
[INFO] [stdout]    --> /opt/rustwide/cargo-home/registry/src/index.crates.io-1949cf8c6b5b557f/rpi-hal-0.9.0/src/generic_timer.rs:164:9
[INFO] [stdout]     |
[INFO] [stdout] 164 |         write_cntp_ctl(0);
[INFO] [stdout]     |         ^^^^^^^^^^^^^^ not found in this scope
[INFO] [stdout] 
[INFO] [stdout] 
[INFO] [stdout] error[E0308]: mismatched types
[INFO] [stdout]   --> /opt/rustwide/cargo-home/registry/src/index.crates.io-1949cf8c6b5b557f/rpi-hal-0.9.0/src/pmu.rs:83:27
[INFO] [stdout]    |
[INFO] [stdout] 83 |     pub fn read(&self) -> u64 {
[INFO] [stdout]    |            ----           ^^^ expected `u64`, found `()`
[INFO] [stdout]    |            |
[INFO] [stdout]    |            implicitly returns `()` as its body has no tail or `return` expression
[INFO] [stdout] 
[INFO] [stdout] 
[INFO] [stdout] Some errors have detailed explanations: E0308, E0425.
[INFO] [stdout] 
[INFO] [stdout] For more information about an error, try `rustc --explain E0308`.
[INFO] [stdout] 
[INFO] [stderr] error: could not compile `rpi-hal` (lib) due to 13 previous errors
[INFO] [stderr] warning: build failed, waiting for other jobs to finish...
[INFO] running `Command { std: "docker" "inspect" "9ca8ea7ff25a01ab527dc1e226fa82d3b528ebe01d3d7150ce12acb73183e1df", kill_on_drop: false }`
[INFO] running `Command { std: "docker" "rm" "-f" "9ca8ea7ff25a01ab527dc1e226fa82d3b528ebe01d3d7150ce12acb73183e1df", kill_on_drop: false }`
[INFO] [stdout] 9ca8ea7ff25a01ab527dc1e226fa82d3b528ebe01d3d7150ce12acb73183e1df
