[INFO] fetching crate routers_network 0.3.0...
[INFO] testing routers_network-0.3.0 against 1.100.0-beta.1 for beta-1.100-2
[INFO] extracting crate routers_network 0.3.0 into /workspace/builds/worker-1-tc2/source
[INFO] started tweaking crates.io crate routers_network 0.3.0
[INFO] finished tweaking crates.io crate routers_network 0.3.0
[INFO] tweaked toml for crates.io crate routers_network 0.3.0 written to /workspace/builds/worker-1-tc2/source/Cargo.toml
[INFO] validating manifest of crates.io crate routers_network 0.3.0 on toolchain 1.100.0-beta.1
[INFO] running `Command { std: CARGO_HOME="/workspace/cargo-home" RUSTUP_HOME="/workspace/rustup-home" "/workspace/cargo-home/bin/cargo" "+1.100.0-beta.1" "metadata" "--manifest-path" "Cargo.toml" "--no-deps", kill_on_drop: false }`
[INFO] crate crates.io crate routers_network 0.3.0 already has a lockfile, it will not be regenerated
[INFO] running `Command { std: CARGO_HOME="/workspace/cargo-home" RUSTUP_HOME="/workspace/rustup-home" "/workspace/cargo-home/bin/cargo" "+1.100.0-beta.1" "fetch" "--manifest-path" "Cargo.toml", kill_on_drop: false }`
[INFO] running `Command { std: "docker" "create" "-v" "/var/lib/crater-agent-workspace/builds/worker-1-tc2/source:/opt/rustwide/workdir:ro,Z" "-v" "/var/lib/crater-agent-workspace/builds/worker-1-tc2/target:/opt/rustwide/target:rw,Z" "-v" "/var/lib/crater-agent-workspace/cargo-home:/opt/rustwide/cargo-home:ro,Z" "-v" "/var/lib/crater-agent-workspace/rustup-home:/opt/rustwide/rustup-home:ro,Z" "-m" "1610612736" "--network" "none" "ghcr.io/rust-lang/crates-build-env/linux@sha256:3111399a4047eeb3a02b7a90e478d715f38a8c6669b5c4b49d30a17385265909" "sleep" "infinity", kill_on_drop: false }`
[INFO] [stdout] bb1b8cb7343268e2450fb003421ce49c98283cb2c765d1301e35eb3f63dd0955
[INFO] running `Command { std: "docker" "start" "bb1b8cb7343268e2450fb003421ce49c98283cb2c765d1301e35eb3f63dd0955", kill_on_drop: false }`
[INFO] running `Command { std: "docker" "inspect" "bb1b8cb7343268e2450fb003421ce49c98283cb2c765d1301e35eb3f63dd0955", kill_on_drop: false }`
[INFO] running `Command { std: "docker" "exec" "-e" "SOURCE_DIR=/opt/rustwide/workdir" "-e" "CARGO_HOME=/opt/rustwide/cargo-home" "-e" "RUSTUP_HOME=/opt/rustwide/rustup-home" "-e" "CARGO_TARGET_DIR=/opt/rustwide/target" "-w" "/opt/rustwide/workdir" "--user" "0:0" "bb1b8cb7343268e2450fb003421ce49c98283cb2c765d1301e35eb3f63dd0955" "/opt/rustwide/cargo-home/bin/cargo" "+1.100.0-beta.1" "metadata" "--no-deps" "--format-version=1", kill_on_drop: false }`
[INFO] running `Command { std: "docker" "inspect" "bb1b8cb7343268e2450fb003421ce49c98283cb2c765d1301e35eb3f63dd0955", kill_on_drop: false }`
[INFO] running `Command { std: "docker" "exec" "-e" "SOURCE_DIR=/opt/rustwide/workdir" "-e" "CARGO_HOME=/opt/rustwide/cargo-home" "-e" "RUSTUP_HOME=/opt/rustwide/rustup-home" "-e" "CARGO_TARGET_DIR=/opt/rustwide/target" "-e" "CARGO_INCREMENTAL=0" "-e" "RUST_BACKTRACE=full" "-e" "RUSTFLAGS=--cap-lints=warn" "-e" "RUSTDOCFLAGS=--cap-lints=warn" "-w" "/opt/rustwide/workdir" "--user" "0:0" "bb1b8cb7343268e2450fb003421ce49c98283cb2c765d1301e35eb3f63dd0955" "/opt/rustwide/cargo-home/bin/cargo" "+1.100.0-beta.1" "build" "--frozen" "--message-format=json", kill_on_drop: false }`
[INFO] [stderr]    Compiling syn v3.0.3
[INFO] [stderr]    Compiling either v1.17.0
[INFO] [stderr]    Compiling byteorder v1.5.0
[INFO] [stderr]    Compiling heapless v0.8.0
[INFO] [stderr]    Compiling smallvec v1.15.2
[INFO] [stderr]    Compiling thiserror v2.0.20
[INFO] [stderr]    Compiling syn v2.0.119
[INFO] [stderr]    Compiling i_float v1.15.0
[INFO] [stderr]    Compiling num-traits v0.2.19
[INFO] [stderr]    Compiling tinyvec_macros v0.1.1
[INFO] [stderr]    Compiling i_key_sort v0.6.0
[INFO] [stderr]    Compiling float_next_after v1.0.0
[INFO] [stderr]    Compiling i_tree v0.16.0
[INFO] [stderr]    Compiling robust v1.2.0
[INFO] [stderr]    Compiling geographiclib-rs v0.2.7
[INFO] [stderr]    Compiling bytemuck v1.25.2
[INFO] [stderr]    Compiling tinyvec v1.12.0
[INFO] [stderr]    Compiling hash32 v0.3.1
[INFO] [stderr]    Compiling rayon v1.12.0
[INFO] [stderr]    Compiling itertools v0.11.0
[INFO] [stderr]    Compiling i_shape v1.14.0
[INFO] [stderr]    Compiling approx v0.5.1
[INFO] [stderr]    Compiling spade v2.15.1
[INFO] [stderr]    Compiling earcutr v0.4.3
[INFO] [stderr]    Compiling thiserror-impl v1.0.69
[INFO] [stderr]    Compiling i_overlay v4.0.7
[INFO] [stderr]    Compiling serde_derive v1.0.229
[INFO] [stderr]    Compiling thiserror-impl v2.0.20
[INFO] [stderr]    Compiling thiserror v1.0.69
[INFO] [stderr]    Compiling serde v1.0.229
[INFO] [stderr]    Compiling rstar v0.12.2
[INFO] [stderr]    Compiling geo-types v0.7.20
[INFO] [stderr]    Compiling geo-traits v0.3.0
[INFO] [stderr]    Compiling geo v0.31.0
[INFO] [stderr]    Compiling geo-index v0.3.4
[INFO] [stderr]    Compiling routers_network v0.3.0 (/opt/rustwide/workdir)
[INFO] [stderr]     Finished `dev` profile [unoptimized + debuginfo] target(s) in 18.01s
[INFO] running `Command { std: "docker" "inspect" "bb1b8cb7343268e2450fb003421ce49c98283cb2c765d1301e35eb3f63dd0955", kill_on_drop: false }`
[INFO] running `Command { std: "docker" "exec" "-e" "SOURCE_DIR=/opt/rustwide/workdir" "-e" "CARGO_HOME=/opt/rustwide/cargo-home" "-e" "RUSTUP_HOME=/opt/rustwide/rustup-home" "-e" "CARGO_TARGET_DIR=/opt/rustwide/target" "-e" "CARGO_INCREMENTAL=0" "-e" "RUST_BACKTRACE=full" "-e" "RUSTFLAGS=--cap-lints=warn" "-e" "RUSTDOCFLAGS=--cap-lints=warn" "-w" "/opt/rustwide/workdir" "--user" "0:0" "bb1b8cb7343268e2450fb003421ce49c98283cb2c765d1301e35eb3f63dd0955" "/opt/rustwide/cargo-home/bin/cargo" "+1.100.0-beta.1" "test" "--frozen" "--no-run" "--message-format=json", kill_on_drop: false }`
[INFO] [stderr]    Compiling routers_network v0.3.0 (/opt/rustwide/workdir)
[INFO] [stdout] error[E0433]: cannot find module or crate `petgraph` in this scope
[INFO] [stdout]   --> src/mock.rs:36:5
[INFO] [stdout]    |
[INFO] [stdout] 36 | use petgraph::prelude::DiGraphMap;
[INFO] [stdout]    |     ^^^^^^^^ use of unresolved module or unlinked crate `petgraph`
[INFO] [stdout]    |
[INFO] [stdout]    = help: if you wanted to use a crate named `petgraph`, use `cargo add petgraph` to add it to your `Cargo.toml`
[INFO] [stdout] 
[INFO] [stdout] 
[INFO] [stdout] error[E0432]: unresolved import `rustc_hash`
[INFO] [stdout]   --> src/mock.rs:37:5
[INFO] [stdout]    |
[INFO] [stdout] 37 | use rustc_hash::{FxHashMap, FxHasher};
[INFO] [stdout]    |     ^^^^^^^^^^ use of unresolved module or unlinked crate `rustc_hash`
[INFO] [stdout]    |
[INFO] [stdout]    = help: if you wanted to use a crate named `rustc_hash`, use `cargo add rustc_hash` to add it to your `Cargo.toml`
[INFO] [stdout] 
[INFO] [stdout] 
[INFO] [stdout] error[E0433]: cannot find module or crate `petgraph` in this scope
[INFO] [stdout]    --> src/mock.rs:173:29
[INFO] [stdout]     |
[INFO] [stdout] 173 |         let (score, path) = petgraph::algo::astar(
[INFO] [stdout]     |                             ^^^^^^^^ use of unresolved module or unlinked crate `petgraph`
[INFO] [stdout]     |
[INFO] [stdout]     = help: if you wanted to use a crate named `petgraph`, use `cargo add petgraph` to add it to your `Cargo.toml`
[INFO] [stdout] 
[INFO] [stdout] 
[INFO] [stdout] error[E0433]: cannot find module or crate `petgraph` in this scope
[INFO] [stdout]    --> src/mock.rs:209:37
[INFO] [stdout]     |
[INFO] [stdout] 209 |                 .edges_directed(id, petgraph::Direction::Outgoing)
[INFO] [stdout]     |                                     ^^^^^^^^ use of unresolved module or unlinked crate `petgraph`
[INFO] [stdout]     |
[INFO] [stdout]     = help: if you wanted to use a crate named `petgraph`, use `cargo add petgraph` to add it to your `Cargo.toml`
[INFO] [stdout] help: consider importing this enum through its public re-export
[INFO] [stdout]     |
[INFO] [stdout]  28 + use crate::Direction;
[INFO] [stdout]     |
[INFO] [stdout] help: if you import `Direction`, refer to it directly
[INFO] [stdout]     |
[INFO] [stdout] 209 -                 .edges_directed(id, petgraph::Direction::Outgoing)
[INFO] [stdout] 209 +                 .edges_directed(id, Direction::Outgoing)
[INFO] [stdout]     |
[INFO] [stdout] 
[INFO] [stdout] 
[INFO] [stdout] error[E0433]: cannot find module or crate `petgraph` in this scope
[INFO] [stdout]    --> src/mock.rs:220:37
[INFO] [stdout]     |
[INFO] [stdout] 220 |                 .edges_directed(id, petgraph::Direction::Incoming)
[INFO] [stdout]     |                                     ^^^^^^^^ use of unresolved module or unlinked crate `petgraph`
[INFO] [stdout]     |
[INFO] [stdout]     = help: if you wanted to use a crate named `petgraph`, use `cargo add petgraph` to add it to your `Cargo.toml`
[INFO] [stdout] help: consider importing this enum through its public re-export
[INFO] [stdout]     |
[INFO] [stdout]  28 + use crate::Direction;
[INFO] [stdout]     |
[INFO] [stdout] help: if you import `Direction`, refer to it directly
[INFO] [stdout]     |
[INFO] [stdout] 220 -                 .edges_directed(id, petgraph::Direction::Incoming)
[INFO] [stdout] 220 +                 .edges_directed(id, Direction::Incoming)
[INFO] [stdout]     |
[INFO] [stdout] 
[INFO] [stdout] 
[INFO] [stdout] Some errors have detailed explanations: E0432, E0433.
[INFO] [stdout] 
[INFO] [stdout] For more information about an error, try `rustc --explain E0432`.
[INFO] [stdout] 
[INFO] [stderr] error: could not compile `routers_network` (lib test) due to 5 previous errors
[INFO] running `Command { std: "docker" "inspect" "bb1b8cb7343268e2450fb003421ce49c98283cb2c765d1301e35eb3f63dd0955", kill_on_drop: false }`
[INFO] running `Command { std: "docker" "rm" "-f" "bb1b8cb7343268e2450fb003421ce49c98283cb2c765d1301e35eb3f63dd0955", kill_on_drop: false }`
[INFO] [stdout] bb1b8cb7343268e2450fb003421ce49c98283cb2c765d1301e35eb3f63dd0955
