[INFO] fetching crate rorm-sql 0.12.0...
[INFO] testing rorm-sql-0.12.0 against 1.99.0-beta.8 for beta-1.100-2
[INFO] extracting crate rorm-sql 0.12.0 into /workspace/builds/worker-1-tc1/source
[INFO] started tweaking crates.io crate rorm-sql 0.12.0
[INFO] finished tweaking crates.io crate rorm-sql 0.12.0
[INFO] tweaked toml for crates.io crate rorm-sql 0.12.0 written to /workspace/builds/worker-1-tc1/source/Cargo.toml
[INFO] validating manifest of crates.io crate rorm-sql 0.12.0 on toolchain 1.99.0-beta.8
[INFO] running `Command { std: CARGO_HOME="/workspace/cargo-home" RUSTUP_HOME="/workspace/rustup-home" "/workspace/cargo-home/bin/cargo" "+1.99.0-beta.8" "metadata" "--manifest-path" "Cargo.toml" "--no-deps", kill_on_drop: false }`
[INFO] crate crates.io crate rorm-sql 0.12.0 already has a lockfile, it will not be regenerated
[INFO] running `Command { std: CARGO_HOME="/workspace/cargo-home" RUSTUP_HOME="/workspace/rustup-home" "/workspace/cargo-home/bin/cargo" "+1.99.0-beta.8" "fetch" "--manifest-path" "Cargo.toml", kill_on_drop: false }`
[INFO] [stderr]     Updating crates.io index
[INFO] [stderr]  Downloading crates ...
[INFO] [stderr]   Downloaded mac_address v1.1.7
[INFO] [stderr]   Downloaded rorm-declaration v0.6.0
[INFO] [stderr]   Downloaded nix v0.28.0
[INFO] [stderr]   Downloaded syn v2.0.95
[INFO] running `Command { std: "docker" "create" "-v" "/var/lib/crater-agent-workspace/builds/worker-1-tc1/source:/opt/rustwide/workdir:ro,Z" "-v" "/var/lib/crater-agent-workspace/builds/worker-1-tc1/target:/opt/rustwide/target:rw,Z" "-v" "/var/lib/crater-agent-workspace/cargo-home:/opt/rustwide/cargo-home:ro,Z" "-v" "/var/lib/crater-agent-workspace/rustup-home:/opt/rustwide/rustup-home:ro,Z" "-m" "1610612736" "--network" "none" "ghcr.io/rust-lang/crates-build-env/linux@sha256:3111399a4047eeb3a02b7a90e478d715f38a8c6669b5c4b49d30a17385265909" "sleep" "infinity", kill_on_drop: false }`
[INFO] [stdout] 3068c688326cbc276525eea7318e68ef4a0a9996332c8a9c6848b6c7026dfd64
[INFO] running `Command { std: "docker" "start" "3068c688326cbc276525eea7318e68ef4a0a9996332c8a9c6848b6c7026dfd64", kill_on_drop: false }`
[INFO] running `Command { std: "docker" "inspect" "3068c688326cbc276525eea7318e68ef4a0a9996332c8a9c6848b6c7026dfd64", kill_on_drop: false }`
[INFO] running `Command { std: "docker" "exec" "-e" "SOURCE_DIR=/opt/rustwide/workdir" "-e" "CARGO_HOME=/opt/rustwide/cargo-home" "-e" "RUSTUP_HOME=/opt/rustwide/rustup-home" "-e" "CARGO_TARGET_DIR=/opt/rustwide/target" "-w" "/opt/rustwide/workdir" "--user" "0:0" "3068c688326cbc276525eea7318e68ef4a0a9996332c8a9c6848b6c7026dfd64" "/opt/rustwide/cargo-home/bin/cargo" "+1.99.0-beta.8" "metadata" "--no-deps" "--format-version=1", kill_on_drop: false }`
[INFO] running `Command { std: "docker" "inspect" "3068c688326cbc276525eea7318e68ef4a0a9996332c8a9c6848b6c7026dfd64", kill_on_drop: false }`
[INFO] running `Command { std: "docker" "exec" "-e" "SOURCE_DIR=/opt/rustwide/workdir" "-e" "CARGO_HOME=/opt/rustwide/cargo-home" "-e" "RUSTUP_HOME=/opt/rustwide/rustup-home" "-e" "CARGO_TARGET_DIR=/opt/rustwide/target" "-e" "CARGO_INCREMENTAL=0" "-e" "RUST_BACKTRACE=full" "-e" "RUSTFLAGS=--cap-lints=warn" "-e" "RUSTDOCFLAGS=--cap-lints=warn" "-w" "/opt/rustwide/workdir" "--user" "0:0" "3068c688326cbc276525eea7318e68ef4a0a9996332c8a9c6848b6c7026dfd64" "/opt/rustwide/cargo-home/bin/cargo" "+1.99.0-beta.8" "build" "--frozen" "--message-format=json", kill_on_drop: false }`
[INFO] [stderr]    Compiling proc-macro2 v1.0.92
[INFO] [stderr]    Compiling uuid v1.24.0
[INFO] [stderr]    Compiling num-traits v0.2.19
[INFO] [stderr]    Compiling time v0.3.55
[INFO] [stderr]    Compiling serde_json v1.0.151
[INFO] [stderr]    Compiling quote v1.0.38
[INFO] [stderr]    Compiling syn v3.0.3
[INFO] [stderr]    Compiling chrono v0.4.39
[INFO] [stderr]    Compiling serde_derive v1.0.229
[INFO] [stderr]    Compiling serde v1.0.229
[INFO] [stderr]    Compiling ordered-float v3.9.2
[INFO] [stderr]    Compiling rorm-declaration v0.6.0
[INFO] [stderr]    Compiling rorm-sql v0.12.0 (/opt/rustwide/workdir)
[INFO] [stdout] error: One of the features sqlite, postgres, mysql must be activated
[INFO] [stdout]  --> src/lib.rs:6:1
[INFO] [stdout]   |
[INFO] [stdout] 6 | compile_error!("One of the features sqlite, postgres, mysql must be activated");
[INFO] [stdout]   | ^^^^^^^^^^^^^^^^^^^^^^^^^^^^^^^^^^^^^^^^^^^^^^^^^^^^^^^^^^^^^^^^^^^^^^^^^^^^^^^
[INFO] [stdout] 
[INFO] [stdout] 
[INFO] [stdout] warning: unused imports: `PostgresType` and `self`
[INFO] [stdout]  --> src/alter_table.rs:3:28
[INFO] [stdout]   |
[INFO] [stdout] 3 | use crate::create_column::{self, CreateColumn, CreateColumnImpl, PostgresType};
[INFO] [stdout]   |                            ^^^^                                  ^^^^^^^^^^^^
[INFO] [stdout]   |
[INFO] [stdout]   = note: `#[warn(unused_imports)]` (part of `#[warn(unused)]`) on by default
[INFO] [stdout] 
[INFO] [stdout] 
[INFO] [stdout] warning: unused import: `rorm_declaration::imr::DefaultValue`
[INFO] [stdout]  --> src/create_column.rs:4:5
[INFO] [stdout]   |
[INFO] [stdout] 4 | use rorm_declaration::imr::DefaultValue;
[INFO] [stdout]   |     ^^^^^^^^^^^^^^^^^^^^^^^^^^^^^^^^^^^
[INFO] [stdout] 
[INFO] [stdout] 
[INFO] [stdout] warning: unused import: `Value`
[INFO] [stdout]   --> src/create_column.rs:15:33
[INFO] [stdout]    |
[INFO] [stdout] 15 | use crate::{Annotation, DbType, Value};
[INFO] [stdout]    |                                 ^^^^^
[INFO] [stdout] 
[INFO] [stdout] 
[INFO] [stdout] warning: unused import: `DBImpl`
[INFO] [stdout]  --> src/delete.rs:4:13
[INFO] [stdout]   |
[INFO] [stdout] 4 | use crate::{DBImpl, Value};
[INFO] [stdout]   |             ^^^^^^
[INFO] [stdout] 
[INFO] [stdout] 
[INFO] [stdout] warning: unused import: `crate::value::NullType`
[INFO] [stdout]  --> src/insert.rs:8:5
[INFO] [stdout]   |
[INFO] [stdout] 8 | use crate::value::NullType;
[INFO] [stdout]   |     ^^^^^^^^^^^^^^^^^^^^^^
[INFO] [stdout] 
[INFO] [stdout] 
[INFO] [stdout] warning: unused import: `crate::DBImpl`
[INFO] [stdout]  --> src/join_table.rs:6:5
[INFO] [stdout]   |
[INFO] [stdout] 6 | use crate::DBImpl;
[INFO] [stdout]   |     ^^^^^^^^^^^^^
[INFO] [stdout] 
[INFO] [stdout] 
[INFO] [stdout] warning: unused import: `Ordering`
[INFO] [stdout]  --> src/select.rs:6:37
[INFO] [stdout]   |
[INFO] [stdout] 6 | use crate::ordering::{OrderByEntry, Ordering};
[INFO] [stdout]   |                                     ^^^^^^^^
[INFO] [stdout] 
[INFO] [stdout] 
[INFO] [stdout] warning: unused import: `crate::value::NullType`
[INFO] [stdout]  --> src/update.rs:9:5
[INFO] [stdout]   |
[INFO] [stdout] 9 | use crate::value::NullType;
[INFO] [stdout]   |     ^^^^^^^^^^^^^^^^^^^^^^
[INFO] [stdout] 
[INFO] [stdout] 
[INFO] [stdout] warning: unused import: `DBImpl`
[INFO] [stdout]   --> src/update.rs:10:13
[INFO] [stdout]    |
[INFO] [stdout] 10 | use crate::{DBImpl, OnConflict, Value};
[INFO] [stdout]    |             ^^^^^^
[INFO] [stdout] 
[INFO] [stdout] 
[INFO] [stdout] warning: unused import: `AlterTableImpl`
[INFO] [stdout]   --> src/lib.rs:56:54
[INFO] [stdout]    |
[INFO] [stdout] 56 | use crate::alter_table::{AlterTable, AlterTableData, AlterTableImpl, AlterTableOperation};
[INFO] [stdout]    |                                                      ^^^^^^^^^^^^^^
[INFO] [stdout] 
[INFO] [stdout] 
[INFO] [stdout] warning: unused import: `CreateIndexImpl`
[INFO] [stdout]   --> src/lib.rs:63:57
[INFO] [stdout]    |
[INFO] [stdout] 63 | use crate::create_index::{CreateIndex, CreateIndexData, CreateIndexImpl};
[INFO] [stdout]    |                                                         ^^^^^^^^^^^^^^^
[INFO] [stdout] 
[INFO] [stdout] 
[INFO] [stdout] warning: unused import: `CreateTableImpl`
[INFO] [stdout]   --> src/lib.rs:64:57
[INFO] [stdout]    |
[INFO] [stdout] 64 | use crate::create_table::{CreateTable, CreateTableData, CreateTableImpl};
[INFO] [stdout]    |                                                         ^^^^^^^^^^^^^^^
[INFO] [stdout] 
[INFO] [stdout] 
[INFO] [stdout] warning: unused import: `DeleteImpl`
[INFO] [stdout]   --> src/lib.rs:68:41
[INFO] [stdout]    |
[INFO] [stdout] 68 | use crate::delete::{Delete, DeleteData, DeleteImpl};
[INFO] [stdout]    |                                         ^^^^^^^^^^
[INFO] [stdout] 
[INFO] [stdout] 
[INFO] [stdout] warning: unused import: `DropIndexImpl`
[INFO] [stdout]   --> src/lib.rs:69:51
[INFO] [stdout]    |
[INFO] [stdout] 69 | use crate::drop_index::{DropIndex, DropIndexData, DropIndexImpl};
[INFO] [stdout]    |                                                   ^^^^^^^^^^^^^
[INFO] [stdout] 
[INFO] [stdout] 
[INFO] [stdout] warning: unused import: `DropTableImpl`
[INFO] [stdout]   --> src/lib.rs:70:51
[INFO] [stdout]    |
[INFO] [stdout] 70 | use crate::drop_table::{DropTable, DropTableData, DropTableImpl};
[INFO] [stdout]    |                                                   ^^^^^^^^^^^^^
[INFO] [stdout] 
[INFO] [stdout] 
[INFO] [stdout] warning: unused import: `InsertImpl`
[INFO] [stdout]   --> src/lib.rs:71:41
[INFO] [stdout]    |
[INFO] [stdout] 71 | use crate::insert::{Insert, InsertData, InsertImpl};
[INFO] [stdout]    |                                         ^^^^^^^^^^
[INFO] [stdout] 
[INFO] [stdout] 
[INFO] [stdout] warning: unused import: `UpdateImpl`
[INFO] [stdout]   --> src/lib.rs:77:41
[INFO] [stdout]    |
[INFO] [stdout] 77 | use crate::update::{Update, UpdateData, UpdateImpl};
[INFO] [stdout]    |                                         ^^^^^^^^^^
[INFO] [stdout] 
[INFO] [stdout] 
[INFO] [stdout] error[E0392]: lifetime parameter `'post_build` is never used
[INFO] [stdout]   --> src/alter_table.rs:13:44
[INFO] [stdout]    |
[INFO] [stdout] 13 | pub enum AlterTableOperation<'until_build, 'post_build> {
[INFO] [stdout]    |                                            ^^^^^^^^^^^ unused lifetime parameter
[INFO] [stdout]    |
[INFO] [stdout]    = help: consider removing `'post_build`, referring to it in a field, or using a marker such as `PhantomData`
[INFO] [stdout] 
[INFO] [stdout] 
[INFO] [stdout] error[E0392]: lifetime parameter `'until_build` is never used
[INFO] [stdout]    --> src/alter_table.rs:114:25
[INFO] [stdout]     |
[INFO] [stdout] 114 | pub enum AlterTableImpl<'until_build, 'post_build> {
[INFO] [stdout]     |                         ^^^^^^^^^^^^ unused lifetime parameter
[INFO] [stdout]     |
[INFO] [stdout]     = help: consider removing `'until_build`, referring to it in a field, or using a marker such as `PhantomData`
[INFO] [stdout] 
[INFO] [stdout] 
[INFO] [stdout] error[E0392]: lifetime parameter `'post_build` is never used
[INFO] [stdout]    --> src/alter_table.rs:114:39
[INFO] [stdout]     |
[INFO] [stdout] 114 | pub enum AlterTableImpl<'until_build, 'post_build> {
[INFO] [stdout]     |                                       ^^^^^^^^^^^ unused lifetime parameter
[INFO] [stdout]     |
[INFO] [stdout]     = help: consider removing `'post_build`, referring to it in a field, or using a marker such as `PhantomData`
[INFO] [stdout] 
[INFO] [stdout] 
[INFO] [stdout] error[E0392]: lifetime parameter `'until_build` is never used
[INFO] [stdout]   --> src/create_column.rs:72:27
[INFO] [stdout]    |
[INFO] [stdout] 72 | pub enum CreateColumnImpl<'until_build, 'post_build> {
[INFO] [stdout]    |                           ^^^^^^^^^^^^ unused lifetime parameter
[INFO] [stdout]    |
[INFO] [stdout]    = help: consider removing `'until_build`, referring to it in a field, or using a marker such as `PhantomData`
[INFO] [stdout] 
[INFO] [stdout] 
[INFO] [stdout] error[E0392]: lifetime parameter `'post_build` is never used
[INFO] [stdout]   --> src/create_column.rs:72:41
[INFO] [stdout]    |
[INFO] [stdout] 72 | pub enum CreateColumnImpl<'until_build, 'post_build> {
[INFO] [stdout]    |                                         ^^^^^^^^^^^ unused lifetime parameter
[INFO] [stdout]    |
[INFO] [stdout]    = help: consider removing `'post_build`, referring to it in a field, or using a marker such as `PhantomData`
[INFO] [stdout] 
[INFO] [stdout] 
[INFO] [stdout] error[E0392]: lifetime parameter `'until_build` is never used
[INFO] [stdout]   --> src/create_index.rs:58:26
[INFO] [stdout]    |
[INFO] [stdout] 58 | pub enum CreateIndexImpl<'until_build> {
[INFO] [stdout]    |                          ^^^^^^^^^^^^ unused lifetime parameter
[INFO] [stdout]    |
[INFO] [stdout]    = help: consider removing `'until_build`, referring to it in a field, or using a marker such as `PhantomData`
[INFO] [stdout] 
[INFO] [stdout] 
[INFO] [stdout] error[E0392]: lifetime parameter `'until_build` is never used
[INFO] [stdout]   --> src/create_table.rs:47:26
[INFO] [stdout]    |
[INFO] [stdout] 47 | pub enum CreateTableImpl<'until_build, 'post_build> {
[INFO] [stdout]    |                          ^^^^^^^^^^^^ unused lifetime parameter
[INFO] [stdout]    |
[INFO] [stdout]    = help: consider removing `'until_build`, referring to it in a field, or using a marker such as `PhantomData`
[INFO] [stdout] 
[INFO] [stdout] 
[INFO] [stdout] error[E0392]: lifetime parameter `'post_build` is never used
[INFO] [stdout]   --> src/create_table.rs:47:40
[INFO] [stdout]    |
[INFO] [stdout] 47 | pub enum CreateTableImpl<'until_build, 'post_build> {
[INFO] [stdout]    |                                        ^^^^^^^^^^^ unused lifetime parameter
[INFO] [stdout]    |
[INFO] [stdout]    = help: consider removing `'post_build`, referring to it in a field, or using a marker such as `PhantomData`
[INFO] [stdout] 
[INFO] [stdout] 
[INFO] [stdout] error[E0392]: lifetime parameter `'until_build` is never used
[INFO] [stdout]   --> src/delete.rs:44:21
[INFO] [stdout]    |
[INFO] [stdout] 44 | pub enum DeleteImpl<'until_build, 'post_query> {
[INFO] [stdout]    |                     ^^^^^^^^^^^^ unused lifetime parameter
[INFO] [stdout]    |
[INFO] [stdout]    = help: consider removing `'until_build`, referring to it in a field, or using a marker such as `PhantomData`
[INFO] [stdout] 
[INFO] [stdout] 
[INFO] [stdout] error[E0392]: lifetime parameter `'post_query` is never used
[INFO] [stdout]   --> src/delete.rs:44:35
[INFO] [stdout]    |
[INFO] [stdout] 44 | pub enum DeleteImpl<'until_build, 'post_query> {
[INFO] [stdout]    |                                   ^^^^^^^^^^^ unused lifetime parameter
[INFO] [stdout]    |
[INFO] [stdout]    = help: consider removing `'post_query`, referring to it in a field, or using a marker such as `PhantomData`
[INFO] [stdout] 
[INFO] [stdout] 
[INFO] [stdout] error[E0392]: lifetime parameter `'until_build` is never used
[INFO] [stdout]   --> src/drop_index.rs:31:24
[INFO] [stdout]    |
[INFO] [stdout] 31 | pub enum DropIndexImpl<'until_build> {
[INFO] [stdout]    |                        ^^^^^^^^^^^^ unused lifetime parameter
[INFO] [stdout]    |
[INFO] [stdout]    = help: consider removing `'until_build`, referring to it in a field, or using a marker such as `PhantomData`
[INFO] [stdout] 
[INFO] [stdout] 
[INFO] [stdout] error[E0392]: lifetime parameter `'until_build` is never used
[INFO] [stdout]   --> src/drop_table.rs:31:24
[INFO] [stdout]    |
[INFO] [stdout] 31 | pub enum DropTableImpl<'until_build> {
[INFO] [stdout]    |                        ^^^^^^^^^^^^ unused lifetime parameter
[INFO] [stdout]    |
[INFO] [stdout]    = help: consider removing `'until_build`, referring to it in a field, or using a marker such as `PhantomData`
[INFO] [stdout] 
[INFO] [stdout] 
[INFO] [stdout] error[E0392]: lifetime parameter `'until_build` is never used
[INFO] [stdout]   --> src/insert.rs:52:21
[INFO] [stdout]    |
[INFO] [stdout] 52 | pub enum InsertImpl<'until_build, 'post_build> {
[INFO] [stdout]    |                     ^^^^^^^^^^^^ unused lifetime parameter
[INFO] [stdout]    |
[INFO] [stdout]    = help: consider removing `'until_build`, referring to it in a field, or using a marker such as `PhantomData`
[INFO] [stdout] 
[INFO] [stdout] 
[INFO] [stdout] error[E0392]: lifetime parameter `'post_build` is never used
[INFO] [stdout]   --> src/insert.rs:52:35
[INFO] [stdout]    |
[INFO] [stdout] 52 | pub enum InsertImpl<'until_build, 'post_build> {
[INFO] [stdout]    |                                   ^^^^^^^^^^^ unused lifetime parameter
[INFO] [stdout]    |
[INFO] [stdout]    = help: consider removing `'post_build`, referring to it in a field, or using a marker such as `PhantomData`
[INFO] [stdout] 
[INFO] [stdout] 
[INFO] [stdout] error[E0392]: lifetime parameter `'until_build` is never used
[INFO] [stdout]   --> src/join_table.rs:91:24
[INFO] [stdout]    |
[INFO] [stdout] 91 | pub enum JoinTableImpl<'until_build, 'post_query> {
[INFO] [stdout]    |                        ^^^^^^^^^^^^ unused lifetime parameter
[INFO] [stdout]    |
[INFO] [stdout]    = help: consider removing `'until_build`, referring to it in a field, or using a marker such as `PhantomData`
[INFO] [stdout] 
[INFO] [stdout] 
[INFO] [stdout] error[E0392]: lifetime parameter `'post_query` is never used
[INFO] [stdout]   --> src/join_table.rs:91:38
[INFO] [stdout]    |
[INFO] [stdout] 91 | pub enum JoinTableImpl<'until_build, 'post_query> {
[INFO] [stdout]    |                                      ^^^^^^^^^^^ unused lifetime parameter
[INFO] [stdout]    |
[INFO] [stdout]    = help: consider removing `'post_query`, referring to it in a field, or using a marker such as `PhantomData`
[INFO] [stdout] 
[INFO] [stdout] 
[INFO] [stdout] error[E0392]: lifetime parameter `'until_build` is never used
[INFO] [stdout]   --> src/select_column.rs:38:27
[INFO] [stdout]    |
[INFO] [stdout] 38 | pub enum SelectColumnImpl<'until_build> {
[INFO] [stdout]    |                           ^^^^^^^^^^^^ unused lifetime parameter
[INFO] [stdout]    |
[INFO] [stdout]    = help: consider removing `'until_build`, referring to it in a field, or using a marker such as `PhantomData`
[INFO] [stdout] 
[INFO] [stdout] 
[INFO] [stdout] error[E0392]: lifetime parameter `'until_build` is never used
[INFO] [stdout]   --> src/update.rs:69:21
[INFO] [stdout]    |
[INFO] [stdout] 69 | pub enum UpdateImpl<'until_build, 'post_build> {
[INFO] [stdout]    |                     ^^^^^^^^^^^^ unused lifetime parameter
[INFO] [stdout]    |
[INFO] [stdout]    = help: consider removing `'until_build`, referring to it in a field, or using a marker such as `PhantomData`
[INFO] [stdout] 
[INFO] [stdout] 
[INFO] [stdout] error[E0392]: lifetime parameter `'post_build` is never used
[INFO] [stdout]   --> src/update.rs:69:35
[INFO] [stdout]    |
[INFO] [stdout] 69 | pub enum UpdateImpl<'until_build, 'post_build> {
[INFO] [stdout]    |                                   ^^^^^^^^^^^ unused lifetime parameter
[INFO] [stdout]    |
[INFO] [stdout]    = help: consider removing `'post_build`, referring to it in a field, or using a marker such as `PhantomData`
[INFO] [stdout] 
[INFO] [stdout] 
[INFO] [stdout] error[E0277]: the trait bound `(): CreateTable<'until_build, 'post_build>` is not satisfied
[INFO] [stdout]    --> src/lib.rs:103:10
[INFO] [stdout]     |
[INFO] [stdout] 103 |     ) -> impl CreateTable<'until_build, 'post_build>
[INFO] [stdout]     |          ^^^^^^^^^^^^^^^^^^^^^^^^^^^^^^^^^^^^^^^^^^^ the trait `CreateTable<'until_build, 'post_build>` is not implemented for `()`
[INFO] [stdout]     |
[INFO] [stdout] help: the trait `CreateTable<'until_build, 'post_build>` is implemented for `CreateTableImpl<'until_build, 'post_build>`
[INFO] [stdout]    --> src/create_table.rs:60:1
[INFO] [stdout]     |
[INFO] [stdout]  60 | / impl<'until_build, 'post_build> CreateTable<'until_build, 'post_build>
[INFO] [stdout]  61 | |     for CreateTableImpl<'until_build, 'post_build>
[INFO] [stdout]     | |__________________________________________________^
[INFO] [stdout] 
[INFO] [stdout] 
[INFO] [stdout] error[E0277]: the trait bound `(): create_index::CreateIndex<'until_build>` is not satisfied
[INFO] [stdout]    --> src/lib.rs:162:10
[INFO] [stdout]     |
[INFO] [stdout] 162 |     ) -> impl CreateIndex<'until_build> {
[INFO] [stdout]     |          ^^^^^^^^^^^^^^^^^^^^^^^^^^^^^^ the trait `create_index::CreateIndex<'until_build>` is not implemented for `()`
[INFO] [stdout]     |
[INFO] [stdout] help: the trait `create_index::CreateIndex<'until_build>` is implemented for `CreateIndexImpl<'until_build>`
[INFO] [stdout]    --> src/create_index.rs:71:1
[INFO] [stdout]     |
[INFO] [stdout]  71 | impl<'until_build> CreateIndex<'until_build> for CreateIndexImpl<'until_build> {
[INFO] [stdout]     | ^^^^^^^^^^^^^^^^^^^^^^^^^^^^^^^^^^^^^^^^^^^^^^^^^^^^^^^^^^^^^^^^^^^^^^^^^^^^^^
[INFO] [stdout] 
[INFO] [stdout] 
[INFO] [stdout] error[E0277]: the trait bound `(): DropIndex` is not satisfied
[INFO] [stdout]    --> src/lib.rs:189:10
[INFO] [stdout]     |
[INFO] [stdout] 189 |     ) -> impl DropIndex + 'until_build {
[INFO] [stdout]     |          ^^^^^^^^^^^^^^^^^^^^^^^^^^^^^ the trait `DropIndex` is not implemented for `()`
[INFO] [stdout]     |
[INFO] [stdout] help: the trait `DropIndex` is implemented for `DropIndexImpl<'_>`
[INFO] [stdout]    --> src/drop_index.rs:44:1
[INFO] [stdout]     |
[INFO] [stdout]  44 | impl DropIndex for DropIndexImpl<'_> {
[INFO] [stdout]     | ^^^^^^^^^^^^^^^^^^^^^^^^^^^^^^^^^^^^
[INFO] [stdout] 
[INFO] [stdout] 
[INFO] [stdout] error[E0277]: the trait bound `(): DropTable` is not satisfied
[INFO] [stdout]    --> src/lib.rs:211:10
[INFO] [stdout]     |
[INFO] [stdout] 211 |     ) -> impl DropTable + 'until_build {
[INFO] [stdout]     |          ^^^^^^^^^^^^^^^^^^^^^^^^^^^^^ the trait `DropTable` is not implemented for `()`
[INFO] [stdout]     |
[INFO] [stdout] help: the trait `DropTable` is implemented for `DropTableImpl<'_>`
[INFO] [stdout]    --> src/drop_table.rs:44:1
[INFO] [stdout]     |
[INFO] [stdout]  44 | impl DropTable for DropTableImpl<'_> {
[INFO] [stdout]     | ^^^^^^^^^^^^^^^^^^^^^^^^^^^^^^^^^^^^
[INFO] [stdout] 
[INFO] [stdout] 
[INFO] [stdout] error[E0277]: the trait bound `(): AlterTable<'post_build>` is not satisfied
[INFO] [stdout]    --> src/lib.rs:235:10
[INFO] [stdout]     |
[INFO] [stdout] 235 |     ) -> impl AlterTable<'post_build> + 'until_build
[INFO] [stdout]     |          ^^^^^^^^^^^^^^^^^^^^^^^^^^^^^^^^^^^^^^^^^^^ the trait `AlterTable<'post_build>` is not implemented for `()`
[INFO] [stdout]     |
[INFO] [stdout] help: the trait `AlterTable<'post_build>` is implemented for `AlterTableImpl<'_, 'post_build>`
[INFO] [stdout]    --> src/alter_table.rs:127:1
[INFO] [stdout]     |
[INFO] [stdout] 127 | impl<'post_build> AlterTable<'post_build> for AlterTableImpl<'_, 'post_build> {
[INFO] [stdout]     | ^^^^^^^^^^^^^^^^^^^^^^^^^^^^^^^^^^^^^^^^^^^^^^^^^^^^^^^^^^^^^^^^^^^^^^^^^^^^^
[INFO] [stdout] 
[INFO] [stdout] 
[INFO] [stdout] error[E0277]: the trait bound `(): Insert<'post_build>` is not satisfied
[INFO] [stdout]    --> src/lib.rs:356:10
[INFO] [stdout]     |
[INFO] [stdout] 356 |     ) -> impl Insert<'post_build> + 'until_build
[INFO] [stdout]     |          ^^^^^^^^^^^^^^^^^^^^^^^^^^^^^^^^^^^^^^^ the trait `Insert<'post_build>` is not implemented for `()`
[INFO] [stdout]     |
[INFO] [stdout] help: the trait `Insert<'post_build>` is implemented for `InsertImpl<'_, 'post_build>`
[INFO] [stdout]    --> src/insert.rs:65:1
[INFO] [stdout]     |
[INFO] [stdout]  65 | impl<'post_build> Insert<'post_build> for InsertImpl<'_, 'post_build> {
[INFO] [stdout]     | ^^^^^^^^^^^^^^^^^^^^^^^^^^^^^^^^^^^^^^^^^^^^^^^^^^^^^^^^^^^^^^^^^^^^^
[INFO] [stdout] 
[INFO] [stdout] 
[INFO] [stdout] error[E0277]: the trait bound `(): delete::Delete<'until_build, 'post_query>` is not satisfied
[INFO] [stdout]    --> src/lib.rs:385:10
[INFO] [stdout]     |
[INFO] [stdout] 385 |     ) -> impl Delete<'until_build, 'post_query>
[INFO] [stdout]     |          ^^^^^^^^^^^^^^^^^^^^^^^^^^^^^^^^^^^^^^ the trait `delete::Delete<'until_build, 'post_query>` is not implemented for `()`
[INFO] [stdout]     |
[INFO] [stdout] help: the trait `delete::Delete<'until_build, 'post_query>` is implemented for `DeleteImpl<'until_build, 'post_query>`
[INFO] [stdout]    --> src/delete.rs:57:1
[INFO] [stdout]     |
[INFO] [stdout]  57 | / impl<'until_build, 'post_query> Delete<'until_build, 'post_query>
[INFO] [stdout]  58 | |     for DeleteImpl<'until_build, 'post_query>
[INFO] [stdout]     | |_____________________________________________^
[INFO] [stdout] 
[INFO] [stdout] 
[INFO] [stdout] error[E0277]: the trait bound `(): Update<'until_build, 'post_query>` is not satisfied
[INFO] [stdout]    --> src/lib.rs:412:10
[INFO] [stdout]     |
[INFO] [stdout] 412 |     ) -> impl Update<'until_build, 'post_query>
[INFO] [stdout]     |          ^^^^^^^^^^^^^^^^^^^^^^^^^^^^^^^^^^^^^^ the trait `Update<'until_build, 'post_query>` is not implemented for `()`
[INFO] [stdout]     |
[INFO] [stdout] help: the trait `Update<'until_build, 'post_build>` is implemented for `UpdateImpl<'until_build, 'post_build>`
[INFO] [stdout]    --> src/update.rs:82:1
[INFO] [stdout]     |
[INFO] [stdout]  82 | / impl<'until_build, 'post_build> Update<'until_build, 'post_build>
[INFO] [stdout]  83 | |     for UpdateImpl<'until_build, 'post_build>
[INFO] [stdout]     | |_____________________________________________^
[INFO] [stdout] 
[INFO] [stdout] 
[INFO] [stdout] warning: unreachable expression
[INFO] [stdout]   --> src/create_index.rs:79:9
[INFO] [stdout]    |
[INFO] [stdout] 73 | /         match self {
[INFO] [stdout] 74 | |             #[cfg(feature = "sqlite")]
[INFO] [stdout] 75 | |             CreateIndexImpl::Sqlite(ref mut d) => d.unique = true,
[INFO] [stdout] 76 | |             #[cfg(feature = "postgres")]
[INFO] [stdout] 77 | |             CreateIndexImpl::Postgres(ref mut d) => d.unique = true,
[INFO] [stdout] 78 | |         };
[INFO] [stdout]    | |_________- any code following this expression is unreachable
[INFO] [stdout] 79 |           self
[INFO] [stdout]    |           ^^^^ unreachable expression
[INFO] [stdout]    |
[INFO] [stdout]    = note: `#[warn(unreachable_code)]` (part of `#[warn(unused)]`) on by default
[INFO] [stdout] 
[INFO] [stdout] 
[INFO] [stdout] warning: unreachable expression
[INFO] [stdout]   --> src/create_index.rs:89:9
[INFO] [stdout]    |
[INFO] [stdout] 83 | /         match self {
[INFO] [stdout] 84 | |             #[cfg(feature = "sqlite")]
[INFO] [stdout] 85 | |             CreateIndexImpl::Sqlite(ref mut d) => d.if_not_exists = true,
[INFO] [stdout] 86 | |             #[cfg(feature = "postgres")]
[INFO] [stdout] 87 | |             CreateIndexImpl::Postgres(ref mut d) => d.if_not_exists = true,
[INFO] [stdout] 88 | |         };
[INFO] [stdout]    | |_________- any code following this expression is unreachable
[INFO] [stdout] 89 |           self
[INFO] [stdout]    |           ^^^^ unreachable expression
[INFO] [stdout] 
[INFO] [stdout] 
[INFO] [stdout] warning: unreachable expression
[INFO] [stdout]   --> src/create_index.rs:99:9
[INFO] [stdout]    |
[INFO] [stdout] 93 | /         match self {
[INFO] [stdout] 94 | |             #[cfg(feature = "sqlite")]
[INFO] [stdout] 95 | |             CreateIndexImpl::Sqlite(ref mut d) => d.columns.push(column),
[INFO] [stdout] 96 | |             #[cfg(feature = "postgres")]
[INFO] [stdout] 97 | |             CreateIndexImpl::Postgres(ref mut d) => d.columns.push(column),
[INFO] [stdout] 98 | |         }
[INFO] [stdout]    | |_________- any code following this expression is unreachable
[INFO] [stdout] 99 |           self
[INFO] [stdout]    |           ^^^^ unreachable expression
[INFO] [stdout] 
[INFO] [stdout] 
[INFO] [stdout] warning: unreachable expression
[INFO] [stdout]    --> src/create_index.rs:109:9
[INFO] [stdout]     |
[INFO] [stdout] 103 | /         match self {
[INFO] [stdout] 104 | |             #[cfg(feature = "sqlite")]
[INFO] [stdout] 105 | |             CreateIndexImpl::Sqlite(ref mut d) => d.condition = Some(condition),
[INFO] [stdout] 106 | |             #[cfg(feature = "postgres")]
[INFO] [stdout] 107 | |             CreateIndexImpl::Postgres(ref mut d) => d.condition = Some(condition),
[INFO] [stdout] 108 | |         }
[INFO] [stdout]     | |_________- any code following this expression is unreachable
[INFO] [stdout] 109 |           self
[INFO] [stdout]     |           ^^^^ unreachable expression
[INFO] [stdout] 
[INFO] [stdout] 
[INFO] [stdout] warning: unreachable expression
[INFO] [stdout]   --> src/create_table.rs:70:9
[INFO] [stdout]    |
[INFO] [stdout] 64 | /         match self {
[INFO] [stdout] 65 | |             #[cfg(feature = "sqlite")]
[INFO] [stdout] 66 | |             CreateTableImpl::SQLite(ref mut d) => d.columns.push(column),
[INFO] [stdout] 67 | |             #[cfg(feature = "postgres")]
[INFO] [stdout] 68 | |             CreateTableImpl::Postgres(ref mut d) => d.columns.push(column),
[INFO] [stdout] 69 | |         }
[INFO] [stdout]    | |_________- any code following this expression is unreachable
[INFO] [stdout] 70 |           self
[INFO] [stdout]    |           ^^^^ unreachable expression
[INFO] [stdout] 
[INFO] [stdout] 
[INFO] [stdout] warning: unreachable expression
[INFO] [stdout]   --> src/create_table.rs:80:9
[INFO] [stdout]    |
[INFO] [stdout] 74 | /         match self {
[INFO] [stdout] 75 | |             #[cfg(feature = "sqlite")]
[INFO] [stdout] 76 | |             CreateTableImpl::SQLite(ref mut d) => d.if_not_exists = true,
[INFO] [stdout] 77 | |             #[cfg(feature = "postgres")]
[INFO] [stdout] 78 | |             CreateTableImpl::Postgres(ref mut d) => d.if_not_exists = true,
[INFO] [stdout] 79 | |         }
[INFO] [stdout]    | |_________- any code following this expression is unreachable
[INFO] [stdout] 80 |           self
[INFO] [stdout]    |           ^^^^ unreachable expression
[INFO] [stdout] 
[INFO] [stdout] 
[INFO] [stdout] warning: unreachable expression
[INFO] [stdout]   --> src/delete.rs:67:9
[INFO] [stdout]    |
[INFO] [stdout] 61 | /         match self {
[INFO] [stdout] 62 | |             #[cfg(feature = "sqlite")]
[INFO] [stdout] 63 | |             DeleteImpl::SQLite(ref mut data) => data.where_clause = Some(condition),
[INFO] [stdout] 64 | |             #[cfg(feature = "postgres")]
[INFO] [stdout] 65 | |             DeleteImpl::Postgres(ref mut data) => data.where_clause = Some(condition),
[INFO] [stdout] 66 | |         };
[INFO] [stdout]    | |_________- any code following this expression is unreachable
[INFO] [stdout] 67 |           self
[INFO] [stdout]    |           ^^^^ unreachable expression
[INFO] [stdout] 
[INFO] [stdout] 
[INFO] [stdout] warning: unreachable expression
[INFO] [stdout]   --> src/drop_index.rs:52:9
[INFO] [stdout]    |
[INFO] [stdout] 46 | /         match self {
[INFO] [stdout] 47 | |             #[cfg(feature = "sqlite")]
[INFO] [stdout] 48 | |             DropIndexImpl::SQLite(ref mut d) => d.if_exists = true,
[INFO] [stdout] 49 | |             #[cfg(feature = "postgres")]
[INFO] [stdout] 50 | |             DropIndexImpl::Postgres(ref mut d) => d.if_exists = true,
[INFO] [stdout] 51 | |         };
[INFO] [stdout]    | |_________- any code following this expression is unreachable
[INFO] [stdout] 52 |           self
[INFO] [stdout]    |           ^^^^ unreachable expression
[INFO] [stdout] 
[INFO] [stdout] 
[INFO] [stdout] warning: unreachable expression
[INFO] [stdout]   --> src/drop_table.rs:52:9
[INFO] [stdout]    |
[INFO] [stdout] 46 | /         match self {
[INFO] [stdout] 47 | |             #[cfg(feature = "sqlite")]
[INFO] [stdout] 48 | |             DropTableImpl::SQLite(ref mut d) => d.if_exists = true,
[INFO] [stdout] 49 | |             #[cfg(feature = "postgres")]
[INFO] [stdout] 50 | |             DropTableImpl::Postgres(ref mut d) => d.if_exists = true,
[INFO] [stdout] 51 | |         };
[INFO] [stdout]    | |_________- any code following this expression is unreachable
[INFO] [stdout] 52 |           self
[INFO] [stdout]    |           ^^^^ unreachable expression
[INFO] [stdout] 
[INFO] [stdout] 
[INFO] [stdout] warning: unreachable expression
[INFO] [stdout]   --> src/insert.rs:73:9
[INFO] [stdout]    |
[INFO] [stdout] 67 | /         match self {
[INFO] [stdout] 68 | |             #[cfg(feature = "sqlite")]
[INFO] [stdout] 69 | |             InsertImpl::SQLite(ref mut d) => d.on_conflict = OnConflict::ROLLBACK,
[INFO] [stdout] 70 | |             #[cfg(feature = "postgres")]
[INFO] [stdout] 71 | |             InsertImpl::Postgres(ref mut d) => d.on_conflict = OnConflict::ROLLBACK,
[INFO] [stdout] 72 | |         };
[INFO] [stdout]    | |_________- any code following this expression is unreachable
[INFO] [stdout] 73 |           self
[INFO] [stdout]    |           ^^^^ unreachable expression
[INFO] [stdout] 
[INFO] [stdout] 
[INFO] [stdout] warning: unreachable expression
[INFO] [stdout]    --> src/select.rs:241:9
[INFO] [stdout]     |
[INFO] [stdout] 102 | /         match self.db_impl {
[INFO] [stdout] 103 | |             #[cfg(feature = "sqlite")]
[INFO] [stdout] 104 | |             DBImpl::SQLite => {
[INFO] [stdout] 105 | |                 sql = format!("SELECT{} ", if self.distinct { " DISTINCT" } else { "" });
[INFO] [stdout] ...   |
[INFO] [stdout] 239 | |         }
[INFO] [stdout]     | |_________- any code following this expression is unreachable
[INFO] [stdout] 240 |
[INFO] [stdout] 241 |           (sql, values)
[INFO] [stdout]     |           ^^^^^^^^^^^^^ unreachable expression
[INFO] [stdout] 
[INFO] [stdout] 
[INFO] [stdout] warning: unreachable expression
[INFO] [stdout]   --> src/update.rs:92:9
[INFO] [stdout]    |
[INFO] [stdout] 86 | /         match self {
[INFO] [stdout] 87 | |             #[cfg(feature = "sqlite")]
[INFO] [stdout] 88 | |             UpdateImpl::SQLite(ref mut d) => d.on_conflict = OnConflict::ROLLBACK,
[INFO] [stdout] 89 | |             #[cfg(feature = "postgres")]
[INFO] [stdout] 90 | |             UpdateImpl::Postgres(ref mut d) => d.on_conflict = OnConflict::ROLLBACK,
[INFO] [stdout] 91 | |         };
[INFO] [stdout]    | |_________- any code following this expression is unreachable
[INFO] [stdout] 92 |           self
[INFO] [stdout]    |           ^^^^ unreachable expression
[INFO] [stdout] 
[INFO] [stdout] 
[INFO] [stdout] warning: unreachable expression
[INFO] [stdout]    --> src/update.rs:102:9
[INFO] [stdout]     |
[INFO] [stdout]  96 | /         match self {
[INFO] [stdout]  97 | |             #[cfg(feature = "sqlite")]
[INFO] [stdout]  98 | |             UpdateImpl::SQLite(ref mut d) => d.where_clause = Some(condition),
[INFO] [stdout]  99 | |             #[cfg(feature = "postgres")]
[INFO] [stdout] 100 | |             UpdateImpl::Postgres(ref mut d) => d.where_clause = Some(condition),
[INFO] [stdout] 101 | |         };
[INFO] [stdout]     | |_________- any code following this expression is unreachable
[INFO] [stdout] 102 |           self
[INFO] [stdout]     |           ^^^^ unreachable expression
[INFO] [stdout] 
[INFO] [stdout] 
[INFO] [stdout] warning: unreachable expression
[INFO] [stdout]    --> src/update.rs:116:9
[INFO] [stdout]     |
[INFO] [stdout] 110 | /         match self {
[INFO] [stdout] 111 | |             #[cfg(feature = "sqlite")]
[INFO] [stdout] 112 | |             UpdateImpl::SQLite(ref mut d) => d.updates.push((column_name, column_value)),
[INFO] [stdout] 113 | |             #[cfg(feature = "postgres")]
[INFO] [stdout] 114 | |             UpdateImpl::Postgres(ref mut d) => d.updates.push((column_name, column_value)),
[INFO] [stdout] 115 | |         };
[INFO] [stdout]     | |_________- any code following this expression is unreachable
[INFO] [stdout] 116 |           self
[INFO] [stdout]     |           ^^^^ unreachable expression
[INFO] [stdout] 
[INFO] [stdout] 
[INFO] [stdout] warning: unused import: `CreateColumn`
[INFO] [stdout]  --> src/alter_table.rs:3:34
[INFO] [stdout]   |
[INFO] [stdout] 3 | use crate::create_column::{self, CreateColumn, CreateColumnImpl, PostgresType};
[INFO] [stdout]   |                                  ^^^^^^^^^^^^
[INFO] [stdout] 
[INFO] [stdout] 
[INFO] [stdout] warning: unused import: `std::fmt::Write`
[INFO] [stdout]  --> src/update.rs:1:5
[INFO] [stdout]   |
[INFO] [stdout] 1 | use std::fmt::Write;
[INFO] [stdout]   |     ^^^^^^^^^^^^^^^
[INFO] [stdout] 
[INFO] [stdout] 
[INFO] [stdout] warning: unused import: `BuildCondition`
[INFO] [stdout]  --> src/update.rs:3:26
[INFO] [stdout]   |
[INFO] [stdout] 3 | use crate::conditional::{BuildCondition, Condition};
[INFO] [stdout]   |                          ^^^^^^^^^^^^^^
[INFO] [stdout] 
[INFO] [stdout] 
[INFO] [stdout] warning: unused import: `std::fmt::Write`
[INFO] [stdout]  --> src/create_column.rs:2:5
[INFO] [stdout]   |
[INFO] [stdout] 2 | use std::fmt::Write;
[INFO] [stdout]   |     ^^^^^^^^^^^^^^^
[INFO] [stdout] 
[INFO] [stdout] 
[INFO] [stdout] warning: unused import: `std::fmt::Write`
[INFO] [stdout]  --> src/create_table.rs:1:5
[INFO] [stdout]   |
[INFO] [stdout] 1 | use std::fmt::Write;
[INFO] [stdout]   |     ^^^^^^^^^^^^^^^
[INFO] [stdout] 
[INFO] [stdout] 
[INFO] [stdout] warning: unused import: `CreateColumn`
[INFO] [stdout]  --> src/create_table.rs:3:28
[INFO] [stdout]   |
[INFO] [stdout] 3 | use crate::create_column::{CreateColumn, CreateColumnImpl};
[INFO] [stdout]   |                            ^^^^^^^^^^^^
[INFO] [stdout] 
[INFO] [stdout] 
[INFO] [stdout] warning: unused import: `std::fmt::Write`
[INFO] [stdout]  --> src/delete.rs:1:5
[INFO] [stdout]   |
[INFO] [stdout] 1 | use std::fmt::Write;
[INFO] [stdout]   |     ^^^^^^^^^^^^^^^
[INFO] [stdout] 
[INFO] [stdout] 
[INFO] [stdout] warning: unused import: `BuildCondition`
[INFO] [stdout]  --> src/delete.rs:3:26
[INFO] [stdout]   |
[INFO] [stdout] 3 | use crate::conditional::{BuildCondition, Condition};
[INFO] [stdout]   |                          ^^^^^^^^^^^^^^
[INFO] [stdout] 
[INFO] [stdout] 
[INFO] [stdout] warning: unused import: `std::fmt::Write`
[INFO] [stdout]  --> src/insert.rs:1:5
[INFO] [stdout]   |
[INFO] [stdout] 1 | use std::fmt::Write;
[INFO] [stdout]   |     ^^^^^^^^^^^^^^^
[INFO] [stdout] 
[INFO] [stdout] 
[INFO] [stdout] warning: unused import: `Write`
[INFO] [stdout]  --> src/join_table.rs:2:36
[INFO] [stdout]   |
[INFO] [stdout] 2 | use std::fmt::{Display, Formatter, Write};
[INFO] [stdout]   |                                    ^^^^^
[INFO] [stdout] 
[INFO] [stdout] 
[INFO] [stdout] warning: unused import: `std::fmt::Write`
[INFO] [stdout]  --> src/select_column.rs:1:5
[INFO] [stdout]   |
[INFO] [stdout] 1 | use std::fmt::Write;
[INFO] [stdout]   |     ^^^^^^^^^^^^^^^
[INFO] [stdout] 
[INFO] [stdout] 
[INFO] [stdout] warning: unused import: `BuildCondition`
[INFO] [stdout]  --> src/join_table.rs:4:26
[INFO] [stdout]   |
[INFO] [stdout] 4 | use crate::conditional::{BuildCondition, Condition};
[INFO] [stdout]   |                          ^^^^^^^^^^^^^^
[INFO] [stdout] 
[INFO] [stdout] 
[INFO] [stdout] warning: unused import: `std::fmt::Write`
[INFO] [stdout]  --> src/select.rs:1:5
[INFO] [stdout]   |
[INFO] [stdout] 1 | use std::fmt::Write;
[INFO] [stdout]   |     ^^^^^^^^^^^^^^^
[INFO] [stdout] 
[INFO] [stdout] 
[INFO] [stdout] warning: unused import: `BuildCondition`
[INFO] [stdout]  --> src/select.rs:3:26
[INFO] [stdout]   |
[INFO] [stdout] 3 | use crate::conditional::{BuildCondition, Condition};
[INFO] [stdout]   |                          ^^^^^^^^^^^^^^
[INFO] [stdout] 
[INFO] [stdout] 
[INFO] [stdout] warning: unused import: `JoinTable`
[INFO] [stdout]  --> src/select.rs:4:25
[INFO] [stdout]   |
[INFO] [stdout] 4 | use crate::join_table::{JoinTable, JoinTableImpl};
[INFO] [stdout]   |                         ^^^^^^^^^
[INFO] [stdout] 
[INFO] [stdout] 
[INFO] [stdout] warning: unused import: `SelectColumn`
[INFO] [stdout]  --> src/select.rs:7:28
[INFO] [stdout]   |
[INFO] [stdout] 7 | use crate::select_column::{SelectColumn, SelectColumnImpl};
[INFO] [stdout]   |                            ^^^^^^^^^^^^
[INFO] [stdout] 
[INFO] [stdout] 
[INFO] [stdout] warning: unused variable: `table_name`
[INFO] [stdout]    --> src/conditional.rs:309:21
[INFO] [stdout]     |
[INFO] [stdout] 309 |                     table_name,
[INFO] [stdout]     |                     ^^^^^^^^^^ help: try ignoring the field: `table_name: _`
[INFO] [stdout]     |
[INFO] [stdout]     = note: `#[warn(unused_variables)]` (part of `#[warn(unused)]`) on by default
[INFO] [stdout] 
[INFO] [stdout] 
[INFO] [stdout] warning: unused variable: `column_name`
[INFO] [stdout]    --> src/conditional.rs:310:21
[INFO] [stdout]     |
[INFO] [stdout] 310 |                     column_name,
[INFO] [stdout]     |                     ^^^^^^^^^^^ help: try ignoring the field: `column_name: _`
[INFO] [stdout] 
[INFO] [stdout] 
[INFO] [stdout] warning: unused variable: `c`
[INFO] [stdout]    --> src/conditional.rs:327:31
[INFO] [stdout]     |
[INFO] [stdout] 327 |                 Value::Choice(c) => match dialect {
[INFO] [stdout]     |                               ^ help: if this is intentional, prefix it with an underscore: `_c`
[INFO] [stdout] 
[INFO] [stdout] 
[INFO] [stdout] warning: unused variable: `sql`
[INFO] [stdout]   --> src/create_column.rs:86:20
[INFO] [stdout]    |
[INFO] [stdout] 86 |     fn build(self, sql: &mut String) -> Result<(), Error> {
[INFO] [stdout]    |                    ^^^ help: if this is intentional, prefix it with an underscore: `_sql`
[INFO] [stdout] 
[INFO] [stdout] 
[INFO] [stdout] warning: variable does not need to be mutable
[INFO] [stdout]   --> src/create_index.rs:72:15
[INFO] [stdout]    |
[INFO] [stdout] 72 |     fn unique(mut self) -> Self {
[INFO] [stdout]    |               ----^^^^
[INFO] [stdout]    |               |
[INFO] [stdout]    |               help: remove this `mut`
[INFO] [stdout]    |
[INFO] [stdout]    = note: `#[warn(unused_mut)]` (part of `#[warn(unused)]`) on by default
[INFO] [stdout] 
[INFO] [stdout] 
[INFO] [stdout] warning: variable does not need to be mutable
[INFO] [stdout]   --> src/create_index.rs:82:22
[INFO] [stdout]    |
[INFO] [stdout] 82 |     fn if_not_exists(mut self) -> Self {
[INFO] [stdout]    |                      ----^^^^
[INFO] [stdout]    |                      |
[INFO] [stdout]    |                      help: remove this `mut`
[INFO] [stdout] 
[INFO] [stdout] 
[INFO] [stdout] warning: variable does not need to be mutable
[INFO] [stdout]   --> src/create_index.rs:92:19
[INFO] [stdout]    |
[INFO] [stdout] 92 |     fn add_column(mut self, column: &'until_build str) -> Self {
[INFO] [stdout]    |                   ----^^^^
[INFO] [stdout]    |                   |
[INFO] [stdout]    |                   help: remove this `mut`
[INFO] [stdout] 
[INFO] [stdout] 
[INFO] [stdout] warning: unused variable: `column`
[INFO] [stdout]   --> src/create_index.rs:92:29
[INFO] [stdout]    |
[INFO] [stdout] 92 |     fn add_column(mut self, column: &'until_build str) -> Self {
[INFO] [stdout]    |                             ^^^^^^ help: if this is intentional, prefix it with an underscore: `_column`
[INFO] [stdout] 
[INFO] [stdout] 
[INFO] [stdout] warning: variable does not need to be mutable
[INFO] [stdout]    --> src/create_index.rs:102:22
[INFO] [stdout]     |
[INFO] [stdout] 102 |     fn set_condition(mut self, condition: String) -> Self {
[INFO] [stdout]     |                      ----^^^^
[INFO] [stdout]     |                      |
[INFO] [stdout]     |                      help: remove this `mut`
[INFO] [stdout] 
[INFO] [stdout] 
[INFO] [stdout] warning: unused variable: `condition`
[INFO] [stdout]    --> src/create_index.rs:102:32
[INFO] [stdout]     |
[INFO] [stdout] 102 |     fn set_condition(mut self, condition: String) -> Self {
[INFO] [stdout]     |                                ^^^^^^^^^ help: if this is intentional, prefix it with an underscore: `_condition`
[INFO] [stdout] 
[INFO] [stdout] 
[INFO] [stdout] warning: variable does not need to be mutable
[INFO] [stdout]   --> src/create_table.rs:63:19
[INFO] [stdout]    |
[INFO] [stdout] 63 |     fn add_column(mut self, column: CreateColumnImpl<'until_build, 'post_build>) -> Self {
[INFO] [stdout]    |                   ----^^^^
[INFO] [stdout]    |                   |
[INFO] [stdout]    |                   help: remove this `mut`
[INFO] [stdout] 
[INFO] [stdout] 
[INFO] [stdout] warning: unused variable: `column`
[INFO] [stdout]   --> src/create_table.rs:63:29
[INFO] [stdout]    |
[INFO] [stdout] 63 |     fn add_column(mut self, column: CreateColumnImpl<'until_build, 'post_build>) -> Self {
[INFO] [stdout]    |                             ^^^^^^ help: if this is intentional, prefix it with an underscore: `_column`
[INFO] [stdout] 
[INFO] [stdout] 
[INFO] [stdout] warning: variable does not need to be mutable
[INFO] [stdout]   --> src/create_table.rs:73:22
[INFO] [stdout]    |
[INFO] [stdout] 73 |     fn if_not_exists(mut self) -> Self {
[INFO] [stdout]    |                      ----^^^^
[INFO] [stdout]    |                      |
[INFO] [stdout]    |                      help: remove this `mut`
[INFO] [stdout] 
[INFO] [stdout] 
[INFO] [stdout] warning: variable does not need to be mutable
[INFO] [stdout]   --> src/delete.rs:60:21
[INFO] [stdout]    |
[INFO] [stdout] 60 |     fn where_clause(mut self, condition: &'until_build Condition<'post_query>) -> Self {
[INFO] [stdout]    |                     ----^^^^
[INFO] [stdout]    |                     |
[INFO] [stdout]    |                     help: remove this `mut`
[INFO] [stdout] 
[INFO] [stdout] 
[INFO] [stdout] warning: unused variable: `condition`
[INFO] [stdout]   --> src/delete.rs:60:31
[INFO] [stdout]    |
[INFO] [stdout] 60 |     fn where_clause(mut self, condition: &'until_build Condition<'post_query>) -> Self {
[INFO] [stdout]    |                               ^^^^^^^^^ help: if this is intentional, prefix it with an underscore: `_condition`
[INFO] [stdout] 
[INFO] [stdout] 
[INFO] [stdout] warning: variable does not need to be mutable
[INFO] [stdout]   --> src/drop_index.rs:45:18
[INFO] [stdout]    |
[INFO] [stdout] 45 |     fn if_exists(mut self) -> Self {
[INFO] [stdout]    |                  ----^^^^
[INFO] [stdout]    |                  |
[INFO] [stdout]    |                  help: remove this `mut`
[INFO] [stdout] 
[INFO] [stdout] 
[INFO] [stdout] warning: variable does not need to be mutable
[INFO] [stdout]   --> src/drop_table.rs:45:18
[INFO] [stdout]    |
[INFO] [stdout] 45 |     fn if_exists(mut self) -> Self {
[INFO] [stdout]    |                  ----^^^^
[INFO] [stdout]    |                  |
[INFO] [stdout]    |                  help: remove this `mut`
[INFO] [stdout] 
[INFO] [stdout] 
[INFO] [stdout] warning: variable does not need to be mutable
[INFO] [stdout]   --> src/insert.rs:66:29
[INFO] [stdout]    |
[INFO] [stdout] 66 |     fn rollback_transaction(mut self) -> Self {
[INFO] [stdout]    |                             ----^^^^
[INFO] [stdout]    |                             |
[INFO] [stdout]    |                             help: remove this `mut`
[INFO] [stdout] 
[INFO] [stdout] 
[INFO] [stdout] error[E0004]: non-exhaustive patterns: type `&JoinTableImpl<'_, '_>` is non-empty
[INFO] [stdout]    --> src/join_table.rs:106:15
[INFO] [stdout]     |
[INFO] [stdout] 106 |         match self {
[INFO] [stdout]     |               ^^^^
[INFO] [stdout]     |
[INFO] [stdout] note: `JoinTableImpl<'_, '_>` defined here
[INFO] [stdout]    --> src/join_table.rs:91:10
[INFO] [stdout]     |
[INFO] [stdout]  91 | pub enum JoinTableImpl<'until_build, 'post_query> {
[INFO] [stdout]     |          ^^^^^^^^^^^^^
[INFO] [stdout]     = note: the matched value is of type `&JoinTableImpl<'_, '_>`
[INFO] [stdout]     = note: references are always considered inhabited
[INFO] [stdout] help: ensure that all possible cases are being handled by adding a match arm with a wildcard pattern as shown
[INFO] [stdout]     |
[INFO] [stdout] 106 ~         match self {
[INFO] [stdout] 107 +             _ => todo!(),
[INFO] [stdout] 108 +         }
[INFO] [stdout]     |
[INFO] [stdout] 
[INFO] [stdout] 
[INFO] [stdout] warning: variable does not need to be mutable
[INFO] [stdout]    --> src/select.rs:100:13
[INFO] [stdout]     |
[INFO] [stdout] 100 |         let mut values = Vec::new();
[INFO] [stdout]     |             ----^^^^^^
[INFO] [stdout]     |             |
[INFO] [stdout]     |             help: remove this `mut`
[INFO] [stdout] 
[INFO] [stdout] 
[INFO] [stdout] warning: unused variable: `sql`
[INFO] [stdout]   --> src/select.rs:99:13
[INFO] [stdout]    |
[INFO] [stdout] 99 |         let mut sql;
[INFO] [stdout]    |             ^^^^^^^ help: if this is intentional, prefix it with an underscore: `_sql`
[INFO] [stdout] 
[INFO] [stdout] 
[INFO] [stdout] warning: unused variable: `values`
[INFO] [stdout]    --> src/select.rs:100:13
[INFO] [stdout]     |
[INFO] [stdout] 100 |         let mut values = Vec::new();
[INFO] [stdout]     |             ^^^^^^^^^^ help: if this is intentional, prefix it with an underscore: `_values`
[INFO] [stdout] 
[INFO] [stdout] 
[INFO] [stdout] error[E0004]: non-exhaustive patterns: type `&SelectColumnImpl<'_>` is non-empty
[INFO] [stdout]   --> src/select_column.rs:49:15
[INFO] [stdout]    |
[INFO] [stdout] 49 |         match self {
[INFO] [stdout]    |               ^^^^
[INFO] [stdout]    |
[INFO] [stdout] note: `SelectColumnImpl<'_>` defined here
[INFO] [stdout]   --> src/select_column.rs:38:10
[INFO] [stdout]    |
[INFO] [stdout] 38 | pub enum SelectColumnImpl<'until_build> {
[INFO] [stdout]    |          ^^^^^^^^^^^^^^^^
[INFO] [stdout]    = note: the matched value is of type `&SelectColumnImpl<'_>`
[INFO] [stdout]    = note: references are always considered inhabited
[INFO] [stdout] help: ensure that all possible cases are being handled by adding a match arm with a wildcard pattern as shown
[INFO] [stdout]    |
[INFO] [stdout] 49 ~         match self {
[INFO] [stdout] 50 +             _ => todo!(),
[INFO] [stdout] 51 +         }
[INFO] [stdout]    |
[INFO] [stdout] 
[INFO] [stdout] 
[INFO] [stdout] warning: variable does not need to be mutable
[INFO] [stdout]   --> src/update.rs:85:29
[INFO] [stdout]    |
[INFO] [stdout] 85 |     fn rollback_transaction(mut self) -> Self {
[INFO] [stdout]    |                             ----^^^^
[INFO] [stdout]    |                             |
[INFO] [stdout]    |                             help: remove this `mut`
[INFO] [stdout] 
[INFO] [stdout] 
[INFO] [stdout] warning: variable does not need to be mutable
[INFO] [stdout]   --> src/update.rs:95:21
[INFO] [stdout]    |
[INFO] [stdout] 95 |     fn where_clause(mut self, condition: &'until_build Condition<'post_build>) -> Self {
[INFO] [stdout]    |                     ----^^^^
[INFO] [stdout]    |                     |
[INFO] [stdout]    |                     help: remove this `mut`
[INFO] [stdout] 
[INFO] [stdout] 
[INFO] [stdout] warning: unused variable: `condition`
[INFO] [stdout]   --> src/update.rs:95:31
[INFO] [stdout]    |
[INFO] [stdout] 95 |     fn where_clause(mut self, condition: &'until_build Condition<'post_build>) -> Self {
[INFO] [stdout]    |                               ^^^^^^^^^ help: if this is intentional, prefix it with an underscore: `_condition`
[INFO] [stdout] 
[INFO] [stdout] 
[INFO] [stdout] warning: variable does not need to be mutable
[INFO] [stdout]    --> src/update.rs:106:9
[INFO] [stdout]     |
[INFO] [stdout] 106 |         mut self,
[INFO] [stdout]     |         ----^^^^
[INFO] [stdout]     |         |
[INFO] [stdout]     |         help: remove this `mut`
[INFO] [stdout] 
[INFO] [stdout] 
[INFO] [stdout] warning: unused variable: `column_name`
[INFO] [stdout]    --> src/update.rs:107:9
[INFO] [stdout]     |
[INFO] [stdout] 107 |         column_name: &'until_build str,
[INFO] [stdout]     |         ^^^^^^^^^^^ help: if this is intentional, prefix it with an underscore: `_column_name`
[INFO] [stdout] 
[INFO] [stdout] 
[INFO] [stdout] warning: unused variable: `column_value`
[INFO] [stdout]    --> src/update.rs:108:9
[INFO] [stdout]     |
[INFO] [stdout] 108 |         column_value: Value<'post_build>,
[INFO] [stdout]     |         ^^^^^^^^^^^^ help: if this is intentional, prefix it with an underscore: `_column_value`
[INFO] [stdout] 
[INFO] [stdout] 
[INFO] [stdout] error[E0004]: non-exhaustive patterns: type `&DBImpl` is non-empty
[INFO] [stdout]    --> src/lib.rs:288:15
[INFO] [stdout]     |
[INFO] [stdout] 288 |         match self {
[INFO] [stdout]     |               ^^^^
[INFO] [stdout]     |
[INFO] [stdout] note: `DBImpl` defined here
[INFO] [stdout]    --> src/lib.rs:84:10
[INFO] [stdout]     |
[INFO] [stdout]  84 | pub enum DBImpl {
[INFO] [stdout]     |          ^^^^^^
[INFO] [stdout]     = note: the matched value is of type `&DBImpl`
[INFO] [stdout]     = note: references are always considered inhabited
[INFO] [stdout] help: ensure that all possible cases are being handled by adding a match arm with a wildcard pattern as shown
[INFO] [stdout]     |
[INFO] [stdout] 288 ~         match self {
[INFO] [stdout] 289 +             _ => todo!(),
[INFO] [stdout] 290 +         }
[INFO] [stdout]     |
[INFO] [stdout] 
[INFO] [stdout] 
[INFO] [stdout] error[E0004]: non-exhaustive patterns: type `&DBImpl` is non-empty
[INFO] [stdout]    --> src/lib.rs:454:15
[INFO] [stdout]     |
[INFO] [stdout] 454 |         match self {
[INFO] [stdout]     |               ^^^^
[INFO] [stdout]     |
[INFO] [stdout] note: `DBImpl` defined here
[INFO] [stdout]    --> src/lib.rs:84:10
[INFO] [stdout]     |
[INFO] [stdout]  84 | pub enum DBImpl {
[INFO] [stdout]     |          ^^^^^^
[INFO] [stdout]     = note: the matched value is of type `&DBImpl`
[INFO] [stdout]     = note: references are always considered inhabited
[INFO] [stdout] help: ensure that all possible cases are being handled by adding a match arm with a wildcard pattern as shown
[INFO] [stdout]     |
[INFO] [stdout] 454 ~         match self {
[INFO] [stdout] 455 +             _ => todo!(),
[INFO] [stdout] 456 +         }
[INFO] [stdout]     |
[INFO] [stdout] 
[INFO] [stdout] 
[INFO] [stdout] error[E0004]: non-exhaustive patterns: type `&DBImpl` is non-empty
[INFO] [stdout]    --> src/lib.rs:485:15
[INFO] [stdout]     |
[INFO] [stdout] 485 |         match self {
[INFO] [stdout]     |               ^^^^
[INFO] [stdout]     |
[INFO] [stdout] note: `DBImpl` defined here
[INFO] [stdout]    --> src/lib.rs:84:10
[INFO] [stdout]     |
[INFO] [stdout]  84 | pub enum DBImpl {
[INFO] [stdout]     |          ^^^^^^
[INFO] [stdout]     = note: the matched value is of type `&DBImpl`
[INFO] [stdout]     = note: references are always considered inhabited
[INFO] [stdout] help: ensure that all possible cases are being handled by adding a match arm with a wildcard pattern as shown
[INFO] [stdout]     |
[INFO] [stdout] 485 ~         match self {
[INFO] [stdout] 486 +             _ => todo!(),
[INFO] [stdout] 487 +         }
[INFO] [stdout]     |
[INFO] [stdout] 
[INFO] [stdout] 
[INFO] [stdout] Some errors have detailed explanations: E0004, E0277, E0392.
[INFO] [stdout] 
[INFO] [stdout] For more information about an error, try `rustc --explain E0004`.
[INFO] [stdout] 
[INFO] [stderr] error: could not compile `rorm-sql` (lib) due to 33 previous errors; 74 warnings emitted
[INFO] running `Command { std: "docker" "inspect" "3068c688326cbc276525eea7318e68ef4a0a9996332c8a9c6848b6c7026dfd64", kill_on_drop: false }`
[INFO] running `Command { std: "docker" "rm" "-f" "3068c688326cbc276525eea7318e68ef4a0a9996332c8a9c6848b6c7026dfd64", kill_on_drop: false }`
[INFO] [stdout] 3068c688326cbc276525eea7318e68ef4a0a9996332c8a9c6848b6c7026dfd64
