[INFO] fetching crate rong_url 0.6.1...
[INFO] testing rong_url-0.6.1 against 1.99.0-beta.8 for beta-1.100-2
[INFO] extracting crate rong_url 0.6.1 into /workspace/builds/worker-1-tc1/source
[INFO] started tweaking crates.io crate rong_url 0.6.1
[INFO] finished tweaking crates.io crate rong_url 0.6.1
[INFO] tweaked toml for crates.io crate rong_url 0.6.1 written to /workspace/builds/worker-1-tc1/source/Cargo.toml
[INFO] validating manifest of crates.io crate rong_url 0.6.1 on toolchain 1.99.0-beta.8
[INFO] running `Command { std: CARGO_HOME="/workspace/cargo-home" RUSTUP_HOME="/workspace/rustup-home" "/workspace/cargo-home/bin/cargo" "+1.99.0-beta.8" "metadata" "--manifest-path" "Cargo.toml" "--no-deps", kill_on_drop: false }`
[INFO] crate crates.io crate rong_url 0.6.1 already has a lockfile, it will not be regenerated
[INFO] running `Command { std: CARGO_HOME="/workspace/cargo-home" RUSTUP_HOME="/workspace/rustup-home" "/workspace/cargo-home/bin/cargo" "+1.99.0-beta.8" "fetch" "--manifest-path" "Cargo.toml", kill_on_drop: false }`
[INFO] [stderr]     Updating crates.io index
[INFO] [stderr]  Downloading crates ...
[INFO] [stderr]   Downloaded rong v0.6.2
[INFO] [stderr]   Downloaded rong_rt v0.6.2
[INFO] [stderr]   Downloaded find-msvc-tools v0.1.13
[INFO] [stderr]   Downloaded rong_assert v0.6.0
[INFO] [stderr]   Downloaded rong_console v0.6.0
[INFO] [stderr]   Downloaded rong_arkjs_sys v0.6.1
[INFO] [stderr]   Downloaded rong_arkjs v0.6.0
[INFO] [stderr]   Downloaded rong_macro v0.6.1
[INFO] [stderr]   Downloaded rong_typegen v0.6.2
[INFO] [stderr]   Downloaded hyper-http-proxy v1.2.0
[INFO] [stderr]   Downloaded rong_jscore v0.6.0
[INFO] [stderr]   Downloaded rong_jscore_sys v0.6.1
[INFO] [stderr]   Downloaded rong_quickjs v0.6.0
[INFO] [stderr]   Downloaded rong_core v0.6.1
[INFO] [stderr]   Downloaded cc v1.4.7
[INFO] [stderr]   Downloaded bindgen v0.73.2
[INFO] [stderr]   Downloaded rong_quickjs_sys v0.6.1
[INFO] running `Command { std: "docker" "create" "-v" "/var/lib/crater-agent-workspace/builds/worker-1-tc1/source:/opt/rustwide/workdir:ro,Z" "-v" "/var/lib/crater-agent-workspace/builds/worker-1-tc1/target:/opt/rustwide/target:rw,Z" "-v" "/var/lib/crater-agent-workspace/cargo-home:/opt/rustwide/cargo-home:ro,Z" "-v" "/var/lib/crater-agent-workspace/rustup-home:/opt/rustwide/rustup-home:ro,Z" "-m" "1610612736" "--network" "none" "ghcr.io/rust-lang/crates-build-env/linux@sha256:3111399a4047eeb3a02b7a90e478d715f38a8c6669b5c4b49d30a17385265909" "sleep" "infinity", kill_on_drop: false }`
[INFO] [stdout] 18dc889840623b74a4054bf66480e3d1745bc8154a830ae9f706ad4c37d81bef
[INFO] running `Command { std: "docker" "start" "18dc889840623b74a4054bf66480e3d1745bc8154a830ae9f706ad4c37d81bef", kill_on_drop: false }`
[INFO] running `Command { std: "docker" "inspect" "18dc889840623b74a4054bf66480e3d1745bc8154a830ae9f706ad4c37d81bef", kill_on_drop: false }`
[INFO] running `Command { std: "docker" "exec" "-e" "SOURCE_DIR=/opt/rustwide/workdir" "-e" "CARGO_HOME=/opt/rustwide/cargo-home" "-e" "RUSTUP_HOME=/opt/rustwide/rustup-home" "-e" "CARGO_TARGET_DIR=/opt/rustwide/target" "-w" "/opt/rustwide/workdir" "--user" "0:0" "18dc889840623b74a4054bf66480e3d1745bc8154a830ae9f706ad4c37d81bef" "/opt/rustwide/cargo-home/bin/cargo" "+1.99.0-beta.8" "metadata" "--no-deps" "--format-version=1", kill_on_drop: false }`
[INFO] running `Command { std: "docker" "inspect" "18dc889840623b74a4054bf66480e3d1745bc8154a830ae9f706ad4c37d81bef", kill_on_drop: false }`
[INFO] running `Command { std: "docker" "exec" "-e" "SOURCE_DIR=/opt/rustwide/workdir" "-e" "CARGO_HOME=/opt/rustwide/cargo-home" "-e" "RUSTUP_HOME=/opt/rustwide/rustup-home" "-e" "CARGO_TARGET_DIR=/opt/rustwide/target" "-e" "CARGO_INCREMENTAL=0" "-e" "RUST_BACKTRACE=full" "-e" "RUSTFLAGS=--cap-lints=warn" "-e" "RUSTDOCFLAGS=--cap-lints=warn" "-w" "/opt/rustwide/workdir" "--user" "0:0" "18dc889840623b74a4054bf66480e3d1745bc8154a830ae9f706ad4c37d81bef" "/opt/rustwide/cargo-home/bin/cargo" "+1.99.0-beta.8" "build" "--frozen" "--message-format=json", kill_on_drop: false }`
[INFO] [stderr]    Compiling smallvec v1.16.1
[INFO] [stderr]    Compiling futures-sink v0.3.34
[INFO] [stderr]    Compiling syn v3.0.6
[INFO] [stderr]    Compiling errno v0.3.14
[INFO] [stderr]    Compiling mio v1.2.3
[INFO] [stderr]    Compiling zeroize v1.9.0
[INFO] [stderr]    Compiling futures-io v0.3.34
[INFO] [stderr]    Compiling httparse v1.10.1
[INFO] [stderr]    Compiling futures-channel v0.3.34
[INFO] [stderr]    Compiling signal-hook-registry v1.4.8
[INFO] [stderr]    Compiling syn v2.0.119
[INFO] [stderr]    Compiling rustls v0.23.45
[INFO] [stderr]    Compiling rustls-pki-types v1.15.1
[INFO] [stderr]    Compiling sha1 v0.10.7
[INFO] [stderr]    Compiling headers-core v0.3.0
[INFO] [stderr]    Compiling rong_core v0.6.1
[INFO] [stderr]    Compiling headers v0.4.1
[INFO] [stderr]    Compiling rustls-webpki v0.103.15
[INFO] [stderr]    Compiling webpki-roots v1.0.9
[INFO] [stderr]    Compiling synstructure v0.14.0
[INFO] [stderr]    Compiling rong_typegen v0.6.2
[INFO] [stderr]    Compiling tracing-attributes v0.1.31
[INFO] [stderr]    Compiling zerofrom-derive v0.1.8
[INFO] [stderr]    Compiling yoke-derive v0.8.3
[INFO] [stderr]    Compiling zerovec-derive v0.11.6
[INFO] [stderr]    Compiling displaydoc v0.2.7
[INFO] [stderr]    Compiling tokio-macros v2.7.2
[INFO] [stderr]    Compiling futures-macro v0.3.34
[INFO] [stderr]    Compiling tracing v0.1.44
[INFO] [stderr]    Compiling tokio v1.53.1
[INFO] [stderr]    Compiling serde_derive v1.0.229
[INFO] [stderr]    Compiling thiserror-impl v2.0.20
[INFO] [stderr]    Compiling rong_macro v0.6.1
[INFO] [stderr]    Compiling zerofrom v0.1.8
[INFO] [stderr]    Compiling futures-util v0.3.34
[INFO] [stderr]    Compiling yoke v0.8.3
[INFO] [stderr]    Compiling zerovec v0.11.8
[INFO] [stderr]    Compiling zerotrie v0.2.5
[INFO] [stderr]    Compiling thiserror v2.0.20
[INFO] [stderr]    Compiling tinystr v0.8.4
[INFO] [stderr]    Compiling potential_utf v0.1.6
[INFO] [stderr]    Compiling icu_collections v2.3.0
[INFO] [stderr]    Compiling icu_locale_core v2.3.0
[INFO] [stderr]    Compiling serde v1.0.229
[INFO] [stderr]    Compiling icu_provider v2.3.1
[INFO] [stderr]    Compiling icu_properties v2.3.0
[INFO] [stderr]    Compiling icu_normalizer v2.3.0
[INFO] [stderr]    Compiling futures-executor v0.3.34
[INFO] [stderr]    Compiling futures v0.3.34
[INFO] [stderr]    Compiling idna_adapter v1.2.2
[INFO] [stderr]    Compiling idna v1.1.0
[INFO] [stderr]    Compiling url v2.5.8
[INFO] [stderr]    Compiling hyper v1.11.1
[INFO] [stderr]    Compiling tokio-rustls v0.26.5
[INFO] [stderr]    Compiling tokio-stream v0.1.19
[INFO] [stderr]    Compiling hyper-util v0.1.20
[INFO] [stderr]    Compiling hyper-rustls v0.27.10
[INFO] [stderr]    Compiling hyper-http-proxy v1.2.0
[INFO] [stderr]    Compiling rong_rt v0.6.2
[INFO] [stderr]    Compiling rong v0.6.2
[INFO] [stderr]    Compiling rong_url v0.6.1 (/opt/rustwide/workdir)
[INFO] [stdout] error[E0433]: cannot find `Class` in `rong`
[INFO] [stdout]    --> src/url.rs:7:1
[INFO] [stdout]     |
[INFO] [stdout]   7 | #[js_class]
[INFO] [stdout]     | ^^^^^^^^^^^ could not find `Class` in `rong`
[INFO] [stdout]     |
[INFO] [stdout] note: found an item that was configured out
[INFO] [stdout]    --> /opt/rustwide/cargo-home/registry/src/index.crates.io-1949cf8c6b5b557f/rong-0.6.2/src/lib.rs:108:10
[INFO] [stdout]     |
[INFO] [stdout] 107 | #[cfg(any(feature = "quickjs", feature = "jscore", feature = "arkjs"))]
[INFO] [stdout]     |          ------------------------------------------------------------ the item is gated here
[INFO] [stdout] 108 | pub type Class = CoreClass<JSEngineValue>;
[INFO] [stdout]     |          ^^^^^
[INFO] [stdout]     = note: this error originates in the attribute macro `js_class` (in Nightly builds, run with -Z macro-backtrace for more info)
[INFO] [stdout] 
[INFO] [stdout] 
[INFO] [stdout] error[E0433]: cannot find `PropertyDescriptor` in `rong`
[INFO] [stdout]    --> src/url.rs:20:1
[INFO] [stdout]     |
[INFO] [stdout]  20 | #[js_class]
[INFO] [stdout]     | ^^^^^^^^^^^ could not find `PropertyDescriptor` in `rong`
[INFO] [stdout]     |
[INFO] [stdout] note: found an item that was configured out
[INFO] [stdout]    --> /opt/rustwide/cargo-home/registry/src/index.crates.io-1949cf8c6b5b557f/rong-0.6.2/src/lib.rs:124:10
[INFO] [stdout]     |
[INFO] [stdout] 123 | #[cfg(any(feature = "quickjs", feature = "jscore", feature = "arkjs"))]
[INFO] [stdout]     |          ------------------------------------------------------------ the item is gated here
[INFO] [stdout] 124 | pub type PropertyDescriptor = CorePropertyDescriptor<JSEngineValue>;
[INFO] [stdout]     |          ^^^^^^^^^^^^^^^^^^
[INFO] [stdout]     = note: this error originates in the attribute macro `js_class` (in Nightly builds, run with -Z macro-backtrace for more info)
[INFO] [stdout] help: a struct with a similar name exists
[INFO] [stdout]     |
[INFO] [stdout]  20 - #[js_class]
[INFO] [stdout]  20 + CorePropertyDescriptor
[INFO] [stdout]     |
[INFO] [stdout] 
[INFO] [stdout] 
[INFO] [stdout] error[E0433]: cannot find `Class` in `rong`
[INFO] [stdout]    --> src/url_search_params.rs:9:1
[INFO] [stdout]     |
[INFO] [stdout]   9 | #[js_class]
[INFO] [stdout]     | ^^^^^^^^^^^ could not find `Class` in `rong`
[INFO] [stdout]     |
[INFO] [stdout] note: found an item that was configured out
[INFO] [stdout]    --> /opt/rustwide/cargo-home/registry/src/index.crates.io-1949cf8c6b5b557f/rong-0.6.2/src/lib.rs:108:10
[INFO] [stdout]     |
[INFO] [stdout] 107 | #[cfg(any(feature = "quickjs", feature = "jscore", feature = "arkjs"))]
[INFO] [stdout]     |          ------------------------------------------------------------ the item is gated here
[INFO] [stdout] 108 | pub type Class = CoreClass<JSEngineValue>;
[INFO] [stdout]     |          ^^^^^
[INFO] [stdout]     = note: this error originates in the attribute macro `js_class` (in Nightly builds, run with -Z macro-backtrace for more info)
[INFO] [stdout] 
[INFO] [stdout] 
[INFO] [stdout] error[E0433]: cannot find `PropertyDescriptor` in `rong`
[INFO] [stdout]    --> src/url_search_params.rs:18:1
[INFO] [stdout]     |
[INFO] [stdout]  18 | #[js_class]
[INFO] [stdout]     | ^^^^^^^^^^^ could not find `PropertyDescriptor` in `rong`
[INFO] [stdout]     |
[INFO] [stdout] note: found an item that was configured out
[INFO] [stdout]    --> /opt/rustwide/cargo-home/registry/src/index.crates.io-1949cf8c6b5b557f/rong-0.6.2/src/lib.rs:124:10
[INFO] [stdout]     |
[INFO] [stdout] 123 | #[cfg(any(feature = "quickjs", feature = "jscore", feature = "arkjs"))]
[INFO] [stdout]     |          ------------------------------------------------------------ the item is gated here
[INFO] [stdout] 124 | pub type PropertyDescriptor = CorePropertyDescriptor<JSEngineValue>;
[INFO] [stdout]     |          ^^^^^^^^^^^^^^^^^^
[INFO] [stdout]     = note: this error originates in the attribute macro `js_class` (in Nightly builds, run with -Z macro-backtrace for more info)
[INFO] [stdout] help: a struct with a similar name exists
[INFO] [stdout]     |
[INFO] [stdout]  18 - #[js_class]
[INFO] [stdout]  18 + CorePropertyDescriptor
[INFO] [stdout]     |
[INFO] [stdout] 
[INFO] [stdout] 
[INFO] [stdout] error[E0425]: cannot find type `JSEngineValue` in crate `rong`
[INFO] [stdout]   --> src/url.rs:7:1
[INFO] [stdout]    |
[INFO] [stdout]  7 | #[js_class]
[INFO] [stdout]    | ^^^^^^^^^^^ not found in `rong`
[INFO] [stdout]    |
[INFO] [stdout] note: found an item that was configured out
[INFO] [stdout]   --> /opt/rustwide/cargo-home/registry/src/index.crates.io-1949cf8c6b5b557f/rong-0.6.2/src/lib.rs:86:10
[INFO] [stdout]    |
[INFO] [stdout] 85 | #[cfg(any(feature = "quickjs", feature = "jscore", feature = "arkjs"))]
[INFO] [stdout]    |          ------------------------------------------------------------ the item is gated here
[INFO] [stdout] 86 | pub type JSEngineValue = <RongJS as JSEngine>::Value;
[INFO] [stdout]    |          ^^^^^^^^^^^^^
[INFO] [stdout]    = note: this error originates in the attribute macro `js_class` (in Nightly builds, run with -Z macro-backtrace for more info)
[INFO] [stdout] 
[INFO] [stdout] 
[INFO] [stdout] error[E0425]: cannot find type `JSContext` in crate `rong`
[INFO] [stdout]   --> src/url.rs:7:1
[INFO] [stdout]    |
[INFO] [stdout]  7 | #[js_class]
[INFO] [stdout]    | ^^^^^^^^^^^ not found in `rong`
[INFO] [stdout]    |
[INFO] [stdout] note: found an item that was configured out
[INFO] [stdout]   --> /opt/rustwide/cargo-home/registry/src/index.crates.io-1949cf8c6b5b557f/rong-0.6.2/src/lib.rs:91:10
[INFO] [stdout]    |
[INFO] [stdout] 90 | #[cfg(any(feature = "quickjs", feature = "jscore", feature = "arkjs"))]
[INFO] [stdout]    |          ------------------------------------------------------------ the item is gated here
[INFO] [stdout] 91 | pub type JSContext = CoreJSContext<<RongJS as JSEngine>::Context>;
[INFO] [stdout]    |          ^^^^^^^^^
[INFO] [stdout]    = note: this error originates in the attribute macro `js_class` (in Nightly builds, run with -Z macro-backtrace for more info)
[INFO] [stdout] 
[INFO] [stdout] 
[INFO] [stdout] error[E0425]: cannot find type `JSValue` in crate `rong`
[INFO] [stdout]   --> src/url.rs:7:1
[INFO] [stdout]    |
[INFO] [stdout]  7 | #[js_class]
[INFO] [stdout]    | ^^^^^^^^^^^ not found in `rong`
[INFO] [stdout]    |
[INFO] [stdout] note: found an item that was configured out
[INFO] [stdout]   --> /opt/rustwide/cargo-home/registry/src/index.crates.io-1949cf8c6b5b557f/rong-0.6.2/src/lib.rs:96:10
[INFO] [stdout]    |
[INFO] [stdout] 95 | #[cfg(any(feature = "quickjs", feature = "jscore", feature = "arkjs"))]
[INFO] [stdout]    |          ------------------------------------------------------------ the item is gated here
[INFO] [stdout] 96 | pub type JSValue = CoreJSValue<JSEngineValue>;
[INFO] [stdout]    |          ^^^^^^^
[INFO] [stdout]    = note: this error originates in the attribute macro `js_class` (in Nightly builds, run with -Z macro-backtrace for more info)
[INFO] [stdout] 
[INFO] [stdout] 
[INFO] [stdout] error[E0425]: cannot find type `JSValue` in this scope
[INFO] [stdout]    --> src/url.rs:265:19
[INFO] [stdout]     |
[INFO] [stdout] 265 |         F: FnMut(&JSValue),
[INFO] [stdout]     |                   ^^^^^^^ not found in this scope
[INFO] [stdout] 
[INFO] [stdout] 
[INFO] [stdout] error[E0425]: cannot find type `JSEngineValue` in crate `rong`
[INFO] [stdout]   --> src/url.rs:20:1
[INFO] [stdout]    |
[INFO] [stdout] 20 | #[js_class]
[INFO] [stdout]    | ^^^^^^^^^^^ not found in `rong`
[INFO] [stdout]    |
[INFO] [stdout] note: found an item that was configured out
[INFO] [stdout]   --> /opt/rustwide/cargo-home/registry/src/index.crates.io-1949cf8c6b5b557f/rong-0.6.2/src/lib.rs:86:10
[INFO] [stdout]    |
[INFO] [stdout] 85 | #[cfg(any(feature = "quickjs", feature = "jscore", feature = "arkjs"))]
[INFO] [stdout]    |          ------------------------------------------------------------ the item is gated here
[INFO] [stdout] 86 | pub type JSEngineValue = <RongJS as JSEngine>::Value;
[INFO] [stdout]    |          ^^^^^^^^^^^^^
[INFO] [stdout]    = note: this error originates in the attribute macro `js_class` (in Nightly builds, run with -Z macro-backtrace for more info)
[INFO] [stdout] 
[INFO] [stdout] 
[INFO] [stdout] error[E0425]: cannot find type `JSValue` in crate `rong`
[INFO] [stdout]   --> src/url.rs:20:1
[INFO] [stdout]    |
[INFO] [stdout] 20 | #[js_class]
[INFO] [stdout]    | ^^^^^^^^^^^ not found in `rong`
[INFO] [stdout]    |
[INFO] [stdout] note: found an item that was configured out
[INFO] [stdout]   --> /opt/rustwide/cargo-home/registry/src/index.crates.io-1949cf8c6b5b557f/rong-0.6.2/src/lib.rs:96:10
[INFO] [stdout]    |
[INFO] [stdout] 95 | #[cfg(any(feature = "quickjs", feature = "jscore", feature = "arkjs"))]
[INFO] [stdout]    |          ------------------------------------------------------------ the item is gated here
[INFO] [stdout] 96 | pub type JSValue = CoreJSValue<JSEngineValue>;
[INFO] [stdout]    |          ^^^^^^^
[INFO] [stdout]    = note: this error originates in the attribute macro `js_class` (in Nightly builds, run with -Z macro-backtrace for more info)
[INFO] [stdout] 
[INFO] [stdout] 
[INFO] [stdout] error[E0425]: cannot find type `JSEngineValue` in crate `rong`
[INFO] [stdout]   --> src/url_search_params.rs:9:1
[INFO] [stdout]    |
[INFO] [stdout]  9 | #[js_class]
[INFO] [stdout]    | ^^^^^^^^^^^ not found in `rong`
[INFO] [stdout]    |
[INFO] [stdout] note: found an item that was configured out
[INFO] [stdout]   --> /opt/rustwide/cargo-home/registry/src/index.crates.io-1949cf8c6b5b557f/rong-0.6.2/src/lib.rs:86:10
[INFO] [stdout]    |
[INFO] [stdout] 85 | #[cfg(any(feature = "quickjs", feature = "jscore", feature = "arkjs"))]
[INFO] [stdout]    |          ------------------------------------------------------------ the item is gated here
[INFO] [stdout] 86 | pub type JSEngineValue = <RongJS as JSEngine>::Value;
[INFO] [stdout]    |          ^^^^^^^^^^^^^
[INFO] [stdout]    = note: this error originates in the attribute macro `js_class` (in Nightly builds, run with -Z macro-backtrace for more info)
[INFO] [stdout] 
[INFO] [stdout] 
[INFO] [stdout] error[E0425]: cannot find type `JSContext` in crate `rong`
[INFO] [stdout]   --> src/url_search_params.rs:9:1
[INFO] [stdout]    |
[INFO] [stdout]  9 | #[js_class]
[INFO] [stdout]    | ^^^^^^^^^^^ not found in `rong`
[INFO] [stdout]    |
[INFO] [stdout] note: found an item that was configured out
[INFO] [stdout]   --> /opt/rustwide/cargo-home/registry/src/index.crates.io-1949cf8c6b5b557f/rong-0.6.2/src/lib.rs:91:10
[INFO] [stdout]    |
[INFO] [stdout] 90 | #[cfg(any(feature = "quickjs", feature = "jscore", feature = "arkjs"))]
[INFO] [stdout]    |          ------------------------------------------------------------ the item is gated here
[INFO] [stdout] 91 | pub type JSContext = CoreJSContext<<RongJS as JSEngine>::Context>;
[INFO] [stdout]    |          ^^^^^^^^^
[INFO] [stdout]    = note: this error originates in the attribute macro `js_class` (in Nightly builds, run with -Z macro-backtrace for more info)
[INFO] [stdout] 
[INFO] [stdout] 
[INFO] [stdout] error[E0425]: cannot find type `JSValue` in crate `rong`
[INFO] [stdout]   --> src/url_search_params.rs:9:1
[INFO] [stdout]    |
[INFO] [stdout]  9 | #[js_class]
[INFO] [stdout]    | ^^^^^^^^^^^ not found in `rong`
[INFO] [stdout]    |
[INFO] [stdout] note: found an item that was configured out
[INFO] [stdout]   --> /opt/rustwide/cargo-home/registry/src/index.crates.io-1949cf8c6b5b557f/rong-0.6.2/src/lib.rs:96:10
[INFO] [stdout]    |
[INFO] [stdout] 95 | #[cfg(any(feature = "quickjs", feature = "jscore", feature = "arkjs"))]
[INFO] [stdout]    |          ------------------------------------------------------------ the item is gated here
[INFO] [stdout] 96 | pub type JSValue = CoreJSValue<JSEngineValue>;
[INFO] [stdout]    |          ^^^^^^^
[INFO] [stdout]    = note: this error originates in the attribute macro `js_class` (in Nightly builds, run with -Z macro-backtrace for more info)
[INFO] [stdout] 
[INFO] [stdout] 
[INFO] [stdout] error[E0425]: cannot find type `JSValue` in this scope
[INFO] [stdout]   --> src/url_search_params.rs:25:27
[INFO] [stdout]    |
[INFO] [stdout] 25 |     fn new(init: Optional<JSValue>) -> JSResult<Self> {
[INFO] [stdout]    |                           ^^^^^^^ not found in this scope
[INFO] [stdout]    |
[INFO] [stdout] help: you might be missing a type parameter
[INFO] [stdout]    |
[INFO] [stdout] 19 | impl<JSValue> URLSearchParams {
[INFO] [stdout]    |     +++++++++
[INFO] [stdout] 
[INFO] [stdout] 
[INFO] [stdout] error[E0425]: cannot find type `JSObject` in this scope
[INFO] [stdout]   --> src/url_search_params.rs:40:26
[INFO] [stdout]    |
[INFO] [stdout] 40 |                 let obj: JSObject = init.into();
[INFO] [stdout]    |                          ^^^^^^^^ not found in this scope
[INFO] [stdout] 
[INFO] [stdout] 
[INFO] [stdout] error[E0425]: cannot find type `JSArray` in this scope
[INFO] [stdout]   --> src/url_search_params.rs:43:52
[INFO] [stdout]    |
[INFO] [stdout] 43 |                     for pair in arr.iter_present::<JSArray>()? {
[INFO] [stdout]    |                                                    ^^^^^^^ not found in this scope
[INFO] [stdout]    |
[INFO] [stdout] help: you might be missing a type parameter
[INFO] [stdout]    |
[INFO] [stdout] 19 | impl<JSArray> URLSearchParams {
[INFO] [stdout]    |     +++++++++
[INFO] [stdout] 
[INFO] [stdout] 
[INFO] [stdout] error[E0425]: cannot find type `JSContext` in this scope
[INFO] [stdout]    --> src/url_search_params.rs:180:28
[INFO] [stdout]     |
[INFO] [stdout] 180 |     fn entries(&self, ctx: JSContext) -> JSResult<JSArray> {
[INFO] [stdout]     |                            ^^^^^^^^^ not found in this scope
[INFO] [stdout] 
[INFO] [stdout] 
[INFO] [stdout] error[E0425]: cannot find type `JSArray` in this scope
[INFO] [stdout]    --> src/url_search_params.rs:180:51
[INFO] [stdout]     |
[INFO] [stdout] 180 |     fn entries(&self, ctx: JSContext) -> JSResult<JSArray> {
[INFO] [stdout]     |                                                   ^^^^^^^ not found in this scope
[INFO] [stdout]     |
[INFO] [stdout] help: you might be missing a type parameter
[INFO] [stdout]     |
[INFO] [stdout]  19 | impl<JSArray> URLSearchParams {
[INFO] [stdout]     |     +++++++++
[INFO] [stdout] 
[INFO] [stdout] 
[INFO] [stdout] error[E0425]: cannot find type `JSFunc` in this scope
[INFO] [stdout]    --> src/url_search_params.rs:212:34
[INFO] [stdout]     |
[INFO] [stdout] 212 |     fn for_each(&self, callback: JSFunc, this_arg: Optional<JSObject>) -> JSResult<()> {
[INFO] [stdout]     |                                  ^^^^^^ not found in this scope
[INFO] [stdout] 
[INFO] [stdout] 
[INFO] [stdout] error[E0425]: cannot find type `JSObject` in this scope
[INFO] [stdout]    --> src/url_search_params.rs:212:61
[INFO] [stdout]     |
[INFO] [stdout] 212 |     fn for_each(&self, callback: JSFunc, this_arg: Optional<JSObject>) -> JSResult<()> {
[INFO] [stdout]     |                                                             ^^^^^^^^ not found in this scope
[INFO] [stdout]     |
[INFO] [stdout] help: you might be missing a type parameter
[INFO] [stdout]     |
[INFO] [stdout]  19 | impl<JSObject> URLSearchParams {
[INFO] [stdout]     |     ++++++++++
[INFO] [stdout] 
[INFO] [stdout] 
[INFO] [stdout] error[E0425]: cannot find type `JSValue` in this scope
[INFO] [stdout]    --> src/url_search_params.rs:244:19
[INFO] [stdout]     |
[INFO] [stdout] 244 |         F: FnMut(&JSValue),
[INFO] [stdout]     |                   ^^^^^^^ not found in this scope
[INFO] [stdout] 
[INFO] [stdout] 
[INFO] [stdout] error[E0425]: cannot find type `JSEngineValue` in crate `rong`
[INFO] [stdout]   --> src/url_search_params.rs:18:1
[INFO] [stdout]    |
[INFO] [stdout] 18 | #[js_class]
[INFO] [stdout]    | ^^^^^^^^^^^ not found in `rong`
[INFO] [stdout]    |
[INFO] [stdout] note: found an item that was configured out
[INFO] [stdout]   --> /opt/rustwide/cargo-home/registry/src/index.crates.io-1949cf8c6b5b557f/rong-0.6.2/src/lib.rs:86:10
[INFO] [stdout]    |
[INFO] [stdout] 85 | #[cfg(any(feature = "quickjs", feature = "jscore", feature = "arkjs"))]
[INFO] [stdout]    |          ------------------------------------------------------------ the item is gated here
[INFO] [stdout] 86 | pub type JSEngineValue = <RongJS as JSEngine>::Value;
[INFO] [stdout]    |          ^^^^^^^^^^^^^
[INFO] [stdout]    = note: this error originates in the attribute macro `js_class` (in Nightly builds, run with -Z macro-backtrace for more info)
[INFO] [stdout] 
[INFO] [stdout] 
[INFO] [stdout] error[E0425]: cannot find type `JSObject` in this scope
[INFO] [stdout]    --> src/url_search_params.rs:212:61
[INFO] [stdout]     |
[INFO] [stdout] 212 |     fn for_each(&self, callback: JSFunc, this_arg: Optional<JSObject>) -> JSResult<()> {
[INFO] [stdout]     |                                                             ^^^^^^^^ not found in this scope
[INFO] [stdout] 
[INFO] [stdout] 
[INFO] [stdout] error[E0425]: cannot find type `JSValue` in crate `rong`
[INFO] [stdout]   --> src/url_search_params.rs:18:1
[INFO] [stdout]    |
[INFO] [stdout] 18 | #[js_class]
[INFO] [stdout]    | ^^^^^^^^^^^ not found in `rong`
[INFO] [stdout]    |
[INFO] [stdout] note: found an item that was configured out
[INFO] [stdout]   --> /opt/rustwide/cargo-home/registry/src/index.crates.io-1949cf8c6b5b557f/rong-0.6.2/src/lib.rs:96:10
[INFO] [stdout]    |
[INFO] [stdout] 95 | #[cfg(any(feature = "quickjs", feature = "jscore", feature = "arkjs"))]
[INFO] [stdout]    |          ------------------------------------------------------------ the item is gated here
[INFO] [stdout] 96 | pub type JSValue = CoreJSValue<JSEngineValue>;
[INFO] [stdout]    |          ^^^^^^^
[INFO] [stdout]    = note: this error originates in the attribute macro `js_class` (in Nightly builds, run with -Z macro-backtrace for more info)
[INFO] [stdout] 
[INFO] [stdout] 
[INFO] [stdout] error[E0425]: cannot find type `JSContext` in this scope
[INFO] [stdout]  --> src/lib.rs:9:19
[INFO] [stdout]   |
[INFO] [stdout] 9 | pub fn init(ctx: &JSContext) -> JSResult<()> {
[INFO] [stdout]   |                   ^^^^^^^^^ not found in this scope
[INFO] [stdout] 
[INFO] [stdout] 
[INFO] [stdout] error[E0277]: the trait bound `(): rong_core::value::JSValueImpl` is not satisfied
[INFO] [stdout]   --> src/url.rs:20:1
[INFO] [stdout]    |
[INFO] [stdout] 20 | #[js_class]
[INFO] [stdout]    | ^^^^^^^^^^^ the trait `rong_core::value::JSValueImpl` is not implemented for `()`
[INFO] [stdout]    |
[INFO] [stdout] note: required by a bound in `rong_core::function::parameter::JSClassRef`
[INFO] [stdout]   --> /opt/rustwide/cargo-home/registry/src/index.crates.io-1949cf8c6b5b557f/rong_core-0.6.1/src/function/parameter.rs:74:29
[INFO] [stdout]    |
[INFO] [stdout] 74 | pub struct JSClassRef<T, V: JSValueImpl>(JSObject<V>, PhantomData<T>);
[INFO] [stdout]    |                             ^^^^^^^^^^^ required by this bound in `JSClassRef`
[INFO] [stdout]    = note: this error originates in the attribute macro `js_class` (in Nightly builds, run with -Z macro-backtrace for more info)
[INFO] [stdout] 
[INFO] [stdout] 
[INFO] [stdout] error[E0599]: the method `borrow` exists for struct `This<rong_core::function::parameter::JSClassRef<URL, ()>>`, but its trait bounds were not satisfied
[INFO] [stdout]   --> src/url.rs:20:1
[INFO] [stdout]    |
[INFO] [stdout] 20 | #[js_class]
[INFO] [stdout]    | ^^^^^^^^^^^
[INFO] [stdout]    |
[INFO] [stdout]    = note: the following trait bounds were not satisfied:
[INFO] [stdout]            `(): rong_core::value::object::JSObjectOps`
[INFO] [stdout]    = help: items from traits can only be used if the trait is in scope
[INFO] [stdout]    = note: this error originates in the attribute macro `js_class` (in Nightly builds, run with -Z macro-backtrace for more info)
[INFO] [stdout] help: trait `Borrow` which provides `borrow` is implemented but not in scope; perhaps you want to import it
[INFO] [stdout]    |
[INFO] [stdout]  1 + use std::borrow::Borrow;
[INFO] [stdout]    |
[INFO] [stdout] 
[INFO] [stdout] 
[INFO] [stdout] error[E0599]: the method `borrow_mut` exists for struct `rong_core::function::parameter::ThisMut<URL, ()>`, but its trait bounds were not satisfied
[INFO] [stdout]   --> src/url.rs:20:1
[INFO] [stdout]    |
[INFO] [stdout] 20 | #[js_class]
[INFO] [stdout]    | ^^^^^^^^^^^
[INFO] [stdout]    |
[INFO] [stdout]    = note: the following trait bounds were not satisfied:
[INFO] [stdout]            `(): rong_core::value::object::JSObjectOps`
[INFO] [stdout]    = help: items from traits can only be used if the trait is in scope
[INFO] [stdout]    = note: this error originates in the attribute macro `js_class` (in Nightly builds, run with -Z macro-backtrace for more info)
[INFO] [stdout] help: trait `BorrowMut` which provides `borrow_mut` is implemented but not in scope; perhaps you want to import it
[INFO] [stdout]    |
[INFO] [stdout]  1 + use std::borrow::BorrowMut;
[INFO] [stdout]    |
[INFO] [stdout] 
[INFO] [stdout] 
[INFO] [stdout] error[E0433]: cannot find type `JSArray` in this scope
[INFO] [stdout]   --> src/url_search_params.rs:41:36
[INFO] [stdout]    |
[INFO] [stdout] 41 |                 if let Some(arr) = JSArray::from_object(obj.clone()) {
[INFO] [stdout]    |                                    ^^^^^^^ use of undeclared type `JSArray`
[INFO] [stdout] 
[INFO] [stdout] 
[INFO] [stdout] warning: method call on a diverging inference variable
[INFO] [stdout]   --> src/url_search_params.rs:45:33
[INFO] [stdout]    |
[INFO] [stdout] 45 |                         if pair.len()? >= 2
[INFO] [stdout]    |                                 ^^^
[INFO] [stdout]    |
[INFO] [stdout]    = help: consider providing a type annotation
[INFO] [stdout]    = warning: this was previously accepted by the compiler but is being phased out; it will become a hard error in a future release!
[INFO] [stdout]    = note: for more information, see issue #156047 <https://github.com/rust-lang/rust/issues/156047>
[INFO] [stdout]    = note: `#[warn(method_call_on_diverging_infer_var)]` (part of `#[warn(future_incompatible)]`) on by default
[INFO] [stdout] 
[INFO] [stdout] 
[INFO] [stdout] error[E0599]: no method named `len` found for type `!` in the current scope
[INFO] [stdout]   --> src/url_search_params.rs:45:33
[INFO] [stdout]    |
[INFO] [stdout] 45 |                         if pair.len()? >= 2
[INFO] [stdout]    |                                 ^^^
[INFO] [stdout]    |
[INFO] [stdout] help: there is a method `le` with a similar name, but with different arguments
[INFO] [stdout]   --> /rustc/dfb0accb7f508ae8be965d8629557221c889dd98/library/core/src/cmp.rs:1440:4
[INFO] [stdout] 
[INFO] [stdout] 
[INFO] [stdout] error[E0599]: no method named `get_opt` found for type `!` in the current scope
[INFO] [stdout]   --> src/url_search_params.rs:46:53
[INFO] [stdout]    |
[INFO] [stdout] 46 | ...                   && let Some(key) = pair.get_opt::<String>(0)?
[INFO] [stdout]    |                                               ^^^^^^^ method not found in `!`
[INFO] [stdout] 
[INFO] [stdout] 
[INFO] [stdout] warning: unreachable expression
[INFO] [stdout]   --> src/url_search_params.rs:46:71
[INFO] [stdout]    |
[INFO] [stdout] 46 | ...                   && let Some(key) = pair.get_opt::<String>(0)?
[INFO] [stdout]    |                                          ----                   ^ unreachable expression
[INFO] [stdout]    |                                          |
[INFO] [stdout]    |                                          any code following this expression is unreachable
[INFO] [stdout]    |
[INFO] [stdout]    = note: `#[warn(unreachable_code)]` (part of `#[warn(unused)]`) on by default
[INFO] [stdout] 
[INFO] [stdout] 
[INFO] [stdout] error[E0599]: no method named `get_opt` found for type `!` in the current scope
[INFO] [stdout]   --> src/url_search_params.rs:47:55
[INFO] [stdout]    |
[INFO] [stdout] 47 | ...                   && let Some(value) = pair.get_opt::<String>(1)?
[INFO] [stdout]    |                                                 ^^^^^^^ method not found in `!`
[INFO] [stdout] 
[INFO] [stdout] 
[INFO] [stdout] warning: unreachable expression
[INFO] [stdout]   --> src/url_search_params.rs:47:73
[INFO] [stdout]    |
[INFO] [stdout] 47 | ...                   && let Some(value) = pair.get_opt::<String>(1)?
[INFO] [stdout]    |                                            ----                   ^ unreachable expression
[INFO] [stdout]    |                                            |
[INFO] [stdout]    |                                            any code following this expression is unreachable
[INFO] [stdout] 
[INFO] [stdout] 
[INFO] [stdout] error[E0433]: cannot find type `JSArray` in this scope
[INFO] [stdout]    --> src/url_search_params.rs:181:21
[INFO] [stdout]     |
[INFO] [stdout] 181 |         let array = JSArray::new(&ctx)?;
[INFO] [stdout]     |                     ^^^^^^^ use of undeclared type `JSArray`
[INFO] [stdout] 
[INFO] [stdout] 
[INFO] [stdout] error[E0433]: cannot find type `JSArray` in this scope
[INFO] [stdout]    --> src/url_search_params.rs:185:24
[INFO] [stdout]     |
[INFO] [stdout] 185 |             let item = JSArray::new(&ctx)?;
[INFO] [stdout]     |                        ^^^^^^^ use of undeclared type `JSArray`
[INFO] [stdout] 
[INFO] [stdout] 
[INFO] [stdout] error[E0277]: the trait bound `(): rong_core::value::JSValueImpl` is not satisfied
[INFO] [stdout]   --> src/url_search_params.rs:18:1
[INFO] [stdout]    |
[INFO] [stdout] 18 | #[js_class]
[INFO] [stdout]    | ^^^^^^^^^^^ the trait `rong_core::value::JSValueImpl` is not implemented for `()`
[INFO] [stdout]    |
[INFO] [stdout] note: required by a bound in `rong_core::function::parameter::ThisMut`
[INFO] [stdout]   --> /opt/rustwide/cargo-home/registry/src/index.crates.io-1949cf8c6b5b557f/rong_core-0.6.1/src/function/parameter.rs:68:26
[INFO] [stdout]    |
[INFO] [stdout] 68 | pub struct ThisMut<T, V: JSValueImpl>(pub(crate) JSObject<V>, PhantomData<T>);
[INFO] [stdout]    |                          ^^^^^^^^^^^ required by this bound in `ThisMut`
[INFO] [stdout]    = note: this error originates in the attribute macro `js_class` (in Nightly builds, run with -Z macro-backtrace for more info)
[INFO] [stdout] 
[INFO] [stdout] 
[INFO] [stdout] error[E0599]: the method `borrow_mut` exists for struct `rong_core::function::parameter::ThisMut<URLSearchParams, ()>`, but its trait bounds were not satisfied
[INFO] [stdout]   --> src/url_search_params.rs:18:1
[INFO] [stdout]    |
[INFO] [stdout] 18 | #[js_class]
[INFO] [stdout]    | ^^^^^^^^^^^
[INFO] [stdout]    |
[INFO] [stdout]    = note: the following trait bounds were not satisfied:
[INFO] [stdout]            `(): rong_core::value::object::JSObjectOps`
[INFO] [stdout]    = help: items from traits can only be used if the trait is in scope
[INFO] [stdout]    = note: this error originates in the attribute macro `js_class` (in Nightly builds, run with -Z macro-backtrace for more info)
[INFO] [stdout] help: trait `BorrowMut` which provides `borrow_mut` is implemented but not in scope; perhaps you want to import it
[INFO] [stdout]    |
[INFO] [stdout]  1 + use std::borrow::BorrowMut;
[INFO] [stdout]    |
[INFO] [stdout] 
[INFO] [stdout] 
[INFO] [stdout] error[E0599]: the method `borrow` exists for struct `This<rong_core::function::parameter::JSClassRef<URLSearchParams, ()>>`, but its trait bounds were not satisfied
[INFO] [stdout]   --> src/url_search_params.rs:18:1
[INFO] [stdout]    |
[INFO] [stdout] 18 | #[js_class]
[INFO] [stdout]    | ^^^^^^^^^^^
[INFO] [stdout]    |
[INFO] [stdout]    = note: the following trait bounds were not satisfied:
[INFO] [stdout]            `(): rong_core::value::object::JSObjectOps`
[INFO] [stdout]    = help: items from traits can only be used if the trait is in scope
[INFO] [stdout]    = note: this error originates in the attribute macro `js_class` (in Nightly builds, run with -Z macro-backtrace for more info)
[INFO] [stdout] help: trait `Borrow` which provides `borrow` is implemented but not in scope; perhaps you want to import it
[INFO] [stdout]    |
[INFO] [stdout]  1 + use std::borrow::Borrow;
[INFO] [stdout]    |
[INFO] [stdout] 
[INFO] [stdout] 
[INFO] [stdout] Some errors have detailed explanations: E0277, E0425, E0433, E0599.
[INFO] [stdout] 
[INFO] [stdout] For more information about an error, try `rustc --explain E0277`.
[INFO] [stdout] 
[INFO] [stderr] error: could not compile `rong_url` (lib) due to 37 previous errors; 4 warnings emitted
[INFO] running `Command { std: "docker" "inspect" "18dc889840623b74a4054bf66480e3d1745bc8154a830ae9f706ad4c37d81bef", kill_on_drop: false }`
[INFO] running `Command { std: "docker" "rm" "-f" "18dc889840623b74a4054bf66480e3d1745bc8154a830ae9f706ad4c37d81bef", kill_on_drop: false }`
[INFO] [stdout] 18dc889840623b74a4054bf66480e3d1745bc8154a830ae9f706ad4c37d81bef
