[INFO] fetching crate rong_sqlite 0.6.0...
[INFO] testing rong_sqlite-0.6.0 against 1.100.0-beta.1 for beta-1.100-2
[INFO] extracting crate rong_sqlite 0.6.0 into /workspace/builds/worker-4-tc2/source
[INFO] started tweaking crates.io crate rong_sqlite 0.6.0
[INFO] finished tweaking crates.io crate rong_sqlite 0.6.0
[INFO] tweaked toml for crates.io crate rong_sqlite 0.6.0 written to /workspace/builds/worker-4-tc2/source/Cargo.toml
[INFO] validating manifest of crates.io crate rong_sqlite 0.6.0 on toolchain 1.100.0-beta.1
[INFO] running `Command { std: CARGO_HOME="/workspace/cargo-home" RUSTUP_HOME="/workspace/rustup-home" "/workspace/cargo-home/bin/cargo" "+1.100.0-beta.1" "metadata" "--manifest-path" "Cargo.toml" "--no-deps", kill_on_drop: false }`
[INFO] crate crates.io crate rong_sqlite 0.6.0 already has a lockfile, it will not be regenerated
[INFO] running `Command { std: CARGO_HOME="/workspace/cargo-home" RUSTUP_HOME="/workspace/rustup-home" "/workspace/cargo-home/bin/cargo" "+1.100.0-beta.1" "fetch" "--manifest-path" "Cargo.toml", kill_on_drop: false }`
[INFO] [stderr] warning: `package.homepage` is redundant with `package.repository`
[INFO] [stderr]   --> Cargo.toml:40:12
[INFO] [stderr]    |
[INFO] [stderr] 40 | homepage = "https://github.com/LingXia-Dev/Rong"
[INFO] [stderr]    |            ^^^^^^^^^^^^^^^^^^^^^^^^^^^^^^^^^^^^^
[INFO] [stderr] ...
[INFO] [stderr] 45 | repository = "https://github.com/LingXia-Dev/Rong"
[INFO] [stderr]    |              -------------------------------------
[INFO] [stderr]    |
[INFO] [stderr]    = note: `cargo::redundant_homepage` is set to `warn` by default
[INFO] [stderr] help: consider removing `package.homepage`
[INFO] [stderr] warning: `rong_sqlite` (manifest) generated 1 warning
[INFO] running `Command { std: "docker" "create" "-v" "/var/lib/crater-agent-workspace/builds/worker-4-tc2/source:/opt/rustwide/workdir:ro,Z" "-v" "/var/lib/crater-agent-workspace/builds/worker-4-tc2/target:/opt/rustwide/target:rw,Z" "-v" "/var/lib/crater-agent-workspace/cargo-home:/opt/rustwide/cargo-home:ro,Z" "-v" "/var/lib/crater-agent-workspace/rustup-home:/opt/rustwide/rustup-home:ro,Z" "-m" "1610612736" "--network" "none" "ghcr.io/rust-lang/crates-build-env/linux@sha256:3111399a4047eeb3a02b7a90e478d715f38a8c6669b5c4b49d30a17385265909" "sleep" "infinity", kill_on_drop: false }`
[INFO] [stdout] 48dd5b7193eaef5e7dc60c0949607f2015588c097a96286842509abd046bf2fb
[INFO] running `Command { std: "docker" "start" "48dd5b7193eaef5e7dc60c0949607f2015588c097a96286842509abd046bf2fb", kill_on_drop: false }`
[INFO] running `Command { std: "docker" "inspect" "48dd5b7193eaef5e7dc60c0949607f2015588c097a96286842509abd046bf2fb", kill_on_drop: false }`
[INFO] running `Command { std: "docker" "exec" "-e" "SOURCE_DIR=/opt/rustwide/workdir" "-e" "CARGO_HOME=/opt/rustwide/cargo-home" "-e" "RUSTUP_HOME=/opt/rustwide/rustup-home" "-e" "CARGO_TARGET_DIR=/opt/rustwide/target" "-w" "/opt/rustwide/workdir" "--user" "0:0" "48dd5b7193eaef5e7dc60c0949607f2015588c097a96286842509abd046bf2fb" "/opt/rustwide/cargo-home/bin/cargo" "+1.100.0-beta.1" "metadata" "--no-deps" "--format-version=1", kill_on_drop: false }`
[INFO] running `Command { std: "docker" "inspect" "48dd5b7193eaef5e7dc60c0949607f2015588c097a96286842509abd046bf2fb", kill_on_drop: false }`
[INFO] running `Command { std: "docker" "exec" "-e" "SOURCE_DIR=/opt/rustwide/workdir" "-e" "CARGO_HOME=/opt/rustwide/cargo-home" "-e" "RUSTUP_HOME=/opt/rustwide/rustup-home" "-e" "CARGO_TARGET_DIR=/opt/rustwide/target" "-e" "CARGO_INCREMENTAL=0" "-e" "RUST_BACKTRACE=full" "-e" "RUSTFLAGS=--cap-lints=warn" "-e" "RUSTDOCFLAGS=--cap-lints=warn" "-w" "/opt/rustwide/workdir" "--user" "0:0" "48dd5b7193eaef5e7dc60c0949607f2015588c097a96286842509abd046bf2fb" "/opt/rustwide/cargo-home/bin/cargo" "+1.100.0-beta.1" "build" "--frozen" "--message-format=json", kill_on_drop: false }`
[INFO] [stderr] warning: `package.homepage` is redundant with `package.repository`
[INFO] [stderr]   --> Cargo.toml:40:12
[INFO] [stderr]    |
[INFO] [stderr] 40 | homepage = "https://github.com/LingXia-Dev/Rong"
[INFO] [stderr]    |            ^^^^^^^^^^^^^^^^^^^^^^^^^^^^^^^^^^^^^
[INFO] [stderr] ...
[INFO] [stderr] 45 | repository = "https://github.com/LingXia-Dev/Rong"
[INFO] [stderr]    |              -------------------------------------
[INFO] [stderr]    |
[INFO] [stderr]    = note: `cargo::redundant_homepage` is set to `warn` by default
[INFO] [stderr] help: consider removing `package.homepage`
[INFO] [stderr] warning: `rong_sqlite` (manifest) generated 1 warning
[INFO] [stderr]    Compiling futures-core v0.3.33
[INFO] [stderr]    Compiling smallvec v1.15.2
[INFO] [stderr]    Compiling http v1.4.2
[INFO] [stderr]    Compiling futures-sink v0.3.33
[INFO] [stderr]    Compiling writeable v0.6.3
[INFO] [stderr]    Compiling errno v0.3.14
[INFO] [stderr]    Compiling zerovec-derive v0.11.3
[INFO] [stderr]    Compiling displaydoc v0.2.6
[INFO] [stderr]    Compiling tokio-macros v2.7.1
[INFO] [stderr]    Compiling signal-hook-registry v1.4.8
[INFO] [stderr]    Compiling futures-channel v0.3.33
[INFO] [stderr]    Compiling socket2 v0.6.5
[INFO] [stderr]    Compiling mio v1.2.2
[INFO] [stderr]    Compiling litemap v0.8.2
[INFO] [stderr]    Compiling futures-macro v0.3.33
[INFO] [stderr]    Compiling icu_properties_data v2.2.0
[INFO] [stderr]    Compiling icu_normalizer_data v2.2.0
[INFO] [stderr]    Compiling futures-task v0.3.33
[INFO] [stderr]    Compiling futures-io v0.3.33
[INFO] [stderr]    Compiling zerotrie v0.2.4
[INFO] [stderr]    Compiling tokio v1.53.0
[INFO] [stderr]    Compiling rustls-pki-types v1.15.0
[INFO] [stderr]    Compiling zerovec v0.11.6
[INFO] [stderr]    Compiling http-body v1.1.0
[INFO] [stderr]    Compiling syn v3.0.0
[INFO] [stderr]    Compiling rustls v0.23.42
[INFO] [stderr]    Compiling tracing v0.1.44
[INFO] [stderr]    Compiling digest v0.10.7
[INFO] [stderr]    Compiling futures-util v0.3.33
[INFO] [stderr]    Compiling rustls-webpki v0.103.13
[INFO] [stderr]    Compiling sha1 v0.10.7
[INFO] [stderr]    Compiling headers-core v0.3.0
[INFO] [stderr]    Compiling thiserror v2.0.19
[INFO] [stderr]    Compiling cc v1.3.0
[INFO] [stderr]    Compiling headers v0.4.1
[INFO] [stderr]    Compiling webpki-roots v1.0.9
[INFO] [stderr]    Compiling tinystr v0.8.3
[INFO] [stderr]    Compiling potential_utf v0.1.5
[INFO] [stderr]    Compiling icu_collections v2.2.0
[INFO] [stderr]    Compiling icu_locale_core v2.2.0
[INFO] [stderr]    Compiling serde_json v1.0.150
[INFO] [stderr]    Compiling http-body-util v0.1.4
[INFO] [stderr]    Compiling icu_provider v2.2.0
[INFO] [stderr]    Compiling libsqlite3-sys v0.38.1
[INFO] [stderr]    Compiling icu_normalizer v2.2.0
[INFO] [stderr]    Compiling icu_properties v2.2.0
[INFO] [stderr]    Compiling rong_core v0.6.0
[INFO] [stderr]    Compiling hashbrown v0.17.1
[INFO] [stderr]    Compiling rong_typegen v0.6.0
[INFO] [stderr]    Compiling idna_adapter v1.2.2
[INFO] [stderr]    Compiling idna v1.1.0
[INFO] [stderr]    Compiling serde_derive v1.0.229
[INFO] [stderr]    Compiling futures-executor v0.3.33
[INFO] [stderr]    Compiling thiserror-impl v2.0.19
[INFO] [stderr]    Compiling rong_macro v0.6.0
[INFO] [stderr]    Compiling url v2.5.8
[INFO] [stderr]    Compiling futures v0.3.33
[INFO] [stderr]    Compiling hashlink v0.12.1
[INFO] [stderr]    Compiling bitflags v2.13.1
[INFO] [stderr]    Compiling hyper v1.10.1
[INFO] [stderr]    Compiling tokio-stream v0.1.18
[INFO] [stderr]    Compiling tokio-rustls v0.26.4
[INFO] [stderr]    Compiling hyper-util v0.1.20
[INFO] [stderr]    Compiling serde v1.0.229
[INFO] [stderr]    Compiling hyper-rustls v0.27.9
[INFO] [stderr]    Compiling hyper-http-proxy v1.1.1
[INFO] [stderr]    Compiling rong_rt v0.6.0
[INFO] [stderr]    Compiling rong v0.6.0
[INFO] [stderr]    Compiling rusqlite v0.40.1
[INFO] [stderr]    Compiling rong_sqlite v0.6.0 (/opt/rustwide/workdir)
[INFO] [stdout] error[E0433]: cannot find `Class` in `rong`
[INFO] [stdout]    --> src/statement.rs:10:1
[INFO] [stdout]     |
[INFO] [stdout]  10 | #[js_class]
[INFO] [stdout]     | ^^^^^^^^^^^ could not find `Class` in `rong`
[INFO] [stdout]     |
[INFO] [stdout] note: found an item that was configured out
[INFO] [stdout]    --> /opt/rustwide/cargo-home/registry/src/index.crates.io-1949cf8c6b5b557f/rong-0.6.0/src/lib.rs:108:10
[INFO] [stdout]     |
[INFO] [stdout] 107 | #[cfg(any(feature = "quickjs", feature = "jscore", feature = "arkjs"))]
[INFO] [stdout]     |          ------------------------------------------------------------ the item is gated here
[INFO] [stdout] 108 | pub type Class = CoreClass<JSEngineValue>;
[INFO] [stdout]     |          ^^^^^
[INFO] [stdout]     = note: this error originates in the attribute macro `js_class` (in Nightly builds, run with -Z macro-backtrace for more info)
[INFO] [stdout] 
[INFO] [stdout] 
[INFO] [stdout] error[E0433]: cannot find `PropertyDescriptor` in `rong`
[INFO] [stdout]    --> src/statement.rs:18:1
[INFO] [stdout]     |
[INFO] [stdout]  18 | #[js_class]
[INFO] [stdout]     | ^^^^^^^^^^^ could not find `PropertyDescriptor` in `rong`
[INFO] [stdout]     |
[INFO] [stdout] note: found an item that was configured out
[INFO] [stdout]    --> /opt/rustwide/cargo-home/registry/src/index.crates.io-1949cf8c6b5b557f/rong-0.6.0/src/lib.rs:124:10
[INFO] [stdout]     |
[INFO] [stdout] 123 | #[cfg(any(feature = "quickjs", feature = "jscore", feature = "arkjs"))]
[INFO] [stdout]     |          ------------------------------------------------------------ the item is gated here
[INFO] [stdout] 124 | pub type PropertyDescriptor = CorePropertyDescriptor<JSEngineValue>;
[INFO] [stdout]     |          ^^^^^^^^^^^^^^^^^^
[INFO] [stdout]     = note: this error originates in the attribute macro `js_class` (in Nightly builds, run with -Z macro-backtrace for more info)
[INFO] [stdout] help: a struct with a similar name exists
[INFO] [stdout]     |
[INFO] [stdout]  18 - #[js_class]
[INFO] [stdout]  18 + CorePropertyDescriptor
[INFO] [stdout]     |
[INFO] [stdout] 
[INFO] [stdout] 
[INFO] [stdout] error[E0433]: cannot find `Class` in `rong`
[INFO] [stdout]    --> src/lib.rs:11:1
[INFO] [stdout]     |
[INFO] [stdout]  11 | / rong::js_api! {
[INFO] [stdout]  12 | |     fn register_sqlite_namespace(ctx) {
[INFO] [stdout]  13 | |         namespace RongNamespace = ctx.host_namespace();
[INFO] [stdout] ...   |
[INFO] [stdout]  26 | | }
[INFO] [stdout]     | |_^ could not find `Class` in `rong`
[INFO] [stdout]     |
[INFO] [stdout] note: found an item that was configured out
[INFO] [stdout]    --> /opt/rustwide/cargo-home/registry/src/index.crates.io-1949cf8c6b5b557f/rong-0.6.0/src/lib.rs:108:10
[INFO] [stdout]     |
[INFO] [stdout] 107 | #[cfg(any(feature = "quickjs", feature = "jscore", feature = "arkjs"))]
[INFO] [stdout]     |          ------------------------------------------------------------ the item is gated here
[INFO] [stdout] 108 | pub type Class = CoreClass<JSEngineValue>;
[INFO] [stdout]     |          ^^^^^
[INFO] [stdout]     = note: this error originates in the macro `rong::js_api` (in Nightly builds, run with -Z macro-backtrace for more info)
[INFO] [stdout] 
[INFO] [stdout] 
[INFO] [stdout] error[E0433]: cannot find `JSObject` in `rong`
[INFO] [stdout]   --> src/lib.rs:29:24
[INFO] [stdout]    |
[INFO] [stdout] 29 | #[derive(Clone, Debug, IntoJSObject)]
[INFO] [stdout]    |                        ^^^^^^^^^^^^ could not find `JSObject` in `rong`
[INFO] [stdout]    |
[INFO] [stdout] note: found an item that was configured out
[INFO] [stdout]   --> /opt/rustwide/cargo-home/registry/src/index.crates.io-1949cf8c6b5b557f/rong-0.6.0/src/lib.rs:98:10
[INFO] [stdout]    |
[INFO] [stdout] 97 | #[cfg(any(feature = "quickjs", feature = "jscore", feature = "arkjs"))]
[INFO] [stdout]    |          ------------------------------------------------------------ the item is gated here
[INFO] [stdout] 98 | pub type JSObject = CoreJSObject<JSEngineValue>;
[INFO] [stdout]    |          ^^^^^^^^
[INFO] [stdout]    = note: this error originates in the derive macro `IntoJSObject` (in Nightly builds, run with -Z macro-backtrace for more info)
[INFO] [stdout] 
[INFO] [stdout] 
[INFO] [stdout] error[E0433]: cannot find `Class` in `rong`
[INFO] [stdout]    --> src/lib.rs:49:1
[INFO] [stdout]     |
[INFO] [stdout]  49 | #[js_class]
[INFO] [stdout]     | ^^^^^^^^^^^ could not find `Class` in `rong`
[INFO] [stdout]     |
[INFO] [stdout] note: found an item that was configured out
[INFO] [stdout]    --> /opt/rustwide/cargo-home/registry/src/index.crates.io-1949cf8c6b5b557f/rong-0.6.0/src/lib.rs:108:10
[INFO] [stdout]     |
[INFO] [stdout] 107 | #[cfg(any(feature = "quickjs", feature = "jscore", feature = "arkjs"))]
[INFO] [stdout]     |          ------------------------------------------------------------ the item is gated here
[INFO] [stdout] 108 | pub type Class = CoreClass<JSEngineValue>;
[INFO] [stdout]     |          ^^^^^
[INFO] [stdout]     = note: this error originates in the attribute macro `js_class` (in Nightly builds, run with -Z macro-backtrace for more info)
[INFO] [stdout] 
[INFO] [stdout] 
[INFO] [stdout] error[E0433]: cannot find `PropertyDescriptor` in `rong`
[INFO] [stdout]    --> src/lib.rs:56:1
[INFO] [stdout]     |
[INFO] [stdout]  56 | #[js_class]
[INFO] [stdout]     | ^^^^^^^^^^^ could not find `PropertyDescriptor` in `rong`
[INFO] [stdout]     |
[INFO] [stdout] note: found an item that was configured out
[INFO] [stdout]    --> /opt/rustwide/cargo-home/registry/src/index.crates.io-1949cf8c6b5b557f/rong-0.6.0/src/lib.rs:124:10
[INFO] [stdout]     |
[INFO] [stdout] 123 | #[cfg(any(feature = "quickjs", feature = "jscore", feature = "arkjs"))]
[INFO] [stdout]     |          ------------------------------------------------------------ the item is gated here
[INFO] [stdout] 124 | pub type PropertyDescriptor = CorePropertyDescriptor<JSEngineValue>;
[INFO] [stdout]     |          ^^^^^^^^^^^^^^^^^^
[INFO] [stdout]     = note: this error originates in the attribute macro `js_class` (in Nightly builds, run with -Z macro-backtrace for more info)
[INFO] [stdout] help: a struct with a similar name exists
[INFO] [stdout]     |
[INFO] [stdout]  56 - #[js_class]
[INFO] [stdout]  56 + CorePropertyDescriptor
[INFO] [stdout]     |
[INFO] [stdout] 
[INFO] [stdout] 
[INFO] [stdout] error[E0425]: cannot find type `JSEngineValue` in crate `rong`
[INFO] [stdout]   --> src/statement.rs:10:1
[INFO] [stdout]    |
[INFO] [stdout] 10 | #[js_class]
[INFO] [stdout]    | ^^^^^^^^^^^ not found in `rong`
[INFO] [stdout]    |
[INFO] [stdout] note: found an item that was configured out
[INFO] [stdout]   --> /opt/rustwide/cargo-home/registry/src/index.crates.io-1949cf8c6b5b557f/rong-0.6.0/src/lib.rs:86:10
[INFO] [stdout]    |
[INFO] [stdout] 85 | #[cfg(any(feature = "quickjs", feature = "jscore", feature = "arkjs"))]
[INFO] [stdout]    |          ------------------------------------------------------------ the item is gated here
[INFO] [stdout] 86 | pub type JSEngineValue = <RongJS as JSEngine>::Value;
[INFO] [stdout]    |          ^^^^^^^^^^^^^
[INFO] [stdout]    = note: this error originates in the attribute macro `js_class` (in Nightly builds, run with -Z macro-backtrace for more info)
[INFO] [stdout] 
[INFO] [stdout] 
[INFO] [stdout] error[E0425]: cannot find type `JSContext` in crate `rong`
[INFO] [stdout]   --> src/statement.rs:10:1
[INFO] [stdout]    |
[INFO] [stdout] 10 | #[js_class]
[INFO] [stdout]    | ^^^^^^^^^^^ not found in `rong`
[INFO] [stdout]    |
[INFO] [stdout] note: found an item that was configured out
[INFO] [stdout]   --> /opt/rustwide/cargo-home/registry/src/index.crates.io-1949cf8c6b5b557f/rong-0.6.0/src/lib.rs:91:10
[INFO] [stdout]    |
[INFO] [stdout] 90 | #[cfg(any(feature = "quickjs", feature = "jscore", feature = "arkjs"))]
[INFO] [stdout]    |          ------------------------------------------------------------ the item is gated here
[INFO] [stdout] 91 | pub type JSContext = CoreJSContext<<RongJS as JSEngine>::Context>;
[INFO] [stdout]    |          ^^^^^^^^^
[INFO] [stdout]    = note: this error originates in the attribute macro `js_class` (in Nightly builds, run with -Z macro-backtrace for more info)
[INFO] [stdout] 
[INFO] [stdout] 
[INFO] [stdout] error[E0425]: cannot find type `JSValue` in crate `rong`
[INFO] [stdout]   --> src/statement.rs:10:1
[INFO] [stdout]    |
[INFO] [stdout] 10 | #[js_class]
[INFO] [stdout]    | ^^^^^^^^^^^ not found in `rong`
[INFO] [stdout]    |
[INFO] [stdout] note: found an item that was configured out
[INFO] [stdout]   --> /opt/rustwide/cargo-home/registry/src/index.crates.io-1949cf8c6b5b557f/rong-0.6.0/src/lib.rs:96:10
[INFO] [stdout]    |
[INFO] [stdout] 95 | #[cfg(any(feature = "quickjs", feature = "jscore", feature = "arkjs"))]
[INFO] [stdout]    |          ------------------------------------------------------------ the item is gated here
[INFO] [stdout] 96 | pub type JSValue = CoreJSValue<JSEngineValue>;
[INFO] [stdout]    |          ^^^^^^^
[INFO] [stdout]    = note: this error originates in the attribute macro `js_class` (in Nightly builds, run with -Z macro-backtrace for more info)
[INFO] [stdout] 
[INFO] [stdout] 
[INFO] [stdout] error[E0425]: cannot find type `JSArray` in this scope
[INFO] [stdout]   --> src/statement.rs:35:36
[INFO] [stdout]    |
[INFO] [stdout] 35 |     fn run(&self, params: Optional<JSArray>) -> JSResult<RunResult> {
[INFO] [stdout]    |                                    ^^^^^^^ not found in this scope
[INFO] [stdout]    |
[INFO] [stdout] help: you might be missing a type parameter
[INFO] [stdout]    |
[INFO] [stdout] 19 | impl<JSArray> Statement {
[INFO] [stdout]    |     +++++++++
[INFO] [stdout] 
[INFO] [stdout] 
[INFO] [stdout] error[E0425]: cannot find type `JSContext` in this scope
[INFO] [stdout]   --> src/statement.rs:60:24
[INFO] [stdout]    |
[INFO] [stdout] 60 |     fn all(&self, ctx: JSContext, params: Optional<JSArray>) -> JSResult<JSArray> {
[INFO] [stdout]    |                        ^^^^^^^^^ not found in this scope
[INFO] [stdout] 
[INFO] [stdout] 
[INFO] [stdout] error[E0425]: cannot find type `JSArray` in this scope
[INFO] [stdout]   --> src/statement.rs:60:52
[INFO] [stdout]    |
[INFO] [stdout] 60 |     fn all(&self, ctx: JSContext, params: Optional<JSArray>) -> JSResult<JSArray> {
[INFO] [stdout]    |                                                    ^^^^^^^ not found in this scope
[INFO] [stdout]    |
[INFO] [stdout] help: you might be missing a type parameter
[INFO] [stdout]    |
[INFO] [stdout] 19 | impl<JSArray> Statement {
[INFO] [stdout]    |     +++++++++
[INFO] [stdout] 
[INFO] [stdout] 
[INFO] [stdout] error[E0425]: cannot find type `JSArray` in this scope
[INFO] [stdout]   --> src/statement.rs:60:74
[INFO] [stdout]    |
[INFO] [stdout] 60 |     fn all(&self, ctx: JSContext, params: Optional<JSArray>) -> JSResult<JSArray> {
[INFO] [stdout]    |                                                                          ^^^^^^^ not found in this scope
[INFO] [stdout]    |
[INFO] [stdout] help: you might be missing a type parameter
[INFO] [stdout]    |
[INFO] [stdout] 19 | impl<JSArray> Statement {
[INFO] [stdout]    |     +++++++++
[INFO] [stdout] 
[INFO] [stdout] 
[INFO] [stdout] error[E0425]: cannot find type `JSContext` in this scope
[INFO] [stdout]   --> src/statement.rs:71:24
[INFO] [stdout]    |
[INFO] [stdout] 71 |     fn get(&self, ctx: JSContext, params: Optional<JSArray>) -> JSResult<JSValue> {
[INFO] [stdout]    |                        ^^^^^^^^^ not found in this scope
[INFO] [stdout] 
[INFO] [stdout] 
[INFO] [stdout] error[E0425]: cannot find type `JSArray` in this scope
[INFO] [stdout]   --> src/statement.rs:71:52
[INFO] [stdout]    |
[INFO] [stdout] 71 |     fn get(&self, ctx: JSContext, params: Optional<JSArray>) -> JSResult<JSValue> {
[INFO] [stdout]    |                                                    ^^^^^^^ not found in this scope
[INFO] [stdout]    |
[INFO] [stdout] help: you might be missing a type parameter
[INFO] [stdout]    |
[INFO] [stdout] 19 | impl<JSArray> Statement {
[INFO] [stdout]    |     +++++++++
[INFO] [stdout] 
[INFO] [stdout] 
[INFO] [stdout] error[E0425]: cannot find type `JSValue` in this scope
[INFO] [stdout]   --> src/statement.rs:71:74
[INFO] [stdout]    |
[INFO] [stdout] 71 |     fn get(&self, ctx: JSContext, params: Optional<JSArray>) -> JSResult<JSValue> {
[INFO] [stdout]    |                                                                          ^^^^^^^ not found in this scope
[INFO] [stdout]    |
[INFO] [stdout] note: similarly named enum `Value` defined here
[INFO] [stdout]   --> /opt/rustwide/cargo-home/registry/src/index.crates.io-1949cf8c6b5b557f/rusqlite-0.40.1/src/types/value.rs:9:1
[INFO] [stdout]    |
[INFO] [stdout]  9 | pub enum Value {
[INFO] [stdout]    | ^^^^^^^^^^^^^^
[INFO] [stdout] help: an enum with a similar name exists
[INFO] [stdout]    |
[INFO] [stdout] 71 -     fn get(&self, ctx: JSContext, params: Optional<JSArray>) -> JSResult<JSValue> {
[INFO] [stdout] 71 +     fn get(&self, ctx: JSContext, params: Optional<JSArray>) -> JSResult<Value> {
[INFO] [stdout]    |
[INFO] [stdout] help: you might be missing a type parameter
[INFO] [stdout]    |
[INFO] [stdout] 19 | impl<JSValue> Statement {
[INFO] [stdout]    |     +++++++++
[INFO] [stdout] 
[INFO] [stdout] 
[INFO] [stdout] error[E0425]: cannot find type `JSContext` in this scope
[INFO] [stdout]    --> src/statement.rs:116:27
[INFO] [stdout]     |
[INFO] [stdout] 116 |     fn values(&self, ctx: JSContext, params: Optional<JSArray>) -> JSResult<JSArray> {
[INFO] [stdout]     |                           ^^^^^^^^^ not found in this scope
[INFO] [stdout] 
[INFO] [stdout] 
[INFO] [stdout] error[E0425]: cannot find type `JSArray` in this scope
[INFO] [stdout]    --> src/statement.rs:116:55
[INFO] [stdout]     |
[INFO] [stdout] 116 |     fn values(&self, ctx: JSContext, params: Optional<JSArray>) -> JSResult<JSArray> {
[INFO] [stdout]     |                                                       ^^^^^^^ not found in this scope
[INFO] [stdout]     |
[INFO] [stdout] help: you might be missing a type parameter
[INFO] [stdout]     |
[INFO] [stdout]  19 | impl<JSArray> Statement {
[INFO] [stdout]     |     +++++++++
[INFO] [stdout] 
[INFO] [stdout] 
[INFO] [stdout] error[E0425]: cannot find type `JSArray` in this scope
[INFO] [stdout]    --> src/statement.rs:116:77
[INFO] [stdout]     |
[INFO] [stdout] 116 |     fn values(&self, ctx: JSContext, params: Optional<JSArray>) -> JSResult<JSArray> {
[INFO] [stdout]     |                                                                             ^^^^^^^ not found in this scope
[INFO] [stdout]     |
[INFO] [stdout] help: you might be missing a type parameter
[INFO] [stdout]     |
[INFO] [stdout]  19 | impl<JSArray> Statement {
[INFO] [stdout]     |     +++++++++
[INFO] [stdout] 
[INFO] [stdout] 
[INFO] [stdout] error[E0425]: cannot find type `JSValue` in this scope
[INFO] [stdout]    --> src/statement.rs:180:19
[INFO] [stdout]     |
[INFO] [stdout] 180 |         F: FnMut(&JSValue),
[INFO] [stdout]     |                   ^^^^^^^ not found in this scope
[INFO] [stdout]     |
[INFO] [stdout] note: similarly named enum `Value` defined here
[INFO] [stdout]    --> /opt/rustwide/cargo-home/registry/src/index.crates.io-1949cf8c6b5b557f/rusqlite-0.40.1/src/types/value.rs:9:1
[INFO] [stdout]     |
[INFO] [stdout]   9 | pub enum Value {
[INFO] [stdout]     | ^^^^^^^^^^^^^^
[INFO] [stdout] help: an enum with a similar name exists
[INFO] [stdout]     |
[INFO] [stdout] 180 -         F: FnMut(&JSValue),
[INFO] [stdout] 180 +         F: FnMut(&Value),
[INFO] [stdout]     |
[INFO] [stdout] 
[INFO] [stdout] 
[INFO] [stdout] error[E0425]: cannot find type `JSEngineValue` in crate `rong`
[INFO] [stdout]   --> src/statement.rs:18:1
[INFO] [stdout]    |
[INFO] [stdout] 18 | #[js_class]
[INFO] [stdout]    | ^^^^^^^^^^^ not found in `rong`
[INFO] [stdout]    |
[INFO] [stdout] note: found an item that was configured out
[INFO] [stdout]   --> /opt/rustwide/cargo-home/registry/src/index.crates.io-1949cf8c6b5b557f/rong-0.6.0/src/lib.rs:86:10
[INFO] [stdout]    |
[INFO] [stdout] 85 | #[cfg(any(feature = "quickjs", feature = "jscore", feature = "arkjs"))]
[INFO] [stdout]    |          ------------------------------------------------------------ the item is gated here
[INFO] [stdout] 86 | pub type JSEngineValue = <RongJS as JSEngine>::Value;
[INFO] [stdout]    |          ^^^^^^^^^^^^^
[INFO] [stdout]    = note: this error originates in the attribute macro `js_class` (in Nightly builds, run with -Z macro-backtrace for more info)
[INFO] [stdout] 
[INFO] [stdout] 
[INFO] [stdout] error[E0425]: cannot find type `JSArray` in this scope
[INFO] [stdout]   --> src/statement.rs:35:36
[INFO] [stdout]    |
[INFO] [stdout] 35 |     fn run(&self, params: Optional<JSArray>) -> JSResult<RunResult> {
[INFO] [stdout]    |                                    ^^^^^^^ not found in this scope
[INFO] [stdout] 
[INFO] [stdout] 
[INFO] [stdout] error[E0425]: cannot find type `JSArray` in this scope
[INFO] [stdout]   --> src/statement.rs:60:52
[INFO] [stdout]    |
[INFO] [stdout] 60 |     fn all(&self, ctx: JSContext, params: Optional<JSArray>) -> JSResult<JSArray> {
[INFO] [stdout]    |                                                    ^^^^^^^ not found in this scope
[INFO] [stdout] 
[INFO] [stdout] 
[INFO] [stdout] error[E0425]: cannot find type `JSArray` in this scope
[INFO] [stdout]   --> src/statement.rs:71:52
[INFO] [stdout]    |
[INFO] [stdout] 71 |     fn get(&self, ctx: JSContext, params: Optional<JSArray>) -> JSResult<JSValue> {
[INFO] [stdout]    |                                                    ^^^^^^^ not found in this scope
[INFO] [stdout] 
[INFO] [stdout] 
[INFO] [stdout] error[E0425]: cannot find type `JSArray` in this scope
[INFO] [stdout]    --> src/statement.rs:116:55
[INFO] [stdout]     |
[INFO] [stdout] 116 |     fn values(&self, ctx: JSContext, params: Optional<JSArray>) -> JSResult<JSArray> {
[INFO] [stdout]     |                                                       ^^^^^^^ not found in this scope
[INFO] [stdout] 
[INFO] [stdout] 
[INFO] [stdout] error[E0425]: cannot find type `JSValue` in crate `rong`
[INFO] [stdout]   --> src/statement.rs:18:1
[INFO] [stdout]    |
[INFO] [stdout] 18 | #[js_class]
[INFO] [stdout]    | ^^^^^^^^^^^ not found in `rong`
[INFO] [stdout]    |
[INFO] [stdout] note: found an item that was configured out
[INFO] [stdout]   --> /opt/rustwide/cargo-home/registry/src/index.crates.io-1949cf8c6b5b557f/rong-0.6.0/src/lib.rs:96:10
[INFO] [stdout]    |
[INFO] [stdout] 95 | #[cfg(any(feature = "quickjs", feature = "jscore", feature = "arkjs"))]
[INFO] [stdout]    |          ------------------------------------------------------------ the item is gated here
[INFO] [stdout] 96 | pub type JSValue = CoreJSValue<JSEngineValue>;
[INFO] [stdout]    |          ^^^^^^^
[INFO] [stdout]    = note: this error originates in the attribute macro `js_class` (in Nightly builds, run with -Z macro-backtrace for more info)
[INFO] [stdout] 
[INFO] [stdout] 
[INFO] [stdout] error[E0425]: cannot find type `JSContext` in crate `rong`
[INFO] [stdout]   --> src/lib.rs:11:1
[INFO] [stdout]    |
[INFO] [stdout] 11 | / rong::js_api! {
[INFO] [stdout] 12 | |     fn register_sqlite_namespace(ctx) {
[INFO] [stdout] 13 | |         namespace RongNamespace = ctx.host_namespace();
[INFO] [stdout] ...  |
[INFO] [stdout] 26 | | }
[INFO] [stdout]    | |_^ not found in `rong`
[INFO] [stdout]    |
[INFO] [stdout] note: found an item that was configured out
[INFO] [stdout]   --> /opt/rustwide/cargo-home/registry/src/index.crates.io-1949cf8c6b5b557f/rong-0.6.0/src/lib.rs:91:10
[INFO] [stdout]    |
[INFO] [stdout] 90 | #[cfg(any(feature = "quickjs", feature = "jscore", feature = "arkjs"))]
[INFO] [stdout]    |          ------------------------------------------------------------ the item is gated here
[INFO] [stdout] 91 | pub type JSContext = CoreJSContext<<RongJS as JSEngine>::Context>;
[INFO] [stdout]    |          ^^^^^^^^^
[INFO] [stdout]    = note: this error originates in the macro `rong::js_api` (in Nightly builds, run with -Z macro-backtrace for more info)
[INFO] [stdout] 
[INFO] [stdout] 
[INFO] [stdout] error[E0425]: cannot find type `JSEngineValue` in crate `rong`
[INFO] [stdout]   --> src/lib.rs:29:24
[INFO] [stdout]    |
[INFO] [stdout] 29 | #[derive(Clone, Debug, IntoJSObject)]
[INFO] [stdout]    |                        ^^^^^^^^^^^^ not found in `rong`
[INFO] [stdout]    |
[INFO] [stdout] note: found an item that was configured out
[INFO] [stdout]   --> /opt/rustwide/cargo-home/registry/src/index.crates.io-1949cf8c6b5b557f/rong-0.6.0/src/lib.rs:86:10
[INFO] [stdout]    |
[INFO] [stdout] 85 | #[cfg(any(feature = "quickjs", feature = "jscore", feature = "arkjs"))]
[INFO] [stdout]    |          ------------------------------------------------------------ the item is gated here
[INFO] [stdout] 86 | pub type JSEngineValue = <RongJS as JSEngine>::Value;
[INFO] [stdout]    |          ^^^^^^^^^^^^^
[INFO] [stdout]    = note: this error originates in the derive macro `IntoJSObject` (in Nightly builds, run with -Z macro-backtrace for more info)
[INFO] [stdout] 
[INFO] [stdout] 
[INFO] [stdout] error[E0425]: cannot find type `JSContext` in crate `rong`
[INFO] [stdout]   --> src/lib.rs:29:24
[INFO] [stdout]    |
[INFO] [stdout] 29 | #[derive(Clone, Debug, IntoJSObject)]
[INFO] [stdout]    |                        ^^^^^^^^^^^^ not found in `rong`
[INFO] [stdout]    |
[INFO] [stdout] note: found an item that was configured out
[INFO] [stdout]   --> /opt/rustwide/cargo-home/registry/src/index.crates.io-1949cf8c6b5b557f/rong-0.6.0/src/lib.rs:91:10
[INFO] [stdout]    |
[INFO] [stdout] 90 | #[cfg(any(feature = "quickjs", feature = "jscore", feature = "arkjs"))]
[INFO] [stdout]    |          ------------------------------------------------------------ the item is gated here
[INFO] [stdout] 91 | pub type JSContext = CoreJSContext<<RongJS as JSEngine>::Context>;
[INFO] [stdout]    |          ^^^^^^^^^
[INFO] [stdout]    = note: this error originates in the derive macro `IntoJSObject` (in Nightly builds, run with -Z macro-backtrace for more info)
[INFO] [stdout] 
[INFO] [stdout] 
[INFO] [stdout] error[E0425]: cannot find type `JSValue` in crate `rong`
[INFO] [stdout]   --> src/lib.rs:29:24
[INFO] [stdout]    |
[INFO] [stdout] 29 | #[derive(Clone, Debug, IntoJSObject)]
[INFO] [stdout]    |                        ^^^^^^^^^^^^ not found in `rong`
[INFO] [stdout]    |
[INFO] [stdout] note: found an item that was configured out
[INFO] [stdout]   --> /opt/rustwide/cargo-home/registry/src/index.crates.io-1949cf8c6b5b557f/rong-0.6.0/src/lib.rs:96:10
[INFO] [stdout]    |
[INFO] [stdout] 95 | #[cfg(any(feature = "quickjs", feature = "jscore", feature = "arkjs"))]
[INFO] [stdout]    |          ------------------------------------------------------------ the item is gated here
[INFO] [stdout] 96 | pub type JSValue = CoreJSValue<JSEngineValue>;
[INFO] [stdout]    |          ^^^^^^^
[INFO] [stdout]    = note: this error originates in the derive macro `IntoJSObject` (in Nightly builds, run with -Z macro-backtrace for more info)
[INFO] [stdout] 
[INFO] [stdout] 
[INFO] [stdout] error[E0425]: cannot find type `JSEngineValue` in crate `rong`
[INFO] [stdout]   --> src/lib.rs:49:1
[INFO] [stdout]    |
[INFO] [stdout] 49 | #[js_class]
[INFO] [stdout]    | ^^^^^^^^^^^ not found in `rong`
[INFO] [stdout]    |
[INFO] [stdout] note: found an item that was configured out
[INFO] [stdout]   --> /opt/rustwide/cargo-home/registry/src/index.crates.io-1949cf8c6b5b557f/rong-0.6.0/src/lib.rs:86:10
[INFO] [stdout]    |
[INFO] [stdout] 85 | #[cfg(any(feature = "quickjs", feature = "jscore", feature = "arkjs"))]
[INFO] [stdout]    |          ------------------------------------------------------------ the item is gated here
[INFO] [stdout] 86 | pub type JSEngineValue = <RongJS as JSEngine>::Value;
[INFO] [stdout]    |          ^^^^^^^^^^^^^
[INFO] [stdout]    = note: this error originates in the attribute macro `js_class` (in Nightly builds, run with -Z macro-backtrace for more info)
[INFO] [stdout] 
[INFO] [stdout] 
[INFO] [stdout] error[E0425]: cannot find type `JSContext` in crate `rong`
[INFO] [stdout]   --> src/lib.rs:49:1
[INFO] [stdout]    |
[INFO] [stdout] 49 | #[js_class]
[INFO] [stdout]    | ^^^^^^^^^^^ not found in `rong`
[INFO] [stdout]    |
[INFO] [stdout] note: found an item that was configured out
[INFO] [stdout]   --> /opt/rustwide/cargo-home/registry/src/index.crates.io-1949cf8c6b5b557f/rong-0.6.0/src/lib.rs:91:10
[INFO] [stdout]    |
[INFO] [stdout] 90 | #[cfg(any(feature = "quickjs", feature = "jscore", feature = "arkjs"))]
[INFO] [stdout]    |          ------------------------------------------------------------ the item is gated here
[INFO] [stdout] 91 | pub type JSContext = CoreJSContext<<RongJS as JSEngine>::Context>;
[INFO] [stdout]    |          ^^^^^^^^^
[INFO] [stdout]    = note: this error originates in the attribute macro `js_class` (in Nightly builds, run with -Z macro-backtrace for more info)
[INFO] [stdout] 
[INFO] [stdout] 
[INFO] [stdout] error[E0425]: cannot find type `JSValue` in crate `rong`
[INFO] [stdout]   --> src/lib.rs:49:1
[INFO] [stdout]    |
[INFO] [stdout] 49 | #[js_class]
[INFO] [stdout]    | ^^^^^^^^^^^ not found in `rong`
[INFO] [stdout]    |
[INFO] [stdout] note: found an item that was configured out
[INFO] [stdout]   --> /opt/rustwide/cargo-home/registry/src/index.crates.io-1949cf8c6b5b557f/rong-0.6.0/src/lib.rs:96:10
[INFO] [stdout]    |
[INFO] [stdout] 95 | #[cfg(any(feature = "quickjs", feature = "jscore", feature = "arkjs"))]
[INFO] [stdout]    |          ------------------------------------------------------------ the item is gated here
[INFO] [stdout] 96 | pub type JSValue = CoreJSValue<JSEngineValue>;
[INFO] [stdout]    |          ^^^^^^^
[INFO] [stdout]    = note: this error originates in the attribute macro `js_class` (in Nightly builds, run with -Z macro-backtrace for more info)
[INFO] [stdout] 
[INFO] [stdout] 
[INFO] [stdout] error[E0425]: cannot find type `JSArray` in this scope
[INFO] [stdout]   --> src/lib.rs:95:49
[INFO] [stdout]    |
[INFO] [stdout] 95 |     fn run(&self, sql: String, params: Optional<JSArray>) -> JSResult<RunResult> {
[INFO] [stdout]    |                                                 ^^^^^^^ not found in this scope
[INFO] [stdout]    |
[INFO] [stdout] help: you might be missing a type parameter
[INFO] [stdout]    |
[INFO] [stdout] 57 | impl<JSArray> SQLite {
[INFO] [stdout]    |     +++++++++
[INFO] [stdout] 
[INFO] [stdout] 
[INFO] [stdout] error[E0425]: cannot find type `JSContext` in this scope
[INFO] [stdout]    --> src/lib.rs:121:26
[INFO] [stdout]     |
[INFO] [stdout] 121 |     fn query(&self, ctx: JSContext, sql: String, params: Optional<JSArray>) -> JSResult<JSArray> {
[INFO] [stdout]     |                          ^^^^^^^^^ not found in this scope
[INFO] [stdout] 
[INFO] [stdout] 
[INFO] [stdout] error[E0425]: cannot find type `JSArray` in this scope
[INFO] [stdout]    --> src/lib.rs:121:67
[INFO] [stdout]     |
[INFO] [stdout] 121 |     fn query(&self, ctx: JSContext, sql: String, params: Optional<JSArray>) -> JSResult<JSArray> {
[INFO] [stdout]     |                                                                   ^^^^^^^ not found in this scope
[INFO] [stdout]     |
[INFO] [stdout] help: you might be missing a type parameter
[INFO] [stdout]     |
[INFO] [stdout]  57 | impl<JSArray> SQLite {
[INFO] [stdout]     |     +++++++++
[INFO] [stdout] 
[INFO] [stdout] 
[INFO] [stdout] error[E0425]: cannot find type `JSArray` in this scope
[INFO] [stdout]    --> src/lib.rs:121:89
[INFO] [stdout]     |
[INFO] [stdout] 121 |     fn query(&self, ctx: JSContext, sql: String, params: Optional<JSArray>) -> JSResult<JSArray> {
[INFO] [stdout]     |                                                                                         ^^^^^^^ not found in this scope
[INFO] [stdout]     |
[INFO] [stdout] help: you might be missing a type parameter
[INFO] [stdout]     |
[INFO] [stdout]  57 | impl<JSArray> SQLite {
[INFO] [stdout]     |     +++++++++
[INFO] [stdout] 
[INFO] [stdout] 
[INFO] [stdout] error[E0425]: cannot find type `JSContext` in this scope
[INFO] [stdout]    --> src/lib.rs:131:28
[INFO] [stdout]     |
[INFO] [stdout] 131 |     fn prepare(&self, ctx: JSContext, sql: String) -> JSResult<JSObject> {
[INFO] [stdout]     |                            ^^^^^^^^^ not found in this scope
[INFO] [stdout] 
[INFO] [stdout] 
[INFO] [stdout] error[E0425]: cannot find type `JSObject` in this scope
[INFO] [stdout]    --> src/lib.rs:131:64
[INFO] [stdout]     |
[INFO] [stdout] 131 |     fn prepare(&self, ctx: JSContext, sql: String) -> JSResult<JSObject> {
[INFO] [stdout]     |                                                                ^^^^^^^^ not found in this scope
[INFO] [stdout]     |
[INFO] [stdout] help: you might be missing a type parameter
[INFO] [stdout]     |
[INFO] [stdout]  57 | impl<JSObject> SQLite {
[INFO] [stdout]     |     ++++++++++
[INFO] [stdout] 
[INFO] [stdout] 
[INFO] [stdout] error[E0425]: cannot find type `JSFunc` in this scope
[INFO] [stdout]    --> src/lib.rs:147:37
[INFO] [stdout]     |
[INFO] [stdout] 147 |     fn transaction(&self, callback: JSFunc) -> JSResult<()> {
[INFO] [stdout]     |                                     ^^^^^^ not found in this scope
[INFO] [stdout] 
[INFO] [stdout] 
[INFO] [stdout] error[E0425]: cannot find type `JSValue` in this scope
[INFO] [stdout]    --> src/lib.rs:211:19
[INFO] [stdout]     |
[INFO] [stdout] 211 |         F: FnMut(&JSValue),
[INFO] [stdout]     |                   ^^^^^^^ not found in this scope
[INFO] [stdout]     |
[INFO] [stdout] note: similarly named enum `Value` defined here
[INFO] [stdout]    --> /opt/rustwide/cargo-home/registry/src/index.crates.io-1949cf8c6b5b557f/rusqlite-0.40.1/src/types/value.rs:9:1
[INFO] [stdout]     |
[INFO] [stdout]   9 | pub enum Value {
[INFO] [stdout]     | ^^^^^^^^^^^^^^
[INFO] [stdout] help: an enum with a similar name exists
[INFO] [stdout]     |
[INFO] [stdout] 211 -         F: FnMut(&JSValue),
[INFO] [stdout] 211 +         F: FnMut(&Value),
[INFO] [stdout]     |
[INFO] [stdout] 
[INFO] [stdout] 
[INFO] [stdout] error[E0425]: cannot find type `JSEngineValue` in crate `rong`
[INFO] [stdout]   --> src/lib.rs:56:1
[INFO] [stdout]    |
[INFO] [stdout] 56 | #[js_class]
[INFO] [stdout]    | ^^^^^^^^^^^ not found in `rong`
[INFO] [stdout]    |
[INFO] [stdout] note: found an item that was configured out
[INFO] [stdout]   --> /opt/rustwide/cargo-home/registry/src/index.crates.io-1949cf8c6b5b557f/rong-0.6.0/src/lib.rs:86:10
[INFO] [stdout]    |
[INFO] [stdout] 85 | #[cfg(any(feature = "quickjs", feature = "jscore", feature = "arkjs"))]
[INFO] [stdout]    |          ------------------------------------------------------------ the item is gated here
[INFO] [stdout] 86 | pub type JSEngineValue = <RongJS as JSEngine>::Value;
[INFO] [stdout]    |          ^^^^^^^^^^^^^
[INFO] [stdout]    = note: this error originates in the attribute macro `js_class` (in Nightly builds, run with -Z macro-backtrace for more info)
[INFO] [stdout] 
[INFO] [stdout] 
[INFO] [stdout] error[E0425]: cannot find type `JSArray` in this scope
[INFO] [stdout]   --> src/lib.rs:95:49
[INFO] [stdout]    |
[INFO] [stdout] 95 |     fn run(&self, sql: String, params: Optional<JSArray>) -> JSResult<RunResult> {
[INFO] [stdout]    |                                                 ^^^^^^^ not found in this scope
[INFO] [stdout] 
[INFO] [stdout] 
[INFO] [stdout] error[E0425]: cannot find type `JSArray` in this scope
[INFO] [stdout]    --> src/lib.rs:121:67
[INFO] [stdout]     |
[INFO] [stdout] 121 |     fn query(&self, ctx: JSContext, sql: String, params: Optional<JSArray>) -> JSResult<JSArray> {
[INFO] [stdout]     |                                                                   ^^^^^^^ not found in this scope
[INFO] [stdout] 
[INFO] [stdout] 
[INFO] [stdout] error[E0425]: cannot find type `JSValue` in crate `rong`
[INFO] [stdout]   --> src/lib.rs:56:1
[INFO] [stdout]    |
[INFO] [stdout] 56 | #[js_class]
[INFO] [stdout]    | ^^^^^^^^^^^ not found in `rong`
[INFO] [stdout]    |
[INFO] [stdout] note: found an item that was configured out
[INFO] [stdout]   --> /opt/rustwide/cargo-home/registry/src/index.crates.io-1949cf8c6b5b557f/rong-0.6.0/src/lib.rs:96:10
[INFO] [stdout]    |
[INFO] [stdout] 95 | #[cfg(any(feature = "quickjs", feature = "jscore", feature = "arkjs"))]
[INFO] [stdout]    |          ------------------------------------------------------------ the item is gated here
[INFO] [stdout] 96 | pub type JSValue = CoreJSValue<JSEngineValue>;
[INFO] [stdout]    |          ^^^^^^^
[INFO] [stdout]    = note: this error originates in the attribute macro `js_class` (in Nightly builds, run with -Z macro-backtrace for more info)
[INFO] [stdout] 
[INFO] [stdout] 
[INFO] [stdout] error[E0425]: cannot find type `JSArray` in this scope
[INFO] [stdout]    --> src/lib.rs:219:52
[INFO] [stdout]     |
[INFO] [stdout] 219 | pub(crate) fn js_array_to_params(params: &Optional<JSArray>) -> JSResult<Vec<Value>> {
[INFO] [stdout]     |                                                    ^^^^^^^ not found in this scope
[INFO] [stdout]     |
[INFO] [stdout] help: you might be missing a type parameter
[INFO] [stdout]     |
[INFO] [stdout] 219 | pub(crate) fn js_array_to_params<JSArray>(params: &Optional<JSArray>) -> JSResult<Vec<Value>> {
[INFO] [stdout]     |                                 +++++++++
[INFO] [stdout] 
[INFO] [stdout] 
[INFO] [stdout] error[E0425]: cannot find type `JSValue` in this scope
[INFO] [stdout]    --> src/lib.rs:226:18
[INFO] [stdout]     |
[INFO] [stdout] 226 |         let val: JSValue = arr
[INFO] [stdout]     |                  ^^^^^^^ not found in this scope
[INFO] [stdout]     |
[INFO] [stdout] note: similarly named enum `Value` defined here
[INFO] [stdout]    --> /opt/rustwide/cargo-home/registry/src/index.crates.io-1949cf8c6b5b557f/rusqlite-0.40.1/src/types/value.rs:9:1
[INFO] [stdout]     |
[INFO] [stdout]   9 | pub enum Value {
[INFO] [stdout]     | ^^^^^^^^^^^^^^
[INFO] [stdout] help: an enum with a similar name exists
[INFO] [stdout]     |
[INFO] [stdout] 226 -         let val: JSValue = arr
[INFO] [stdout] 226 +         let val: Value = arr
[INFO] [stdout]     |
[INFO] [stdout] 
[INFO] [stdout] 
[INFO] [stdout] error[E0425]: cannot find type `JSValue` in this scope
[INFO] [stdout]    --> src/lib.rs:227:24
[INFO] [stdout]     |
[INFO] [stdout] 227 |             .get_opt::<JSValue>(i)?
[INFO] [stdout]     |                        ^^^^^^^ not found in this scope
[INFO] [stdout]     |
[INFO] [stdout] note: similarly named enum `Value` defined here
[INFO] [stdout]    --> /opt/rustwide/cargo-home/registry/src/index.crates.io-1949cf8c6b5b557f/rusqlite-0.40.1/src/types/value.rs:9:1
[INFO] [stdout]     |
[INFO] [stdout]   9 | pub enum Value {
[INFO] [stdout]     | ^^^^^^^^^^^^^^
[INFO] [stdout] help: an enum with a similar name exists
[INFO] [stdout]     |
[INFO] [stdout] 227 -             .get_opt::<JSValue>(i)?
[INFO] [stdout] 227 +             .get_opt::<Value>(i)?
[INFO] [stdout]     |
[INFO] [stdout] help: you might be missing a type parameter
[INFO] [stdout]     |
[INFO] [stdout] 219 | pub(crate) fn js_array_to_params<JSValue>(params: &Optional<JSArray>) -> JSResult<Vec<Value>> {
[INFO] [stdout]     |                                 +++++++++
[INFO] [stdout] 
[INFO] [stdout] 
[INFO] [stdout] error[E0425]: cannot find type `JSValue` in this scope
[INFO] [stdout]    --> src/lib.rs:235:29
[INFO] [stdout]     |
[INFO] [stdout] 235 | fn js_value_to_sqlite(val: &JSValue) -> JSResult<Value> {
[INFO] [stdout]     |                             ^^^^^^^ not found in this scope
[INFO] [stdout]     |
[INFO] [stdout] note: similarly named enum `Value` defined here
[INFO] [stdout]    --> /opt/rustwide/cargo-home/registry/src/index.crates.io-1949cf8c6b5b557f/rusqlite-0.40.1/src/types/value.rs:9:1
[INFO] [stdout]     |
[INFO] [stdout]   9 | pub enum Value {
[INFO] [stdout]     | ^^^^^^^^^^^^^^
[INFO] [stdout] help: an enum with a similar name exists
[INFO] [stdout]     |
[INFO] [stdout] 235 - fn js_value_to_sqlite(val: &JSValue) -> JSResult<Value> {
[INFO] [stdout] 235 + fn js_value_to_sqlite(val: &Value) -> JSResult<Value> {
[INFO] [stdout]     |
[INFO] [stdout] 
[INFO] [stdout] 
[INFO] [stdout] error[E0425]: cannot find type `JSArrayBuffer` in this scope
[INFO] [stdout]    --> src/lib.rs:266:17
[INFO] [stdout]     |
[INFO] [stdout] 266 |         let ab: JSArrayBuffer = val
[INFO] [stdout]     |                 ^^^^^^^^^^^^^ not found in this scope
[INFO] [stdout]     |
[INFO] [stdout] note: similarly named struct `CoreJSArrayBuffer` defined here
[INFO] [stdout]    --> /opt/rustwide/cargo-home/registry/src/index.crates.io-1949cf8c6b5b557f/rong_core-0.6.0/src/value/array_buffer.rs:8:1
[INFO] [stdout]     |
[INFO] [stdout]   8 | pub struct JSArrayBuffer<V: JSValueImpl> {
[INFO] [stdout]     | ^^^^^^^^^^^^^^^^^^^^^^^^^^^^^^^^^^^^^^^^
[INFO] [stdout] help: a struct with a similar name exists
[INFO] [stdout]     |
[INFO] [stdout] 266 |         let ab: CoreJSArrayBuffer = val
[INFO] [stdout]     |                 ++++
[INFO] [stdout] 
[INFO] [stdout] 
[INFO] [stdout] error[E0425]: cannot find type `JSContext` in this scope
[INFO] [stdout]    --> src/lib.rs:285:11
[INFO] [stdout]     |
[INFO] [stdout] 285 |     ctx: &JSContext,
[INFO] [stdout]     |           ^^^^^^^^^ not found in this scope
[INFO] [stdout] 
[INFO] [stdout] 
[INFO] [stdout] error[E0425]: cannot find type `JSObject` in this scope
[INFO] [stdout]    --> src/lib.rs:286:11
[INFO] [stdout]     |
[INFO] [stdout] 286 |     obj: &JSObject,
[INFO] [stdout]     |           ^^^^^^^^ not found in this scope
[INFO] [stdout] 
[INFO] [stdout] 
[INFO] [stdout] error[E0425]: cannot find type `JSContext` in this scope
[INFO] [stdout]    --> src/lib.rs:313:40
[INFO] [stdout]     |
[INFO] [stdout] 313 | pub(crate) fn sqlite_value_to_js(ctx: &JSContext, val: &Value) -> JSResult<JSValue> {
[INFO] [stdout]     |                                        ^^^^^^^^^ not found in this scope
[INFO] [stdout] 
[INFO] [stdout] 
[INFO] [stdout] error[E0425]: cannot find type `JSValue` in this scope
[INFO] [stdout]    --> src/lib.rs:313:76
[INFO] [stdout]     |
[INFO] [stdout] 313 | pub(crate) fn sqlite_value_to_js(ctx: &JSContext, val: &Value) -> JSResult<JSValue> {
[INFO] [stdout]     |                                                                            ^^^^^^^ not found in this scope
[INFO] [stdout]     |
[INFO] [stdout] note: similarly named enum `Value` defined here
[INFO] [stdout]    --> /opt/rustwide/cargo-home/registry/src/index.crates.io-1949cf8c6b5b557f/rusqlite-0.40.1/src/types/value.rs:9:1
[INFO] [stdout]     |
[INFO] [stdout]   9 | pub enum Value {
[INFO] [stdout]     | ^^^^^^^^^^^^^^
[INFO] [stdout] help: an enum with a similar name exists
[INFO] [stdout]     |
[INFO] [stdout] 313 - pub(crate) fn sqlite_value_to_js(ctx: &JSContext, val: &Value) -> JSResult<JSValue> {
[INFO] [stdout] 313 + pub(crate) fn sqlite_value_to_js(ctx: &JSContext, val: &Value) -> JSResult<Value> {
[INFO] [stdout]     |
[INFO] [stdout] help: you might be missing a type parameter
[INFO] [stdout]     |
[INFO] [stdout] 313 | pub(crate) fn sqlite_value_to_js<JSValue>(ctx: &JSContext, val: &Value) -> JSResult<JSValue> {
[INFO] [stdout]     |                                 +++++++++
[INFO] [stdout] 
[INFO] [stdout] 
[INFO] [stdout] error[E0425]: cannot find type `JSContext` in this scope
[INFO] [stdout]    --> src/lib.rs:329:11
[INFO] [stdout]     |
[INFO] [stdout] 329 |     ctx: &JSContext,
[INFO] [stdout]     |           ^^^^^^^^^ not found in this scope
[INFO] [stdout] 
[INFO] [stdout] 
[INFO] [stdout] error[E0425]: cannot find type `JSArray` in this scope
[INFO] [stdout]    --> src/lib.rs:332:23
[INFO] [stdout]     |
[INFO] [stdout] 332 |     params: &Optional<JSArray>,
[INFO] [stdout]     |                       ^^^^^^^ not found in this scope
[INFO] [stdout]     |
[INFO] [stdout] help: you might be missing a type parameter
[INFO] [stdout]     |
[INFO] [stdout] 328 | pub(crate) fn query_rows<JSArray>(
[INFO] [stdout]     |                         +++++++++
[INFO] [stdout] 
[INFO] [stdout] 
[INFO] [stdout] error[E0425]: cannot find type `JSArray` in this scope
[INFO] [stdout]    --> src/lib.rs:333:15
[INFO] [stdout]     |
[INFO] [stdout] 333 | ) -> JSResult<JSArray> {
[INFO] [stdout]     |               ^^^^^^^ not found in this scope
[INFO] [stdout]     |
[INFO] [stdout] help: you might be missing a type parameter
[INFO] [stdout]     |
[INFO] [stdout] 328 | pub(crate) fn query_rows<JSArray>(
[INFO] [stdout]     |                         +++++++++
[INFO] [stdout] 
[INFO] [stdout] 
[INFO] [stdout] error[E0425]: cannot find type `JSContext` in this scope
[INFO] [stdout]    --> src/lib.rs:371:19
[INFO] [stdout]     |
[INFO] [stdout] 371 | pub fn init(ctx: &JSContext) -> JSResult<()> {
[INFO] [stdout]     |                   ^^^^^^^^^ not found in this scope
[INFO] [stdout] 
[INFO] [stdout] 
[INFO] [stdout] error[E0433]: cannot find type `JSObject` in this scope
[INFO] [stdout]    --> src/statement.rs:103:27
[INFO] [stdout]     |
[INFO] [stdout] 103 |                 let obj = JSObject::new(&ctx);
[INFO] [stdout]     |                           ^^^^^^^^ use of undeclared type `JSObject`
[INFO] [stdout] 
[INFO] [stdout] 
[INFO] [stdout] error[E0433]: cannot find type `JSValue` in this scope
[INFO] [stdout]    --> src/statement.rs:107:20
[INFO] [stdout]     |
[INFO] [stdout] 107 |                 Ok(JSValue::from_rust(&ctx, obj))
[INFO] [stdout]     |                    ^^^^^^^ use of undeclared type `JSValue`
[INFO] [stdout]     |
[INFO] [stdout] help: an enum with a similar name exists
[INFO] [stdout]     |
[INFO] [stdout] 107 -                 Ok(JSValue::from_rust(&ctx, obj))
[INFO] [stdout] 107 +                 Ok(Value::from_rust(&ctx, obj))
[INFO] [stdout]     |
[INFO] [stdout] 
[INFO] [stdout] 
[INFO] [stdout] error[E0433]: cannot find type `JSValue` in this scope
[INFO] [stdout]    --> src/statement.rs:109:61
[INFO] [stdout]     |
[INFO] [stdout] 109 |             Err(rusqlite::Error::QueryReturnedNoRows) => Ok(JSValue::null(&ctx)),
[INFO] [stdout]     |                                                             ^^^^^^^ use of undeclared type `JSValue`
[INFO] [stdout]     |
[INFO] [stdout] help: an enum with a similar name exists
[INFO] [stdout]     |
[INFO] [stdout] 109 -             Err(rusqlite::Error::QueryReturnedNoRows) => Ok(JSValue::null(&ctx)),
[INFO] [stdout] 109 +             Err(rusqlite::Error::QueryReturnedNoRows) => Ok(Value::null(&ctx)),
[INFO] [stdout]     |
[INFO] [stdout] 
[INFO] [stdout] 
[INFO] [stdout] error[E0433]: cannot find type `JSArray` in this scope
[INFO] [stdout]    --> src/statement.rs:145:22
[INFO] [stdout]     |
[INFO] [stdout] 145 |         let result = JSArray::new(&ctx)?;
[INFO] [stdout]     |                      ^^^^^^^ use of undeclared type `JSArray`
[INFO] [stdout] 
[INFO] [stdout] 
[INFO] [stdout] error[E0433]: cannot find type `JSArray` in this scope
[INFO] [stdout]    --> src/statement.rs:148:23
[INFO] [stdout]     |
[INFO] [stdout] 148 |             let arr = JSArray::new(&ctx)?;
[INFO] [stdout]     |                       ^^^^^^^ use of undeclared type `JSArray`
[INFO] [stdout] 
[INFO] [stdout] 
[INFO] [stdout] error[E0277]: the trait bound `(): rong_core::value::JSValueImpl` is not satisfied
[INFO] [stdout]   --> src/statement.rs:18:1
[INFO] [stdout]    |
[INFO] [stdout] 18 | #[js_class]
[INFO] [stdout]    | ^^^^^^^^^^^ the trait `rong_core::value::JSValueImpl` is not implemented for `()`
[INFO] [stdout]    |
[INFO] [stdout] note: required by a bound in `rong_core::function::parameter::JSClassRef`
[INFO] [stdout]   --> /opt/rustwide/cargo-home/registry/src/index.crates.io-1949cf8c6b5b557f/rong_core-0.6.0/src/function/parameter.rs:74:29
[INFO] [stdout]    |
[INFO] [stdout] 74 | pub struct JSClassRef<T, V: JSValueImpl>(JSObject<V>, PhantomData<T>);
[INFO] [stdout]    |                             ^^^^^^^^^^^ required by this bound in `JSClassRef`
[INFO] [stdout]    = note: this error originates in the attribute macro `js_class` (in Nightly builds, run with -Z macro-backtrace for more info)
[INFO] [stdout] 
[INFO] [stdout] 
[INFO] [stdout] error[E0599]: the method `borrow` exists for struct `This<rong_core::function::parameter::JSClassRef<statement::Statement, ()>>`, but its trait bounds were not satisfied
[INFO] [stdout]   --> src/statement.rs:18:1
[INFO] [stdout]    |
[INFO] [stdout] 18 | #[js_class]
[INFO] [stdout]    | ^^^^^^^^^^^
[INFO] [stdout]    |
[INFO] [stdout]    = note: the following trait bounds were not satisfied:
[INFO] [stdout]            `(): rong_core::value::object::JSObjectOps`
[INFO] [stdout]    = help: items from traits can only be used if the trait is in scope
[INFO] [stdout]    = note: this error originates in the attribute macro `js_class` (in Nightly builds, run with -Z macro-backtrace for more info)
[INFO] [stdout] help: trait `Borrow` which provides `borrow` is implemented but not in scope; perhaps you want to import it
[INFO] [stdout]    |
[INFO] [stdout]  1 + use std::borrow::Borrow;
[INFO] [stdout]    |
[INFO] [stdout] 
[INFO] [stdout] 
[INFO] [stdout] error[E0599]: the method `borrow_mut` exists for struct `rong_core::function::parameter::ThisMut<statement::Statement, ()>`, but its trait bounds were not satisfied
[INFO] [stdout]   --> src/statement.rs:18:1
[INFO] [stdout]    |
[INFO] [stdout] 18 | #[js_class]
[INFO] [stdout]    | ^^^^^^^^^^^
[INFO] [stdout]    |
[INFO] [stdout]    = note: the following trait bounds were not satisfied:
[INFO] [stdout]            `(): rong_core::value::object::JSObjectOps`
[INFO] [stdout]    = help: items from traits can only be used if the trait is in scope
[INFO] [stdout]    = note: this error originates in the attribute macro `js_class` (in Nightly builds, run with -Z macro-backtrace for more info)
[INFO] [stdout] help: trait `BorrowMut` which provides `borrow_mut` is implemented but not in scope; perhaps you want to import it
[INFO] [stdout]    |
[INFO] [stdout]  1 + use std::borrow::BorrowMut;
[INFO] [stdout]    |
[INFO] [stdout] 
[INFO] [stdout] 
[INFO] [stdout] error[E0433]: cannot find type `Class` in this scope
[INFO] [stdout]    --> src/lib.rs:142:12
[INFO] [stdout]     |
[INFO] [stdout] 142 |         Ok(Class::lookup::<Statement>(&ctx)?.instance(stmt))
[INFO] [stdout]     |            ^^^^^ use of undeclared type `Class`
[INFO] [stdout] 
[INFO] [stdout] 
[INFO] [stdout] error[E0277]: the trait bound `(): rong_core::value::JSValueImpl` is not satisfied
[INFO] [stdout]   --> src/lib.rs:56:1
[INFO] [stdout]    |
[INFO] [stdout] 56 | #[js_class]
[INFO] [stdout]    | ^^^^^^^^^^^ the trait `rong_core::value::JSValueImpl` is not implemented for `()`
[INFO] [stdout]    |
[INFO] [stdout] note: required by a bound in `rong_core::function::parameter::JSClassRef`
[INFO] [stdout]   --> /opt/rustwide/cargo-home/registry/src/index.crates.io-1949cf8c6b5b557f/rong_core-0.6.0/src/function/parameter.rs:74:29
[INFO] [stdout]    |
[INFO] [stdout] 74 | pub struct JSClassRef<T, V: JSValueImpl>(JSObject<V>, PhantomData<T>);
[INFO] [stdout]    |                             ^^^^^^^^^^^ required by this bound in `JSClassRef`
[INFO] [stdout]    = note: this error originates in the attribute macro `js_class` (in Nightly builds, run with -Z macro-backtrace for more info)
[INFO] [stdout] 
[INFO] [stdout] 
[INFO] [stdout] error[E0599]: the method `borrow` exists for struct `This<rong_core::function::parameter::JSClassRef<SQLite, ()>>`, but its trait bounds were not satisfied
[INFO] [stdout]   --> src/lib.rs:56:1
[INFO] [stdout]    |
[INFO] [stdout] 56 | #[js_class]
[INFO] [stdout]    | ^^^^^^^^^^^
[INFO] [stdout]    |
[INFO] [stdout]    = note: the following trait bounds were not satisfied:
[INFO] [stdout]            `(): rong_core::value::object::JSObjectOps`
[INFO] [stdout]    = help: items from traits can only be used if the trait is in scope
[INFO] [stdout]    = note: this error originates in the attribute macro `js_class` (in Nightly builds, run with -Z macro-backtrace for more info)
[INFO] [stdout] help: trait `Borrow` which provides `borrow` is implemented but not in scope; perhaps you want to import it
[INFO] [stdout]    |
[INFO] [stdout]  1 + use std::borrow::Borrow;
[INFO] [stdout]    |
[INFO] [stdout] 
[INFO] [stdout] 
[INFO] [stdout] error[E0433]: cannot find type `AnyJSTypedArray` in this scope
[INFO] [stdout]    --> src/lib.rs:273:27
[INFO] [stdout]     |
[INFO] [stdout] 273 |         && let Some(ta) = AnyJSTypedArray::from_object(obj)
[INFO] [stdout]     |                           ^^^^^^^^^^^^^^^ use of undeclared type `AnyJSTypedArray`
[INFO] [stdout]     |
[INFO] [stdout] help: a struct with a similar name exists
[INFO] [stdout]     |
[INFO] [stdout] 273 |         && let Some(ta) = CoreAnyJSTypedArray::from_object(obj)
[INFO] [stdout]     |                           ++++
[INFO] [stdout] 
[INFO] [stdout] 
[INFO] [stdout] error[E0433]: cannot find type `JSValue` in this scope
[INFO] [stdout]    --> src/lib.rs:292:26
[INFO] [stdout]     |
[INFO] [stdout] 292 |             obj.set(key, JSValue::null(ctx))?;
[INFO] [stdout]     |                          ^^^^^^^ use of undeclared type `JSValue`
[INFO] [stdout]     |
[INFO] [stdout] help: an enum with a similar name exists
[INFO] [stdout]     |
[INFO] [stdout] 292 -             obj.set(key, JSValue::null(ctx))?;
[INFO] [stdout] 292 +             obj.set(key, Value::null(ctx))?;
[INFO] [stdout]     |
[INFO] [stdout] 
[INFO] [stdout] 
[INFO] [stdout] error[E0433]: cannot find type `JSArrayBuffer` in this scope
[INFO] [stdout]    --> src/lib.rs:304:22
[INFO] [stdout]     |
[INFO] [stdout] 304 |             let ab = JSArrayBuffer::from_bytes(ctx, b)
[INFO] [stdout]     |                      ^^^^^^^^^^^^^ use of undeclared type `JSArrayBuffer`
[INFO] [stdout]     |
[INFO] [stdout] help: a struct with a similar name exists
[INFO] [stdout]     |
[INFO] [stdout] 304 |             let ab = CoreJSArrayBuffer::from_bytes(ctx, b)
[INFO] [stdout]     |                      ++++
[INFO] [stdout] 
[INFO] [stdout] 
[INFO] [stdout] error[E0433]: cannot find type `JSValue` in this scope
[INFO] [stdout]    --> src/lib.rs:306:26
[INFO] [stdout]     |
[INFO] [stdout] 306 |             obj.set(key, JSValue::from_rust(ctx, ab))?;
[INFO] [stdout]     |                          ^^^^^^^ use of undeclared type `JSValue`
[INFO] [stdout]     |
[INFO] [stdout] help: an enum with a similar name exists
[INFO] [stdout]     |
[INFO] [stdout] 306 -             obj.set(key, JSValue::from_rust(ctx, ab))?;
[INFO] [stdout] 306 +             obj.set(key, Value::from_rust(ctx, ab))?;
[INFO] [stdout]     |
[INFO] [stdout] 
[INFO] [stdout] 
[INFO] [stdout] error[E0433]: cannot find type `JSValue` in this scope
[INFO] [stdout]    --> src/lib.rs:315:27
[INFO] [stdout]     |
[INFO] [stdout] 315 |         Value::Null => Ok(JSValue::null(ctx)),
[INFO] [stdout]     |                           ^^^^^^^ use of undeclared type `JSValue`
[INFO] [stdout]     |
[INFO] [stdout] help: an enum with a similar name exists
[INFO] [stdout]     |
[INFO] [stdout] 315 -         Value::Null => Ok(JSValue::null(ctx)),
[INFO] [stdout] 315 +         Value::Null => Ok(Value::null(ctx)),
[INFO] [stdout]     |
[INFO] [stdout] 
[INFO] [stdout] 
[INFO] [stdout] error[E0433]: cannot find type `JSValue` in this scope
[INFO] [stdout]    --> src/lib.rs:316:33
[INFO] [stdout]     |
[INFO] [stdout] 316 |         Value::Integer(n) => Ok(JSValue::from_rust(ctx, *n)),
[INFO] [stdout]     |                                 ^^^^^^^ use of undeclared type `JSValue`
[INFO] [stdout]     |
[INFO] [stdout] help: an enum with a similar name exists
[INFO] [stdout]     |
[INFO] [stdout] 316 -         Value::Integer(n) => Ok(JSValue::from_rust(ctx, *n)),
[INFO] [stdout] 316 +         Value::Integer(n) => Ok(Value::from_rust(ctx, *n)),
[INFO] [stdout]     |
[INFO] [stdout] 
[INFO] [stdout] 
[INFO] [stdout] error[E0433]: cannot find type `JSValue` in this scope
[INFO] [stdout]    --> src/lib.rs:317:30
[INFO] [stdout]     |
[INFO] [stdout] 317 |         Value::Real(n) => Ok(JSValue::from_rust(ctx, *n)),
[INFO] [stdout]     |                              ^^^^^^^ use of undeclared type `JSValue`
[INFO] [stdout]     |
[INFO] [stdout] help: an enum with a similar name exists
[INFO] [stdout]     |
[INFO] [stdout] 317 -         Value::Real(n) => Ok(JSValue::from_rust(ctx, *n)),
[INFO] [stdout] 317 +         Value::Real(n) => Ok(Value::from_rust(ctx, *n)),
[INFO] [stdout]     |
[INFO] [stdout] 
[INFO] [stdout] 
[INFO] [stdout] error[E0433]: cannot find type `JSValue` in this scope
[INFO] [stdout]    --> src/lib.rs:318:30
[INFO] [stdout]     |
[INFO] [stdout] 318 |         Value::Text(s) => Ok(JSValue::from_rust(ctx, s.as_str())),
[INFO] [stdout]     |                              ^^^^^^^ use of undeclared type `JSValue`
[INFO] [stdout]     |
[INFO] [stdout] help: an enum with a similar name exists
[INFO] [stdout]     |
[INFO] [stdout] 318 -         Value::Text(s) => Ok(JSValue::from_rust(ctx, s.as_str())),
[INFO] [stdout] 318 +         Value::Text(s) => Ok(Value::from_rust(ctx, s.as_str())),
[INFO] [stdout]     |
[INFO] [stdout] 
[INFO] [stdout] 
[INFO] [stdout] error[E0433]: cannot find type `JSArrayBuffer` in this scope
[INFO] [stdout]    --> src/lib.rs:320:22
[INFO] [stdout]     |
[INFO] [stdout] 320 |             let ab = JSArrayBuffer::from_bytes(ctx, b)
[INFO] [stdout]     |                      ^^^^^^^^^^^^^ use of undeclared type `JSArrayBuffer`
[INFO] [stdout]     |
[INFO] [stdout] help: a struct with a similar name exists
[INFO] [stdout]     |
[INFO] [stdout] 320 |             let ab = CoreJSArrayBuffer::from_bytes(ctx, b)
[INFO] [stdout]     |                      ++++
[INFO] [stdout] 
[INFO] [stdout] 
[INFO] [stdout] error[E0433]: cannot find type `JSValue` in this scope
[INFO] [stdout]    --> src/lib.rs:322:16
[INFO] [stdout]     |
[INFO] [stdout] 322 |             Ok(JSValue::from_rust(ctx, ab))
[INFO] [stdout]     |                ^^^^^^^ use of undeclared type `JSValue`
[INFO] [stdout]     |
[INFO] [stdout] help: an enum with a similar name exists
[INFO] [stdout]     |
[INFO] [stdout] 322 -             Ok(JSValue::from_rust(ctx, ab))
[INFO] [stdout] 322 +             Ok(Value::from_rust(ctx, ab))
[INFO] [stdout]     |
[INFO] [stdout] 
[INFO] [stdout] 
[INFO] [stdout] error[E0433]: cannot find type `JSArray` in this scope
[INFO] [stdout]    --> src/lib.rs:359:18
[INFO] [stdout]     |
[INFO] [stdout] 359 |     let result = JSArray::new(ctx)?;
[INFO] [stdout]     |                  ^^^^^^^ use of undeclared type `JSArray`
[INFO] [stdout] 
[INFO] [stdout] 
[INFO] [stdout] error[E0433]: cannot find type `JSObject` in this scope
[INFO] [stdout]    --> src/lib.rs:362:19
[INFO] [stdout]     |
[INFO] [stdout] 362 |         let obj = JSObject::new(ctx);
[INFO] [stdout]     |                   ^^^^^^^^ use of undeclared type `JSObject`
[INFO] [stdout] 
[INFO] [stdout] 
[INFO] [stdout] error[E0433]: cannot find type `JSValue` in this scope
[INFO] [stdout]    --> src/lib.rs:366:21
[INFO] [stdout]     |
[INFO] [stdout] 366 |         result.push(JSValue::from_rust(ctx, obj))?;
[INFO] [stdout]     |                     ^^^^^^^ use of undeclared type `JSValue`
[INFO] [stdout]     |
[INFO] [stdout] help: an enum with a similar name exists
[INFO] [stdout]     |
[INFO] [stdout] 366 -         result.push(JSValue::from_rust(ctx, obj))?;
[INFO] [stdout] 366 +         result.push(Value::from_rust(ctx, obj))?;
[INFO] [stdout]     |
[INFO] [stdout] 
[INFO] [stdout] 
[INFO] [stdout] Some errors have detailed explanations: E0277, E0425, E0433, E0599.
[INFO] [stdout] 
[INFO] [stdout] For more information about an error, try `rustc --explain E0277`.
[INFO] [stdout] 
[INFO] [stderr] error: could not compile `rong_sqlite` (lib) due to 82 previous errors
[INFO] running `Command { std: "docker" "inspect" "48dd5b7193eaef5e7dc60c0949607f2015588c097a96286842509abd046bf2fb", kill_on_drop: false }`
[INFO] running `Command { std: "docker" "rm" "-f" "48dd5b7193eaef5e7dc60c0949607f2015588c097a96286842509abd046bf2fb", kill_on_drop: false }`
[INFO] [stdout] 48dd5b7193eaef5e7dc60c0949607f2015588c097a96286842509abd046bf2fb
