[INFO] fetching crate rong_buffer 0.6.0...
[INFO] testing rong_buffer-0.6.0 against 1.99.0-beta.8 for beta-1.100-2
[INFO] extracting crate rong_buffer 0.6.0 into /workspace/builds/worker-0-tc1/source
[INFO] started tweaking crates.io crate rong_buffer 0.6.0
[INFO] finished tweaking crates.io crate rong_buffer 0.6.0
[INFO] tweaked toml for crates.io crate rong_buffer 0.6.0 written to /workspace/builds/worker-0-tc1/source/Cargo.toml
[INFO] validating manifest of crates.io crate rong_buffer 0.6.0 on toolchain 1.99.0-beta.8
[INFO] running `Command { std: CARGO_HOME="/workspace/cargo-home" RUSTUP_HOME="/workspace/rustup-home" "/workspace/cargo-home/bin/cargo" "+1.99.0-beta.8" "metadata" "--manifest-path" "Cargo.toml" "--no-deps", kill_on_drop: false }`
[INFO] crate crates.io crate rong_buffer 0.6.0 already has a lockfile, it will not be regenerated
[INFO] running `Command { std: CARGO_HOME="/workspace/cargo-home" RUSTUP_HOME="/workspace/rustup-home" "/workspace/cargo-home/bin/cargo" "+1.99.0-beta.8" "fetch" "--manifest-path" "Cargo.toml", kill_on_drop: false }`
[INFO] [stderr]     Updating crates.io index
[INFO] [stderr]  Downloading crates ...
[INFO] [stderr]   Downloaded rong_encoding v0.6.0
[INFO] [stderr]   Downloaded rong v0.6.0
[INFO] [stderr]   Downloaded rong_arkjs_sys v0.6.0
[INFO] [stderr]   Downloaded rong_macro v0.6.0
[INFO] [stderr]   Downloaded futures-io v0.3.33
[INFO] [stderr]   Downloaded futures-sink v0.3.33
[INFO] [stderr]   Downloaded futures-macro v0.3.33
[INFO] [stderr]   Downloaded futures-task v0.3.33
[INFO] [stderr]   Downloaded rong_rt v0.6.0
[INFO] [stderr]   Downloaded rong_jscore_sys v0.6.0
[INFO] [stderr]   Downloaded displaydoc v0.2.6
[INFO] [stderr]   Downloaded hyper-http-proxy v1.1.1
[INFO] [stderr]   Downloaded futures-executor v0.3.33
[INFO] [stderr]   Downloaded rustls-pki-types v1.15.0
[INFO] [stderr]   Downloaded rong_typegen v0.6.0
[INFO] [stderr]   Downloaded futures-channel v0.3.33
[INFO] [stderr]   Downloaded rong_quickjs v0.6.0
[INFO] [stderr]   Downloaded http-body-util v0.1.4
[INFO] [stderr]   Downloaded futures v0.3.33
[INFO] [stderr]   Downloaded rong_core v0.6.0
[INFO] [stderr]   Downloaded http v1.4.2
[INFO] [stderr]   Downloaded hyper v1.10.1
[INFO] [stderr]   Downloaded futures-util v0.3.33
[INFO] [stderr]   Downloaded syn v3.0.0
[INFO] [stderr]   Downloaded aws-lc-rs v1.17.3
[INFO] [stderr]   Downloaded rustls v0.23.42
[INFO] [stderr]   Downloaded rong_quickjs_sys v0.6.0
[INFO] [stderr]   Downloaded tokio v1.53.0
[INFO] [stderr]   Downloaded aws-lc-sys v0.43.0
[INFO] running `Command { std: "docker" "create" "-v" "/var/lib/crater-agent-workspace/builds/worker-0-tc1/source:/opt/rustwide/workdir:ro,Z" "-v" "/var/lib/crater-agent-workspace/builds/worker-0-tc1/target:/opt/rustwide/target:rw,Z" "-v" "/var/lib/crater-agent-workspace/cargo-home:/opt/rustwide/cargo-home:ro,Z" "-v" "/var/lib/crater-agent-workspace/rustup-home:/opt/rustwide/rustup-home:ro,Z" "-m" "1610612736" "--network" "none" "ghcr.io/rust-lang/crates-build-env/linux@sha256:3111399a4047eeb3a02b7a90e478d715f38a8c6669b5c4b49d30a17385265909" "sleep" "infinity", kill_on_drop: false }`
[INFO] [stdout] 55e3c493b58b40559b611b2ca8b880c80fe14c07a314c8e7ab0d0da380ca7168
[INFO] running `Command { std: "docker" "start" "55e3c493b58b40559b611b2ca8b880c80fe14c07a314c8e7ab0d0da380ca7168", kill_on_drop: false }`
[INFO] running `Command { std: "docker" "inspect" "55e3c493b58b40559b611b2ca8b880c80fe14c07a314c8e7ab0d0da380ca7168", kill_on_drop: false }`
[INFO] running `Command { std: "docker" "exec" "-e" "SOURCE_DIR=/opt/rustwide/workdir" "-e" "CARGO_HOME=/opt/rustwide/cargo-home" "-e" "RUSTUP_HOME=/opt/rustwide/rustup-home" "-e" "CARGO_TARGET_DIR=/opt/rustwide/target" "-w" "/opt/rustwide/workdir" "--user" "0:0" "55e3c493b58b40559b611b2ca8b880c80fe14c07a314c8e7ab0d0da380ca7168" "/opt/rustwide/cargo-home/bin/cargo" "+1.99.0-beta.8" "metadata" "--no-deps" "--format-version=1", kill_on_drop: false }`
[INFO] running `Command { std: "docker" "inspect" "55e3c493b58b40559b611b2ca8b880c80fe14c07a314c8e7ab0d0da380ca7168", kill_on_drop: false }`
[INFO] running `Command { std: "docker" "exec" "-e" "SOURCE_DIR=/opt/rustwide/workdir" "-e" "CARGO_HOME=/opt/rustwide/cargo-home" "-e" "RUSTUP_HOME=/opt/rustwide/rustup-home" "-e" "CARGO_TARGET_DIR=/opt/rustwide/target" "-e" "CARGO_INCREMENTAL=0" "-e" "RUST_BACKTRACE=full" "-e" "RUSTFLAGS=--cap-lints=warn" "-e" "RUSTDOCFLAGS=--cap-lints=warn" "-w" "/opt/rustwide/workdir" "--user" "0:0" "55e3c493b58b40559b611b2ca8b880c80fe14c07a314c8e7ab0d0da380ca7168" "/opt/rustwide/cargo-home/bin/cargo" "+1.99.0-beta.8" "build" "--frozen" "--message-format=json", kill_on_drop: false }`
[INFO] [stderr]    Compiling proc-macro2 v1.0.107
[INFO] [stderr]    Compiling libc v0.2.186
[INFO] [stderr]    Compiling futures-core v0.3.33
[INFO] [stderr]    Compiling futures-sink v0.3.33
[INFO] [stderr]    Compiling smallvec v1.15.2
[INFO] [stderr]    Compiling writeable v0.6.3
[INFO] [stderr]    Compiling litemap v0.8.2
[INFO] [stderr]    Compiling zeroize v1.9.0
[INFO] [stderr]    Compiling http v1.4.2
[INFO] [stderr]    Compiling slab v0.4.12
[INFO] [stderr]    Compiling futures-io v0.3.33
[INFO] [stderr]    Compiling icu_properties_data v2.2.0
[INFO] [stderr]    Compiling icu_normalizer_data v2.2.0
[INFO] [stderr]    Compiling futures-task v0.3.33
[INFO] [stderr]    Compiling rustls v0.23.42
[INFO] [stderr]    Compiling zmij v1.0.23
[INFO] [stderr]    Compiling cfg-if v1.0.4
[INFO] [stderr]    Compiling futures-channel v0.3.33
[INFO] [stderr]    Compiling thiserror v2.0.19
[INFO] [stderr]    Compiling sha1 v0.10.7
[INFO] [stderr]    Compiling percent-encoding v2.3.2
[INFO] [stderr]    Compiling serde_json v1.0.150
[INFO] [stderr]    Compiling rustls-pki-types v1.15.0
[INFO] [stderr]    Compiling rong_core v0.6.0
[INFO] [stderr]    Compiling form_urlencoded v1.2.2
[INFO] [stderr]    Compiling quote v1.0.47
[INFO] [stderr]    Compiling rustls-webpki v0.103.13
[INFO] [stderr]    Compiling webpki-roots v1.0.9
[INFO] [stderr]    Compiling syn v2.0.119
[INFO] [stderr]    Compiling http-body v1.1.0
[INFO] [stderr]    Compiling syn v3.0.0
[INFO] [stderr]    Compiling headers-core v0.3.0
[INFO] [stderr]    Compiling headers v0.4.1
[INFO] [stderr]    Compiling http-body-util v0.1.4
[INFO] [stderr]    Compiling errno v0.3.14
[INFO] [stderr]    Compiling mio v1.2.2
[INFO] [stderr]    Compiling socket2 v0.6.5
[INFO] [stderr]    Compiling signal-hook-registry v1.4.8
[INFO] [stderr]    Compiling serde_derive v1.0.229
[INFO] [stderr]    Compiling thiserror-impl v2.0.19
[INFO] [stderr]    Compiling synstructure v0.13.2
[INFO] [stderr]    Compiling rong_typegen v0.6.0
[INFO] [stderr]    Compiling serde v1.0.229
[INFO] [stderr]    Compiling zerofrom-derive v0.1.7
[INFO] [stderr]    Compiling yoke-derive v0.8.2
[INFO] [stderr]    Compiling zerovec-derive v0.11.3
[INFO] [stderr]    Compiling displaydoc v0.2.6
[INFO] [stderr]    Compiling tokio-macros v2.7.1
[INFO] [stderr]    Compiling futures-macro v0.3.33
[INFO] [stderr]    Compiling tracing-attributes v0.1.31
[INFO] [stderr]    Compiling rong_macro v0.6.0
[INFO] [stderr]    Compiling futures-util v0.3.33
[INFO] [stderr]    Compiling tokio v1.53.0
[INFO] [stderr]    Compiling zerofrom v0.1.8
[INFO] [stderr]    Compiling yoke v0.8.3
[INFO] [stderr]    Compiling zerovec v0.11.6
[INFO] [stderr]    Compiling zerotrie v0.2.4
[INFO] [stderr]    Compiling tracing v0.1.44
[INFO] [stderr]    Compiling tinystr v0.8.3
[INFO] [stderr]    Compiling potential_utf v0.1.5
[INFO] [stderr]    Compiling icu_locale_core v2.2.0
[INFO] [stderr]    Compiling icu_collections v2.2.0
[INFO] [stderr]    Compiling icu_provider v2.2.0
[INFO] [stderr]    Compiling icu_properties v2.2.0
[INFO] [stderr]    Compiling icu_normalizer v2.2.0
[INFO] [stderr]    Compiling futures-executor v0.3.33
[INFO] [stderr]    Compiling futures v0.3.33
[INFO] [stderr]    Compiling idna_adapter v1.2.2
[INFO] [stderr]    Compiling idna v1.1.0
[INFO] [stderr]    Compiling hyper v1.10.1
[INFO] [stderr]    Compiling tokio-rustls v0.26.4
[INFO] [stderr]    Compiling tokio-stream v0.1.18
[INFO] [stderr]    Compiling url v2.5.8
[INFO] [stderr]    Compiling hyper-util v0.1.20
[INFO] [stderr]    Compiling hyper-http-proxy v1.1.1
[INFO] [stderr]    Compiling hyper-rustls v0.27.9
[INFO] [stderr]    Compiling rong_rt v0.6.0
[INFO] [stderr]    Compiling rong v0.6.0
[INFO] [stderr]    Compiling rong_buffer v0.6.0 (/opt/rustwide/workdir)
[INFO] [stdout] error[E0433]: cannot find `Class` in `rong`
[INFO] [stdout]    --> src/blob.rs:22:1
[INFO] [stdout]     |
[INFO] [stdout]  22 | #[js_class(clone)]
[INFO] [stdout]     | ^^^^^^^^^^^^^^^^^^ could not find `Class` in `rong`
[INFO] [stdout]     |
[INFO] [stdout] note: found an item that was configured out
[INFO] [stdout]    --> /opt/rustwide/cargo-home/registry/src/index.crates.io-1949cf8c6b5b557f/rong-0.6.0/src/lib.rs:108:10
[INFO] [stdout]     |
[INFO] [stdout] 107 | #[cfg(any(feature = "quickjs", feature = "jscore", feature = "arkjs"))]
[INFO] [stdout]     |          ------------------------------------------------------------ the item is gated here
[INFO] [stdout] 108 | pub type Class = CoreClass<JSEngineValue>;
[INFO] [stdout]     |          ^^^^^
[INFO] [stdout]     = note: this error originates in the attribute macro `js_class` (in Nightly builds, run with -Z macro-backtrace for more info)
[INFO] [stdout] 
[INFO] [stdout] 
[INFO] [stdout] error[E0433]: cannot find `JSObject` in `rong`
[INFO] [stdout]   --> src/blob.rs:22:1
[INFO] [stdout]    |
[INFO] [stdout] 22 | #[js_class(clone)]
[INFO] [stdout]    | ^^^^^^^^^^^^^^^^^^ could not find `JSObject` in `rong`
[INFO] [stdout]    |
[INFO] [stdout] note: found an item that was configured out
[INFO] [stdout]   --> /opt/rustwide/cargo-home/registry/src/index.crates.io-1949cf8c6b5b557f/rong-0.6.0/src/lib.rs:98:10
[INFO] [stdout]    |
[INFO] [stdout] 97 | #[cfg(any(feature = "quickjs", feature = "jscore", feature = "arkjs"))]
[INFO] [stdout]    |          ------------------------------------------------------------ the item is gated here
[INFO] [stdout] 98 | pub type JSObject = CoreJSObject<JSEngineValue>;
[INFO] [stdout]    |          ^^^^^^^^
[INFO] [stdout]    = note: this error originates in the attribute macro `js_class` (in Nightly builds, run with -Z macro-backtrace for more info)
[INFO] [stdout] 
[INFO] [stdout] 
[INFO] [stdout] error[E0433]: cannot find `PropertyDescriptor` in `rong`
[INFO] [stdout]    --> src/blob.rs:28:1
[INFO] [stdout]     |
[INFO] [stdout]  28 | #[js_class]
[INFO] [stdout]     | ^^^^^^^^^^^ could not find `PropertyDescriptor` in `rong`
[INFO] [stdout]     |
[INFO] [stdout] note: found an item that was configured out
[INFO] [stdout]    --> /opt/rustwide/cargo-home/registry/src/index.crates.io-1949cf8c6b5b557f/rong-0.6.0/src/lib.rs:124:10
[INFO] [stdout]     |
[INFO] [stdout] 123 | #[cfg(any(feature = "quickjs", feature = "jscore", feature = "arkjs"))]
[INFO] [stdout]     |          ------------------------------------------------------------ the item is gated here
[INFO] [stdout] 124 | pub type PropertyDescriptor = CorePropertyDescriptor<JSEngineValue>;
[INFO] [stdout]     |          ^^^^^^^^^^^^^^^^^^
[INFO] [stdout]     = note: this error originates in the attribute macro `js_class` (in Nightly builds, run with -Z macro-backtrace for more info)
[INFO] [stdout] help: a struct with a similar name exists
[INFO] [stdout]     |
[INFO] [stdout]  28 - #[js_class]
[INFO] [stdout]  28 + CorePropertyDescriptor
[INFO] [stdout]     |
[INFO] [stdout] 
[INFO] [stdout] 
[INFO] [stdout] error[E0433]: cannot find `Class` in `rong`
[INFO] [stdout]    --> src/file.rs:6:1
[INFO] [stdout]     |
[INFO] [stdout]   6 | #[js_class(clone)]
[INFO] [stdout]     | ^^^^^^^^^^^^^^^^^^ could not find `Class` in `rong`
[INFO] [stdout]     |
[INFO] [stdout] note: found an item that was configured out
[INFO] [stdout]    --> /opt/rustwide/cargo-home/registry/src/index.crates.io-1949cf8c6b5b557f/rong-0.6.0/src/lib.rs:108:10
[INFO] [stdout]     |
[INFO] [stdout] 107 | #[cfg(any(feature = "quickjs", feature = "jscore", feature = "arkjs"))]
[INFO] [stdout]     |          ------------------------------------------------------------ the item is gated here
[INFO] [stdout] 108 | pub type Class = CoreClass<JSEngineValue>;
[INFO] [stdout]     |          ^^^^^
[INFO] [stdout]     = note: this error originates in the attribute macro `js_class` (in Nightly builds, run with -Z macro-backtrace for more info)
[INFO] [stdout] 
[INFO] [stdout] 
[INFO] [stdout] error[E0433]: cannot find `JSObject` in `rong`
[INFO] [stdout]   --> src/file.rs:6:1
[INFO] [stdout]    |
[INFO] [stdout]  6 | #[js_class(clone)]
[INFO] [stdout]    | ^^^^^^^^^^^^^^^^^^ could not find `JSObject` in `rong`
[INFO] [stdout]    |
[INFO] [stdout] note: found an item that was configured out
[INFO] [stdout]   --> /opt/rustwide/cargo-home/registry/src/index.crates.io-1949cf8c6b5b557f/rong-0.6.0/src/lib.rs:98:10
[INFO] [stdout]    |
[INFO] [stdout] 97 | #[cfg(any(feature = "quickjs", feature = "jscore", feature = "arkjs"))]
[INFO] [stdout]    |          ------------------------------------------------------------ the item is gated here
[INFO] [stdout] 98 | pub type JSObject = CoreJSObject<JSEngineValue>;
[INFO] [stdout]    |          ^^^^^^^^
[INFO] [stdout]    = note: this error originates in the attribute macro `js_class` (in Nightly builds, run with -Z macro-backtrace for more info)
[INFO] [stdout] 
[INFO] [stdout] 
[INFO] [stdout] error[E0433]: cannot find `PropertyDescriptor` in `rong`
[INFO] [stdout]    --> src/file.rs:13:1
[INFO] [stdout]     |
[INFO] [stdout]  13 | #[js_class]
[INFO] [stdout]     | ^^^^^^^^^^^ could not find `PropertyDescriptor` in `rong`
[INFO] [stdout]     |
[INFO] [stdout] note: found an item that was configured out
[INFO] [stdout]    --> /opt/rustwide/cargo-home/registry/src/index.crates.io-1949cf8c6b5b557f/rong-0.6.0/src/lib.rs:124:10
[INFO] [stdout]     |
[INFO] [stdout] 123 | #[cfg(any(feature = "quickjs", feature = "jscore", feature = "arkjs"))]
[INFO] [stdout]     |          ------------------------------------------------------------ the item is gated here
[INFO] [stdout] 124 | pub type PropertyDescriptor = CorePropertyDescriptor<JSEngineValue>;
[INFO] [stdout]     |          ^^^^^^^^^^^^^^^^^^
[INFO] [stdout]     = note: this error originates in the attribute macro `js_class` (in Nightly builds, run with -Z macro-backtrace for more info)
[INFO] [stdout] help: a struct with a similar name exists
[INFO] [stdout]     |
[INFO] [stdout]  13 - #[js_class]
[INFO] [stdout]  13 + CorePropertyDescriptor
[INFO] [stdout]     |
[INFO] [stdout] 
[INFO] [stdout] 
[INFO] [stdout] error[E0425]: cannot find type `JSEngineValue` in crate `rong`
[INFO] [stdout]   --> src/blob.rs:22:1
[INFO] [stdout]    |
[INFO] [stdout] 22 | #[js_class(clone)]
[INFO] [stdout]    | ^^^^^^^^^^^^^^^^^^ not found in `rong`
[INFO] [stdout]    |
[INFO] [stdout] note: found an item that was configured out
[INFO] [stdout]   --> /opt/rustwide/cargo-home/registry/src/index.crates.io-1949cf8c6b5b557f/rong-0.6.0/src/lib.rs:86:10
[INFO] [stdout]    |
[INFO] [stdout] 85 | #[cfg(any(feature = "quickjs", feature = "jscore", feature = "arkjs"))]
[INFO] [stdout]    |          ------------------------------------------------------------ the item is gated here
[INFO] [stdout] 86 | pub type JSEngineValue = <RongJS as JSEngine>::Value;
[INFO] [stdout]    |          ^^^^^^^^^^^^^
[INFO] [stdout]    = note: this error originates in the attribute macro `js_class` (in Nightly builds, run with -Z macro-backtrace for more info)
[INFO] [stdout] 
[INFO] [stdout] 
[INFO] [stdout] error[E0425]: cannot find type `JSContext` in crate `rong`
[INFO] [stdout]   --> src/blob.rs:22:1
[INFO] [stdout]    |
[INFO] [stdout] 22 | #[js_class(clone)]
[INFO] [stdout]    | ^^^^^^^^^^^^^^^^^^ not found in `rong`
[INFO] [stdout]    |
[INFO] [stdout] note: found an item that was configured out
[INFO] [stdout]   --> /opt/rustwide/cargo-home/registry/src/index.crates.io-1949cf8c6b5b557f/rong-0.6.0/src/lib.rs:91:10
[INFO] [stdout]    |
[INFO] [stdout] 90 | #[cfg(any(feature = "quickjs", feature = "jscore", feature = "arkjs"))]
[INFO] [stdout]    |          ------------------------------------------------------------ the item is gated here
[INFO] [stdout] 91 | pub type JSContext = CoreJSContext<<RongJS as JSEngine>::Context>;
[INFO] [stdout]    |          ^^^^^^^^^
[INFO] [stdout]    = note: this error originates in the attribute macro `js_class` (in Nightly builds, run with -Z macro-backtrace for more info)
[INFO] [stdout] 
[INFO] [stdout] 
[INFO] [stdout] error[E0425]: cannot find type `JSValue` in crate `rong`
[INFO] [stdout]   --> src/blob.rs:22:1
[INFO] [stdout]    |
[INFO] [stdout] 22 | #[js_class(clone)]
[INFO] [stdout]    | ^^^^^^^^^^^^^^^^^^ not found in `rong`
[INFO] [stdout]    |
[INFO] [stdout] note: found an item that was configured out
[INFO] [stdout]   --> /opt/rustwide/cargo-home/registry/src/index.crates.io-1949cf8c6b5b557f/rong-0.6.0/src/lib.rs:96:10
[INFO] [stdout]    |
[INFO] [stdout] 95 | #[cfg(any(feature = "quickjs", feature = "jscore", feature = "arkjs"))]
[INFO] [stdout]    |          ------------------------------------------------------------ the item is gated here
[INFO] [stdout] 96 | pub type JSValue = CoreJSValue<JSEngineValue>;
[INFO] [stdout]    |          ^^^^^^^
[INFO] [stdout]    = note: this error originates in the attribute macro `js_class` (in Nightly builds, run with -Z macro-backtrace for more info)
[INFO] [stdout] 
[INFO] [stdout] 
[INFO] [stdout] error[E0425]: cannot find type `JSArray` in this scope
[INFO] [stdout]   --> src/blob.rs:31:39
[INFO] [stdout]    |
[INFO] [stdout] 31 |     pub(crate) fn new(parts: Optional<JSArray>, options: Optional<JSObject>) -> JSResult<Self> {
[INFO] [stdout]    |                                       ^^^^^^^ not found in this scope
[INFO] [stdout]    |
[INFO] [stdout] help: you might be missing a type parameter
[INFO] [stdout]    |
[INFO] [stdout] 29 | impl<JSArray> Blob {
[INFO] [stdout]    |     +++++++++
[INFO] [stdout] 
[INFO] [stdout] 
[INFO] [stdout] error[E0425]: cannot find type `JSObject` in this scope
[INFO] [stdout]   --> src/blob.rs:31:67
[INFO] [stdout]    |
[INFO] [stdout] 31 |     pub(crate) fn new(parts: Optional<JSArray>, options: Optional<JSObject>) -> JSResult<Self> {
[INFO] [stdout]    |                                                                   ^^^^^^^^ not found in this scope
[INFO] [stdout]    |
[INFO] [stdout] help: you might be missing a type parameter
[INFO] [stdout]    |
[INFO] [stdout] 29 | impl<JSObject> Blob {
[INFO] [stdout]    |     ++++++++++
[INFO] [stdout] 
[INFO] [stdout] 
[INFO] [stdout] error[E0425]: cannot find type `JSContext` in this scope
[INFO] [stdout]   --> src/blob.rs:86:50
[INFO] [stdout]    |
[INFO] [stdout] 86 |     pub(crate) async fn array_buffer(&self, ctx: JSContext) -> JSResult<JSArrayBuffer> {
[INFO] [stdout]    |                                                  ^^^^^^^^^ not found in this scope
[INFO] [stdout] 
[INFO] [stdout] 
[INFO] [stdout] error[E0425]: cannot find type `JSArrayBuffer` in this scope
[INFO] [stdout]   --> src/blob.rs:86:73
[INFO] [stdout]    |
[INFO] [stdout] 86 |     pub(crate) async fn array_buffer(&self, ctx: JSContext) -> JSResult<JSArrayBuffer> {
[INFO] [stdout]    |                                                                         ^^^^^^^^^^^^^
[INFO] [stdout]    |
[INFO] [stdout]   ::: /opt/rustwide/cargo-home/registry/src/index.crates.io-1949cf8c6b5b557f/rong_core-0.6.0/src/value/array_buffer.rs:8:1
[INFO] [stdout]    |
[INFO] [stdout]  8 | pub struct JSArrayBuffer<V: JSValueImpl> {
[INFO] [stdout]    | ---------------------------------------- similarly named struct `CoreJSArrayBuffer` defined here
[INFO] [stdout]    |
[INFO] [stdout] help: a struct with a similar name exists
[INFO] [stdout]    |
[INFO] [stdout] 86 |     pub(crate) async fn array_buffer(&self, ctx: JSContext) -> JSResult<CoreJSArrayBuffer> {
[INFO] [stdout]    |                                                                         ++++
[INFO] [stdout] help: you might be missing a type parameter
[INFO] [stdout]    |
[INFO] [stdout] 29 | impl<JSArrayBuffer> Blob {
[INFO] [stdout]    |     +++++++++++++++
[INFO] [stdout] 
[INFO] [stdout] 
[INFO] [stdout] error[E0425]: cannot find type `JSContext` in this scope
[INFO] [stdout]    --> src/blob.rs:152:43
[INFO] [stdout]     |
[INFO] [stdout] 152 |     pub(crate) async fn bytes(&self, ctx: JSContext) -> JSResult<JSTypedArray> {
[INFO] [stdout]     |                                           ^^^^^^^^^ not found in this scope
[INFO] [stdout] 
[INFO] [stdout] 
[INFO] [stdout] error[E0425]: cannot find type `JSTypedArray` in this scope
[INFO] [stdout]    --> src/blob.rs:152:66
[INFO] [stdout]     |
[INFO] [stdout] 152 |     pub(crate) async fn bytes(&self, ctx: JSContext) -> JSResult<JSTypedArray> {
[INFO] [stdout]     |                                                                  ^^^^^^^^^^^^
[INFO] [stdout]     |
[INFO] [stdout]    ::: /opt/rustwide/cargo-home/registry/src/index.crates.io-1949cf8c6b5b557f/rong_core-0.6.0/src/value/typed_array.rs:141:1
[INFO] [stdout]     |
[INFO] [stdout] 141 | pub struct JSTypedArray<V: JSValueImpl, T: TypedArrayElement = u8> {
[INFO] [stdout]     | ------------------------------------------------------------------ similarly named struct `CoreJSTypedArray` defined here
[INFO] [stdout]     |
[INFO] [stdout] help: a struct with a similar name exists
[INFO] [stdout]     |
[INFO] [stdout] 152 |     pub(crate) async fn bytes(&self, ctx: JSContext) -> JSResult<CoreJSTypedArray> {
[INFO] [stdout]     |                                                                  ++++
[INFO] [stdout] help: you might be missing a type parameter
[INFO] [stdout]     |
[INFO] [stdout]  29 | impl<JSTypedArray> Blob {
[INFO] [stdout]     |     ++++++++++++++
[INFO] [stdout] 
[INFO] [stdout] 
[INFO] [stdout] error[E0425]: cannot find type `JSValue` in this scope
[INFO] [stdout]    --> src/blob.rs:160:19
[INFO] [stdout]     |
[INFO] [stdout] 160 |         F: FnMut(&JSValue),
[INFO] [stdout]     |                   ^^^^^^^ not found in this scope
[INFO] [stdout] 
[INFO] [stdout] 
[INFO] [stdout] error[E0425]: cannot find type `JSEngineValue` in crate `rong`
[INFO] [stdout]   --> src/blob.rs:28:1
[INFO] [stdout]    |
[INFO] [stdout] 28 | #[js_class]
[INFO] [stdout]    | ^^^^^^^^^^^ not found in `rong`
[INFO] [stdout]    |
[INFO] [stdout] note: found an item that was configured out
[INFO] [stdout]   --> /opt/rustwide/cargo-home/registry/src/index.crates.io-1949cf8c6b5b557f/rong-0.6.0/src/lib.rs:86:10
[INFO] [stdout]    |
[INFO] [stdout] 85 | #[cfg(any(feature = "quickjs", feature = "jscore", feature = "arkjs"))]
[INFO] [stdout]    |          ------------------------------------------------------------ the item is gated here
[INFO] [stdout] 86 | pub type JSEngineValue = <RongJS as JSEngine>::Value;
[INFO] [stdout]    |          ^^^^^^^^^^^^^
[INFO] [stdout]    = note: this error originates in the attribute macro `js_class` (in Nightly builds, run with -Z macro-backtrace for more info)
[INFO] [stdout] 
[INFO] [stdout] 
[INFO] [stdout] error[E0425]: cannot find type `JSValue` in crate `rong`
[INFO] [stdout]   --> src/blob.rs:28:1
[INFO] [stdout]    |
[INFO] [stdout] 28 | #[js_class]
[INFO] [stdout]    | ^^^^^^^^^^^ not found in `rong`
[INFO] [stdout]    |
[INFO] [stdout] note: found an item that was configured out
[INFO] [stdout]   --> /opt/rustwide/cargo-home/registry/src/index.crates.io-1949cf8c6b5b557f/rong-0.6.0/src/lib.rs:96:10
[INFO] [stdout]    |
[INFO] [stdout] 95 | #[cfg(any(feature = "quickjs", feature = "jscore", feature = "arkjs"))]
[INFO] [stdout]    |          ------------------------------------------------------------ the item is gated here
[INFO] [stdout] 96 | pub type JSValue = CoreJSValue<JSEngineValue>;
[INFO] [stdout]    |          ^^^^^^^
[INFO] [stdout]    = note: this error originates in the attribute macro `js_class` (in Nightly builds, run with -Z macro-backtrace for more info)
[INFO] [stdout] 
[INFO] [stdout] 
[INFO] [stdout] error[E0425]: cannot find type `JSArray` in this scope
[INFO] [stdout]    --> src/blob.rs:181:30
[INFO] [stdout]     |
[INFO] [stdout] 181 | fn process_blob_part(array: &JSArray, options: &BlobOptions) -> JSResult<Vec<u8>> {
[INFO] [stdout]     |                              ^^^^^^^ not found in this scope
[INFO] [stdout] 
[INFO] [stdout] 
[INFO] [stdout] error[E0425]: cannot find type `JSEngineValue` in crate `rong`
[INFO] [stdout]   --> src/file.rs:6:1
[INFO] [stdout]    |
[INFO] [stdout]  6 | #[js_class(clone)]
[INFO] [stdout]    | ^^^^^^^^^^^^^^^^^^ not found in `rong`
[INFO] [stdout]    |
[INFO] [stdout] note: found an item that was configured out
[INFO] [stdout]   --> /opt/rustwide/cargo-home/registry/src/index.crates.io-1949cf8c6b5b557f/rong-0.6.0/src/lib.rs:86:10
[INFO] [stdout]    |
[INFO] [stdout] 85 | #[cfg(any(feature = "quickjs", feature = "jscore", feature = "arkjs"))]
[INFO] [stdout]    |          ------------------------------------------------------------ the item is gated here
[INFO] [stdout] 86 | pub type JSEngineValue = <RongJS as JSEngine>::Value;
[INFO] [stdout]    |          ^^^^^^^^^^^^^
[INFO] [stdout]    = note: this error originates in the attribute macro `js_class` (in Nightly builds, run with -Z macro-backtrace for more info)
[INFO] [stdout] 
[INFO] [stdout] 
[INFO] [stdout] error[E0425]: cannot find type `JSContext` in crate `rong`
[INFO] [stdout]   --> src/file.rs:6:1
[INFO] [stdout]    |
[INFO] [stdout]  6 | #[js_class(clone)]
[INFO] [stdout]    | ^^^^^^^^^^^^^^^^^^ not found in `rong`
[INFO] [stdout]    |
[INFO] [stdout] note: found an item that was configured out
[INFO] [stdout]   --> /opt/rustwide/cargo-home/registry/src/index.crates.io-1949cf8c6b5b557f/rong-0.6.0/src/lib.rs:91:10
[INFO] [stdout]    |
[INFO] [stdout] 90 | #[cfg(any(feature = "quickjs", feature = "jscore", feature = "arkjs"))]
[INFO] [stdout]    |          ------------------------------------------------------------ the item is gated here
[INFO] [stdout] 91 | pub type JSContext = CoreJSContext<<RongJS as JSEngine>::Context>;
[INFO] [stdout]    |          ^^^^^^^^^
[INFO] [stdout]    = note: this error originates in the attribute macro `js_class` (in Nightly builds, run with -Z macro-backtrace for more info)
[INFO] [stdout] 
[INFO] [stdout] 
[INFO] [stdout] error[E0425]: cannot find type `JSValue` in crate `rong`
[INFO] [stdout]   --> src/file.rs:6:1
[INFO] [stdout]    |
[INFO] [stdout]  6 | #[js_class(clone)]
[INFO] [stdout]    | ^^^^^^^^^^^^^^^^^^ not found in `rong`
[INFO] [stdout]    |
[INFO] [stdout] note: found an item that was configured out
[INFO] [stdout]   --> /opt/rustwide/cargo-home/registry/src/index.crates.io-1949cf8c6b5b557f/rong-0.6.0/src/lib.rs:96:10
[INFO] [stdout]    |
[INFO] [stdout] 95 | #[cfg(any(feature = "quickjs", feature = "jscore", feature = "arkjs"))]
[INFO] [stdout]    |          ------------------------------------------------------------ the item is gated here
[INFO] [stdout] 96 | pub type JSValue = CoreJSValue<JSEngineValue>;
[INFO] [stdout]    |          ^^^^^^^
[INFO] [stdout]    = note: this error originates in the attribute macro `js_class` (in Nightly builds, run with -Z macro-backtrace for more info)
[INFO] [stdout] 
[INFO] [stdout] 
[INFO] [stdout] error[E0425]: cannot find type `JSArray` in this scope
[INFO] [stdout]   --> src/file.rs:26:18
[INFO] [stdout]    |
[INFO] [stdout] 26 |     fn new(data: JSArray, filename: String, options: Optional<JSObject>) -> JSResult<Self> {
[INFO] [stdout]    |                  ^^^^^^^ not found in this scope
[INFO] [stdout] 
[INFO] [stdout] 
[INFO] [stdout] error[E0425]: cannot find type `JSObject` in this scope
[INFO] [stdout]   --> src/file.rs:26:63
[INFO] [stdout]    |
[INFO] [stdout] 26 |     fn new(data: JSArray, filename: String, options: Optional<JSObject>) -> JSResult<Self> {
[INFO] [stdout]    |                                                               ^^^^^^^^ not found in this scope
[INFO] [stdout]    |
[INFO] [stdout] help: you might be missing a type parameter
[INFO] [stdout]    |
[INFO] [stdout] 14 | impl<JSObject> File {
[INFO] [stdout]    |     ++++++++++
[INFO] [stdout] 
[INFO] [stdout] 
[INFO] [stdout] error[E0425]: cannot find type `JSContext` in this scope
[INFO] [stdout]    --> src/file.rs:121:39
[INFO] [stdout]     |
[INFO] [stdout] 121 |     async fn array_buffer(&self, ctx: JSContext) -> JSResult<JSArrayBuffer> {
[INFO] [stdout]     |                                       ^^^^^^^^^ not found in this scope
[INFO] [stdout] 
[INFO] [stdout] 
[INFO] [stdout] error[E0425]: cannot find type `JSArrayBuffer` in this scope
[INFO] [stdout]    --> src/file.rs:121:62
[INFO] [stdout]     |
[INFO] [stdout] 121 |     async fn array_buffer(&self, ctx: JSContext) -> JSResult<JSArrayBuffer> {
[INFO] [stdout]     |                                                              ^^^^^^^^^^^^^
[INFO] [stdout]     |
[INFO] [stdout]    ::: /opt/rustwide/cargo-home/registry/src/index.crates.io-1949cf8c6b5b557f/rong_core-0.6.0/src/value/array_buffer.rs:8:1
[INFO] [stdout]     |
[INFO] [stdout]   8 | pub struct JSArrayBuffer<V: JSValueImpl> {
[INFO] [stdout]     | ---------------------------------------- similarly named struct `CoreJSArrayBuffer` defined here
[INFO] [stdout]     |
[INFO] [stdout] help: a struct with a similar name exists
[INFO] [stdout]     |
[INFO] [stdout] 121 |     async fn array_buffer(&self, ctx: JSContext) -> JSResult<CoreJSArrayBuffer> {
[INFO] [stdout]     |                                                              ++++
[INFO] [stdout] help: you might be missing a type parameter
[INFO] [stdout]     |
[INFO] [stdout]  14 | impl<JSArrayBuffer> File {
[INFO] [stdout]     |     +++++++++++++++
[INFO] [stdout] 
[INFO] [stdout] 
[INFO] [stdout] error[E0425]: cannot find type `JSContext` in this scope
[INFO] [stdout]    --> src/file.rs:126:32
[INFO] [stdout]     |
[INFO] [stdout] 126 |     async fn bytes(&self, ctx: JSContext) -> JSResult<JSTypedArray> {
[INFO] [stdout]     |                                ^^^^^^^^^ not found in this scope
[INFO] [stdout] 
[INFO] [stdout] 
[INFO] [stdout] error[E0425]: cannot find type `JSTypedArray` in this scope
[INFO] [stdout]    --> src/file.rs:126:55
[INFO] [stdout]     |
[INFO] [stdout] 126 |     async fn bytes(&self, ctx: JSContext) -> JSResult<JSTypedArray> {
[INFO] [stdout]     |                                                       ^^^^^^^^^^^^
[INFO] [stdout]     |
[INFO] [stdout]    ::: /opt/rustwide/cargo-home/registry/src/index.crates.io-1949cf8c6b5b557f/rong_core-0.6.0/src/value/typed_array.rs:141:1
[INFO] [stdout]     |
[INFO] [stdout] 141 | pub struct JSTypedArray<V: JSValueImpl, T: TypedArrayElement = u8> {
[INFO] [stdout]     | ------------------------------------------------------------------ similarly named struct `CoreJSTypedArray` defined here
[INFO] [stdout]     |
[INFO] [stdout] help: a struct with a similar name exists
[INFO] [stdout]     |
[INFO] [stdout] 126 |     async fn bytes(&self, ctx: JSContext) -> JSResult<CoreJSTypedArray> {
[INFO] [stdout]     |                                                       ++++
[INFO] [stdout] help: you might be missing a type parameter
[INFO] [stdout]     |
[INFO] [stdout]  14 | impl<JSTypedArray> File {
[INFO] [stdout]     |     ++++++++++++++
[INFO] [stdout] 
[INFO] [stdout] 
[INFO] [stdout] error[E0425]: cannot find type `JSValue` in this scope
[INFO] [stdout]    --> src/file.rs:133:19
[INFO] [stdout]     |
[INFO] [stdout] 133 |         F: FnMut(&JSValue),
[INFO] [stdout]     |                   ^^^^^^^ not found in this scope
[INFO] [stdout] 
[INFO] [stdout] 
[INFO] [stdout] error[E0425]: cannot find type `JSEngineValue` in crate `rong`
[INFO] [stdout]   --> src/file.rs:13:1
[INFO] [stdout]    |
[INFO] [stdout] 13 | #[js_class]
[INFO] [stdout]    | ^^^^^^^^^^^ not found in `rong`
[INFO] [stdout]    |
[INFO] [stdout] note: found an item that was configured out
[INFO] [stdout]   --> /opt/rustwide/cargo-home/registry/src/index.crates.io-1949cf8c6b5b557f/rong-0.6.0/src/lib.rs:86:10
[INFO] [stdout]    |
[INFO] [stdout] 85 | #[cfg(any(feature = "quickjs", feature = "jscore", feature = "arkjs"))]
[INFO] [stdout]    |          ------------------------------------------------------------ the item is gated here
[INFO] [stdout] 86 | pub type JSEngineValue = <RongJS as JSEngine>::Value;
[INFO] [stdout]    |          ^^^^^^^^^^^^^
[INFO] [stdout]    = note: this error originates in the attribute macro `js_class` (in Nightly builds, run with -Z macro-backtrace for more info)
[INFO] [stdout] 
[INFO] [stdout] 
[INFO] [stdout] error[E0425]: cannot find type `JSValue` in crate `rong`
[INFO] [stdout]   --> src/file.rs:13:1
[INFO] [stdout]    |
[INFO] [stdout] 13 | #[js_class]
[INFO] [stdout]    | ^^^^^^^^^^^ not found in `rong`
[INFO] [stdout]    |
[INFO] [stdout] note: found an item that was configured out
[INFO] [stdout]   --> /opt/rustwide/cargo-home/registry/src/index.crates.io-1949cf8c6b5b557f/rong-0.6.0/src/lib.rs:96:10
[INFO] [stdout]    |
[INFO] [stdout] 95 | #[cfg(any(feature = "quickjs", feature = "jscore", feature = "arkjs"))]
[INFO] [stdout]    |          ------------------------------------------------------------ the item is gated here
[INFO] [stdout] 96 | pub type JSValue = CoreJSValue<JSEngineValue>;
[INFO] [stdout]    |          ^^^^^^^
[INFO] [stdout]    = note: this error originates in the attribute macro `js_class` (in Nightly builds, run with -Z macro-backtrace for more info)
[INFO] [stdout] 
[INFO] [stdout] 
[INFO] [stdout] error[E0425]: cannot find type `JSContext` in this scope
[INFO] [stdout]  --> src/lib.rs:9:19
[INFO] [stdout]   |
[INFO] [stdout] 9 | pub fn init(ctx: &JSContext) -> JSResult<()> {
[INFO] [stdout]   |                   ^^^^^^^^^ not found in this scope
[INFO] [stdout] 
[INFO] [stdout] 
[INFO] [stdout] error[E0433]: cannot find type `JSArrayBuffer` in this scope
[INFO] [stdout]   --> src/blob.rs:87:9
[INFO] [stdout]    |
[INFO] [stdout] 87 |         JSArrayBuffer::from_bytes(&ctx, self.data.as_ref())
[INFO] [stdout]    |         ^^^^^^^^^^^^^ use of undeclared type `JSArrayBuffer`
[INFO] [stdout]    |
[INFO] [stdout] help: a struct with a similar name exists
[INFO] [stdout]    |
[INFO] [stdout] 87 |         CoreJSArrayBuffer::from_bytes(&ctx, self.data.as_ref())
[INFO] [stdout]    |         ++++
[INFO] [stdout] 
[INFO] [stdout] 
[INFO] [stdout] error[E0433]: cannot find type `JSArrayBuffer` in this scope
[INFO] [stdout]    --> src/blob.rs:153:22
[INFO] [stdout]     |
[INFO] [stdout] 153 |         let buffer = JSArrayBuffer::from_bytes(&ctx, self.data.as_ref())?;
[INFO] [stdout]     |                      ^^^^^^^^^^^^^ use of undeclared type `JSArrayBuffer`
[INFO] [stdout]     |
[INFO] [stdout] help: a struct with a similar name exists
[INFO] [stdout]     |
[INFO] [stdout] 153 |         let buffer = CoreJSArrayBuffer::from_bytes(&ctx, self.data.as_ref())?;
[INFO] [stdout]     |                      ++++
[INFO] [stdout] 
[INFO] [stdout] 
[INFO] [stdout] error[E0433]: cannot find type `JSTypedArray` in this scope
[INFO] [stdout]    --> src/blob.rs:154:9
[INFO] [stdout]     |
[INFO] [stdout] 154 |         JSTypedArray::<u8>::from_array_buffer(&ctx, buffer, 0, None)
[INFO] [stdout]     |         ^^^^^^^^^^^^ use of undeclared type `JSTypedArray`
[INFO] [stdout]     |
[INFO] [stdout] help: a struct with a similar name exists
[INFO] [stdout]     |
[INFO] [stdout] 154 |         CoreJSTypedArray::<u8>::from_array_buffer(&ctx, buffer, 0, None)
[INFO] [stdout]     |         ++++
[INFO] [stdout] 
[INFO] [stdout] 
[INFO] [stdout] error[E0277]: the trait bound `(): rong_core::value::JSValueImpl` is not satisfied
[INFO] [stdout]   --> src/blob.rs:28:1
[INFO] [stdout]    |
[INFO] [stdout] 28 | #[js_class]
[INFO] [stdout]    | ^^^^^^^^^^^ the trait `rong_core::value::JSValueImpl` is not implemented for `()`
[INFO] [stdout]    |
[INFO] [stdout] note: required by a bound in `rong_core::function::parameter::JSClassRef`
[INFO] [stdout]   --> /opt/rustwide/cargo-home/registry/src/index.crates.io-1949cf8c6b5b557f/rong_core-0.6.0/src/function/parameter.rs:74:29
[INFO] [stdout]    |
[INFO] [stdout] 74 | pub struct JSClassRef<T, V: JSValueImpl>(JSObject<V>, PhantomData<T>);
[INFO] [stdout]    |                             ^^^^^^^^^^^ required by this bound in `JSClassRef`
[INFO] [stdout]    = note: this error originates in the attribute macro `js_class` (in Nightly builds, run with -Z macro-backtrace for more info)
[INFO] [stdout] 
[INFO] [stdout] 
[INFO] [stdout] error[E0599]: the method `borrow` exists for struct `This<rong_core::function::parameter::JSClassRef<Blob, ()>>`, but its trait bounds were not satisfied
[INFO] [stdout]   --> src/blob.rs:28:1
[INFO] [stdout]    |
[INFO] [stdout] 28 | #[js_class]
[INFO] [stdout]    | ^^^^^^^^^^^
[INFO] [stdout]    |
[INFO] [stdout]    = note: the following trait bounds were not satisfied:
[INFO] [stdout]            `(): rong_core::value::object::JSObjectOps`
[INFO] [stdout]    = help: items from traits can only be used if the trait is in scope
[INFO] [stdout]    = note: this error originates in the attribute macro `js_class` (in Nightly builds, run with -Z macro-backtrace for more info)
[INFO] [stdout] help: trait `Borrow` which provides `borrow` is implemented but not in scope; perhaps you want to import it
[INFO] [stdout]    |
[INFO] [stdout]  1 + use std::borrow::Borrow;
[INFO] [stdout]    |
[INFO] [stdout] 
[INFO] [stdout] 
[INFO] [stdout] warning: method call on a diverging inference variable
[INFO] [stdout]    --> src/blob.rs:191:36
[INFO] [stdout]     |
[INFO] [stdout] 191 |         if let Some(object) = elem.clone().into_object() {
[INFO] [stdout]     |                                    ^^^^^
[INFO] [stdout]     |
[INFO] [stdout]     = help: consider providing a type annotation
[INFO] [stdout]     = warning: this was previously accepted by the compiler but is being phased out; it will become a hard error in a future release!
[INFO] [stdout]     = note: for more information, see issue #156047 <https://github.com/rust-lang/rust/issues/156047>
[INFO] [stdout]     = note: `#[warn(method_call_on_diverging_infer_var)]` (part of `#[warn(future_incompatible)]`) on by default
[INFO] [stdout] 
[INFO] [stdout] 
[INFO] [stdout] error[E0599]: no method named `into_object` found for type `!` in the current scope
[INFO] [stdout]    --> src/blob.rs:191:44
[INFO] [stdout]     |
[INFO] [stdout] 191 |         if let Some(object) = elem.clone().into_object() {
[INFO] [stdout]     |                                            ^^^^^^^^^^^ method not found in `!`
[INFO] [stdout] 
[INFO] [stdout] 
[INFO] [stdout] warning: unreachable call
[INFO] [stdout]    --> src/blob.rs:191:44
[INFO] [stdout]     |
[INFO] [stdout] 191 |         if let Some(object) = elem.clone().into_object() {
[INFO] [stdout]     |                               ------------ ^^^^^^^^^^^ unreachable call
[INFO] [stdout]     |                               |
[INFO] [stdout]     |                               any code following this expression is unreachable
[INFO] [stdout]     |
[INFO] [stdout]     = note: `#[warn(unreachable_code)]` (part of `#[warn(unused)]`) on by default
[INFO] [stdout] 
[INFO] [stdout] 
[INFO] [stdout] error[E0433]: cannot find type `AnyJSTypedArray` in this scope
[INFO] [stdout]    --> src/blob.rs:192:40
[INFO] [stdout]     |
[INFO] [stdout] 192 |             if let Some(typed_array) = AnyJSTypedArray::from_object(object.clone()) {
[INFO] [stdout]     |                                        ^^^^^^^^^^^^^^^ use of undeclared type `AnyJSTypedArray`
[INFO] [stdout]     |
[INFO] [stdout] help: a struct with a similar name exists
[INFO] [stdout]     |
[INFO] [stdout] 192 |             if let Some(typed_array) = CoreAnyJSTypedArray::from_object(object.clone()) {
[INFO] [stdout]     |                                        ++++
[INFO] [stdout] 
[INFO] [stdout] 
[INFO] [stdout] error[E0433]: cannot find type `JSArrayBuffer` in this scope
[INFO] [stdout]    --> src/blob.rs:199:35
[INFO] [stdout]     |
[INFO] [stdout] 199 |             if let Some(buffer) = JSArrayBuffer::from_object(object.clone()) {
[INFO] [stdout]     |                                   ^^^^^^^^^^^^^ use of undeclared type `JSArrayBuffer`
[INFO] [stdout]     |
[INFO] [stdout] help: a struct with a similar name exists
[INFO] [stdout]     |
[INFO] [stdout] 199 |             if let Some(buffer) = CoreJSArrayBuffer::from_object(object.clone()) {
[INFO] [stdout]     |                                   ++++
[INFO] [stdout] 
[INFO] [stdout] 
[INFO] [stdout] error[E0599]: no method named `to_rust` found for type `!` in the current scope
[INFO] [stdout]    --> src/blob.rs:210:34
[INFO] [stdout]     |
[INFO] [stdout] 210 |         if let Ok(string) = elem.to_rust::<String>() {
[INFO] [stdout]     |                                  ^^^^^^^ method not found in `!`
[INFO] [stdout] 
[INFO] [stdout] 
[INFO] [stdout] warning: unreachable call
[INFO] [stdout]    --> src/blob.rs:210:34
[INFO] [stdout]     |
[INFO] [stdout] 210 |         if let Ok(string) = elem.to_rust::<String>() {
[INFO] [stdout]     |                             ---- ^^^^^^^ unreachable call
[INFO] [stdout]     |                             |
[INFO] [stdout]     |                             any code following this expression is unreachable
[INFO] [stdout] 
[INFO] [stdout] 
[INFO] [stdout] error[E0277]: the trait bound `(): rong_core::value::JSValueImpl` is not satisfied
[INFO] [stdout]   --> src/file.rs:13:1
[INFO] [stdout]    |
[INFO] [stdout] 13 | #[js_class]
[INFO] [stdout]    | ^^^^^^^^^^^ the trait `rong_core::value::JSValueImpl` is not implemented for `()`
[INFO] [stdout]    |
[INFO] [stdout] note: required by a bound in `rong_core::function::parameter::JSClassRef`
[INFO] [stdout]   --> /opt/rustwide/cargo-home/registry/src/index.crates.io-1949cf8c6b5b557f/rong_core-0.6.0/src/function/parameter.rs:74:29
[INFO] [stdout]    |
[INFO] [stdout] 74 | pub struct JSClassRef<T, V: JSValueImpl>(JSObject<V>, PhantomData<T>);
[INFO] [stdout]    |                             ^^^^^^^^^^^ required by this bound in `JSClassRef`
[INFO] [stdout]    = note: this error originates in the attribute macro `js_class` (in Nightly builds, run with -Z macro-backtrace for more info)
[INFO] [stdout] 
[INFO] [stdout] 
[INFO] [stdout] error[E0599]: the method `borrow` exists for struct `This<rong_core::function::parameter::JSClassRef<file::File, ()>>`, but its trait bounds were not satisfied
[INFO] [stdout]   --> src/file.rs:13:1
[INFO] [stdout]    |
[INFO] [stdout] 13 | #[js_class]
[INFO] [stdout]    | ^^^^^^^^^^^
[INFO] [stdout]    |
[INFO] [stdout]    = note: the following trait bounds were not satisfied:
[INFO] [stdout]            `(): rong_core::value::object::JSObjectOps`
[INFO] [stdout]    = help: items from traits can only be used if the trait is in scope
[INFO] [stdout]    = note: this error originates in the attribute macro `js_class` (in Nightly builds, run with -Z macro-backtrace for more info)
[INFO] [stdout] help: trait `Borrow` which provides `borrow` is implemented but not in scope; perhaps you want to import it
[INFO] [stdout]    |
[INFO] [stdout]  1 + use std::borrow::Borrow;
[INFO] [stdout]    |
[INFO] [stdout] 
[INFO] [stdout] 
[INFO] [stdout] Some errors have detailed explanations: E0277, E0425, E0433, E0599.
[INFO] [stdout] 
[INFO] [stdout] For more information about an error, try `rustc --explain E0277`.
[INFO] [stdout] 
[INFO] [stderr] error: could not compile `rong_buffer` (lib) due to 43 previous errors; 4 warnings emitted
[INFO] running `Command { std: "docker" "inspect" "55e3c493b58b40559b611b2ca8b880c80fe14c07a314c8e7ab0d0da380ca7168", kill_on_drop: false }`
[INFO] running `Command { std: "docker" "rm" "-f" "55e3c493b58b40559b611b2ca8b880c80fe14c07a314c8e7ab0d0da380ca7168", kill_on_drop: false }`
[INFO] [stdout] 55e3c493b58b40559b611b2ca8b880c80fe14c07a314c8e7ab0d0da380ca7168
