[INFO] fetching crate rong_assert 0.6.0...
[INFO] testing rong_assert-0.6.0 against 1.100.0-beta.1 for beta-1.100-2
[INFO] extracting crate rong_assert 0.6.0 into /workspace/builds/worker-3-tc2/source
[INFO] started tweaking crates.io crate rong_assert 0.6.0
[INFO] finished tweaking crates.io crate rong_assert 0.6.0
[INFO] tweaked toml for crates.io crate rong_assert 0.6.0 written to /workspace/builds/worker-3-tc2/source/Cargo.toml
[INFO] validating manifest of crates.io crate rong_assert 0.6.0 on toolchain 1.100.0-beta.1
[INFO] running `Command { std: CARGO_HOME="/workspace/cargo-home" RUSTUP_HOME="/workspace/rustup-home" "/workspace/cargo-home/bin/cargo" "+1.100.0-beta.1" "metadata" "--manifest-path" "Cargo.toml" "--no-deps", kill_on_drop: false }`
[INFO] crate crates.io crate rong_assert 0.6.0 already has a lockfile, it will not be regenerated
[INFO] running `Command { std: CARGO_HOME="/workspace/cargo-home" RUSTUP_HOME="/workspace/rustup-home" "/workspace/cargo-home/bin/cargo" "+1.100.0-beta.1" "fetch" "--manifest-path" "Cargo.toml", kill_on_drop: false }`
[INFO] [stderr] warning: `package.homepage` is redundant with `package.repository`
[INFO] [stderr]   --> Cargo.toml:30:12
[INFO] [stderr]    |
[INFO] [stderr] 30 | homepage = "https://github.com/LingXia-Dev/Rong"
[INFO] [stderr]    |            ^^^^^^^^^^^^^^^^^^^^^^^^^^^^^^^^^^^^^
[INFO] [stderr] ...
[INFO] [stderr] 35 | repository = "https://github.com/LingXia-Dev/Rong"
[INFO] [stderr]    |              -------------------------------------
[INFO] [stderr]    |
[INFO] [stderr]    = note: `cargo::redundant_homepage` is set to `warn` by default
[INFO] [stderr] help: consider removing `package.homepage`
[INFO] [stderr] warning: `rong_assert` (manifest) generated 1 warning
[INFO] running `Command { std: "docker" "create" "-v" "/var/lib/crater-agent-workspace/builds/worker-3-tc2/source:/opt/rustwide/workdir:ro,Z" "-v" "/var/lib/crater-agent-workspace/builds/worker-3-tc2/target:/opt/rustwide/target:rw,Z" "-v" "/var/lib/crater-agent-workspace/cargo-home:/opt/rustwide/cargo-home:ro,Z" "-v" "/var/lib/crater-agent-workspace/rustup-home:/opt/rustwide/rustup-home:ro,Z" "-m" "1610612736" "--network" "none" "ghcr.io/rust-lang/crates-build-env/linux@sha256:3111399a4047eeb3a02b7a90e478d715f38a8c6669b5c4b49d30a17385265909" "sleep" "infinity", kill_on_drop: false }`
[INFO] [stdout] 6eb80e03efca5656ee1d10e980bcf80887fce52a1b2b76ba92421f12d4cf4ab0
[INFO] running `Command { std: "docker" "start" "6eb80e03efca5656ee1d10e980bcf80887fce52a1b2b76ba92421f12d4cf4ab0", kill_on_drop: false }`
[INFO] running `Command { std: "docker" "inspect" "6eb80e03efca5656ee1d10e980bcf80887fce52a1b2b76ba92421f12d4cf4ab0", kill_on_drop: false }`
[INFO] running `Command { std: "docker" "exec" "-e" "SOURCE_DIR=/opt/rustwide/workdir" "-e" "CARGO_HOME=/opt/rustwide/cargo-home" "-e" "RUSTUP_HOME=/opt/rustwide/rustup-home" "-e" "CARGO_TARGET_DIR=/opt/rustwide/target" "-w" "/opt/rustwide/workdir" "--user" "0:0" "6eb80e03efca5656ee1d10e980bcf80887fce52a1b2b76ba92421f12d4cf4ab0" "/opt/rustwide/cargo-home/bin/cargo" "+1.100.0-beta.1" "metadata" "--no-deps" "--format-version=1", kill_on_drop: false }`
[INFO] running `Command { std: "docker" "inspect" "6eb80e03efca5656ee1d10e980bcf80887fce52a1b2b76ba92421f12d4cf4ab0", kill_on_drop: false }`
[INFO] running `Command { std: "docker" "exec" "-e" "SOURCE_DIR=/opt/rustwide/workdir" "-e" "CARGO_HOME=/opt/rustwide/cargo-home" "-e" "RUSTUP_HOME=/opt/rustwide/rustup-home" "-e" "CARGO_TARGET_DIR=/opt/rustwide/target" "-e" "CARGO_INCREMENTAL=0" "-e" "RUST_BACKTRACE=full" "-e" "RUSTFLAGS=--cap-lints=warn" "-e" "RUSTDOCFLAGS=--cap-lints=warn" "-w" "/opt/rustwide/workdir" "--user" "0:0" "6eb80e03efca5656ee1d10e980bcf80887fce52a1b2b76ba92421f12d4cf4ab0" "/opt/rustwide/cargo-home/bin/cargo" "+1.100.0-beta.1" "build" "--frozen" "--message-format=json", kill_on_drop: false }`
[INFO] [stderr] warning: `package.homepage` is redundant with `package.repository`
[INFO] [stderr]   --> Cargo.toml:30:12
[INFO] [stderr]    |
[INFO] [stderr] 30 | homepage = "https://github.com/LingXia-Dev/Rong"
[INFO] [stderr]    |            ^^^^^^^^^^^^^^^^^^^^^^^^^^^^^^^^^^^^^
[INFO] [stderr] ...
[INFO] [stderr] 35 | repository = "https://github.com/LingXia-Dev/Rong"
[INFO] [stderr]    |              -------------------------------------
[INFO] [stderr]    |
[INFO] [stderr]    = note: `cargo::redundant_homepage` is set to `warn` by default
[INFO] [stderr] help: consider removing `package.homepage`
[INFO] [stderr] warning: `rong_assert` (manifest) generated 1 warning
[INFO] [stderr]    Compiling syn v2.0.119
[INFO] [stderr]    Compiling futures-core v0.3.33
[INFO] [stderr]    Compiling futures-sink v0.3.33
[INFO] [stderr]    Compiling smallvec v1.15.2
[INFO] [stderr]    Compiling futures-task v0.3.33
[INFO] [stderr]    Compiling http v1.4.2
[INFO] [stderr]    Compiling futures-io v0.3.33
[INFO] [stderr]    Compiling zeroize v1.9.0
[INFO] [stderr]    Compiling syn v3.0.0
[INFO] [stderr]    Compiling errno v0.3.14
[INFO] [stderr]    Compiling socket2 v0.6.5
[INFO] [stderr]    Compiling mio v1.2.2
[INFO] [stderr]    Compiling rustls v0.23.42
[INFO] [stderr]    Compiling sha1 v0.10.7
[INFO] [stderr]    Compiling thiserror v2.0.19
[INFO] [stderr]    Compiling serde_json v1.0.150
[INFO] [stderr]    Compiling rong_core v0.6.0
[INFO] [stderr]    Compiling futures-channel v0.3.33
[INFO] [stderr]    Compiling signal-hook-registry v1.4.8
[INFO] [stderr]    Compiling rustls-pki-types v1.15.0
[INFO] [stderr]    Compiling rustls-webpki v0.103.13
[INFO] [stderr]    Compiling webpki-roots v1.0.9
[INFO] [stderr]    Compiling http-body v1.1.0
[INFO] [stderr]    Compiling headers-core v0.3.0
[INFO] [stderr]    Compiling headers v0.4.1
[INFO] [stderr]    Compiling http-body-util v0.1.4
[INFO] [stderr]    Compiling thiserror-impl v2.0.19
[INFO] [stderr]    Compiling serde_derive v1.0.229
[INFO] [stderr]    Compiling synstructure v0.13.2
[INFO] [stderr]    Compiling rong_typegen v0.6.0
[INFO] [stderr]    Compiling zerofrom-derive v0.1.7
[INFO] [stderr]    Compiling yoke-derive v0.8.2
[INFO] [stderr]    Compiling zerovec-derive v0.11.3
[INFO] [stderr]    Compiling displaydoc v0.2.6
[INFO] [stderr]    Compiling tokio-macros v2.7.1
[INFO] [stderr]    Compiling futures-macro v0.3.33
[INFO] [stderr]    Compiling tracing-attributes v0.1.31
[INFO] [stderr]    Compiling rong_macro v0.6.0
[INFO] [stderr]    Compiling tokio v1.53.0
[INFO] [stderr]    Compiling serde v1.0.229
[INFO] [stderr]    Compiling zerofrom v0.1.8
[INFO] [stderr]    Compiling tracing v0.1.44
[INFO] [stderr]    Compiling yoke v0.8.3
[INFO] [stderr]    Compiling futures-util v0.3.33
[INFO] [stderr]    Compiling zerovec v0.11.6
[INFO] [stderr]    Compiling zerotrie v0.2.4
[INFO] [stderr]    Compiling tinystr v0.8.3
[INFO] [stderr]    Compiling potential_utf v0.1.5
[INFO] [stderr]    Compiling icu_collections v2.2.0
[INFO] [stderr]    Compiling icu_locale_core v2.2.0
[INFO] [stderr]    Compiling icu_provider v2.2.0
[INFO] [stderr]    Compiling icu_normalizer v2.2.0
[INFO] [stderr]    Compiling icu_properties v2.2.0
[INFO] [stderr]    Compiling futures-executor v0.3.33
[INFO] [stderr]    Compiling futures v0.3.33
[INFO] [stderr]    Compiling idna_adapter v1.2.2
[INFO] [stderr]    Compiling idna v1.1.0
[INFO] [stderr]    Compiling url v2.5.8
[INFO] [stderr]    Compiling hyper v1.10.1
[INFO] [stderr]    Compiling tokio-rustls v0.26.4
[INFO] [stderr]    Compiling tokio-stream v0.1.18
[INFO] [stderr]    Compiling hyper-util v0.1.20
[INFO] [stderr]    Compiling hyper-http-proxy v1.1.1
[INFO] [stderr]    Compiling hyper-rustls v0.27.9
[INFO] [stderr]    Compiling rong_rt v0.6.0
[INFO] [stderr]    Compiling rong v0.6.0
[INFO] [stderr]    Compiling rong_assert v0.6.0 (/opt/rustwide/workdir)
[INFO] [stdout] error[E0425]: cannot find type `JSContext` in this scope
[INFO] [stdout]   --> src/lib.rs:16:11
[INFO] [stdout]    |
[INFO] [stdout] 16 |     ctx: &JSContext,
[INFO] [stdout]    |           ^^^^^^^^^ not found in this scope
[INFO] [stdout] 
[INFO] [stdout] 
[INFO] [stdout] error[E0425]: cannot find type `JSValue` in this scope
[INFO] [stdout]   --> src/lib.rs:17:23
[INFO] [stdout]    |
[INFO] [stdout] 17 |     message: Optional<JSValue>,
[INFO] [stdout]    |                       ^^^^^^^ not found in this scope
[INFO] [stdout]    |
[INFO] [stdout] help: you might be missing a type parameter
[INFO] [stdout]    |
[INFO] [stdout] 15 | fn handle_assertion_error<JSValue>(
[INFO] [stdout]    |                          +++++++++
[INFO] [stdout] 
[INFO] [stdout] 
[INFO] [stdout] error[E0425]: cannot find type `JSValue` in this scope
[INFO] [stdout]   --> src/lib.rs:19:6
[INFO] [stdout]    |
[INFO] [stdout] 19 | ) -> JSValue {
[INFO] [stdout]    |      ^^^^^^^ not found in this scope
[INFO] [stdout] 
[INFO] [stdout] 
[INFO] [stdout] error[E0425]: cannot find type `JSContext` in this scope
[INFO] [stdout]   --> src/lib.rs:33:29
[INFO] [stdout]    |
[INFO] [stdout] 33 | fn get_loose_equal_fn(ctx: &JSContext) -> JSResult<JSFunc> {
[INFO] [stdout]    |                             ^^^^^^^^^ not found in this scope
[INFO] [stdout] 
[INFO] [stdout] 
[INFO] [stdout] error[E0425]: cannot find type `JSFunc` in this scope
[INFO] [stdout]   --> src/lib.rs:33:52
[INFO] [stdout]    |
[INFO] [stdout] 33 | fn get_loose_equal_fn(ctx: &JSContext) -> JSResult<JSFunc> {
[INFO] [stdout]    |                                                    ^^^^^^ not found in this scope
[INFO] [stdout]    |
[INFO] [stdout] help: you might be missing a type parameter
[INFO] [stdout]    |
[INFO] [stdout] 33 | fn get_loose_equal_fn<JSFunc>(ctx: &JSContext) -> JSResult<JSFunc> {
[INFO] [stdout]    |                      ++++++++
[INFO] [stdout] 
[INFO] [stdout] 
[INFO] [stdout] error[E0425]: cannot find type `JSObject` in this scope
[INFO] [stdout]   --> src/lib.rs:34:21
[INFO] [stdout]    |
[INFO] [stdout] 34 |     let assert_obj: JSObject = ctx.global().get("assert")?;
[INFO] [stdout]    |                     ^^^^^^^^ not found in this scope
[INFO] [stdout] 
[INFO] [stdout] 
[INFO] [stdout] error[E0425]: cannot find type `JSFunc` in this scope
[INFO] [stdout]   --> src/lib.rs:35:47
[INFO] [stdout]    |
[INFO] [stdout] 35 |     if let Ok(existing) = assert_obj.get::<_, JSFunc>("__looseEqual") {
[INFO] [stdout]    |                                               ^^^^^^ not found in this scope
[INFO] [stdout]    |
[INFO] [stdout] help: you might be missing a type parameter
[INFO] [stdout]    |
[INFO] [stdout] 33 | fn get_loose_equal_fn<JSFunc>(ctx: &JSContext) -> JSResult<JSFunc> {
[INFO] [stdout]    |                      ++++++++
[INFO] [stdout] 
[INFO] [stdout] 
[INFO] [stdout] error[E0425]: cannot find type `JSFunc` in this scope
[INFO] [stdout]   --> src/lib.rs:40:27
[INFO] [stdout]    |
[INFO] [stdout] 40 |     let func = ctx.eval::<JSFunc>(Source::from_bytes("(a, b) => a == b"))?;
[INFO] [stdout]    |                           ^^^^^^ not found in this scope
[INFO] [stdout]    |
[INFO] [stdout] help: you might be missing a type parameter
[INFO] [stdout]    |
[INFO] [stdout] 33 | fn get_loose_equal_fn<JSFunc>(ctx: &JSContext) -> JSResult<JSFunc> {
[INFO] [stdout]    |                      ++++++++
[INFO] [stdout] 
[INFO] [stdout] 
[INFO] [stdout] error[E0425]: cannot find type `JSContext` in this scope
[INFO] [stdout]   --> src/lib.rs:46:15
[INFO] [stdout]    |
[INFO] [stdout] 46 | fn equal(ctx: JSContext, left: JSValue, right: JSValue, message: Optional<JSValue>) -> JSValue {
[INFO] [stdout]    |               ^^^^^^^^^ not found in this scope
[INFO] [stdout] 
[INFO] [stdout] 
[INFO] [stdout] error[E0425]: cannot find type `JSValue` in this scope
[INFO] [stdout]   --> src/lib.rs:46:32
[INFO] [stdout]    |
[INFO] [stdout] 46 | fn equal(ctx: JSContext, left: JSValue, right: JSValue, message: Optional<JSValue>) -> JSValue {
[INFO] [stdout]    |                                ^^^^^^^ not found in this scope
[INFO] [stdout] 
[INFO] [stdout] 
[INFO] [stdout] error[E0425]: cannot find type `JSValue` in this scope
[INFO] [stdout]   --> src/lib.rs:46:48
[INFO] [stdout]    |
[INFO] [stdout] 46 | fn equal(ctx: JSContext, left: JSValue, right: JSValue, message: Optional<JSValue>) -> JSValue {
[INFO] [stdout]    |                                                ^^^^^^^ not found in this scope
[INFO] [stdout] 
[INFO] [stdout] 
[INFO] [stdout] error[E0425]: cannot find type `JSValue` in this scope
[INFO] [stdout]   --> src/lib.rs:46:75
[INFO] [stdout]    |
[INFO] [stdout] 46 | fn equal(ctx: JSContext, left: JSValue, right: JSValue, message: Optional<JSValue>) -> JSValue {
[INFO] [stdout]    |                                                                           ^^^^^^^ not found in this scope
[INFO] [stdout]    |
[INFO] [stdout] help: you might be missing a type parameter
[INFO] [stdout]    |
[INFO] [stdout] 46 | fn equal<JSValue>(ctx: JSContext, left: JSValue, right: JSValue, message: Optional<JSValue>) -> JSValue {
[INFO] [stdout]    |         +++++++++
[INFO] [stdout] 
[INFO] [stdout] 
[INFO] [stdout] error[E0425]: cannot find type `JSValue` in this scope
[INFO] [stdout]   --> src/lib.rs:46:88
[INFO] [stdout]    |
[INFO] [stdout] 46 | fn equal(ctx: JSContext, left: JSValue, right: JSValue, message: Optional<JSValue>) -> JSValue {
[INFO] [stdout]    |                                                                                        ^^^^^^^ not found in this scope
[INFO] [stdout] 
[INFO] [stdout] 
[INFO] [stdout] error[E0425]: cannot find type `JSContext` in this scope
[INFO] [stdout]   --> src/lib.rs:59:12
[INFO] [stdout]    |
[INFO] [stdout] 59 | fn ok(ctx: JSContext, value: JSValue, message: Optional<JSValue>) -> JSValue {
[INFO] [stdout]    |            ^^^^^^^^^ not found in this scope
[INFO] [stdout] 
[INFO] [stdout] 
[INFO] [stdout] error[E0425]: cannot find type `JSValue` in this scope
[INFO] [stdout]   --> src/lib.rs:59:30
[INFO] [stdout]    |
[INFO] [stdout] 59 | fn ok(ctx: JSContext, value: JSValue, message: Optional<JSValue>) -> JSValue {
[INFO] [stdout]    |                              ^^^^^^^ not found in this scope
[INFO] [stdout] 
[INFO] [stdout] 
[INFO] [stdout] error[E0425]: cannot find type `JSValue` in this scope
[INFO] [stdout]   --> src/lib.rs:59:57
[INFO] [stdout]    |
[INFO] [stdout] 59 | fn ok(ctx: JSContext, value: JSValue, message: Optional<JSValue>) -> JSValue {
[INFO] [stdout]    |                                                         ^^^^^^^ not found in this scope
[INFO] [stdout]    |
[INFO] [stdout] help: you might be missing a type parameter
[INFO] [stdout]    |
[INFO] [stdout] 59 | fn ok<JSValue>(ctx: JSContext, value: JSValue, message: Optional<JSValue>) -> JSValue {
[INFO] [stdout]    |      +++++++++
[INFO] [stdout] 
[INFO] [stdout] 
[INFO] [stdout] error[E0425]: cannot find type `JSValue` in this scope
[INFO] [stdout]   --> src/lib.rs:59:70
[INFO] [stdout]    |
[INFO] [stdout] 59 | fn ok(ctx: JSContext, value: JSValue, message: Optional<JSValue>) -> JSValue {
[INFO] [stdout]    |                                                                      ^^^^^^^ not found in this scope
[INFO] [stdout] 
[INFO] [stdout] 
[INFO] [stdout] error[E0425]: cannot find type `JSContext` in this scope
[INFO] [stdout]   --> src/lib.rs:89:14
[INFO] [stdout]    |
[INFO] [stdout] 89 | fn fail(ctx: JSContext, message: Optional<JSValue>) -> JSValue {
[INFO] [stdout]    |              ^^^^^^^^^ not found in this scope
[INFO] [stdout] 
[INFO] [stdout] 
[INFO] [stdout] error[E0425]: cannot find type `JSValue` in this scope
[INFO] [stdout]   --> src/lib.rs:89:43
[INFO] [stdout]    |
[INFO] [stdout] 89 | fn fail(ctx: JSContext, message: Optional<JSValue>) -> JSValue {
[INFO] [stdout]    |                                           ^^^^^^^ not found in this scope
[INFO] [stdout]    |
[INFO] [stdout] help: you might be missing a type parameter
[INFO] [stdout]    |
[INFO] [stdout] 89 | fn fail<JSValue>(ctx: JSContext, message: Optional<JSValue>) -> JSValue {
[INFO] [stdout]    |        +++++++++
[INFO] [stdout] 
[INFO] [stdout] 
[INFO] [stdout] error[E0425]: cannot find type `JSValue` in this scope
[INFO] [stdout]   --> src/lib.rs:89:56
[INFO] [stdout]    |
[INFO] [stdout] 89 | fn fail(ctx: JSContext, message: Optional<JSValue>) -> JSValue {
[INFO] [stdout]    |                                                        ^^^^^^^ not found in this scope
[INFO] [stdout] 
[INFO] [stdout] 
[INFO] [stdout] error[E0425]: cannot find type `JSContext` in this scope
[INFO] [stdout]    --> src/lib.rs:103:24
[INFO] [stdout]     |
[INFO] [stdout] 103 | fn does_not_throw(ctx: JSContext, func: JSFunc, message: Optional<JSValue>) -> JSValue {
[INFO] [stdout]     |                        ^^^^^^^^^ not found in this scope
[INFO] [stdout] 
[INFO] [stdout] 
[INFO] [stdout] error[E0425]: cannot find type `JSFunc` in this scope
[INFO] [stdout]    --> src/lib.rs:103:41
[INFO] [stdout]     |
[INFO] [stdout] 103 | fn does_not_throw(ctx: JSContext, func: JSFunc, message: Optional<JSValue>) -> JSValue {
[INFO] [stdout]     |                                         ^^^^^^ not found in this scope
[INFO] [stdout] 
[INFO] [stdout] 
[INFO] [stdout] error[E0425]: cannot find type `JSValue` in this scope
[INFO] [stdout]    --> src/lib.rs:103:67
[INFO] [stdout]     |
[INFO] [stdout] 103 | fn does_not_throw(ctx: JSContext, func: JSFunc, message: Optional<JSValue>) -> JSValue {
[INFO] [stdout]     |                                                                   ^^^^^^^ not found in this scope
[INFO] [stdout]     |
[INFO] [stdout] help: you might be missing a type parameter
[INFO] [stdout]     |
[INFO] [stdout] 103 | fn does_not_throw<JSValue>(ctx: JSContext, func: JSFunc, message: Optional<JSValue>) -> JSValue {
[INFO] [stdout]     |                  +++++++++
[INFO] [stdout] 
[INFO] [stdout] 
[INFO] [stdout] error[E0425]: cannot find type `JSValue` in this scope
[INFO] [stdout]    --> src/lib.rs:103:80
[INFO] [stdout]     |
[INFO] [stdout] 103 | fn does_not_throw(ctx: JSContext, func: JSFunc, message: Optional<JSValue>) -> JSValue {
[INFO] [stdout]     |                                                                                ^^^^^^^ not found in this scope
[INFO] [stdout] 
[INFO] [stdout] 
[INFO] [stdout] error[E0425]: cannot find type `JSContext` in this scope
[INFO] [stdout]    --> src/lib.rs:115:19
[INFO] [stdout]     |
[INFO] [stdout] 115 | pub fn init(ctx: &JSContext) -> JSResult<()> {
[INFO] [stdout]     |                   ^^^^^^^^^ not found in this scope
[INFO] [stdout] 
[INFO] [stdout] 
[INFO] [stdout] error[E0433]: cannot find type `JSValue` in this scope
[INFO] [stdout]   --> src/lib.rs:52:21
[INFO] [stdout]    |
[INFO] [stdout] 52 |         Ok(true) => JSValue::undefined(&ctx),
[INFO] [stdout]    |                     ^^^^^^^ use of undeclared type `JSValue`
[INFO] [stdout] 
[INFO] [stdout] 
[INFO] [stdout] error[E0433]: cannot find type `JSValue` in this scope
[INFO] [stdout]   --> src/lib.rs:60:21
[INFO] [stdout]    |
[INFO] [stdout] 60 |     let undefined = JSValue::undefined(&ctx);
[INFO] [stdout]    |                     ^^^^^^^ use of undeclared type `JSValue`
[INFO] [stdout] 
[INFO] [stdout] 
[INFO] [stdout] error[E0433]: cannot find type `JSValue` in this scope
[INFO] [stdout]    --> src/lib.rs:106:31
[INFO] [stdout]     |
[INFO] [stdout] 106 |         .call::<_, ()>(None, (JSValue::undefined(&ctx),))
[INFO] [stdout]     |                               ^^^^^^^ use of undeclared type `JSValue`
[INFO] [stdout] 
[INFO] [stdout] 
[INFO] [stdout] error[E0433]: cannot find type `JSValue` in this scope
[INFO] [stdout]    --> src/lib.rs:112:5
[INFO] [stdout]     |
[INFO] [stdout] 112 |     JSValue::undefined(&ctx)
[INFO] [stdout]     |     ^^^^^^^ use of undeclared type `JSValue`
[INFO] [stdout] 
[INFO] [stdout] 
[INFO] [stdout] error[E0433]: cannot find type `JSFunc` in this scope
[INFO] [stdout]    --> src/lib.rs:116:14
[INFO] [stdout]     |
[INFO] [stdout] 116 |     let ok = JSFunc::new(ctx, ok)?.name("ok")?;
[INFO] [stdout]     |              ^^^^^^ use of undeclared type `JSFunc`
[INFO] [stdout] 
[INFO] [stdout] 
[INFO] [stdout] error[E0433]: cannot find type `JSFunc` in this scope
[INFO] [stdout]    --> src/lib.rs:117:17
[INFO] [stdout]     |
[INFO] [stdout] 117 |     let equal = JSFunc::new(ctx, equal)?.name("equal")?;
[INFO] [stdout]     |                 ^^^^^^ use of undeclared type `JSFunc`
[INFO] [stdout] 
[INFO] [stdout] 
[INFO] [stdout] error[E0433]: cannot find type `JSFunc` in this scope
[INFO] [stdout]    --> src/lib.rs:118:16
[INFO] [stdout]     |
[INFO] [stdout] 118 |     let fail = JSFunc::new(ctx, fail)?.name("fail")?;
[INFO] [stdout]     |                ^^^^^^ use of undeclared type `JSFunc`
[INFO] [stdout] 
[INFO] [stdout] 
[INFO] [stdout] error[E0433]: cannot find type `JSFunc` in this scope
[INFO] [stdout]    --> src/lib.rs:119:26
[INFO] [stdout]     |
[INFO] [stdout] 119 |     let does_not_throw = JSFunc::new(ctx, does_not_throw)?.name("doesNotThrow")?;
[INFO] [stdout]     |                          ^^^^^^ use of undeclared type `JSFunc`
[INFO] [stdout] 
[INFO] [stdout] 
[INFO] [stdout] Some errors have detailed explanations: E0425, E0433.
[INFO] [stdout] 
[INFO] [stdout] For more information about an error, try `rustc --explain E0425`.
[INFO] [stdout] 
[INFO] [stderr] error: could not compile `rong_assert` (lib) due to 33 previous errors
[INFO] running `Command { std: "docker" "inspect" "6eb80e03efca5656ee1d10e980bcf80887fce52a1b2b76ba92421f12d4cf4ab0", kill_on_drop: false }`
[INFO] running `Command { std: "docker" "rm" "-f" "6eb80e03efca5656ee1d10e980bcf80887fce52a1b2b76ba92421f12d4cf4ab0", kill_on_drop: false }`
[INFO] [stdout] 6eb80e03efca5656ee1d10e980bcf80887fce52a1b2b76ba92421f12d4cf4ab0
