[INFO] fetching crate rocket_auth2 0.6.2...
[INFO] testing rocket_auth2-0.6.2 against 1.100.0-beta.1 for beta-1.100-2
[INFO] extracting crate rocket_auth2 0.6.2 into /workspace/builds/worker-3-tc2/source
[INFO] started tweaking crates.io crate rocket_auth2 0.6.2
[INFO] removed 0 missing examples
[INFO] finished tweaking crates.io crate rocket_auth2 0.6.2
[INFO] tweaked toml for crates.io crate rocket_auth2 0.6.2 written to /workspace/builds/worker-3-tc2/source/Cargo.toml
[INFO] validating manifest of crates.io crate rocket_auth2 0.6.2 on toolchain 1.100.0-beta.1
[INFO] running `Command { std: CARGO_HOME="/workspace/cargo-home" RUSTUP_HOME="/workspace/rustup-home" "/workspace/cargo-home/bin/cargo" "+1.100.0-beta.1" "metadata" "--manifest-path" "Cargo.toml" "--no-deps", kill_on_drop: false }`
[INFO] crate crates.io crate rocket_auth2 0.6.2 already has a lockfile, it will not be regenerated
[INFO] running `Command { std: CARGO_HOME="/workspace/cargo-home" RUSTUP_HOME="/workspace/rustup-home" "/workspace/cargo-home/bin/cargo" "+1.100.0-beta.1" "fetch" "--manifest-path" "Cargo.toml", kill_on_drop: false }`
[INFO] running `Command { std: "docker" "create" "-v" "/var/lib/crater-agent-workspace/builds/worker-3-tc2/source:/opt/rustwide/workdir:ro,Z" "-v" "/var/lib/crater-agent-workspace/builds/worker-3-tc2/target:/opt/rustwide/target:rw,Z" "-v" "/var/lib/crater-agent-workspace/cargo-home:/opt/rustwide/cargo-home:ro,Z" "-v" "/var/lib/crater-agent-workspace/rustup-home:/opt/rustwide/rustup-home:ro,Z" "-m" "1610612736" "--network" "none" "ghcr.io/rust-lang/crates-build-env/linux@sha256:3111399a4047eeb3a02b7a90e478d715f38a8c6669b5c4b49d30a17385265909" "sleep" "infinity", kill_on_drop: false }`
[INFO] [stdout] ca407023ad55085ba76afb3d79a26febe3cdbb878c6a4e81c426076d081d7fb4
[INFO] running `Command { std: "docker" "start" "ca407023ad55085ba76afb3d79a26febe3cdbb878c6a4e81c426076d081d7fb4", kill_on_drop: false }`
[INFO] running `Command { std: "docker" "inspect" "ca407023ad55085ba76afb3d79a26febe3cdbb878c6a4e81c426076d081d7fb4", kill_on_drop: false }`
[INFO] running `Command { std: "docker" "exec" "-e" "SOURCE_DIR=/opt/rustwide/workdir" "-e" "CARGO_HOME=/opt/rustwide/cargo-home" "-e" "RUSTUP_HOME=/opt/rustwide/rustup-home" "-e" "CARGO_TARGET_DIR=/opt/rustwide/target" "-w" "/opt/rustwide/workdir" "--user" "0:0" "ca407023ad55085ba76afb3d79a26febe3cdbb878c6a4e81c426076d081d7fb4" "/opt/rustwide/cargo-home/bin/cargo" "+1.100.0-beta.1" "metadata" "--no-deps" "--format-version=1", kill_on_drop: false }`
[INFO] running `Command { std: "docker" "inspect" "ca407023ad55085ba76afb3d79a26febe3cdbb878c6a4e81c426076d081d7fb4", kill_on_drop: false }`
[INFO] running `Command { std: "docker" "exec" "-e" "SOURCE_DIR=/opt/rustwide/workdir" "-e" "CARGO_HOME=/opt/rustwide/cargo-home" "-e" "RUSTUP_HOME=/opt/rustwide/rustup-home" "-e" "CARGO_TARGET_DIR=/opt/rustwide/target" "-e" "CARGO_INCREMENTAL=0" "-e" "RUST_BACKTRACE=full" "-e" "RUSTFLAGS=--cap-lints=warn" "-e" "RUSTDOCFLAGS=--cap-lints=warn" "-w" "/opt/rustwide/workdir" "--user" "0:0" "ca407023ad55085ba76afb3d79a26febe3cdbb878c6a4e81c426076d081d7fb4" "/opt/rustwide/cargo-home/bin/cargo" "+1.100.0-beta.1" "build" "--frozen" "--message-format=json", kill_on_drop: false }`
[INFO] [stderr]    Compiling proc-macro2 v1.0.93
[INFO] [stderr]    Compiling unicode-ident v1.0.16
[INFO] [stderr]    Compiling libc v0.2.169
[INFO] [stderr]    Compiling serde v1.0.217
[INFO] [stderr]    Compiling itoa v1.0.14
[INFO] [stderr]    Compiling memchr v2.7.4
[INFO] [stderr]    Compiling stable_deref_trait v1.2.0
[INFO] [stderr]    Compiling once_cell v1.20.3
[INFO] [stderr]    Compiling hashbrown v0.15.2
[INFO] [stderr]    Compiling bytes v1.10.0
[INFO] [stderr]    Compiling proc-macro2-diagnostics v0.10.1
[INFO] [stderr]    Compiling futures-core v0.3.31
[INFO] [stderr]    Compiling yansi v1.0.1
[INFO] [stderr]    Compiling generic-array v0.14.7
[INFO] [stderr]    Compiling smallvec v1.14.0
[INFO] [stderr]    Compiling slab v0.4.9
[INFO] [stderr]    Compiling time-core v0.1.2
[INFO] [stderr]    Compiling num-conv v0.1.0
[INFO] [stderr]    Compiling futures-sink v0.3.31
[INFO] [stderr]    Compiling deranged v0.3.11
[INFO] [stderr]    Compiling httparse v1.10.0
[INFO] [stderr]    Compiling litemap v0.7.4
[INFO] [stderr]    Compiling getrandom v0.3.1
[INFO] [stderr]    Compiling time-macros v0.2.19
[INFO] [stderr]    Compiling writeable v0.5.5
[INFO] [stderr]    Compiling percent-encoding v2.3.1
[INFO] [stderr]    Compiling futures-channel v0.3.31
[INFO] [stderr]    Compiling tracing-core v0.1.33
[INFO] [stderr]    Compiling futures-io v0.3.31
[INFO] [stderr]    Compiling futures-task v0.3.31
[INFO] [stderr]    Compiling icu_locid_transform_data v1.5.0
[INFO] [stderr]    Compiling inlinable_string v0.1.15
[INFO] [stderr]    Compiling maybe-uninit v2.0.0
[INFO] [stderr]    Compiling ref-cast v1.0.23
[INFO] [stderr]    Compiling icu_properties_data v1.5.0
[INFO] [stderr]    Compiling opaque-debug v0.3.1
[INFO] [stderr]    Compiling futures-util v0.3.31
[INFO] [stderr]    Compiling cookie v0.18.1
[INFO] [stderr]    Compiling uncased v0.9.10
[INFO] [stderr]    Compiling quote v1.0.38
[INFO] [stderr]    Compiling write16 v1.0.0
[INFO] [stderr]    Compiling zerocopy v0.8.18
[INFO] [stderr]    Compiling tracing v0.1.41
[INFO] [stderr]    Compiling utf16_iter v1.0.5
[INFO] [stderr]    Compiling icu_normalizer_data v1.5.0
[INFO] [stderr]    Compiling bitflags v2.8.0
[INFO] [stderr]    Compiling lock_api v0.4.12
[INFO] [stderr]    Compiling parking_lot_core v0.9.10
[INFO] [stderr]    Compiling syn v2.0.98
[INFO] [stderr]    Compiling rustix v0.38.44
[INFO] [stderr]    Compiling serde_json v1.0.138
[INFO] [stderr]    Compiling radium v0.7.0
[INFO] [stderr]    Compiling http v0.2.12
[INFO] [stderr]    Compiling state v0.6.0
[INFO] [stderr]    Compiling stable-pattern v0.1.0
[INFO] [stderr]    Compiling winnow v0.7.2
[INFO] [stderr]    Compiling getrandom v0.2.15
[INFO] [stderr]    Compiling socket2 v0.5.8
[INFO] [stderr]    Compiling mio v1.0.3
[INFO] [stderr]    Compiling signal-hook-registry v1.4.2
[INFO] [stderr]    Compiling is-terminal v0.4.15
[INFO] [stderr]    Compiling time v0.3.37
[INFO] [stderr]    Compiling either v1.13.0
[INFO] [stderr]    Compiling block-buffer v0.10.4
[INFO] [stderr]    Compiling rand_core v0.6.4
[INFO] [stderr]    Compiling inout v0.1.3
[INFO] [stderr]    Compiling rand v0.4.6
[INFO] [stderr]    Compiling crypto-common v0.1.6
[INFO] [stderr]    Compiling tokio v1.43.0
[INFO] [stderr]    Compiling cipher v0.4.4
[INFO] [stderr]    Compiling universal-hash v0.5.1
[INFO] [stderr]    Compiling digest v0.10.7
[INFO] [stderr]    Compiling aead v0.5.2
[INFO] [stderr]    Compiling polyval v0.6.2
[INFO] [stderr]    Compiling aho-corasick v1.1.3
[INFO] [stderr]    Compiling ctr v0.9.2
[INFO] [stderr]    Compiling aes v0.8.4
[INFO] [stderr]    Compiling hmac v0.12.1
[INFO] [stderr]    Compiling sha2 v0.10.8
[INFO] [stderr]    Compiling http-body v0.4.6
[INFO] [stderr]    Compiling ghash v0.5.1
[INFO] [stderr]    Compiling hkdf v0.12.4
[INFO] [stderr]    Compiling proc-macro-error-attr2 v2.0.0
[INFO] [stderr]    Compiling smallvec v0.6.14
[INFO] [stderr]    Compiling aes-gcm v0.10.3
[INFO] [stderr]    Compiling indexmap v2.7.1
[INFO] [stderr]    Compiling num-traits v0.2.19
[INFO] [stderr]    Compiling figment v0.10.19
[INFO] [stderr]    Compiling ahash v0.8.11
[INFO] [stderr]    Compiling multer v3.1.0
[INFO] [stderr]    Compiling log v0.4.25
[INFO] [stderr]    Compiling ryu v1.0.19
[INFO] [stderr]    Compiling linux-raw-sys v0.4.15
[INFO] [stderr]    Compiling unic-common v0.9.0
[INFO] [stderr]    Compiling tap v1.0.1
[INFO] [stderr]    Compiling unic-char-range v0.9.0
[INFO] [stderr]    Compiling wyz v0.5.1
[INFO] [stderr]    Compiling unic-char-property v0.9.0
[INFO] [stderr]    Compiling unic-ucd-version v0.9.0
[INFO] [stderr]    Compiling parking_lot_core v0.2.14
[INFO] [stderr]    Compiling http v1.2.0
[INFO] [stderr]    Compiling form_urlencoded v1.2.1
[INFO] [stderr]    Compiling futures v0.3.31
[INFO] [stderr]    Compiling owning_ref v0.3.3
[INFO] [stderr]    Compiling rocket v0.5.1
[INFO] [stderr]    Compiling encoding_rs v0.8.35
[INFO] [stderr]    Compiling glob v0.3.2
[INFO] [stderr]    Compiling spin v0.9.8
[INFO] [stderr]    Compiling constant_time_eq v0.3.1
[INFO] [stderr]    Compiling thiserror v2.0.11
[INFO] [stderr]    Compiling funty v2.0.0
[INFO] [stderr]    Compiling unicode-xid v0.2.6
[INFO] [stderr]    Compiling blake2b_simd v1.0.3
[INFO] [stderr]    Compiling rand_core v0.9.1
[INFO] [stderr]    Compiling regex-automata v0.4.9
[INFO] [stderr]    Compiling parking_lot v0.4.8
[INFO] [stderr]    Compiling parking_lot v0.12.3
[INFO] [stderr]    Compiling unic-ucd-common v0.9.0
[INFO] [stderr]    Compiling bitvec v1.0.1
[INFO] [stderr]    Compiling num_cpus v1.16.0
[INFO] [stderr]    Compiling iana-time-zone v0.1.61
[INFO] [stderr]    Compiling atomic v0.5.3
[INFO] [stderr]    Compiling base64 v0.13.1
[INFO] [stderr]    Compiling binascii v0.1.4
[INFO] [stderr]    Compiling rust-argon2 v2.1.0
[INFO] [stderr]    Compiling chashmap v2.2.2
[INFO] [stderr]    Compiling chrono v0.4.39
[INFO] [stderr]    Compiling hyper v0.14.32
[INFO] [stderr]    Compiling tempfile v3.17.0
[INFO] [stderr]    Compiling synstructure v0.13.1
[INFO] [stderr]    Compiling darling_core v0.20.10
[INFO] [stderr]    Compiling proc-macro-error2 v2.0.1
[INFO] [stderr]    Compiling devise_core v0.4.2
[INFO] [stderr]    Compiling regex v1.11.1
[INFO] [stderr]    Compiling serde_derive v1.0.217
[INFO] [stderr]    Compiling zerofrom-derive v0.1.5
[INFO] [stderr]    Compiling yoke-derive v0.7.5
[INFO] [stderr]    Compiling zerovec-derive v0.10.3
[INFO] [stderr]    Compiling displaydoc v0.2.5
[INFO] [stderr]    Compiling zerocopy-derive v0.7.35
[INFO] [stderr]    Compiling icu_provider_macros v1.5.0
[INFO] [stderr]    Compiling tokio-macros v2.5.0
[INFO] [stderr]    Compiling futures-macro v0.3.31
[INFO] [stderr]    Compiling pear_codegen v0.2.9
[INFO] [stderr]    Compiling ref-cast-impl v1.0.23
[INFO] [stderr]    Compiling async-stream-impl v0.3.6
[INFO] [stderr]    Compiling thiserror-impl v2.0.11
[INFO] [stderr]    Compiling devise_codegen v0.4.2
[INFO] [stderr]    Compiling async-trait v0.1.86
[INFO] [stderr]    Compiling devise v0.4.2
[INFO] [stderr]    Compiling zerocopy v0.7.35
[INFO] [stderr]    Compiling pear v0.2.9
[INFO] [stderr]    Compiling async-stream v0.3.6
[INFO] [stderr]    Compiling zerofrom v0.1.5
[INFO] [stderr]    Compiling yoke v0.7.5
[INFO] [stderr]    Compiling zerovec v0.10.4
[INFO] [stderr]    Compiling ppv-lite86 v0.2.20
[INFO] [stderr]    Compiling darling_macro v0.20.10
[INFO] [stderr]    Compiling rocket_http v0.5.1
[INFO] [stderr]    Compiling rand_chacha v0.3.1
[INFO] [stderr]    Compiling rand_chacha v0.9.0
[INFO] [stderr]    Compiling darling v0.20.10
[INFO] [stderr]    Compiling rand v0.9.0
[INFO] [stderr]    Compiling rand v0.8.5
[INFO] [stderr]    Compiling validator_derive v0.20.0
[INFO] [stderr]    Compiling tinystr v0.7.6
[INFO] [stderr]    Compiling icu_collections v1.5.0
[INFO] [stderr]    Compiling futures-executor v0.3.31
[INFO] [stderr]    Compiling icu_locid v1.5.0
[INFO] [stderr]    Compiling icu_provider v1.5.0
[INFO] [stderr]    Compiling rocket_codegen v0.5.1
[INFO] [stderr]    Compiling icu_locid_transform v1.5.0
[INFO] [stderr]    Compiling tokio-util v0.7.13
[INFO] [stderr]    Compiling tokio-stream v0.1.17
[INFO] [stderr]    Compiling icu_properties v1.5.1
[INFO] [stderr]    Compiling toml_datetime v0.6.8
[INFO] [stderr]    Compiling serde_spanned v0.6.8
[INFO] [stderr]    Compiling ubyte v0.10.4
[INFO] [stderr]    Compiling serde_bytes v0.11.15
[INFO] [stderr]    Compiling uuid v1.13.1
[INFO] [stderr]    Compiling h2 v0.3.26
[INFO] [stderr]    Compiling toml_edit v0.22.24
[INFO] [stderr]    Compiling icu_normalizer v1.5.0
[INFO] [stderr]    Compiling idna_adapter v1.2.0
[INFO] [stderr]    Compiling idna v1.0.3
[INFO] [stderr]    Compiling bson v2.13.0
[INFO] [stderr]    Compiling url v2.5.4
[INFO] [stderr]    Compiling validator v0.20.0
[INFO] [stderr]    Compiling toml v0.8.20
[INFO] [stderr]    Compiling rocket_auth2 v0.6.2 (/opt/rustwide/workdir)
[INFO] [stderr] warning: unused dependency `bson`
[INFO] [stderr]  --> Cargo.toml:4:15
[INFO] [stderr]   |
[INFO] [stderr] 4 | [dependencies.bson]
[INFO] [stderr]   |               ^^^^^
[INFO] [stderr]   |
[INFO] [stderr]   = note: `cargo::unused_dependencies` is set to `warn` by default
[INFO] [stderr] help: consider removing the dependency on `bson`
[INFO] [stderr] warning: `rocket_auth2` (manifest) generated 1 warning
[INFO] [stderr]     Finished `dev` profile [unoptimized + debuginfo] target(s) in 1m 35s
[INFO] [stderr] warning: the following packages contain code that will be rejected by a future version of Rust: proc-macro-error2 v2.0.1
[INFO] [stderr] note: to see what the problems were, use the option `--future-incompat-report`, or run `cargo report future-incompatibilities --id 1`
[INFO] running `Command { std: "docker" "inspect" "ca407023ad55085ba76afb3d79a26febe3cdbb878c6a4e81c426076d081d7fb4", kill_on_drop: false }`
[INFO] running `Command { std: "docker" "exec" "-e" "SOURCE_DIR=/opt/rustwide/workdir" "-e" "CARGO_HOME=/opt/rustwide/cargo-home" "-e" "RUSTUP_HOME=/opt/rustwide/rustup-home" "-e" "CARGO_TARGET_DIR=/opt/rustwide/target" "-e" "CARGO_INCREMENTAL=0" "-e" "RUST_BACKTRACE=full" "-e" "RUSTFLAGS=--cap-lints=warn" "-e" "RUSTDOCFLAGS=--cap-lints=warn" "-w" "/opt/rustwide/workdir" "--user" "0:0" "ca407023ad55085ba76afb3d79a26febe3cdbb878c6a4e81c426076d081d7fb4" "/opt/rustwide/cargo-home/bin/cargo" "+1.100.0-beta.1" "test" "--frozen" "--no-run" "--message-format=json", kill_on_drop: false }`
[INFO] [stderr]    Compiling serde v1.0.217
[INFO] [stderr]    Compiling futures-io v0.3.31
[INFO] [stderr]    Compiling stable_deref_trait v1.2.0
[INFO] [stderr]    Compiling cc v1.2.14
[INFO] [stderr]    Compiling tracing-attributes v0.1.28
[INFO] [stderr]    Compiling zerocopy v0.7.35
[INFO] [stderr]    Compiling num-traits v0.2.19
[INFO] [stderr]    Compiling futures-util v0.3.31
[INFO] [stderr]    Compiling yoke v0.7.5
[INFO] [stderr]    Compiling siphasher v1.0.1
[INFO] [stderr]    Compiling futures-channel v0.3.31
[INFO] [stderr]    Compiling tokio v1.43.0
[INFO] [stderr]    Compiling aho-corasick v1.1.3
[INFO] [stderr]    Compiling rand_core v0.6.4
[INFO] [stderr]    Compiling regex-syntax v0.8.5
[INFO] [stderr]    Compiling getrandom v0.2.15
[INFO] [stderr]    Compiling rand v0.8.5
[INFO] [stderr]    Compiling zerovec v0.10.4
[INFO] [stderr]    Compiling ahash v0.8.11
[INFO] [stderr]    Compiling rustls v0.21.12
[INFO] [stderr]    Compiling phf_shared v0.11.3
[INFO] [stderr]    Compiling minimal-lexical v0.2.1
[INFO] [stderr]    Compiling phf v0.11.3
[INFO] [stderr]    Compiling nom v7.1.3
[INFO] [stderr]    Compiling devise_core v0.4.2
[INFO] [stderr]    Compiling concurrent-queue v2.5.0
[INFO] [stderr]    Compiling phf_generator v0.11.3
[INFO] [stderr]    Compiling ppv-lite86 v0.2.20
[INFO] [stderr]    Compiling phf_codegen v0.11.3
[INFO] [stderr]    Compiling crypto-common v0.1.6
[INFO] [stderr]    Compiling tracing v0.1.41
[INFO] [stderr]    Compiling thiserror-impl v1.0.69
[INFO] [stderr]    Compiling rand_chacha v0.3.1
[INFO] [stderr]    Compiling serde_json v1.0.138
[INFO] [stderr]    Compiling tinystr v0.7.6
[INFO] [stderr]    Compiling icu_collections v1.5.0
[INFO] [stderr]    Compiling parking v2.2.1
[INFO] [stderr]    Compiling icu_locid v1.5.0
[INFO] [stderr]    Compiling getrandom v0.3.1
[INFO] [stderr]    Compiling unicode_categories v0.1.1
[INFO] [stderr]    Compiling crc-catalog v2.4.0
[INFO] [stderr]    Compiling crc v3.2.1
[INFO] [stderr]    Compiling ring v0.17.9
[INFO] [stderr]    Compiling devise_codegen v0.4.2
[INFO] [stderr]    Compiling pest v2.7.15
[INFO] [stderr]    Compiling tinyvec v1.8.1
[INFO] [stderr]    Compiling regex-automata v0.4.9
[INFO] [stderr]    Compiling event-listener v5.4.0
[INFO] [stderr]    Compiling rand_chacha v0.9.0
[INFO] [stderr]    Compiling icu_provider v1.5.0
[INFO] [stderr]    Compiling thiserror v1.0.69
[INFO] [stderr]    Compiling digest v0.10.7
[INFO] [stderr]    Compiling either v1.13.0
[INFO] [stderr]    Compiling hashbrown v0.14.5
[INFO] [stderr]    Compiling sqlformat v0.2.6
[INFO] [stderr]    Compiling futures-intrusive v0.5.0
[INFO] [stderr]    Compiling icu_locid_transform v1.5.0
[INFO] [stderr]    Compiling indexmap v2.7.1
[INFO] [stderr]    Compiling serde_spanned v0.6.8
[INFO] [stderr]    Compiling toml_datetime v0.6.8
[INFO] [stderr]    Compiling uncased v0.9.10
[INFO] [stderr]    Compiling tokio-stream v0.1.17
[INFO] [stderr]    Compiling crossbeam-queue v0.3.12
[INFO] [stderr]    Compiling crossbeam-epoch v0.9.18
[INFO] [stderr]    Compiling form_urlencoded v1.2.1
[INFO] [stderr]    Compiling futures v0.3.31
[INFO] [stderr]    Compiling bstr v1.11.3
[INFO] [stderr]    Compiling libm v0.2.11
[INFO] [stderr]    Compiling webpki-roots v0.25.4
[INFO] [stderr]    Compiling chrono v0.4.39
[INFO] [stderr]    Compiling atoi v2.0.0
[INFO] [stderr]    Compiling pest_meta v2.7.15
[INFO] [stderr]    Compiling cookie v0.18.1
[INFO] [stderr]    Compiling crossbeam-deque v0.8.6
[INFO] [stderr]    Compiling hashlink v0.9.1
[INFO] [stderr]    Compiling icu_properties v1.5.1
[INFO] [stderr]    Compiling sha2 v0.10.8
[INFO] [stderr]    Compiling unicode-normalization v0.1.24
[INFO] [stderr]    Compiling regex v1.11.1
[INFO] [stderr]    Compiling futures-executor v0.3.31
[INFO] [stderr]    Compiling parse-zoneinfo v0.3.1
[INFO] [stderr]    Compiling toml_edit v0.22.24
[INFO] [stderr]    Compiling h2 v0.3.26
[INFO] [stderr]    Compiling chrono-tz-build v0.3.0
[INFO] [stderr]    Compiling globset v0.4.15
[INFO] [stderr]    Compiling rand v0.9.0
[INFO] [stderr]    Compiling chrono-tz v0.9.0
[INFO] [stderr]    Compiling devise v0.4.2
[INFO] [stderr]    Compiling rocket v0.5.1
[INFO] [stderr]    Compiling unicode-bidi v0.3.18
[INFO] [stderr]    Compiling byteorder v1.5.0
[INFO] [stderr]    Compiling unicode-properties v0.1.3
[INFO] [stderr]    Compiling multer v3.1.0
[INFO] [stderr]    Compiling tempfile v3.17.0
[INFO] [stderr]    Compiling stringprep v0.1.5
[INFO] [stderr]    Compiling hyper v0.14.32
[INFO] [stderr]    Compiling ignore v0.4.23
[INFO] [stderr]    Compiling pest_generator v2.7.15
[INFO] [stderr]    Compiling ubyte v0.10.4
[INFO] [stderr]    Compiling icu_normalizer v1.5.0
[INFO] [stderr]    Compiling rustls-webpki v0.101.7
[INFO] [stderr]    Compiling sct v0.7.1
[INFO] [stderr]    Compiling unic-ucd-segment v0.9.0
[INFO] [stderr]    Compiling idna_adapter v1.2.0
[INFO] [stderr]    Compiling idna v1.0.3
[INFO] [stderr]    Compiling md-5 v0.10.6
[INFO] [stderr]    Compiling inotify-sys v0.1.5
[INFO] [stderr]    Compiling deunicode v1.6.0
[INFO] [stderr]    Compiling dotenvy v0.15.7
[INFO] [stderr]    Compiling fallible-iterator v0.2.0
[INFO] [stderr]    Compiling unic-segment v0.9.0
[INFO] [stderr]    Compiling toml v0.8.20
[INFO] [stderr]    Compiling url v2.5.4
[INFO] [stderr]    Compiling slug v0.1.6
[INFO] [stderr]    Compiling globwalk v0.9.1
[INFO] [stderr]    Compiling inotify v0.9.6
[INFO] [stderr]    Compiling postgres-protocol v0.6.8
[INFO] [stderr]    Compiling humansize v2.1.3
[INFO] [stderr]    Compiling pest_derive v2.7.15
[INFO] [stderr]    Compiling serde_bytes v0.11.15
[INFO] [stderr]    Compiling uuid v1.13.1
[INFO] [stderr]    Compiling num-integer v0.1.46
[INFO] [stderr]    Compiling crossbeam-channel v0.5.14
[INFO] [stderr]    Compiling figment v0.10.19
[INFO] [stderr]    Compiling mio v0.8.11
[INFO] [stderr]    Compiling filetime v0.2.25
[INFO] [stderr]    Compiling bson v2.13.0
[INFO] [stderr]    Compiling num-bigint v0.4.6
[INFO] [stderr]    Compiling validator v0.20.0
[INFO] [stderr]    Compiling postgres-types v0.2.9
[INFO] [stderr]    Compiling notify v6.1.1
[INFO] [stderr]    Compiling combine v4.6.7
[INFO] [stderr]    Compiling arc-swap v1.7.1
[INFO] [stderr]    Compiling sha1_smol v1.0.1
[INFO] [stderr]    Compiling whoami v1.5.2
[INFO] [stderr]    Compiling normpath v1.3.0
[INFO] [stderr]    Compiling tokio-postgres v0.7.13
[INFO] [stderr]    Compiling rocket_http v0.5.1
[INFO] [stderr]    Compiling sqlx-core v0.8.0
[INFO] [stderr]    Compiling tera v1.20.0
[INFO] [stderr]    Compiling rocket_codegen v0.5.1
[INFO] [stderr]    Compiling sqlx-macros-core v0.8.0
[INFO] [stderr]    Compiling redis v0.29.0
[INFO] [stderr]    Compiling sqlx-macros v0.8.0
[INFO] [stderr]    Compiling sqlx v0.8.0
[INFO] [stderr]    Compiling rocket_dyn_templates v0.2.0
[INFO] [stderr]    Compiling rocket_auth2 v0.6.2 (/opt/rustwide/workdir)
[INFO] [stdout] error[E0432]: unresolved import `sqlx::postgres`
[INFO] [stdout]   --> examples/postgres.rs:5:12
[INFO] [stdout]    |
[INFO] [stdout]  5 | use sqlx::{postgres::PgPool, *};
[INFO] [stdout]    |            ^^^^^^^^ could not find `postgres` in `sqlx`
[INFO] [stdout]    |
[INFO] [stdout] note: found an item that was configured out
[INFO] [stdout]   --> /opt/rustwide/cargo-home/registry/src/index.crates.io-1949cf8c6b5b557f/sqlx-0.8.0/src/lib.rs:45:33
[INFO] [stdout]    |
[INFO] [stdout] 42 | #[cfg(feature = "postgres")]
[INFO] [stdout]    |       -------------------- the item is gated behind the `postgres` feature
[INFO] [stdout] ...
[INFO] [stdout] 45 | pub use sqlx_postgres::{self as postgres, PgConnection, PgExecutor, PgPool, Postgres};
[INFO] [stdout]    |                                 ^^^^^^^^
[INFO] [stdout] 
[INFO] [stdout] 
[INFO] [stdout] error[E0277]: `?` couldn't convert the error to `rocket_auth2::Error`
[INFO] [stdout]   --> examples/tokio_postgres.rs:58:15
[INFO] [stdout]    |
[INFO] [stdout] 56 |       let users: Vec<User> = client
[INFO] [stdout]    |  ____________________________-
[INFO] [stdout] 57 | |         .query("select * from users;", &[])
[INFO] [stdout] 58 | |         .await?
[INFO] [stdout]    | |              -^ the trait `From<tokio_postgres::Error>` is not implemented for `rocket_auth2::Error`
[INFO] [stdout]    | |______________|
[INFO] [stdout]    |                this can't be annotated with `?` because it has type `Result<_, tokio_postgres::Error>`
[INFO] [stdout]    |
[INFO] [stdout]    = note: the question mark operation (`?`) implicitly performs a conversion on the error value using the `From` trait
[INFO] [stdout] help: `rocket_auth2::Error` implements trait `From<T>`
[INFO] [stdout]   --> src/error.rs:38:27
[INFO] [stdout]    |
[INFO] [stdout] 38 |     FormValidationError(#[from] validator::ValidationError),
[INFO] [stdout]    |                           ^^^^ `From<validator::types::ValidationError>`
[INFO] [stdout] ...
[INFO] [stdout] 42 |     FormValidationErrors(#[from] validator::ValidationErrors),
[INFO] [stdout]    |                            ^^^^ `From<validator::types::ValidationErrors>`
[INFO] [stdout] ...
[INFO] [stdout] 50 |     Argon2ParsingError(#[from] argon2::Error),
[INFO] [stdout]    |                          ^^^^ `From<argon2::error::Error>`
[INFO] [stdout] ...
[INFO] [stdout] 69 |     SerdeError(#[from] serde_json::Error),
[INFO] [stdout]    |                  ^^^^ `From<serde_json::Error>`
[INFO] [stdout] 
[INFO] [stdout] 
[INFO] [stdout] error[E0277]: the trait bound `rocket_auth2::User: From<tokio_postgres::Row>` is not satisfied
[INFO] [stdout]   --> examples/tokio_postgres.rs:60:14
[INFO] [stdout]    |
[INFO] [stdout] 60 |         .map(TryInto::try_into)
[INFO] [stdout]    |          --- ^^^^^^^^^^^^^^^^^ the trait `From<tokio_postgres::Row>` is not implemented for `rocket_auth2::User`
[INFO] [stdout]    |          |
[INFO] [stdout]    |          required by a bound introduced by this call
[INFO] [stdout]    |
[INFO] [stdout]    = note: required for `tokio_postgres::Row` to implement `Into<rocket_auth2::User>`
[INFO] [stdout]    = note: required for `rocket_auth2::User` to implement `TryFrom<tokio_postgres::Row>`
[INFO] [stdout]    = note: required for `tokio_postgres::Row` to implement `TryInto<rocket_auth2::User>`
[INFO] [stdout]    = note: required because it appears within the type `fn(Row) -> Result<User, _> {<Row as TryInto<User>>::try_into}`
[INFO] [stdout] note: required by a bound in `std::iter::Iterator::map`
[INFO] [stdout]   --> /rustc/e3feeb59cd1bdd011a2bfcc0747b55125d9b8527/library/core/src/iter/traits/iterator.rs:845:4
[INFO] [stdout]    = note: the full name for the type has been written to '/opt/rustwide/target/debug/build/rocket_auth2/064707ab533b5d55/out/tokio_postgres.long-type-18206229111310217479.txt'
[INFO] [stdout]    = note: consider using `--verbose` to print the full type name to the console
[INFO] [stdout] 
[INFO] [stdout] 
[INFO] [stdout] error[E0277]: the trait bound `tokio_postgres::Client: rocket_auth2::db::DBConnection` is not satisfied
[INFO] [stdout]   --> examples/tokio_postgres.rs:75:39
[INFO] [stdout]    |
[INFO] [stdout] 75 |     let users: Users = client.clone().into();
[INFO] [stdout]    |                                       ^^^^ the trait `rocket_auth2::db::DBConnection` is not implemented for `tokio_postgres::Client`
[INFO] [stdout]    |
[INFO] [stdout] help: the following other types implement trait `rocket_auth2::db::DBConnection`
[INFO] [stdout]   --> src/db/mod.rs:30:1
[INFO] [stdout]    |
[INFO] [stdout] 30 | impl<T: DBConnection> DBConnection for std::sync::Arc<T> {
[INFO] [stdout]    | ^^^^^^^^^^^^^^^^^^^^^^^^^^^^^^^^^^^^^^^^^^^^^^^^^^^^^^^^ `Arc<T>`
[INFO] [stdout] ...
[INFO] [stdout] 58 | impl<T: DBConnection> DBConnection for tokio::sync::Mutex<T> {
[INFO] [stdout]    | ^^^^^^^^^^^^^^^^^^^^^^^^^^^^^^^^^^^^^^^^^^^^^^^^^^^^^^^^^^^^ `tokio::sync::Mutex<T>`
[INFO] [stdout]    = note: required for `Arc<tokio_postgres::Client>` to implement `rocket_auth2::db::DBConnection`
[INFO] [stdout]    = note: required for `rocket_auth2::Users` to implement `From<Arc<tokio_postgres::Client>>`
[INFO] [stdout]    = note: required for `Arc<tokio_postgres::Client>` to implement `Into<rocket_auth2::Users>`
[INFO] [stdout] 
[INFO] [stdout] 
[INFO] [stdout] error[E0277]: `?` couldn't convert the error to `rocket_auth2::Error`
[INFO] [stdout]   --> examples/tokio_postgres.rs:73:78
[INFO] [stdout]    |
[INFO] [stdout] 73 |     let (client, conn) = connect("host=localhost user=postgres", NoTls).await?;
[INFO] [stdout]    |                          ----------------------------------------------------^ the trait `From<tokio_postgres::Error>` is not implemented for `rocket_auth2::Error`
[INFO] [stdout]    |                          |
[INFO] [stdout]    |                          this can't be annotated with `?` because it has type `Result<_, tokio_postgres::Error>`
[INFO] [stdout]    |
[INFO] [stdout]    = note: the question mark operation (`?`) implicitly performs a conversion on the error value using the `From` trait
[INFO] [stdout] help: `rocket_auth2::Error` implements trait `From<T>`
[INFO] [stdout]   --> src/error.rs:38:27
[INFO] [stdout]    |
[INFO] [stdout] 38 |     FormValidationError(#[from] validator::ValidationError),
[INFO] [stdout]    |                           ^^^^ `From<validator::types::ValidationError>`
[INFO] [stdout] ...
[INFO] [stdout] 42 |     FormValidationErrors(#[from] validator::ValidationErrors),
[INFO] [stdout]    |                            ^^^^ `From<validator::types::ValidationErrors>`
[INFO] [stdout] ...
[INFO] [stdout] 50 |     Argon2ParsingError(#[from] argon2::Error),
[INFO] [stdout]    |                          ^^^^ `From<argon2::error::Error>`
[INFO] [stdout] ...
[INFO] [stdout] 69 |     SerdeError(#[from] serde_json::Error),
[INFO] [stdout]    |                  ^^^^ `From<serde_json::Error>`
[INFO] [stdout] 
[INFO] [stdout] 
[INFO] [stdout] warning: method call on a diverging inference variable
[INFO] [stdout]   --> examples/postgres.rs:63:29
[INFO] [stdout]    |
[INFO] [stdout] 63 |     let users: Users = conn.clone().into();
[INFO] [stdout]    |                             ^^^^^
[INFO] [stdout]    |
[INFO] [stdout]    = help: consider providing a type annotation
[INFO] [stdout]    = warning: this was previously accepted by the compiler but is being phased out; it will become a hard error in a future release!
[INFO] [stdout]    = note: for more information, see issue #156047 <https://github.com/rust-lang/rust/issues/156047>
[INFO] [stdout]    = note: `#[warn(method_call_on_diverging_infer_var)]` (part of `#[warn(future_incompatible)]`) on by default
[INFO] [stdout] 
[INFO] [stdout] 
[INFO] [stdout] warning: unreachable call
[INFO] [stdout]   --> examples/postgres.rs:63:37
[INFO] [stdout]    |
[INFO] [stdout] 63 |     let users: Users = conn.clone().into();
[INFO] [stdout]    |                        ------------ ^^^^ unreachable call
[INFO] [stdout]    |                        |
[INFO] [stdout]    |                        any code following this expression is unreachable
[INFO] [stdout]    |
[INFO] [stdout]    = note: `#[warn(unreachable_code)]` (part of `#[warn(unused)]`) on by default
[INFO] [stdout] 
[INFO] [stdout] 
[INFO] [stdout] For more information about this error, try `rustc --explain E0277`.
[INFO] [stdout] 
[INFO] [stderr] error: could not compile `rocket_auth2` (example "tokio_postgres") due to 4 previous errors
[INFO] [stderr] warning: build failed, waiting for other jobs to finish...
[INFO] [stdout] error[E0277]: the trait bound `!: Into<rocket_auth2::Users>` is not satisfied
[INFO] [stdout]   --> examples/postgres.rs:63:37
[INFO] [stdout]    |
[INFO] [stdout] 63 |     let users: Users = conn.clone().into();
[INFO] [stdout]    |                                     ^^^^ the trait `rocket_auth2::db::DBConnection` is not implemented for `!`
[INFO] [stdout]    |
[INFO] [stdout] help: the following other types implement trait `rocket_auth2::db::DBConnection`
[INFO] [stdout]   --> src/db/mod.rs:30:1
[INFO] [stdout]    |
[INFO] [stdout] 30 | impl<T: DBConnection> DBConnection for std::sync::Arc<T> {
[INFO] [stdout]    | ^^^^^^^^^^^^^^^^^^^^^^^^^^^^^^^^^^^^^^^^^^^^^^^^^^^^^^^^ `Arc<T>`
[INFO] [stdout] ...
[INFO] [stdout] 58 | impl<T: DBConnection> DBConnection for tokio::sync::Mutex<T> {
[INFO] [stdout]    | ^^^^^^^^^^^^^^^^^^^^^^^^^^^^^^^^^^^^^^^^^^^^^^^^^^^^^^^^^^^^ `tokio::sync::Mutex<T>`
[INFO] [stdout]    = note: required for `rocket_auth2::Users` to implement `From<!>`
[INFO] [stdout]    = note: required for `!` to implement `Into<rocket_auth2::Users>`
[INFO] [stdout] 
[INFO] [stdout] 
[INFO] [stdout] warning: unreachable call
[INFO] [stdout]   --> examples/postgres.rs:79:10
[INFO] [stdout]    |
[INFO] [stdout] 79 |         .manage(conn)
[INFO] [stdout]    |          ^^^^^^ ---- any code following this expression is unreachable
[INFO] [stdout]    |          |
[INFO] [stdout]    |          unreachable call
[INFO] [stdout] 
[INFO] [stdout] 
[INFO] [stdout] Some errors have detailed explanations: E0277, E0432.
[INFO] [stdout] 
[INFO] [stdout] For more information about an error, try `rustc --explain E0277`.
[INFO] [stdout] 
[INFO] [stderr] error: could not compile `rocket_auth2` (example "postgres") due to 2 previous errors; 4 warnings emitted
[INFO] [stdout] error[E0425]: cannot find type `MySqlPool` in this scope
[INFO] [stdout]   --> examples/mysql.rs:51:38
[INFO] [stdout]    |
[INFO] [stdout] 51 | async fn show_all_users(conn: &State<MySqlPool>, user: Option<User>) -> Result<Template, Error> {
[INFO] [stdout]    |                                      ^^^^^^^^^ not found in this scope
[INFO] [stdout]    |
[INFO] [stdout] help: you might be missing a type parameter
[INFO] [stdout]    |
[INFO] [stdout] 51 | async fn show_all_users<MySqlPool>(conn: &State<MySqlPool>, user: Option<User>) -> Result<Template, Error> {
[INFO] [stdout]    |                        +++++++++++
[INFO] [stdout] 
[INFO] [stdout] 
[INFO] [stdout] error[E0425]: cannot find type `MySqlPool` in this scope
[INFO] [stdout]   --> examples/mysql.rs:51:38
[INFO] [stdout]    |
[INFO] [stdout] 51 | async fn show_all_users(conn: &State<MySqlPool>, user: Option<User>) -> Result<Template, Error> {
[INFO] [stdout]    |                                      ^^^^^^^^^ not found in this scope
[INFO] [stdout] 
[INFO] [stdout] 
[INFO] [stdout] error[E0433]: cannot find type `MySqlPool` in this scope
[INFO] [stdout]   --> examples/mysql.rs:62:16
[INFO] [stdout]    |
[INFO] [stdout] 62 |     let conn = MySqlPool::connect("mysql://test_user:password@localhost/test").await?;
[INFO] [stdout]    |                ^^^^^^^^^ use of undeclared type `MySqlPool`
[INFO] [stdout] 
[INFO] [stdout] 
[INFO] [stdout] warning: method call on a diverging inference variable
[INFO] [stdout]   --> examples/mysql.rs:63:29
[INFO] [stdout]    |
[INFO] [stdout] 63 |     let users: Users = conn.clone().into();
[INFO] [stdout]    |                             ^^^^^
[INFO] [stdout]    |
[INFO] [stdout]    = help: consider providing a type annotation
[INFO] [stdout]    = warning: this was previously accepted by the compiler but is being phased out; it will become a hard error in a future release!
[INFO] [stdout]    = note: for more information, see issue #156047 <https://github.com/rust-lang/rust/issues/156047>
[INFO] [stdout]    = note: `#[warn(method_call_on_diverging_infer_var)]` (part of `#[warn(future_incompatible)]`) on by default
[INFO] [stdout] 
[INFO] [stdout] 
[INFO] [stdout] warning: unreachable call
[INFO] [stdout]   --> examples/mysql.rs:63:37
[INFO] [stdout]    |
[INFO] [stdout] 63 |     let users: Users = conn.clone().into();
[INFO] [stdout]    |                        ------------ ^^^^ unreachable call
[INFO] [stdout]    |                        |
[INFO] [stdout]    |                        any code following this expression is unreachable
[INFO] [stdout]    |
[INFO] [stdout]    = note: `#[warn(unreachable_code)]` (part of `#[warn(unused)]`) on by default
[INFO] [stdout] 
[INFO] [stdout] 
[INFO] [stdout] error[E0277]: the trait bound `!: Into<rocket_auth2::Users>` is not satisfied
[INFO] [stdout]   --> examples/mysql.rs:63:37
[INFO] [stdout]    |
[INFO] [stdout] 63 |     let users: Users = conn.clone().into();
[INFO] [stdout]    |                                     ^^^^ the trait `rocket_auth2::db::DBConnection` is not implemented for `!`
[INFO] [stdout]    |
[INFO] [stdout] help: the following other types implement trait `rocket_auth2::db::DBConnection`
[INFO] [stdout]   --> src/db/mod.rs:30:1
[INFO] [stdout]    |
[INFO] [stdout] 30 | impl<T: DBConnection> DBConnection for std::sync::Arc<T> {
[INFO] [stdout]    | ^^^^^^^^^^^^^^^^^^^^^^^^^^^^^^^^^^^^^^^^^^^^^^^^^^^^^^^^ `Arc<T>`
[INFO] [stdout] ...
[INFO] [stdout] 58 | impl<T: DBConnection> DBConnection for tokio::sync::Mutex<T> {
[INFO] [stdout]    | ^^^^^^^^^^^^^^^^^^^^^^^^^^^^^^^^^^^^^^^^^^^^^^^^^^^^^^^^^^^^ `tokio::sync::Mutex<T>`
[INFO] [stdout]    = note: required for `rocket_auth2::Users` to implement `From<!>`
[INFO] [stdout]    = note: required for `!` to implement `Into<rocket_auth2::Users>`
[INFO] [stdout] 
[INFO] [stdout] 
[INFO] [stdout] warning: unreachable call
[INFO] [stdout]   --> examples/mysql.rs:79:10
[INFO] [stdout]    |
[INFO] [stdout] 79 |         .manage(conn)
[INFO] [stdout]    |          ^^^^^^ ---- any code following this expression is unreachable
[INFO] [stdout]    |          |
[INFO] [stdout]    |          unreachable call
[INFO] [stdout] 
[INFO] [stdout] 
[INFO] [stdout] Some errors have detailed explanations: E0277, E0425, E0433.
[INFO] [stdout] 
[INFO] [stdout] For more information about an error, try `rustc --explain E0277`.
[INFO] [stdout] 
[INFO] [stderr] error: could not compile `rocket_auth2` (example "mysql") due to 4 previous errors; 4 warnings emitted
[INFO] [stdout] error[E0425]: cannot find type `SqlitePool` in this scope
[INFO] [stdout]   --> examples/sqlite.rs:52:38
[INFO] [stdout]    |
[INFO] [stdout] 52 | async fn show_all_users(conn: &State<SqlitePool>, user: Option<User>) -> Result<Template, Error> {
[INFO] [stdout]    |                                      ^^^^^^^^^^ not found in this scope
[INFO] [stdout]    |
[INFO] [stdout] help: you might be missing a type parameter
[INFO] [stdout]    |
[INFO] [stdout] 52 | async fn show_all_users<SqlitePool>(conn: &State<SqlitePool>, user: Option<User>) -> Result<Template, Error> {
[INFO] [stdout]    |                        ++++++++++++
[INFO] [stdout] 
[INFO] [stdout] 
[INFO] [stdout] error[E0425]: cannot find type `SqlitePool` in this scope
[INFO] [stdout]   --> examples/sqlite.rs:52:38
[INFO] [stdout]    |
[INFO] [stdout] 52 | async fn show_all_users(conn: &State<SqlitePool>, user: Option<User>) -> Result<Template, Error> {
[INFO] [stdout]    |                                      ^^^^^^^^^^ not found in this scope
[INFO] [stdout] 
[INFO] [stdout] 
[INFO] [stdout] error[E0425]: cannot find type `SqliteConnection` in this scope
[INFO] [stdout]   --> examples/redis.rs:52:39
[INFO] [stdout]    |
[INFO] [stdout] 52 |     conn: &State<std::sync::Arc<Mutex<SqliteConnection>>>,
[INFO] [stdout]    |                                       ^^^^^^^^^^^^^^^^ not found in this scope
[INFO] [stdout]    |
[INFO] [stdout] help: you might be missing a type parameter
[INFO] [stdout]    |
[INFO] [stdout] 51 | async fn show_all_users<SqliteConnection>(
[INFO] [stdout]    |                        ++++++++++++++++++
[INFO] [stdout] 
[INFO] [stdout] 
[INFO] [stdout] error[E0425]: cannot find type `SqliteConnection` in this scope
[INFO] [stdout]   --> examples/redis.rs:52:39
[INFO] [stdout]    |
[INFO] [stdout] 52 |     conn: &State<std::sync::Arc<Mutex<SqliteConnection>>>,
[INFO] [stdout]    |                                       ^^^^^^^^^^^^^^^^ not found in this scope
[INFO] [stdout] 
[INFO] [stdout] 
[INFO] [stdout] error[E0433]: cannot find type `SqlitePool` in this scope
[INFO] [stdout]   --> examples/sqlite.rs:63:16
[INFO] [stdout]    |
[INFO] [stdout] 63 |     let conn = SqlitePool::connect("database.db").await?;
[INFO] [stdout]    |                ^^^^^^^^^^ use of undeclared type `SqlitePool`
[INFO] [stdout] 
[INFO] [stdout] 
[INFO] [stdout] warning: method call on a diverging inference variable
[INFO] [stdout]   --> examples/sqlite.rs:64:29
[INFO] [stdout]    |
[INFO] [stdout] 64 |     let users: Users = conn.clone().into();
[INFO] [stdout]    |                             ^^^^^
[INFO] [stdout]    |
[INFO] [stdout]    = help: consider providing a type annotation
[INFO] [stdout]    = warning: this was previously accepted by the compiler but is being phased out; it will become a hard error in a future release!
[INFO] [stdout]    = note: for more information, see issue #156047 <https://github.com/rust-lang/rust/issues/156047>
[INFO] [stdout]    = note: `#[warn(method_call_on_diverging_infer_var)]` (part of `#[warn(future_incompatible)]`) on by default
[INFO] [stdout] 
[INFO] [stdout] 
[INFO] [stdout] warning: unreachable call
[INFO] [stdout]   --> examples/sqlite.rs:64:37
[INFO] [stdout]    |
[INFO] [stdout] 64 |     let users: Users = conn.clone().into();
[INFO] [stdout]    |                        ------------ ^^^^ unreachable call
[INFO] [stdout]    |                        |
[INFO] [stdout]    |                        any code following this expression is unreachable
[INFO] [stdout]    |
[INFO] [stdout]    = note: `#[warn(unreachable_code)]` (part of `#[warn(unused)]`) on by default
[INFO] [stdout] 
[INFO] [stdout] 
[INFO] [stdout] error[E0277]: the trait bound `!: Into<rocket_auth2::Users>` is not satisfied
[INFO] [stdout]   --> examples/sqlite.rs:64:37
[INFO] [stdout]    |
[INFO] [stdout] 64 |     let users: Users = conn.clone().into();
[INFO] [stdout]    |                                     ^^^^ the trait `rocket_auth2::db::DBConnection` is not implemented for `!`
[INFO] [stdout]    |
[INFO] [stdout] help: the following other types implement trait `rocket_auth2::db::DBConnection`
[INFO] [stdout]   --> src/db/mod.rs:30:1
[INFO] [stdout]    |
[INFO] [stdout] 30 | impl<T: DBConnection> DBConnection for std::sync::Arc<T> {
[INFO] [stdout]    | ^^^^^^^^^^^^^^^^^^^^^^^^^^^^^^^^^^^^^^^^^^^^^^^^^^^^^^^^ `Arc<T>`
[INFO] [stdout] ...
[INFO] [stdout] 58 | impl<T: DBConnection> DBConnection for tokio::sync::Mutex<T> {
[INFO] [stdout]    | ^^^^^^^^^^^^^^^^^^^^^^^^^^^^^^^^^^^^^^^^^^^^^^^^^^^^^^^^^^^^ `tokio::sync::Mutex<T>`
[INFO] [stdout]    = note: required for `rocket_auth2::Users` to implement `From<!>`
[INFO] [stdout]    = note: required for `!` to implement `Into<rocket_auth2::Users>`
[INFO] [stdout] 
[INFO] [stdout] 
[INFO] [stdout] warning: unreachable call
[INFO] [stdout]   --> examples/sqlite.rs:81:10
[INFO] [stdout]    |
[INFO] [stdout] 81 |         .manage(conn)
[INFO] [stdout]    |          ^^^^^^ ---- any code following this expression is unreachable
[INFO] [stdout]    |          |
[INFO] [stdout]    |          unreachable call
[INFO] [stdout] 
[INFO] [stdout] 
[INFO] [stdout] Some errors have detailed explanations: E0277, E0425, E0433.
[INFO] [stdout] 
[INFO] [stdout] For more information about an error, try `rustc --explain E0277`.
[INFO] [stdout] 
[INFO] [stderr] error: could not compile `rocket_auth2` (example "sqlite") due to 4 previous errors; 4 warnings emitted
[INFO] [stdout] error[E0433]: cannot find type `SqliteConnection` in this scope
[INFO] [stdout]   --> examples/redis.rs:68:16
[INFO] [stdout]    |
[INFO] [stdout] 68 |     let conn = SqliteConnection::connect("database.db").await?;
[INFO] [stdout]    |                ^^^^^^^^^^^^^^^^ use of undeclared type `SqliteConnection`
[INFO] [stdout] 
[INFO] [stdout] 
[INFO] [stdout] warning: method call on a diverging inference variable
[INFO] [stdout]   --> examples/redis.rs:69:57
[INFO] [stdout]    |
[INFO] [stdout] 69 |     let conn: sync::Arc<Mutex<_>> = sync::Arc::new(conn.into());
[INFO] [stdout]    |                                                         ^^^^
[INFO] [stdout]    |
[INFO] [stdout]    = help: consider providing a type annotation
[INFO] [stdout]    = warning: this was previously accepted by the compiler but is being phased out; it will become a hard error in a future release!
[INFO] [stdout]    = note: for more information, see issue #156047 <https://github.com/rust-lang/rust/issues/156047>
[INFO] [stdout]    = note: `#[warn(method_call_on_diverging_infer_var)]` (part of `#[warn(future_incompatible)]`) on by default
[INFO] [stdout] 
[INFO] [stdout] 
[INFO] [stdout] error[E0277]: the trait bound `!: rocket_auth2::db::DBConnection` is not satisfied
[INFO] [stdout]   --> examples/redis.rs:70:41
[INFO] [stdout]    |
[INFO] [stdout] 70 |     let mut users: Users = conn.clone().into();
[INFO] [stdout]    |                                         ^^^^ the trait `rocket_auth2::db::DBConnection` is not implemented for `!`
[INFO] [stdout]    |
[INFO] [stdout] help: the following other types implement trait `rocket_auth2::db::DBConnection`
[INFO] [stdout]   --> src/db/mod.rs:30:1
[INFO] [stdout]    |
[INFO] [stdout] 30 | impl<T: DBConnection> DBConnection for std::sync::Arc<T> {
[INFO] [stdout]    | ^^^^^^^^^^^^^^^^^^^^^^^^^^^^^^^^^^^^^^^^^^^^^^^^^^^^^^^^ `Arc<T>`
[INFO] [stdout] ...
[INFO] [stdout] 58 | impl<T: DBConnection> DBConnection for tokio::sync::Mutex<T> {
[INFO] [stdout]    | ^^^^^^^^^^^^^^^^^^^^^^^^^^^^^^^^^^^^^^^^^^^^^^^^^^^^^^^^^^^^ `tokio::sync::Mutex<T>`
[INFO] [stdout]    = note: required for `tokio::sync::Mutex<!>` to implement `rocket_auth2::db::DBConnection`
[INFO] [stdout]    = note: 1 redundant requirement hidden
[INFO] [stdout]    = note: required for `Arc<tokio::sync::Mutex<!>>` to implement `rocket_auth2::db::DBConnection`
[INFO] [stdout]    = note: required for `rocket_auth2::Users` to implement `From<Arc<tokio::sync::Mutex<!>>>`
[INFO] [stdout]    = note: required for `Arc<tokio::sync::Mutex<!>>` to implement `Into<rocket_auth2::Users>`
[INFO] [stdout] 
[INFO] [stdout] 
[INFO] [stdout] error[E0599]: no method named `open_redis` found for struct `rocket_auth2::Users` in the current scope
[INFO] [stdout]    --> examples/redis.rs:71:11
[INFO] [stdout]     |
[INFO] [stdout]  71 |     users.open_redis("redis://127.0.0.1/")?;
[INFO] [stdout]     |           ^^^^^^^^^^
[INFO] [stdout]     |
[INFO] [stdout] help: there is a method `on_red` with a similar name, but with different arguments
[INFO] [stdout]    --> /opt/rustwide/cargo-home/registry/src/index.crates.io-1949cf8c6b5b557f/yansi-1.0.1/src/macros.rs:90:16
[INFO] [stdout]     |
[INFO] [stdout]  90 |         $($q)* fn $prop(self: $r $($(,$a: $T)+)?) -> $R;
[INFO] [stdout]     |                ^^^^^^^^^^^^^^^^^^^^^^^^^^^^^^^^^^^^^^^^^
[INFO] [stdout]     |
[INFO] [stdout]    ::: /opt/rustwide/cargo-home/registry/src/index.crates.io-1949cf8c6b5b557f/yansi-1.0.1/src/paint.rs:130:5
[INFO] [stdout]     |
[INFO] [stdout] 130 |     properties!(signature(&Self) -> Painted<&Self>);
[INFO] [stdout]     |     ----------------------------------------------- in this macro invocation
[INFO] [stdout]     = note: this error originates in the macro `signature` which comes from the expansion of the macro `properties` (in Nightly builds, run with -Z macro-backtrace for more info)
[INFO] [stdout] 
[INFO] [stdout] 
[INFO] [stdout] Some errors have detailed explanations: E0277, E0425, E0433, E0599.
[INFO] [stdout] 
[INFO] [stdout] For more information about an error, try `rustc --explain E0277`.
[INFO] [stdout] 
[INFO] [stderr] error: could not compile `rocket_auth2` (example "redis") due to 5 previous errors; 2 warnings emitted
[INFO] [stderr] warning: unused dependency `bson`
[INFO] [stderr]  --> Cargo.toml:4:15
[INFO] [stderr]   |
[INFO] [stderr] 4 | [dependencies.bson]
[INFO] [stderr]   |               ^^^^^
[INFO] [stderr]   |
[INFO] [stderr]   = note: `cargo::unused_dependencies` is set to `warn` by default
[INFO] [stderr] help: consider removing the dependency on `bson`
[INFO] [stderr] warning: `rocket_auth2` (manifest) generated 1 warning
[INFO] running `Command { std: "docker" "inspect" "ca407023ad55085ba76afb3d79a26febe3cdbb878c6a4e81c426076d081d7fb4", kill_on_drop: false }`
[INFO] running `Command { std: "docker" "rm" "-f" "ca407023ad55085ba76afb3d79a26febe3cdbb878c6a4e81c426076d081d7fb4", kill_on_drop: false }`
[INFO] [stdout] ca407023ad55085ba76afb3d79a26febe3cdbb878c6a4e81c426076d081d7fb4
