[INFO] fetching crate rmk 0.8.3...
[INFO] testing rmk-0.8.3 against 1.100.0-beta.1 for beta-1.100-2
[INFO] extracting crate rmk 0.8.3 into /workspace/builds/worker-3-tc2/source
[INFO] started tweaking crates.io crate rmk 0.8.3
[INFO] removed 0 missing tests
[INFO] finished tweaking crates.io crate rmk 0.8.3
[INFO] tweaked toml for crates.io crate rmk 0.8.3 written to /workspace/builds/worker-3-tc2/source/Cargo.toml
[INFO] validating manifest of crates.io crate rmk 0.8.3 on toolchain 1.100.0-beta.1
[INFO] running `Command { std: CARGO_HOME="/workspace/cargo-home" RUSTUP_HOME="/workspace/rustup-home" "/workspace/cargo-home/bin/cargo" "+1.100.0-beta.1" "metadata" "--manifest-path" "Cargo.toml" "--no-deps", kill_on_drop: false }`
[INFO] crate crates.io crate rmk 0.8.3 already has a lockfile, it will not be regenerated
[INFO] running `Command { std: CARGO_HOME="/workspace/cargo-home" RUSTUP_HOME="/workspace/rustup-home" "/workspace/cargo-home/bin/cargo" "+1.100.0-beta.1" "fetch" "--manifest-path" "Cargo.toml", kill_on_drop: false }`
[INFO] [stderr] warning: `package.homepage` is redundant with `package.repository`
[INFO] [stderr]    --> Cargo.toml:227:12
[INFO] [stderr]     |
[INFO] [stderr] 227 | homepage = "https://github.com/haobogu/rmk"
[INFO] [stderr]     |            ^^^^^^^^^^^^^^^^^^^^^^^^^^^^^^^^
[INFO] [stderr] ...
[INFO] [stderr] 231 | repository = "https://github.com/haobogu/rmk"
[INFO] [stderr]     |              --------------------------------
[INFO] [stderr]     |
[INFO] [stderr]     = note: `cargo::redundant_homepage` is set to `warn` by default
[INFO] [stderr] help: consider removing `package.homepage`
[INFO] [stderr] warning: `rmk` (manifest) generated 1 warning
[INFO] running `Command { std: "docker" "create" "-v" "/var/lib/crater-agent-workspace/builds/worker-3-tc2/source:/opt/rustwide/workdir:ro,Z" "-v" "/var/lib/crater-agent-workspace/builds/worker-3-tc2/target:/opt/rustwide/target:rw,Z" "-v" "/var/lib/crater-agent-workspace/cargo-home:/opt/rustwide/cargo-home:ro,Z" "-v" "/var/lib/crater-agent-workspace/rustup-home:/opt/rustwide/rustup-home:ro,Z" "-m" "1610612736" "--network" "none" "ghcr.io/rust-lang/crates-build-env/linux@sha256:3111399a4047eeb3a02b7a90e478d715f38a8c6669b5c4b49d30a17385265909" "sleep" "infinity", kill_on_drop: false }`
[INFO] [stdout] 0926dcd33a9fb75516beccbe60e1e879b37aed0b7d13fb606d50f4e0ed32d08b
[INFO] running `Command { std: "docker" "start" "0926dcd33a9fb75516beccbe60e1e879b37aed0b7d13fb606d50f4e0ed32d08b", kill_on_drop: false }`
[INFO] running `Command { std: "docker" "inspect" "0926dcd33a9fb75516beccbe60e1e879b37aed0b7d13fb606d50f4e0ed32d08b", kill_on_drop: false }`
[INFO] running `Command { std: "docker" "exec" "-e" "SOURCE_DIR=/opt/rustwide/workdir" "-e" "CARGO_HOME=/opt/rustwide/cargo-home" "-e" "RUSTUP_HOME=/opt/rustwide/rustup-home" "-e" "CARGO_TARGET_DIR=/opt/rustwide/target" "-w" "/opt/rustwide/workdir" "--user" "0:0" "0926dcd33a9fb75516beccbe60e1e879b37aed0b7d13fb606d50f4e0ed32d08b" "/opt/rustwide/cargo-home/bin/cargo" "+1.100.0-beta.1" "metadata" "--no-deps" "--format-version=1", kill_on_drop: false }`
[INFO] running `Command { std: "docker" "inspect" "0926dcd33a9fb75516beccbe60e1e879b37aed0b7d13fb606d50f4e0ed32d08b", kill_on_drop: false }`
[INFO] running `Command { std: "docker" "exec" "-e" "SOURCE_DIR=/opt/rustwide/workdir" "-e" "CARGO_HOME=/opt/rustwide/cargo-home" "-e" "RUSTUP_HOME=/opt/rustwide/rustup-home" "-e" "CARGO_TARGET_DIR=/opt/rustwide/target" "-e" "CARGO_INCREMENTAL=0" "-e" "RUST_BACKTRACE=full" "-e" "RUSTFLAGS=--cap-lints=warn" "-e" "RUSTDOCFLAGS=--cap-lints=warn" "-w" "/opt/rustwide/workdir" "--user" "0:0" "0926dcd33a9fb75516beccbe60e1e879b37aed0b7d13fb606d50f4e0ed32d08b" "/opt/rustwide/cargo-home/bin/cargo" "+1.100.0-beta.1" "build" "--frozen" "--message-format=json", kill_on_drop: false }`
[INFO] [stderr] warning: `package.homepage` is redundant with `package.repository`
[INFO] [stderr]    --> Cargo.toml:227:12
[INFO] [stderr]     |
[INFO] [stderr] 227 | homepage = "https://github.com/haobogu/rmk"
[INFO] [stderr]     |            ^^^^^^^^^^^^^^^^^^^^^^^^^^^^^^^^
[INFO] [stderr] ...
[INFO] [stderr] 231 | repository = "https://github.com/haobogu/rmk"
[INFO] [stderr]     |              --------------------------------
[INFO] [stderr]     |
[INFO] [stderr]     = note: `cargo::redundant_homepage` is set to `warn` by default
[INFO] [stderr] help: consider removing `package.homepage`
[INFO] [stderr] warning: `rmk` (manifest) generated 1 warning
[INFO] [stderr]    Compiling syn v3.0.4
[INFO] [stderr]    Compiling syn v2.0.119
[INFO] [stderr]    Compiling defmt v1.1.1
[INFO] [stderr]    Compiling thiserror v2.0.20
[INFO] [stderr]    Compiling defmt-macros v1.1.1
[INFO] [stderr]    Compiling byteorder v1.5.0
[INFO] [stderr]    Compiling crunchy v0.2.4
[INFO] [stderr]    Compiling serde_core v1.0.229
[INFO] [stderr]    Compiling serde v1.0.229
[INFO] [stderr]    Compiling tiny-keccak v2.0.2
[INFO] [stderr]    Compiling memchr v2.8.3
[INFO] [stderr]    Compiling syn v1.0.109
[INFO] [stderr]    Compiling typeid v1.0.3
[INFO] [stderr]    Compiling ucd-trie v0.1.7
[INFO] [stderr]    Compiling getrandom v0.2.17
[INFO] [stderr]    Compiling zerocopy v0.8.56
[INFO] [stderr]    Compiling hash32 v0.3.1
[INFO] [stderr]    Compiling heapless v0.8.0
[INFO] [stderr]    Compiling pest v2.9.0
[INFO] [stderr]    Compiling toml_parser v1.1.3+spec-1.1.0
[INFO] [stderr]    Compiling erased-serde v0.4.10
[INFO] [stderr]    Compiling foldhash v0.2.0
[INFO] [stderr]    Compiling futures-core v0.3.34
[INFO] [stderr]    Compiling zmij v1.0.23
[INFO] [stderr]    Compiling ahash v0.8.12
[INFO] [stderr]    Compiling portable-atomic v1.15.0
[INFO] [stderr]    Compiling hashbrown v0.16.1
[INFO] [stderr]    Compiling bitfield v0.14.0
[INFO] [stderr]    Compiling hashbrown v0.14.5
[INFO] [stderr]    Compiling embedded-io-async v0.6.1
[INFO] [stderr]    Compiling futures-sink v0.3.34
[INFO] [stderr]    Compiling serde_json v1.0.151
[INFO] [stderr]    Compiling encoding_rs v0.8.35
[INFO] [stderr]    Compiling const-random-macro v0.1.16
[INFO] [stderr]    Compiling winnow v0.7.15
[INFO] [stderr]    Compiling itoa v1.0.18
[INFO] [stderr]    Compiling strsim v0.11.1
[INFO] [stderr]    Compiling const-random v0.1.18
[INFO] [stderr]    Compiling hashlink v0.11.1
[INFO] [stderr]    Compiling critical-section v1.2.0
[INFO] [stderr]    Compiling dlv-list v0.5.2
[INFO] [stderr]    Compiling arraydeque v0.5.1
[INFO] [stderr]    Compiling toml_writer v1.1.2+spec-1.1.0
[INFO] [stderr]    Compiling convert_case v0.6.0
[INFO] [stderr]    Compiling pathdiff v0.2.3
[INFO] [stderr]    Compiling ordered-multimap v0.7.3
[INFO] [stderr]    Compiling embassy-sync v0.7.2
[INFO] [stderr]    Compiling heapless v0.7.17
[INFO] [stderr]    Compiling rust-ini v0.21.3
[INFO] [stderr]    Compiling pest_meta v2.9.0
[INFO] [stderr]    Compiling nb v1.1.0
[INFO] [stderr]    Compiling encode_unicode v0.3.6
[INFO] [stderr]    Compiling crc32fast v1.5.1
[INFO] [stderr]    Compiling embedded-hal-async v1.0.0
[INFO] [stderr]    Compiling nb v0.1.3
[INFO] [stderr]    Compiling spin v0.9.9
[INFO] [stderr]    Compiling usbd-hid-descriptors v0.8.2
[INFO] [stderr]    Compiling hash32 v0.2.1
[INFO] [stderr]    Compiling void v1.0.2
[INFO] [stderr]    Compiling iana-time-zone v0.1.65
[INFO] [stderr]    Compiling embedded-storage v0.3.1
[INFO] [stderr]    Compiling embedded-io v0.7.1
[INFO] [stderr]    Compiling embassy-time-driver v0.2.2
[INFO] [stderr]    Compiling embassy-hal-internal v0.3.0
[INFO] [stderr]    Compiling embedded-io-async v0.7.0
[INFO] [stderr]    Compiling chrono v0.4.45
[INFO] [stderr]    Compiling embedded-storage-async v0.4.1
[INFO] [stderr]    Compiling embedded-hal v0.2.7
[INFO] [stderr]    Compiling yaml-rust2 v0.11.1
[INFO] [stderr]    Compiling usbd-hid-descriptors v0.9.0
[INFO] [stderr]    Compiling heapless v0.9.3
[INFO] [stderr]    Compiling embassy-executor v0.9.1
[INFO] [stderr]    Compiling embassy-net-driver v0.2.0
[INFO] [stderr]    Compiling embassy-usb v0.5.1
[INFO] [stderr]    Compiling futures-channel v0.3.34
[INFO] [stderr]    Compiling embassy-executor-timer-queue v0.1.0
[INFO] [stderr]    Compiling futures-io v0.3.34
[INFO] [stderr]    Compiling static_cell v2.1.1
[INFO] [stderr]    Compiling serde_spanned v1.1.1
[INFO] [stderr]    Compiling bitflags v2.13.1
[INFO] [stderr]    Compiling toml_datetime v1.1.1+spec-1.1.0
[INFO] [stderr]    Compiling toml_datetime v0.7.5+spec-1.1.0
[INFO] [stderr]    Compiling toml v0.9.12+spec-1.1.0
[INFO] [stderr]    Compiling toml v1.1.4+spec-1.1.0
[INFO] [stderr]    Compiling thiserror-impl v2.0.20
[INFO] [stderr]    Compiling serde_derive v1.0.229
[INFO] [stderr]    Compiling async-trait v0.1.92
[INFO] [stderr]    Compiling serde-inline-default v1.0.2
[INFO] [stderr]    Compiling futures-macro v0.3.34
[INFO] [stderr]    Compiling serde-untagged v0.1.9
[INFO] [stderr]    Compiling pest_generator v2.9.0
[INFO] [stderr]    Compiling darling_core v0.20.11
[INFO] [stderr]    Compiling prettyplease v0.2.37
[INFO] [stderr]    Compiling futures-util v0.3.34
[INFO] [stderr]    Compiling const-gen-derive v1.1.7
[INFO] [stderr]    Compiling defmt-parser v1.0.0
[INFO] [stderr]    Compiling cobs v0.3.0
[INFO] [stderr]    Compiling hashbrown v0.13.2
[INFO] [stderr]    Compiling const-gen v1.6.9
[INFO] [stderr]    Compiling pest_derive v2.9.0
[INFO] [stderr]    Compiling strum_macros v0.27.2
[INFO] [stderr]    Compiling postcard-derive v0.2.2
[INFO] [stderr]    Compiling bitfield-struct v0.12.1
[INFO] [stderr]    Compiling ssmarshal v1.0.0
[INFO] [stderr]    Compiling ron v0.12.2
[INFO] [stderr]    Compiling json5 v0.4.1
[INFO] [stderr]    Compiling cargo_toml v0.22.3
[INFO] [stderr]    Compiling usbd-hid-macros v0.8.2
[INFO] [stderr]    Compiling usbd-hid-macros v0.9.0
[INFO] [stderr]    Compiling futures v0.3.34
[INFO] [stderr]    Compiling strum v0.27.2
[INFO] [stderr]    Compiling darling_macro v0.20.11
[INFO] [stderr]    Compiling defmt v0.3.100
[INFO] [stderr]    Compiling embassy-futures v0.1.2
[INFO] [stderr]    Compiling postcard v1.1.3
[INFO] [stderr]    Compiling sequential-storage v6.0.1
[INFO] [stderr]    Compiling embedded-io v0.6.1
[INFO] [stderr]    Compiling embedded-hal v1.0.0
[INFO] [stderr]    Compiling usb-device v0.3.2
[INFO] [stderr]    Compiling darling v0.20.11
[INFO] [stderr]    Compiling embassy-executor-macros v0.7.0
[INFO] [stderr]    Compiling embassy-usb-driver v0.2.2
[INFO] [stderr]    Compiling usbd-hid v0.8.2
[INFO] [stderr]    Compiling usbd-hid v0.9.0
[INFO] [stderr]    Compiling config v0.15.25
[INFO] [stderr]    Compiling rmk-types v0.2.2
[INFO] [stderr]    Compiling embassy-time v0.5.1
[INFO] [stderr]    Compiling embassy-net-driver-channel v0.3.2
[INFO] [stderr]    Compiling embassy-embedded-hal v0.5.0
[INFO] [stderr]    Compiling rmk-config v0.6.1
[INFO] [stderr]    Compiling rmk v0.8.3 (/opt/rustwide/workdir)
[INFO] [stderr]    Compiling rmk-macro v0.7.1
[INFO] [stderr] warning: unused dependency `embassy-executor`
[INFO] [stderr]   --> Cargo.toml:47:15
[INFO] [stderr]    |
[INFO] [stderr] 47 | [dependencies.embassy-executor]
[INFO] [stderr]    |               ^^^^^^^^^^^^^^^^^
[INFO] [stderr]    |
[INFO] [stderr]    = note: `cargo::unused_dependencies` is set to `warn` by default
[INFO] [stderr] help: consider removing the dependency on `embassy-executor`
[INFO] [stderr] warning: `rmk` (manifest) generated 1 warning
[INFO] [stderr]     Finished `dev` profile [unoptimized + debuginfo] target(s) in 52.62s
[INFO] running `Command { std: "docker" "inspect" "0926dcd33a9fb75516beccbe60e1e879b37aed0b7d13fb606d50f4e0ed32d08b", kill_on_drop: false }`
[INFO] running `Command { std: "docker" "exec" "-e" "SOURCE_DIR=/opt/rustwide/workdir" "-e" "CARGO_HOME=/opt/rustwide/cargo-home" "-e" "RUSTUP_HOME=/opt/rustwide/rustup-home" "-e" "CARGO_TARGET_DIR=/opt/rustwide/target" "-e" "CARGO_INCREMENTAL=0" "-e" "RUST_BACKTRACE=full" "-e" "RUSTFLAGS=--cap-lints=warn" "-e" "RUSTDOCFLAGS=--cap-lints=warn" "-w" "/opt/rustwide/workdir" "--user" "0:0" "0926dcd33a9fb75516beccbe60e1e879b37aed0b7d13fb606d50f4e0ed32d08b" "/opt/rustwide/cargo-home/bin/cargo" "+1.100.0-beta.1" "test" "--frozen" "--no-run" "--message-format=json", kill_on_drop: false }`
[INFO] [stderr] warning: `package.homepage` is redundant with `package.repository`
[INFO] [stderr]    --> Cargo.toml:227:12
[INFO] [stderr]     |
[INFO] [stderr] 227 | homepage = "https://github.com/haobogu/rmk"
[INFO] [stderr]     |            ^^^^^^^^^^^^^^^^^^^^^^^^^^^^^^^^
[INFO] [stderr] ...
[INFO] [stderr] 231 | repository = "https://github.com/haobogu/rmk"
[INFO] [stderr]     |              --------------------------------
[INFO] [stderr]     |
[INFO] [stderr]     = note: `cargo::redundant_homepage` is set to `warn` by default
[INFO] [stderr] help: consider removing `package.homepage`
[INFO] [stderr] warning: `rmk` (manifest) generated 1 warning
[INFO] [stderr]    Compiling darling_core v0.20.11
[INFO] [stderr]    Compiling regex-syntax v0.8.11
[INFO] [stderr]    Compiling jiff-core v0.1.0
[INFO] [stderr]    Compiling log v0.4.34
[INFO] [stderr]    Compiling dtor-proc-macro v0.0.6
[INFO] [stderr]    Compiling anstream v1.0.0
[INFO] [stderr]    Compiling tempfile v3.27.0
[INFO] [stderr]    Compiling wait-timeout v0.2.1
[INFO] [stderr]    Compiling ctor-proc-macro v0.0.7
[INFO] [stderr]    Compiling quick-error v1.2.3
[INFO] [stderr]    Compiling dtor v0.1.1
[INFO] [stderr]    Compiling ctor v0.6.3
[INFO] [stderr]    Compiling rusty-fork v0.3.1
[INFO] [stderr]    Compiling jiff v0.2.35
[INFO] [stderr]    Compiling regex-automata v0.4.18
[INFO] [stderr]    Compiling darling_macro v0.20.11
[INFO] [stderr]    Compiling darling v0.20.11
[INFO] [stderr]    Compiling embassy-executor-macros v0.7.0
[INFO] [stderr]    Compiling rmk-macro v0.7.1
[INFO] [stderr]    Compiling embassy-executor v0.9.1
[INFO] [stderr]    Compiling regex v1.13.1
[INFO] [stderr]    Compiling env_filter v2.0.0
[INFO] [stderr]    Compiling env_logger v0.11.11
[INFO] [stderr]    Compiling rmk v0.8.3 (/opt/rustwide/workdir)
[INFO] [stdout] error[E0433]: cannot find module or crate `log` in this scope
[INFO] [stdout]    --> src/input_device/rotary_encoder.rs:275:27
[INFO] [stdout]     |
[INFO] [stdout] 275 |             .filter_level(log::LevelFilter::Debug)
[INFO] [stdout]     |                           ^^^ use of unresolved module or unlinked crate `log`
[INFO] [stdout]     |
[INFO] [stdout]     = help: if you wanted to use a crate named `log`, use `cargo add log` to add it to your `Cargo.toml`
[INFO] [stdout] 
[INFO] [stdout] 
[INFO] [stdout] error[E0433]: cannot find module or crate `log` in this scope
[INFO] [stdout]     --> src/keyboard.rs:2281:27
[INFO] [stdout]      |
[INFO] [stdout] 2281 |             .filter_level(log::LevelFilter::Debug)
[INFO] [stdout]      |                           ^^^ use of unresolved module or unlinked crate `log`
[INFO] [stdout]      |
[INFO] [stdout]      = help: if you wanted to use a crate named `log`, use `cargo add log` to add it to your `Cargo.toml`
[INFO] [stdout] 
[INFO] [stdout] 
[INFO] [stdout] error[E0432]: unresolved import `log`
[INFO] [stdout]   --> tests/common/mod.rs:12:5
[INFO] [stdout]    |
[INFO] [stdout] 12 | use log::debug;
[INFO] [stdout]    |     ^^^ use of unresolved module or unlinked crate `log`
[INFO] [stdout]    |
[INFO] [stdout]    = help: if you wanted to use a crate named `log`, use `cargo add log` to add it to your `Cargo.toml`
[INFO] [stdout] 
[INFO] [stdout] 
[INFO] [stdout] error[E0432]: unresolved import `log`
[INFO] [stdout]   --> tests/common/mod.rs:12:5
[INFO] [stdout]    |
[INFO] [stdout] 12 | use log::debug;
[INFO] [stdout]    |     ^^^ use of unresolved module or unlinked crate `log`
[INFO] [stdout]    |
[INFO] [stdout]    = help: if you wanted to use a crate named `log`, use `cargo add log` to add it to your `Cargo.toml`
[INFO] [stdout] 
[INFO] [stdout] 
[INFO] [stdout] For more information about this error, try `rustc --explain E0433`.
[INFO] [stdout] 
[INFO] [stdout] error[E0432]: unresolved import `log`
[INFO] [stdout]   --> tests/common/mod.rs:12:5
[INFO] [stdout]    |
[INFO] [stdout] 12 | use log::debug;
[INFO] [stdout]    |     ^^^ use of unresolved module or unlinked crate `log`
[INFO] [stdout]    |
[INFO] [stdout]    = help: if you wanted to use a crate named `log`, use `cargo add log` to add it to your `Cargo.toml`
[INFO] [stdout] 
[INFO] [stdout] 
[INFO] [stdout] error[E0432]: unresolved import `log`
[INFO] [stdout]   --> tests/common/mod.rs:12:5
[INFO] [stdout]    |
[INFO] [stdout] 12 | use log::debug;
[INFO] [stdout]    |     ^^^ use of unresolved module or unlinked crate `log`
[INFO] [stdout]    |
[INFO] [stdout]    = help: if you wanted to use a crate named `log`, use `cargo add log` to add it to your `Cargo.toml`
[INFO] [stdout] 
[INFO] [stdout] 
[INFO] [stdout] error[E0433]: cannot find module or crate `log` in this scope
[INFO] [stdout]   --> tests/common/mod.rs:29:23
[INFO] [stdout]    |
[INFO] [stdout] 29 |         .filter_level(log::LevelFilter::Debug)
[INFO] [stdout]    |                       ^^^ use of unresolved module or unlinked crate `log`
[INFO] [stdout]    |
[INFO] [stdout]    = help: if you wanted to use a crate named `log`, use `cargo add log` to add it to your `Cargo.toml`
[INFO] [stdout] 
[INFO] [stdout] 
[INFO] [stdout] error[E0433]: cannot find module or crate `log` in this scope
[INFO] [stdout]   --> tests/common/mod.rs:29:23
[INFO] [stdout]    |
[INFO] [stdout] 29 |         .filter_level(log::LevelFilter::Debug)
[INFO] [stdout]    |                       ^^^ use of unresolved module or unlinked crate `log`
[INFO] [stdout]    |
[INFO] [stdout]    = help: if you wanted to use a crate named `log`, use `cargo add log` to add it to your `Cargo.toml`
[INFO] [stdout] 
[INFO] [stdout] 
[INFO] [stderr] error: could not compile `rmk` (lib test) due to 2 previous errors
[INFO] [stderr] warning: build failed, waiting for other jobs to finish...
[INFO] [stdout] error[E0433]: cannot find module or crate `log` in this scope
[INFO] [stdout]   --> tests/common/mod.rs:29:23
[INFO] [stdout]    |
[INFO] [stdout] 29 |         .filter_level(log::LevelFilter::Debug)
[INFO] [stdout]    |                       ^^^ use of unresolved module or unlinked crate `log`
[INFO] [stdout]    |
[INFO] [stdout]    = help: if you wanted to use a crate named `log`, use `cargo add log` to add it to your `Cargo.toml`
[INFO] [stdout] 
[INFO] [stdout] 
[INFO] [stdout] error[E0432]: unresolved import `log`
[INFO] [stdout]   --> tests/common/mod.rs:12:5
[INFO] [stdout]    |
[INFO] [stdout] 12 | use log::debug;
[INFO] [stdout]    |     ^^^ use of unresolved module or unlinked crate `log`
[INFO] [stdout]    |
[INFO] [stdout]    = help: if you wanted to use a crate named `log`, use `cargo add log` to add it to your `Cargo.toml`
[INFO] [stdout] 
[INFO] [stdout] 
[INFO] [stdout] error[E0432]: unresolved import `log`
[INFO] [stdout]   --> tests/common/mod.rs:12:5
[INFO] [stdout]    |
[INFO] [stdout] 12 | use log::debug;
[INFO] [stdout]    |     ^^^ use of unresolved module or unlinked crate `log`
[INFO] [stdout]    |
[INFO] [stdout]    = help: if you wanted to use a crate named `log`, use `cargo add log` to add it to your `Cargo.toml`
[INFO] [stdout] 
[INFO] [stdout] 
[INFO] [stdout] error[E0432]: unresolved import `log`
[INFO] [stdout]   --> tests/common/mod.rs:12:5
[INFO] [stdout]    |
[INFO] [stdout] 12 | use log::debug;
[INFO] [stdout]    |     ^^^ use of unresolved module or unlinked crate `log`
[INFO] [stdout]    |
[INFO] [stdout]    = help: if you wanted to use a crate named `log`, use `cargo add log` to add it to your `Cargo.toml`
[INFO] [stdout] 
[INFO] [stdout] 
[INFO] [stdout] error[E0432]: unresolved import `log`
[INFO] [stdout]   --> tests/common/mod.rs:12:5
[INFO] [stdout]    |
[INFO] [stdout] 12 | use log::debug;
[INFO] [stdout]    |     ^^^ use of unresolved module or unlinked crate `log`
[INFO] [stdout]    |
[INFO] [stdout]    = help: if you wanted to use a crate named `log`, use `cargo add log` to add it to your `Cargo.toml`
[INFO] [stdout] 
[INFO] [stdout] 
[INFO] [stdout] error[E0433]: cannot find module or crate `log` in this scope
[INFO] [stdout]   --> tests/common/mod.rs:29:23
[INFO] [stdout]    |
[INFO] [stdout] 29 |         .filter_level(log::LevelFilter::Debug)
[INFO] [stdout]    |                       ^^^ use of unresolved module or unlinked crate `log`
[INFO] [stdout]    |
[INFO] [stdout]    = help: if you wanted to use a crate named `log`, use `cargo add log` to add it to your `Cargo.toml`
[INFO] [stdout] 
[INFO] [stdout] 
[INFO] [stdout] error[E0432]: unresolved import `log`
[INFO] [stdout]   --> tests/common/mod.rs:12:5
[INFO] [stdout]    |
[INFO] [stdout] 12 | use log::debug;
[INFO] [stdout]    |     ^^^ use of unresolved module or unlinked crate `log`
[INFO] [stdout]    |
[INFO] [stdout]    = help: if you wanted to use a crate named `log`, use `cargo add log` to add it to your `Cargo.toml`
[INFO] [stdout] 
[INFO] [stdout] 
[INFO] [stdout] error[E0433]: cannot find module or crate `log` in this scope
[INFO] [stdout]   --> tests/common/mod.rs:29:23
[INFO] [stdout]    |
[INFO] [stdout] 29 |         .filter_level(log::LevelFilter::Debug)
[INFO] [stdout]    |                       ^^^ use of unresolved module or unlinked crate `log`
[INFO] [stdout]    |
[INFO] [stdout]    = help: if you wanted to use a crate named `log`, use `cargo add log` to add it to your `Cargo.toml`
[INFO] [stdout] 
[INFO] [stdout] 
[INFO] [stdout] error[E0433]: cannot find module or crate `log` in this scope
[INFO] [stdout]   --> tests/common/mod.rs:29:23
[INFO] [stdout]    |
[INFO] [stdout] 29 |         .filter_level(log::LevelFilter::Debug)
[INFO] [stdout]    |                       ^^^ use of unresolved module or unlinked crate `log`
[INFO] [stdout]    |
[INFO] [stdout]    = help: if you wanted to use a crate named `log`, use `cargo add log` to add it to your `Cargo.toml`
[INFO] [stdout] 
[INFO] [stdout] 
[INFO] [stdout] error[E0433]: cannot find module or crate `log` in this scope
[INFO] [stdout]   --> tests/common/mod.rs:29:23
[INFO] [stdout]    |
[INFO] [stdout] 29 |         .filter_level(log::LevelFilter::Debug)
[INFO] [stdout]    |                       ^^^ use of unresolved module or unlinked crate `log`
[INFO] [stdout]    |
[INFO] [stdout]    = help: if you wanted to use a crate named `log`, use `cargo add log` to add it to your `Cargo.toml`
[INFO] [stdout] 
[INFO] [stdout] 
[INFO] [stdout] error[E0433]: cannot find module or crate `log` in this scope
[INFO] [stdout]   --> tests/common/mod.rs:29:23
[INFO] [stdout]    |
[INFO] [stdout] 29 |         .filter_level(log::LevelFilter::Debug)
[INFO] [stdout]    |                       ^^^ use of unresolved module or unlinked crate `log`
[INFO] [stdout]    |
[INFO] [stdout]    = help: if you wanted to use a crate named `log`, use `cargo add log` to add it to your `Cargo.toml`
[INFO] [stdout] 
[INFO] [stdout] 
[INFO] [stdout] Some errors have detailed explanations: E0432, E0433.
[INFO] [stdout] 
[INFO] [stdout] For more information about an error, try `rustc --explain E0432`.
[INFO] [stdout] 
[INFO] [stderr] error: could not compile `rmk` (test "keyboard_one_shot_test") due to 2 previous errors
[INFO] [stdout] Some errors have detailed explanations: E0432, E0433.
[INFO] [stdout] 
[INFO] [stdout] For more information about an error, try `rustc --explain E0432`.
[INFO] [stdout] 
[INFO] [stderr] error: could not compile `rmk` (test "keyboard_morse_test") due to 2 previous errors
[INFO] [stdout] error[E0433]: cannot find module or crate `log` in this scope
[INFO] [stdout]   --> tests/common/mod.rs:29:23
[INFO] [stdout]    |
[INFO] [stdout] 29 |         .filter_level(log::LevelFilter::Debug)
[INFO] [stdout]    |                       ^^^ use of unresolved module or unlinked crate `log`
[INFO] [stdout]    |
[INFO] [stdout]    = help: if you wanted to use a crate named `log`, use `cargo add log` to add it to your `Cargo.toml`
[INFO] [stdout] 
[INFO] [stdout] 
[INFO] [stdout] Some errors have detailed explanations: E0432, E0433.
[INFO] [stdout] 
[INFO] [stdout] For more information about an error, try `rustc --explain E0432`.
[INFO] [stdout] 
[INFO] [stderr] error: could not compile `rmk` (test "keyboard_macro_test") due to 2 previous errors
[INFO] [stdout] Some errors have detailed explanations: E0432, E0433.
[INFO] [stdout] 
[INFO] [stdout] For more information about an error, try `rustc --explain E0432`.
[INFO] [stdout] 
[INFO] [stderr] error: could not compile `rmk` (test "keyboard_layer_test") due to 2 previous errors
[INFO] [stdout] Some errors have detailed explanations: E0432, E0433.
[INFO] [stdout] 
[INFO] [stdout] For more information about an error, try `rustc --explain E0432`.
[INFO] [stdout] 
[INFO] [stderr] error: could not compile `rmk` (test "keyboard_morse_tap_dance_test") due to 2 previous errors
[INFO] [stdout] Some errors have detailed explanations: E0432, E0433.
[INFO] [stdout] 
[INFO] [stdout] For more information about an error, try `rustc --explain E0432`.
[INFO] [stdout] 
[INFO] [stderr] error: could not compile `rmk` (test "keyboard_combo_test") due to 2 previous errors
[INFO] [stdout] Some errors have detailed explanations: E0432, E0433.
[INFO] [stdout] 
[INFO] [stdout] For more information about an error, try `rustc --explain E0432`.
[INFO] [stdout] 
[INFO] [stderr] error: could not compile `rmk` (test "keyboard_morse_permissive_hold_test") due to 2 previous errors
[INFO] [stdout] Some errors have detailed explanations: E0432, E0433.
[INFO] [stdout] 
[INFO] [stdout] For more information about an error, try `rustc --explain E0432`.
[INFO] [stdout] 
[INFO] [stderr] error: could not compile `rmk` (test "keyboard_morse_hold_on_other_press_test") due to 2 previous errors
[INFO] [stdout] Some errors have detailed explanations: E0432, E0433.
[INFO] [stdout] 
[INFO] [stdout] For more information about an error, try `rustc --explain E0432`.
[INFO] [stdout] 
[INFO] [stderr] error: could not compile `rmk` (test "keyboard_morse_hrm_test") due to 2 previous errors
[INFO] running `Command { std: "docker" "inspect" "0926dcd33a9fb75516beccbe60e1e879b37aed0b7d13fb606d50f4e0ed32d08b", kill_on_drop: false }`
[INFO] running `Command { std: "docker" "rm" "-f" "0926dcd33a9fb75516beccbe60e1e879b37aed0b7d13fb606d50f4e0ed32d08b", kill_on_drop: false }`
[INFO] [stdout] 0926dcd33a9fb75516beccbe60e1e879b37aed0b7d13fb606d50f4e0ed32d08b
