[INFO] fetching crate rlx-rocm 0.2.16...
[INFO] testing rlx-rocm-0.2.16 against 1.100.0-beta.1 for beta-1.100-2
[INFO] extracting crate rlx-rocm 0.2.16 into /workspace/builds/worker-6-tc2/source
[INFO] started tweaking crates.io crate rlx-rocm 0.2.16
[INFO] removed 0 missing examples
[INFO] removed 0 missing tests
[INFO] finished tweaking crates.io crate rlx-rocm 0.2.16
[INFO] tweaked toml for crates.io crate rlx-rocm 0.2.16 written to /workspace/builds/worker-6-tc2/source/Cargo.toml
[INFO] validating manifest of crates.io crate rlx-rocm 0.2.16 on toolchain 1.100.0-beta.1
[INFO] running `Command { std: CARGO_HOME="/workspace/cargo-home" RUSTUP_HOME="/workspace/rustup-home" "/workspace/cargo-home/bin/cargo" "+1.100.0-beta.1" "metadata" "--manifest-path" "Cargo.toml" "--no-deps", kill_on_drop: false }`
[INFO] crate crates.io crate rlx-rocm 0.2.16 already has a lockfile, it will not be regenerated
[INFO] running `Command { std: CARGO_HOME="/workspace/cargo-home" RUSTUP_HOME="/workspace/rustup-home" "/workspace/cargo-home/bin/cargo" "+1.100.0-beta.1" "fetch" "--manifest-path" "Cargo.toml", kill_on_drop: false }`
[INFO] [stderr] warning: `package.homepage` is redundant with `package.repository`
[INFO] [stderr]    --> Cargo.toml:101:12
[INFO] [stderr]     |
[INFO] [stderr] 101 | homepage = "https://github.com/MIT-RLX/rlx"
[INFO] [stderr]     |            ^^^^^^^^^^^^^^^^^^^^^^^^^^^^^^^^
[INFO] [stderr] ...
[INFO] [stderr] 106 | repository = "https://github.com/MIT-RLX/rlx"
[INFO] [stderr]     |              --------------------------------
[INFO] [stderr]     |
[INFO] [stderr]     = note: `cargo::redundant_homepage` is set to `warn` by default
[INFO] [stderr] help: consider removing `package.homepage`
[INFO] [stderr] warning: `rlx-rocm` (manifest) generated 1 warning
[INFO] running `Command { std: "docker" "create" "-v" "/var/lib/crater-agent-workspace/builds/worker-6-tc2/source:/opt/rustwide/workdir:ro,Z" "-v" "/var/lib/crater-agent-workspace/builds/worker-6-tc2/target:/opt/rustwide/target:rw,Z" "-v" "/var/lib/crater-agent-workspace/cargo-home:/opt/rustwide/cargo-home:ro,Z" "-v" "/var/lib/crater-agent-workspace/rustup-home:/opt/rustwide/rustup-home:ro,Z" "-m" "1610612736" "--network" "none" "ghcr.io/rust-lang/crates-build-env/linux@sha256:3111399a4047eeb3a02b7a90e478d715f38a8c6669b5c4b49d30a17385265909" "sleep" "infinity", kill_on_drop: false }`
[INFO] [stdout] b3aa3a4830a228878fc234e887e185bf12b0504b0edbefbd09ec3d7e46635454
[INFO] running `Command { std: "docker" "start" "b3aa3a4830a228878fc234e887e185bf12b0504b0edbefbd09ec3d7e46635454", kill_on_drop: false }`
[INFO] running `Command { std: "docker" "inspect" "b3aa3a4830a228878fc234e887e185bf12b0504b0edbefbd09ec3d7e46635454", kill_on_drop: false }`
[INFO] running `Command { std: "docker" "exec" "-e" "SOURCE_DIR=/opt/rustwide/workdir" "-e" "CARGO_HOME=/opt/rustwide/cargo-home" "-e" "RUSTUP_HOME=/opt/rustwide/rustup-home" "-e" "CARGO_TARGET_DIR=/opt/rustwide/target" "-w" "/opt/rustwide/workdir" "--user" "0:0" "b3aa3a4830a228878fc234e887e185bf12b0504b0edbefbd09ec3d7e46635454" "/opt/rustwide/cargo-home/bin/cargo" "+1.100.0-beta.1" "metadata" "--no-deps" "--format-version=1", kill_on_drop: false }`
[INFO] running `Command { std: "docker" "inspect" "b3aa3a4830a228878fc234e887e185bf12b0504b0edbefbd09ec3d7e46635454", kill_on_drop: false }`
[INFO] running `Command { std: "docker" "exec" "-e" "SOURCE_DIR=/opt/rustwide/workdir" "-e" "CARGO_HOME=/opt/rustwide/cargo-home" "-e" "RUSTUP_HOME=/opt/rustwide/rustup-home" "-e" "CARGO_TARGET_DIR=/opt/rustwide/target" "-e" "CARGO_INCREMENTAL=0" "-e" "RUST_BACKTRACE=full" "-e" "RUSTFLAGS=--cap-lints=warn" "-e" "RUSTDOCFLAGS=--cap-lints=warn" "-w" "/opt/rustwide/workdir" "--user" "0:0" "b3aa3a4830a228878fc234e887e185bf12b0504b0edbefbd09ec3d7e46635454" "/opt/rustwide/cargo-home/bin/cargo" "+1.100.0-beta.1" "build" "--frozen" "--message-format=json", kill_on_drop: false }`
[INFO] [stderr] warning: `package.homepage` is redundant with `package.repository`
[INFO] [stderr]    --> Cargo.toml:101:12
[INFO] [stderr]     |
[INFO] [stderr] 101 | homepage = "https://github.com/MIT-RLX/rlx"
[INFO] [stderr]     |            ^^^^^^^^^^^^^^^^^^^^^^^^^^^^^^^^
[INFO] [stderr] ...
[INFO] [stderr] 106 | repository = "https://github.com/MIT-RLX/rlx"
[INFO] [stderr]     |              --------------------------------
[INFO] [stderr]     |
[INFO] [stderr]     = note: `cargo::redundant_homepage` is set to `warn` by default
[INFO] [stderr] help: consider removing `package.homepage`
[INFO] [stderr] warning: `rlx-rocm` (manifest) generated 1 warning
[INFO] [stderr]    Compiling typenum v1.20.1
[INFO] [stderr]    Compiling cpubits v0.1.1
[INFO] [stderr]    Compiling jobserver v0.1.35
[INFO] [stderr]    Compiling serde v1.0.228
[INFO] [stderr]    Compiling zerocopy v0.8.48
[INFO] [stderr]    Compiling num-traits v0.2.19
[INFO] [stderr]    Compiling bytemuck_derive v1.10.2
[INFO] [stderr]    Compiling zerocopy-derive v0.8.48
[INFO] [stderr]    Compiling ucd-trie v0.1.7
[INFO] [stderr]    Compiling serde_core v1.0.228
[INFO] [stderr]    Compiling cc v1.2.61
[INFO] [stderr]    Compiling pest v2.8.8
[INFO] [stderr]    Compiling smallvec v1.15.1
[INFO] [stderr]    Compiling hybrid-array v0.4.13
[INFO] [stderr]    Compiling generic-array v0.14.7
[INFO] [stderr]    Compiling rayon-core v1.13.0
[INFO] [stderr]    Compiling base64ct v1.8.3
[INFO] [stderr]    Compiling bytemuck v1.25.0
[INFO] [stderr]    Compiling simd-adler32 v0.3.9
[INFO] [stderr]    Compiling password-hash v0.4.2
[INFO] [stderr]    Compiling miniz_oxide v0.8.9
[INFO] [stderr]    Compiling crypto-common v0.2.2
[INFO] [stderr]    Compiling inout v0.2.2
[INFO] [stderr]    Compiling crypto-common v0.1.7
[INFO] [stderr]    Compiling block-buffer v0.10.4
[INFO] [stderr]    Compiling digest v0.10.7
[INFO] [stderr]    Compiling pest_meta v2.8.8
[INFO] [stderr]    Compiling inout v0.1.4
[INFO] [stderr]    Compiling cipher v0.4.4
[INFO] [stderr]    Compiling sha2 v0.10.9
[INFO] [stderr]    Compiling zstd-sys v2.0.16+zstd.1.5.7
[INFO] [stderr]    Compiling bzip2-sys v0.1.13+1.0.8
[INFO] [stderr]    Compiling hmac v0.12.1
[INFO] [stderr]    Compiling num-integer v0.1.46
[INFO] [stderr]    Compiling crossbeam-deque v0.8.6
[INFO] [stderr]    Compiling serde_json v1.0.149
[INFO] [stderr]    Compiling time v0.3.53
[INFO] [stderr]    Compiling num-bigint v0.4.8
[INFO] [stderr]    Compiling cipher v0.5.2
[INFO] [stderr]    Compiling aes v0.9.1
[INFO] [stderr]    Compiling pest_generator v2.8.8
[INFO] [stderr]    Compiling rlx-ir v0.2.16
[INFO] [stderr]    Compiling flate2 v1.1.9
[INFO] [stderr]    Compiling pbkdf2 v0.11.0
[INFO] [stderr]    Compiling bzip2 v0.4.4
[INFO] [stderr]    Compiling aes v0.8.4
[INFO] [stderr]    Compiling pest_derive v2.8.8
[INFO] [stderr]    Compiling sha1 v0.10.7
[INFO] [stderr]    Compiling num-complex v0.4.6
[INFO] [stderr]    Compiling constant_time_eq v0.1.5
[INFO] [stderr]    Compiling either v1.15.0
[INFO] [stderr]    Compiling hashbrown v0.16.1
[INFO] [stderr]    Compiling rayon v1.12.0
[INFO] [stderr]    Compiling py_literal v0.4.0
[INFO] [stderr]    Compiling memmap2 v0.9.10
[INFO] [stderr]    Compiling rlx-cpu v0.2.16
[INFO] [stderr]    Compiling safetensors v0.7.0
[INFO] [stderr]    Compiling strum_macros v0.28.0
[INFO] [stderr]    Compiling rlx-gpu-dispatch v0.2.16
[INFO] [stderr]    Compiling rlx-rocm v0.2.16 (/opt/rustwide/workdir)
[INFO] [stderr]    Compiling half v2.7.1
[INFO] [stderr]    Compiling rlx-gguf v0.2.16
[INFO] [stderr]    Compiling rlx-fusion v0.2.16
[INFO] [stderr]    Compiling rlx-unfuse v0.2.16
[INFO] [stderr]    Compiling rlxsl v0.2.16
[INFO] [stderr]    Compiling rlx-autodiff v0.2.16
[INFO] [stderr]    Compiling zstd-safe v5.0.2+zstd.1.5.2
[INFO] [stderr]    Compiling zstd v0.11.2+zstd.1.5.2
[INFO] [stderr]    Compiling zip v0.6.6
[INFO] [stderr]    Compiling npyz v0.8.4
[INFO] [stderr]    Compiling rlx-gpu-kernels v0.2.16
[INFO] [stderr]    Compiling rlx-compile v0.2.16
[INFO] [stderr]    Compiling rlx-mlx-io v0.2.16
[INFO] [stderr]    Compiling rlx-opt v0.2.16
[INFO] [stderr]    Compiling rlx-gpu-host v0.2.16
[INFO] [stderr]     Finished `dev` profile [unoptimized + debuginfo] target(s) in 2m 02s
[INFO] running `Command { std: "docker" "inspect" "b3aa3a4830a228878fc234e887e185bf12b0504b0edbefbd09ec3d7e46635454", kill_on_drop: false }`
[INFO] running `Command { std: "docker" "exec" "-e" "SOURCE_DIR=/opt/rustwide/workdir" "-e" "CARGO_HOME=/opt/rustwide/cargo-home" "-e" "RUSTUP_HOME=/opt/rustwide/rustup-home" "-e" "CARGO_TARGET_DIR=/opt/rustwide/target" "-e" "CARGO_INCREMENTAL=0" "-e" "RUST_BACKTRACE=full" "-e" "RUSTFLAGS=--cap-lints=warn" "-e" "RUSTDOCFLAGS=--cap-lints=warn" "-w" "/opt/rustwide/workdir" "--user" "0:0" "b3aa3a4830a228878fc234e887e185bf12b0504b0edbefbd09ec3d7e46635454" "/opt/rustwide/cargo-home/bin/cargo" "+1.100.0-beta.1" "test" "--frozen" "--no-run" "--message-format=json", kill_on_drop: false }`
[INFO] [stderr] warning: `package.homepage` is redundant with `package.repository`
[INFO] [stderr]    --> Cargo.toml:101:12
[INFO] [stderr]     |
[INFO] [stderr] 101 | homepage = "https://github.com/MIT-RLX/rlx"
[INFO] [stderr]     |            ^^^^^^^^^^^^^^^^^^^^^^^^^^^^^^^^
[INFO] [stderr] ...
[INFO] [stderr] 106 | repository = "https://github.com/MIT-RLX/rlx"
[INFO] [stderr]     |              --------------------------------
[INFO] [stderr]     |
[INFO] [stderr]     = note: `cargo::redundant_homepage` is set to `warn` by default
[INFO] [stderr] help: consider removing `package.homepage`
[INFO] [stderr] warning: `rlx-rocm` (manifest) generated 1 warning
[INFO] [stderr]    Compiling rlx-rocm v0.2.16 (/opt/rustwide/workdir)
[INFO] [stdout] error[E0432]: unresolved import `rlx_runtime`
[INFO] [stdout]   --> tests/rocm_rope_partial.rs:21:5
[INFO] [stdout]    |
[INFO] [stdout] 21 | use rlx_runtime::{Device, Session};
[INFO] [stdout]    |     ^^^^^^^^^^^ use of unresolved module or unlinked crate `rlx_runtime`
[INFO] [stdout]    |
[INFO] [stdout]    = help: if you wanted to use a crate named `rlx_runtime`, use `cargo add rlx_runtime` to add it to your `Cargo.toml`
[INFO] [stdout] 
[INFO] [stdout] 
[INFO] [stdout] error[E0432]: unresolved import `rlx_runtime`
[INFO] [stdout]  --> tests/moe_hot_cold_parity.rs:9:5
[INFO] [stdout]   |
[INFO] [stdout] 9 | use rlx_runtime::{Device, Session};
[INFO] [stdout]   |     ^^^^^^^^^^^ use of unresolved module or unlinked crate `rlx_runtime`
[INFO] [stdout]   |
[INFO] [stdout]   = help: if you wanted to use a crate named `rlx_runtime`, use `cargo add rlx_runtime` to add it to your `Cargo.toml`
[INFO] [stdout] 
[INFO] [stdout] 
[INFO] [stdout] error[E0433]: cannot find module or crate `rlx_runtime` in this scope
[INFO] [stdout]   --> tests/complex_parity.rs:15:5
[INFO] [stdout]    |
[INFO] [stdout] 15 | use rlx_runtime::backend::{narrow_f32_to_bytes, widen_bytes_to_f32};
[INFO] [stdout]    |     ^^^^^^^^^^^ use of unresolved module or unlinked crate `rlx_runtime`
[INFO] [stdout]    |
[INFO] [stdout]    = help: if you wanted to use a crate named `rlx_runtime`, use `cargo add rlx_runtime` to add it to your `Cargo.toml`
[INFO] [stdout] 
[INFO] [stdout] 
[INFO] [stdout] error[E0432]: unresolved import `rlx_runtime`
[INFO] [stdout]   --> tests/complex_parity.rs:16:5
[INFO] [stdout]    |
[INFO] [stdout] 16 | use rlx_runtime::{Device, Session};
[INFO] [stdout]    |     ^^^^^^^^^^^ use of unresolved module or unlinked crate `rlx_runtime`
[INFO] [stdout]    |
[INFO] [stdout]    = help: if you wanted to use a crate named `rlx_runtime`, use `cargo add rlx_runtime` to add it to your `Cargo.toml`
[INFO] [stdout] 
[INFO] [stdout] 
[INFO] [stdout] For more information about this error, try `rustc --explain E0432`.
[INFO] [stdout] 
[INFO] [stderr] error: could not compile `rlx-rocm` (test "moe_hot_cold_parity") due to 1 previous error
[INFO] [stderr] warning: build failed, waiting for other jobs to finish...
[INFO] [stdout] Some errors have detailed explanations: E0432, E0433.
[INFO] [stdout] 
[INFO] [stdout] For more information about an error, try `rustc --explain E0432`.
[INFO] [stdout] 
[INFO] [stderr] error: could not compile `rlx-rocm` (test "complex_parity") due to 2 previous errors
[INFO] [stdout] error[E0433]: cannot find module or crate `rlx_runtime` in this scope
[INFO] [stdout]   --> tests/rocm_rope_partial.rs:80:54
[INFO] [stdout]    |
[INFO] [stdout] 80 |     if rlx_ir::env::skip_unless_device("rocm", true, rlx_runtime::is_available(Device::Rocm)) {
[INFO] [stdout]    |                                                      ^^^^^^^^^^^ use of unresolved module or unlinked crate `rlx_runtime`
[INFO] [stdout]    |
[INFO] [stdout]    = help: if you wanted to use a crate named `rlx_runtime`, use `cargo add rlx_runtime` to add it to your `Cargo.toml`
[INFO] [stdout] 
[INFO] [stdout] 
[INFO] [stdout] Some errors have detailed explanations: E0432, E0433.
[INFO] [stdout] 
[INFO] [stdout] For more information about an error, try `rustc --explain E0432`.
[INFO] [stdout] 
[INFO] [stderr] error: could not compile `rlx-rocm` (test "rocm_rope_partial") due to 2 previous errors
[INFO] [stdout] error[E0432]: unresolved import `rlx_runtime`
[INFO] [stdout]   --> tests/rocm_fft_q_ingraph.rs:22:5
[INFO] [stdout]    |
[INFO] [stdout] 22 | use rlx_runtime::{Device, Session};
[INFO] [stdout]    |     ^^^^^^^^^^^ use of unresolved module or unlinked crate `rlx_runtime`
[INFO] [stdout]    |
[INFO] [stdout]    = help: if you wanted to use a crate named `rlx_runtime`, use `cargo add rlx_runtime` to add it to your `Cargo.toml`
[INFO] [stdout] 
[INFO] [stdout] 
[INFO] [stdout] error[E0433]: cannot find module or crate `rlx_runtime` in this scope
[INFO] [stdout]   --> tests/rocm_fft_q_ingraph.rs:44:54
[INFO] [stdout]    |
[INFO] [stdout] 44 |     if rlx_ir::env::skip_unless_device("rocm", true, rlx_runtime::is_available(Device::Rocm)) {
[INFO] [stdout]    |                                                      ^^^^^^^^^^^ use of unresolved module or unlinked crate `rlx_runtime`
[INFO] [stdout]    |
[INFO] [stdout]    = help: if you wanted to use a crate named `rlx_runtime`, use `cargo add rlx_runtime` to add it to your `Cargo.toml`
[INFO] [stdout] 
[INFO] [stdout] 
[INFO] [stdout] Some errors have detailed explanations: E0432, E0433.
[INFO] [stdout] 
[INFO] [stdout] For more information about an error, try `rustc --explain E0432`.
[INFO] [stdout] 
[INFO] [stderr] error: could not compile `rlx-rocm` (test "rocm_fft_q_ingraph") due to 2 previous errors
[INFO] running `Command { std: "docker" "inspect" "b3aa3a4830a228878fc234e887e185bf12b0504b0edbefbd09ec3d7e46635454", kill_on_drop: false }`
[INFO] running `Command { std: "docker" "rm" "-f" "b3aa3a4830a228878fc234e887e185bf12b0504b0edbefbd09ec3d7e46635454", kill_on_drop: false }`
[INFO] [stdout] b3aa3a4830a228878fc234e887e185bf12b0504b0edbefbd09ec3d7e46635454
