[INFO] fetching crate rlx-qwen25-vl 0.2.11...
[INFO] testing rlx-qwen25-vl-0.2.11 against 1.99.0-beta.8 for beta-1.100-2
[INFO] extracting crate rlx-qwen25-vl 0.2.11 into /workspace/builds/worker-1-tc1/source
[INFO] started tweaking crates.io crate rlx-qwen25-vl 0.2.11
[INFO] removed 0 missing examples
[INFO] removed 0 missing tests
[INFO] finished tweaking crates.io crate rlx-qwen25-vl 0.2.11
[INFO] tweaked toml for crates.io crate rlx-qwen25-vl 0.2.11 written to /workspace/builds/worker-1-tc1/source/Cargo.toml
[INFO] validating manifest of crates.io crate rlx-qwen25-vl 0.2.11 on toolchain 1.99.0-beta.8
[INFO] running `Command { std: CARGO_HOME="/workspace/cargo-home" RUSTUP_HOME="/workspace/rustup-home" "/workspace/cargo-home/bin/cargo" "+1.99.0-beta.8" "metadata" "--manifest-path" "Cargo.toml" "--no-deps", kill_on_drop: false }`
[INFO] crate crates.io crate rlx-qwen25-vl 0.2.11 already has a lockfile, it will not be regenerated
[INFO] running `Command { std: CARGO_HOME="/workspace/cargo-home" RUSTUP_HOME="/workspace/rustup-home" "/workspace/cargo-home/bin/cargo" "+1.99.0-beta.8" "fetch" "--manifest-path" "Cargo.toml", kill_on_drop: false }`
[INFO] [stderr]     Updating crates.io index
[INFO] [stderr]      Locking 20 packages to highest compatible versions
[INFO] [stderr]       Adding rlx-autodiff v0.2.11 (available: v0.2.17)
[INFO] [stderr]       Adding rlx-compile v0.2.11 (available: v0.2.17)
[INFO] [stderr]       Adding rlx-cpu v0.2.11 (available: v0.2.17)
[INFO] [stderr]       Adding rlx-cuda v0.2.11 (available: v0.2.17)
[INFO] [stderr]       Adding rlx-driver v0.2.11 (available: v0.2.17)
[INFO] [stderr]       Adding rlx-flow v0.2.11 (available: v0.2.17)
[INFO] [stderr]       Adding rlx-fusion v0.2.11 (available: v0.2.17)
[INFO] [stderr]       Adding rlx-gguf v0.2.11 (available: v0.2.17)
[INFO] [stderr]       Adding rlx-gpu-kernels v0.2.13 (available: v0.2.17)
[INFO] [stderr]       Adding rlx-ir v0.2.11 (available: v0.2.17)
[INFO] [stderr]       Adding rlx-macros v0.2.17
[INFO] [stderr]       Adding rlx-metal v0.2.11 (available: v0.2.17)
[INFO] [stderr]       Adding rlx-mlx v0.2.11 (available: v0.2.17)
[INFO] [stderr]       Adding rlx-mlx-sys v0.2.17
[INFO] [stderr]       Adding rlx-opt v0.2.11 (available: v0.2.17)
[INFO] [stderr]       Adding rlx-rocm v0.2.11 (available: v0.2.17)
[INFO] [stderr]       Adding rlx-runtime v0.2.11 (available: v0.2.17)
[INFO] [stderr]       Adding rlx-text v0.2.11 (available: v0.2.17)
[INFO] [stderr]       Adding rlx-vulkan v0.2.11 (available: v0.2.17)
[INFO] [stderr]       Adding rlx-wgpu v0.2.11 (available: v0.2.17)
[INFO] [stderr]  Downloading crates ...
[INFO] [stderr]   Downloaded rayon-cond v0.4.0
[INFO] [stderr]   Downloaded onig v6.5.3
[INFO] [stderr]   Downloaded wasm-bindgen-shared v0.2.123
[INFO] [stderr]   Downloaded naga-types v30.0.0
[INFO] [stderr]   Downloaded wgpu-naga-bridge v30.0.0
[INFO] [stderr]   Downloaded macro_rules_attribute-proc_macro v0.2.2
[INFO] [stderr]   Downloaded wasm-bindgen-macro v0.2.123
[INFO] [stderr]   Downloaded wgpu-core-deps-apple v30.0.0
[INFO] [stderr]   Downloaded derive_builder_macro v0.20.2
[INFO] [stderr]   Downloaded rlx-opt v0.2.11
[INFO] [stderr]   Downloaded macro_rules_attribute v0.2.2
[INFO] [stderr]   Downloaded rlx-vlm-base v0.2.11
[INFO] [stderr]   Downloaded renderdoc-sys v1.1.0
[INFO] [stderr]   Downloaded range-alloc v0.1.5
[INFO] [stderr]   Downloaded wasm-bindgen-futures v0.4.73
[INFO] [stderr]   Downloaded monostate-impl v0.1.18
[INFO] [stderr]   Downloaded monostate v0.1.18
[INFO] [stderr]   Downloaded raw-window-metal v1.1.0
[INFO] [stderr]   Downloaded wgpu-core-deps-windows-linux-android v30.0.0
[INFO] [stderr]   Downloaded bit-set v0.10.0
[INFO] [stderr]   Downloaded foreign-types-shared v0.3.1
[INFO] [stderr]   Downloaded derive_builder_core v0.20.2
[INFO] [stderr]   Downloaded raw-window-handle v0.6.2
[INFO] [stderr]   Downloaded core-graphics-types v0.1.3
[INFO] [stderr]   Downloaded pollster v0.3.0
[INFO] [stderr]   Downloaded derive_builder v0.20.2
[INFO] [stderr]   Downloaded ordered-float v5.0.0
[INFO] [stderr]   Downloaded presser v0.3.1
[INFO] [stderr]   Downloaded malloc_buf v0.0.6
[INFO] [stderr]   Downloaded foreign-types v0.5.0
[INFO] [stderr]   Downloaded unicode-normalization-alignments v0.1.12
[INFO] [stderr]   Downloaded memo-map v0.3.3
[INFO] [stderr]   Downloaded dary_heap v0.3.9
[INFO] [stderr]   Downloaded spirv v0.4.0+sdk-1.4.341.0
[INFO] [stderr]   Downloaded foreign-types-macros v0.2.3
[INFO] [stderr]   Downloaded block v0.1.6
[INFO] [stderr]   Downloaded safetensors v0.7.0
[INFO] [stderr]   Downloaded rlx-distributed v0.2.11
[INFO] [stderr]   Downloaded log v0.4.32
[INFO] [stderr]   Downloaded gpu-allocator v0.28.0
[INFO] [stderr]   Downloaded bit-set v0.9.1
[INFO] [stderr]   Downloaded objc v0.2.7
[INFO] [stderr]   Downloaded rlx-text v0.2.11
[INFO] [stderr]   Downloaded rlx-fusion v0.2.11
[INFO] [stderr]   Downloaded rlx-compile v0.2.11
[INFO] [stderr]   Downloaded rlx-gpu-kernels v0.2.13
[INFO] [stderr]   Downloaded rlx-macros v0.2.17
[INFO] [stderr]   Downloaded libloading v0.9.0
[INFO] [stderr]   Downloaded wasm-bindgen v0.2.123
[INFO] [stderr]   Downloaded wasm-bindgen-macro-support v0.2.123
[INFO] [stderr]   Downloaded rlx-vulkan v0.2.11
[INFO] [stderr]   Downloaded pp-rs v0.2.1
[INFO] [stderr]   Downloaded rlx-driver v0.2.11
[INFO] [stderr]   Downloaded rlx-flow v0.2.11
[INFO] [stderr]   Downloaded rlx-cli v0.2.11
[INFO] [stderr]   Downloaded rlx-gguf v0.2.11
[INFO] [stderr]   Downloaded rlx-rocm v0.2.11
[INFO] [stderr]   Downloaded rlx-qwen3 v0.2.11
[INFO] [stderr]   Downloaded tokenizers v0.22.2
[INFO] [stderr]   Downloaded js-sys v0.3.100
[INFO] [stderr]   Downloaded rlx-autodiff v0.2.11
[INFO] [stderr]   Downloaded wgpu-types v30.0.0
[INFO] [stderr]   Downloaded rlx-models-core v0.2.11
[INFO] [stderr]   Downloaded rlx-cuda v0.2.11
[INFO] [stderr]   Downloaded esaxx-rs v0.1.10
[INFO] [stderr]   Downloaded rlx-mlx v0.2.11
[INFO] [stderr]   Downloaded rlx-ir v0.2.11
[INFO] [stderr]   Downloaded minijinja v2.20.0
[INFO] [stderr]   Downloaded wgpu v30.0.0
[INFO] [stderr]   Downloaded rlx-wgpu v0.2.11
[INFO] [stderr]   Downloaded objc2-metal v0.3.2
[INFO] [stderr]   Downloaded rlx-cpu v0.2.11
[INFO] [stderr]   Downloaded rlx-metal v0.2.11
[INFO] [stderr]   Downloaded wgpu-core v30.0.0
[INFO] [stderr]   Downloaded rlx-runtime v0.2.11
[INFO] [stderr]   Downloaded ash v0.38.0+1.3.281
[INFO] [stderr]   Downloaded wgpu-hal v30.0.0
[INFO] [stderr]   Downloaded spm_precompiled v0.1.4
[INFO] [stderr]   Downloaded cudarc v0.19.7
[INFO] [stderr]   Downloaded onig_sys v69.9.3
[INFO] [stderr]   Downloaded web-sys v0.3.100
[INFO] [stderr]   Downloaded naga v30.0.0
[INFO] [stderr]   Downloaded naga v29.0.3
[INFO] [stderr]   Downloaded metal v0.30.0
[INFO] [stderr]   Downloaded rlx-mlx-sys v0.2.17
[INFO] running `Command { std: "docker" "create" "-v" "/var/lib/crater-agent-workspace/builds/worker-1-tc1/source:/opt/rustwide/workdir:ro,Z" "-v" "/var/lib/crater-agent-workspace/builds/worker-1-tc1/target:/opt/rustwide/target:rw,Z" "-v" "/var/lib/crater-agent-workspace/cargo-home:/opt/rustwide/cargo-home:ro,Z" "-v" "/var/lib/crater-agent-workspace/rustup-home:/opt/rustwide/rustup-home:ro,Z" "-m" "1610612736" "--network" "none" "ghcr.io/rust-lang/crates-build-env/linux@sha256:3111399a4047eeb3a02b7a90e478d715f38a8c6669b5c4b49d30a17385265909" "sleep" "infinity", kill_on_drop: false }`
[INFO] [stdout] 6673b6af40fde54f708432b098370ef28ed7ec125d29da9439514380a4e02338
[INFO] running `Command { std: "docker" "start" "6673b6af40fde54f708432b098370ef28ed7ec125d29da9439514380a4e02338", kill_on_drop: false }`
[INFO] running `Command { std: "docker" "inspect" "6673b6af40fde54f708432b098370ef28ed7ec125d29da9439514380a4e02338", kill_on_drop: false }`
[INFO] running `Command { std: "docker" "exec" "-e" "SOURCE_DIR=/opt/rustwide/workdir" "-e" "CARGO_HOME=/opt/rustwide/cargo-home" "-e" "RUSTUP_HOME=/opt/rustwide/rustup-home" "-e" "CARGO_TARGET_DIR=/opt/rustwide/target" "-w" "/opt/rustwide/workdir" "--user" "0:0" "6673b6af40fde54f708432b098370ef28ed7ec125d29da9439514380a4e02338" "/opt/rustwide/cargo-home/bin/cargo" "+1.99.0-beta.8" "metadata" "--no-deps" "--format-version=1", kill_on_drop: false }`
[INFO] running `Command { std: "docker" "inspect" "6673b6af40fde54f708432b098370ef28ed7ec125d29da9439514380a4e02338", kill_on_drop: false }`
[INFO] running `Command { std: "docker" "exec" "-e" "SOURCE_DIR=/opt/rustwide/workdir" "-e" "CARGO_HOME=/opt/rustwide/cargo-home" "-e" "RUSTUP_HOME=/opt/rustwide/rustup-home" "-e" "CARGO_TARGET_DIR=/opt/rustwide/target" "-e" "CARGO_INCREMENTAL=0" "-e" "RUST_BACKTRACE=full" "-e" "RUSTFLAGS=--cap-lints=warn" "-e" "RUSTDOCFLAGS=--cap-lints=warn" "-w" "/opt/rustwide/workdir" "--user" "0:0" "6673b6af40fde54f708432b098370ef28ed7ec125d29da9439514380a4e02338" "/opt/rustwide/cargo-home/bin/cargo" "+1.99.0-beta.8" "build" "--frozen" "--message-format=json", kill_on_drop: false }`
[INFO] [stderr]    Compiling memchr v2.8.1
[INFO] [stderr]    Compiling serde_json v1.0.150
[INFO] [stderr]    Compiling libc v0.2.186
[INFO] [stderr]    Compiling anyhow v1.0.102
[INFO] [stderr]    Compiling zerocopy v0.8.52
[INFO] [stderr]    Compiling either v1.16.0
[INFO] [stderr]    Compiling serde_core v1.0.228
[INFO] [stderr]    Compiling fnv v1.0.7
[INFO] [stderr]    Compiling syn v2.0.117
[INFO] [stderr]    Compiling cc v1.2.63
[INFO] [stderr]    Compiling pkg-config v0.3.33
[INFO] [stderr]    Compiling bitflags v2.13.0
[INFO] [stderr]    Compiling rayon-core v1.13.0
[INFO] [stderr]    Compiling rlx-cpu v0.2.11
[INFO] [stderr]    Compiling siphasher v1.0.3
[INFO] [stderr]    Compiling miniz_oxide v0.8.9
[INFO] [stderr]    Compiling ahash v0.8.12
[INFO] [stderr]    Compiling esaxx-rs v0.1.10
[INFO] [stderr]    Compiling rand_core v0.6.4
[INFO] [stderr]    Compiling itertools v0.14.0
[INFO] [stderr]    Compiling fdeflate v0.3.7
[INFO] [stderr]    Compiling inventory v0.3.24
[INFO] [stderr]    Compiling base64 v0.13.1
[INFO] [stderr]    Compiling phf_shared v0.11.3
[INFO] [stderr]    Compiling zune-core v0.5.1
[INFO] [stderr]    Compiling rand v0.8.6
[INFO] [stderr]    Compiling macro_rules_attribute-proc_macro v0.2.2
[INFO] [stderr]    Compiling rayon v1.12.0
[INFO] [stderr]    Compiling flate2 v1.1.9
[INFO] [stderr]    Compiling pxfm v0.1.29
[INFO] [stderr]    Compiling hashbrown v0.16.1
[INFO] [stderr]    Compiling aho-corasick v1.1.4
[INFO] [stderr]    Compiling nom v7.1.3
[INFO] [stderr]    Compiling phf_generator v0.11.3
[INFO] [stderr]    Compiling png v0.18.1
[INFO] [stderr]    Compiling macro_rules_attribute v0.2.2
[INFO] [stderr]    Compiling zune-jpeg v0.5.15
[INFO] [stderr]    Compiling unicode_categories v0.1.1
[INFO] [stderr]    Compiling memo-map v0.3.3
[INFO] [stderr]    Compiling byteorder-lite v0.1.0
[INFO] [stderr]    Compiling log v0.4.32
[INFO] [stderr]    Compiling rlx-vlm-base v0.2.11
[INFO] [stderr]    Compiling onig_sys v69.9.3
[INFO] [stderr]    Compiling getrandom v0.3.4
[INFO] [stderr]    Compiling memmap2 v0.9.10
[INFO] [stderr]    Compiling rand_core v0.9.5
[INFO] [stderr]    Compiling regex-automata v0.4.14
[INFO] [stderr]    Compiling moxcms v0.8.1
[INFO] [stderr]    Compiling rayon-cond v0.4.0
[INFO] [stderr]    Compiling darling_core v0.20.11
[INFO] [stderr]    Compiling serde_derive v1.0.228
[INFO] [stderr]    Compiling zerocopy-derive v0.8.52
[INFO] [stderr]    Compiling bytemuck_derive v1.10.2
[INFO] [stderr]    Compiling thiserror-impl v2.0.18
[INFO] [stderr]    Compiling monostate-impl v0.1.18
[INFO] [stderr]    Compiling rlx-macros v0.2.17
[INFO] [stderr]    Compiling clap_derive v4.6.1
[INFO] [stderr]    Compiling phf_macros v0.11.3
[INFO] [stderr]    Compiling monostate v0.1.18
[INFO] [stderr]    Compiling rlx-runtime v0.2.11
[INFO] [stderr]    Compiling phf v0.11.3
[INFO] [stderr]    Compiling regex v1.12.4
[INFO] [stderr]    Compiling bytemuck v1.25.0
[INFO] [stderr]    Compiling thiserror v2.0.18
[INFO] [stderr]    Compiling darling_macro v0.20.11
[INFO] [stderr]    Compiling darling v0.20.11
[INFO] [stderr]    Compiling derive_builder_core v0.20.2
[INFO] [stderr]    Compiling onig v6.5.3
[INFO] [stderr]    Compiling clap v4.6.1
[INFO] [stderr]    Compiling derive_builder_macro v0.20.2
[INFO] [stderr]    Compiling derive_builder v0.20.2
[INFO] [stderr]    Compiling serde v1.0.228
[INFO] [stderr]    Compiling smallvec v1.15.1
[INFO] [stderr]    Compiling toml_datetime v0.6.11
[INFO] [stderr]    Compiling serde_spanned v0.6.9
[INFO] [stderr]    Compiling compact_str v0.9.1
[INFO] [stderr]    Compiling spm_precompiled v0.1.4
[INFO] [stderr]    Compiling dary_heap v0.3.9
[INFO] [stderr]    Compiling safetensors v0.7.0
[INFO] [stderr]    Compiling minijinja v2.20.0
[INFO] [stderr]    Compiling toml_edit v0.22.27
[INFO] [stderr]    Compiling rlx-ir v0.2.11
[INFO] [stderr]    Compiling unicode-normalization-alignments v0.1.12
[INFO] [stderr]    Compiling image v0.25.10
[INFO] [stderr]    Compiling half v2.7.1
[INFO] [stderr]    Compiling ppv-lite86 v0.2.21
[INFO] [stderr]    Compiling rlx-gguf v0.2.11
[INFO] [stderr]    Compiling rand_chacha v0.9.0
[INFO] [stderr]    Compiling rand v0.9.4
[INFO] [stderr]    Compiling toml v0.8.23
[INFO] [stderr]    Compiling tokenizers v0.22.2
[INFO] [stderr]    Compiling rlx-fusion v0.2.11
[INFO] [stderr]    Compiling rlx-driver v0.2.11
[INFO] [stderr]    Compiling rlx-flow v0.2.11
[INFO] [stderr]    Compiling rlx-distributed v0.2.11
[INFO] [stderr]    Compiling rlx-autodiff v0.2.11
[INFO] [stderr]    Compiling rlx-compile v0.2.11
[INFO] [stderr]    Compiling rlx-opt v0.2.11
[INFO] [stderr]    Compiling rlx-models-core v0.2.11
[INFO] [stderr]    Compiling rlx-text v0.2.11
[INFO] [stderr]    Compiling rlx-cli v0.2.11
[INFO] [stderr]    Compiling rlx-qwen3 v0.2.11
[INFO] [stderr]    Compiling rlx-qwen25-vl v0.2.11 (/opt/rustwide/workdir)
[INFO] [stderr]     Finished `dev` profile [unoptimized + debuginfo] target(s) in 1m 31s
[INFO] running `Command { std: "docker" "inspect" "6673b6af40fde54f708432b098370ef28ed7ec125d29da9439514380a4e02338", kill_on_drop: false }`
[INFO] running `Command { std: "docker" "exec" "-e" "SOURCE_DIR=/opt/rustwide/workdir" "-e" "CARGO_HOME=/opt/rustwide/cargo-home" "-e" "RUSTUP_HOME=/opt/rustwide/rustup-home" "-e" "CARGO_TARGET_DIR=/opt/rustwide/target" "-e" "CARGO_INCREMENTAL=0" "-e" "RUST_BACKTRACE=full" "-e" "RUSTFLAGS=--cap-lints=warn" "-e" "RUSTDOCFLAGS=--cap-lints=warn" "-w" "/opt/rustwide/workdir" "--user" "0:0" "6673b6af40fde54f708432b098370ef28ed7ec125d29da9439514380a4e02338" "/opt/rustwide/cargo-home/bin/cargo" "+1.99.0-beta.8" "test" "--frozen" "--no-run" "--message-format=json", kill_on_drop: false }`
[INFO] [stderr]    Compiling rlx-qwen25-vl v0.2.11 (/opt/rustwide/workdir)
[INFO] [stdout] error: linking with `cc` failed: exit status: 1
[INFO] [stdout]   |
[INFO] [stdout]   = note:  "cc" "-m64" "/opt/rustwide/target/debug/deps/rustcDu5cd6/symbols.o" "<2 object files omitted>" "-Wl,--as-needed" "-Wl,-Bstatic" "<sysroot>/lib/rustlib/x86_64-unknown-linux-gnu/lib/{libtest-*,libgetopts-*,librustc_std_workspace_std-*}.rlib" "/opt/rustwide/target/debug/deps/{librlx_qwen25_vl-b654875579161b0b,librlx_qwen3-b1d66f7766045174,librlx_distributed-0056ad74fba9128b,librlx_cli-a7473d568d8d49cc,libphf-98737e5c2999ea3c,libphf_shared-b11cc979db3e2b58,libsiphasher-b16e808df37ae9fc,libclap-9800361789612f63,libclap_builder-33897930e618d2bd,libstrsim-4d1ed08a123238dc,libanstream-14b271bd294f0187,libanstyle_query-635080b1d6343734,libis_terminal_polyfill-3ca4268cb2568267,libcolorchoice-33c0bd1745dd5ace,libanstyle_parse-88399b635fc44f8e,libutf8parse-92d0158219063202,libclap_lex-2acbcd0288e51058,libanstyle-9beaeb754742faae,librlx_text-a48d0a9d60510540,libtokenizers-784eabdce8120ef1,libesaxx_rs-3a779e970ad16977,libthiserror-1cadd8f24eaede13,libregex-0ec0e1668a63f2be,libregex_automata-06b051146d6af604,libaho_corasick-24de32c015d2bfc6,libregex_syntax-801391c65a42f645,libunicode_normalization_alignments-be2ecc2b79c7e224,libspm_precompiled-238d012d1a65a5d9,libbase64-42295ac2e0e134a3,libunicode_segmentation-7adb7faea6d97d51,libnom-c807ae51852c3989,libunicode_categories-6f2b7f5ace1e9985,librand-013dc6d90e1b8709,librand_chacha-906ad292d8d9a5ac,libppv_lite86-770a5d724d067f59,librand_core-b115fb9b5d781658,libdary_heap-6fae3a3f58b5c552,libcompact_str-7b9ffacc116a3633,libryu-1f4f40e4352371e5,libstatic_assertions-f0217ecdd817a834,libcastaway-e04a9b7886ef0139,libmonostate-8fa199cc4d54dee2,libmacro_rules_attribute-1391094c4edb30c3,librayon_cond-5278b26d8e4313ac,libitertools-13ca69fc72c8140c,libonig-ba8c99e77602793b,libonig_sys-4f0471312f10ad62,libahash-61600a3b06c418bf,libgetrandom-a73f2f085e83d825,libonce_cell-b5bdc597ed9676b3,libderive_builder-28bbce7cf3cf561a,liblog-8cf4e7719eca0054,libminijinja-244ac0cc832bb511,libmemo_map-d48d849d005d85ec,librlx_models_core-a0b1defab98754c3,libimage-b56cdfbc3202188a,libbyteorder_lite-f5df2d14b4488fc7,libmoxcms-cdba00b9fcd5faf6,libpxfm-fac55e2f4107c2c2,libpng-9ea2e921a8b5f0e2,libbitflags-c11c4f5488569199,libflate2-a5e49eed09b16e47,libminiz_oxide-48f024fe3a81c3f8,libfdeflate-365b82c780a9e65c,libsimd_adler32-4fe6a09bed41f873,libcrc32fast-77160f4e25d6fc25,libzune_jpeg-ecb95bf532f6a64f,libzune_core-1e52e593f0022a9f,libnum_traits-87b85c9cd014cb66,libmemmap2-ec7a23143146e94d,liblibc-612664c2206eec43,librlx_flow-5859a1ebe658301a,libtoml-a6bd07462516ac52,libtoml_edit-7a3ac25d7b96dd81,libserde_spanned-a23df920180e34e4,libindexmap-b92bb9c25241b995,libequivalent-6a754676e6af62ae,libhashbrown-d7214d631586fd51,libwinnow-88e6acd6e2987984,libtoml_write-2c704ffd35684d73,libtoml_datetime-c3d451866e253f17,libsafetensors-c7db3b5ca0665734,librlx_runtime-949ca55a14b7fac6,librlx_driver-304fb6d025755526,librlx_cpu-9142d643da001a6e,librlx_gguf-56129020174df957,librayon-fcbdf5d86aa37090,librayon_core-e986c1d1845fe6c3,libcrossbeam_deque-e71c6317821167fb,libcrossbeam_epoch-5fdcd5978a9f0010,libcrossbeam_utils-f696a08ab1e94e7a,libeither-3938c0541cce4f3e,librlx_opt-9d944c832c9114ac,librlx_compile-d09a835acd7074c9,librlx_autodiff-720855c1fa87335b,libhalf-64946ab82c6cb7ea,libcfg_if-83060ec5685761ae,libzerocopy-08aba6916748a9a5,libbytemuck-8b182bfb8ef6f2a7,librlx_fusion-6135e93273ed0bf1,librlx_ir-07ce68b1eac6af88,libserde_json-00401e8d58722c30,libmemchr-fc572594d9044527,libitoa-5de11b3b23bfe572,libzmij-ef63f1da73704b4c,libsmallvec-cd8145c6a974a4f7,libserde-4600ca244cf4a4f4,libserde_core-21f22ac7b803fb0e,libinventory-4db84d261fa45ba5,libanyhow-9e4c44ac98d8e4ea}.rlib" "<sysroot>/lib/rustlib/x86_64-unknown-linux-gnu/lib/{libstd-*,libpanic_unwind-*,libobject-*,libmemchr-*,libaddr2line-*,libgimli-*,libcfg_if-*,librustc_demangle-*,libstd_detect-*,libhashbrown-*,librustc_std_workspace_alloc-*,libminiz_oxide-*,libadler2-*,libunwind-*,liblibc-*,librustc_std_workspace_core-*,liballoc-*,libcore-*,libcompiler_builtins-*}.rlib" "-Wl,-Bdynamic" "-lopenblas" "-lgcc_s" "-lutil" "-lrt" "-lpthread" "-lm" "-ldl" "-lc" "-L" "/opt/rustwide/target/debug/deps/rustcDu5cd6/raw-dylibs" "-B<sysroot>/lib/rustlib/x86_64-unknown-linux-gnu/bin/gcc-ld" "-fuse-ld=lld" "-Wl,--eh-frame-hdr" "-Wl,-z,noexecstack" "-L" "/opt/rustwide/target/debug/build/onig_sys-8c898ec9e361f7e6/out" "-L" "<sysroot>/lib/rustlib/x86_64-unknown-linux-gnu/lib" "-o" "/opt/rustwide/target/debug/deps/unit-259c2dcd0684400c" "-Wl,--gc-sections" "-pie" "-Wl,-z,relro,-z,now" "-nodefaultlibs"
[INFO] [stdout]   = note: some arguments are omitted. use `--verbose` to show all linker arguments
[INFO] [stdout]   = note: collect2: fatal error: ld terminated with signal 9 [Killed]
[INFO] [stdout]           compilation terminated.
[INFO] [stdout]           
[INFO] [stdout] 
[INFO] [stdout] 
[INFO] [stderr] error: could not compile `rlx-qwen25-vl` (test "unit") due to 1 previous error
[INFO] [stderr] warning: build failed, waiting for other jobs to finish...
[INFO] [stdout] error: linking with `cc` failed: exit status: 1
[INFO] [stdout]   |
[INFO] [stdout]   = note:  "cc" "-m64" "/opt/rustwide/target/debug/deps/rustcEEehtY/symbols.o" "<2 object files omitted>" "-Wl,--as-needed" "-Wl,-Bstatic" "<sysroot>/lib/rustlib/x86_64-unknown-linux-gnu/lib/{libtest-*,libgetopts-*,librustc_std_workspace_std-*}.rlib" "/opt/rustwide/target/debug/deps/{librlx_qwen25_vl-b654875579161b0b,librlx_qwen3-b1d66f7766045174,librlx_distributed-0056ad74fba9128b,librlx_cli-a7473d568d8d49cc,libphf-98737e5c2999ea3c,libphf_shared-b11cc979db3e2b58,libsiphasher-b16e808df37ae9fc,libclap-9800361789612f63,libclap_builder-33897930e618d2bd,libstrsim-4d1ed08a123238dc,libanstream-14b271bd294f0187,libanstyle_query-635080b1d6343734,libis_terminal_polyfill-3ca4268cb2568267,libcolorchoice-33c0bd1745dd5ace,libanstyle_parse-88399b635fc44f8e,libutf8parse-92d0158219063202,libclap_lex-2acbcd0288e51058,libanstyle-9beaeb754742faae,librlx_text-a48d0a9d60510540,libtokenizers-784eabdce8120ef1,libesaxx_rs-3a779e970ad16977,libthiserror-1cadd8f24eaede13,libregex-0ec0e1668a63f2be,libregex_automata-06b051146d6af604,libaho_corasick-24de32c015d2bfc6,libregex_syntax-801391c65a42f645,libunicode_normalization_alignments-be2ecc2b79c7e224,libspm_precompiled-238d012d1a65a5d9,libbase64-42295ac2e0e134a3,libunicode_segmentation-7adb7faea6d97d51,libnom-c807ae51852c3989,libunicode_categories-6f2b7f5ace1e9985,librand-013dc6d90e1b8709,librand_chacha-906ad292d8d9a5ac,libppv_lite86-770a5d724d067f59,librand_core-b115fb9b5d781658,libdary_heap-6fae3a3f58b5c552,libcompact_str-7b9ffacc116a3633,libryu-1f4f40e4352371e5,libstatic_assertions-f0217ecdd817a834,libcastaway-e04a9b7886ef0139,libmonostate-8fa199cc4d54dee2,libmacro_rules_attribute-1391094c4edb30c3,librayon_cond-5278b26d8e4313ac,libitertools-13ca69fc72c8140c,libonig-ba8c99e77602793b,libonig_sys-4f0471312f10ad62,libahash-61600a3b06c418bf,libgetrandom-a73f2f085e83d825,libonce_cell-b5bdc597ed9676b3,libderive_builder-28bbce7cf3cf561a,liblog-8cf4e7719eca0054,libminijinja-244ac0cc832bb511,libmemo_map-d48d849d005d85ec,librlx_models_core-a0b1defab98754c3,libimage-b56cdfbc3202188a,libbyteorder_lite-f5df2d14b4488fc7,libmoxcms-cdba00b9fcd5faf6,libpxfm-fac55e2f4107c2c2,libpng-9ea2e921a8b5f0e2,libbitflags-c11c4f5488569199,libflate2-a5e49eed09b16e47,libminiz_oxide-48f024fe3a81c3f8,libfdeflate-365b82c780a9e65c,libsimd_adler32-4fe6a09bed41f873,libcrc32fast-77160f4e25d6fc25,libzune_jpeg-ecb95bf532f6a64f,libzune_core-1e52e593f0022a9f,libnum_traits-87b85c9cd014cb66,libmemmap2-ec7a23143146e94d,liblibc-612664c2206eec43,librlx_flow-5859a1ebe658301a,libtoml-a6bd07462516ac52,libtoml_edit-7a3ac25d7b96dd81,libserde_spanned-a23df920180e34e4,libindexmap-b92bb9c25241b995,libequivalent-6a754676e6af62ae,libhashbrown-d7214d631586fd51,libwinnow-88e6acd6e2987984,libtoml_write-2c704ffd35684d73,libtoml_datetime-c3d451866e253f17,libsafetensors-c7db3b5ca0665734,librlx_runtime-949ca55a14b7fac6,librlx_driver-304fb6d025755526,librlx_cpu-9142d643da001a6e,librlx_gguf-56129020174df957,librayon-fcbdf5d86aa37090,librayon_core-e986c1d1845fe6c3,libcrossbeam_deque-e71c6317821167fb,libcrossbeam_epoch-5fdcd5978a9f0010,libcrossbeam_utils-f696a08ab1e94e7a,libeither-3938c0541cce4f3e,librlx_opt-9d944c832c9114ac,librlx_compile-d09a835acd7074c9,librlx_autodiff-720855c1fa87335b,libhalf-64946ab82c6cb7ea,libcfg_if-83060ec5685761ae,libzerocopy-08aba6916748a9a5,libbytemuck-8b182bfb8ef6f2a7,librlx_fusion-6135e93273ed0bf1,librlx_ir-07ce68b1eac6af88,libserde_json-00401e8d58722c30,libmemchr-fc572594d9044527,libitoa-5de11b3b23bfe572,libzmij-ef63f1da73704b4c,libsmallvec-cd8145c6a974a4f7,libserde-4600ca244cf4a4f4,libserde_core-21f22ac7b803fb0e,libinventory-4db84d261fa45ba5,libanyhow-9e4c44ac98d8e4ea}.rlib" "<sysroot>/lib/rustlib/x86_64-unknown-linux-gnu/lib/{libstd-*,libpanic_unwind-*,libobject-*,libmemchr-*,libaddr2line-*,libgimli-*,libcfg_if-*,librustc_demangle-*,libstd_detect-*,libhashbrown-*,librustc_std_workspace_alloc-*,libminiz_oxide-*,libadler2-*,libunwind-*,liblibc-*,librustc_std_workspace_core-*,liballoc-*,libcore-*,libcompiler_builtins-*}.rlib" "-Wl,-Bdynamic" "-lopenblas" "-lgcc_s" "-lutil" "-lrt" "-lpthread" "-lm" "-ldl" "-lc" "-L" "/opt/rustwide/target/debug/deps/rustcEEehtY/raw-dylibs" "-B<sysroot>/lib/rustlib/x86_64-unknown-linux-gnu/bin/gcc-ld" "-fuse-ld=lld" "-Wl,--eh-frame-hdr" "-Wl,-z,noexecstack" "-L" "/opt/rustwide/target/debug/build/onig_sys-8c898ec9e361f7e6/out" "-L" "<sysroot>/lib/rustlib/x86_64-unknown-linux-gnu/lib" "-o" "/opt/rustwide/target/debug/deps/native_probe-366c3398bbf3fe0b" "-Wl,--gc-sections" "-pie" "-Wl,-z,relro,-z,now" "-nodefaultlibs"
[INFO] [stdout]   = note: some arguments are omitted. use `--verbose` to show all linker arguments
[INFO] [stdout]   = note: collect2: fatal error: ld terminated with signal 9 [Killed]
[INFO] [stdout]           compilation terminated.
[INFO] [stdout]           
[INFO] [stdout] 
[INFO] [stdout] 
[INFO] [stderr] error: could not compile `rlx-qwen25-vl` (test "native_probe") due to 1 previous error
[INFO] [stdout] error: linking with `cc` failed: exit status: 1
[INFO] [stdout]   |
[INFO] [stdout]   = note:  "cc" "-m64" "/opt/rustwide/target/debug/deps/rustcjULW82/symbols.o" "<2 object files omitted>" "-Wl,--as-needed" "-Wl,-Bstatic" "<sysroot>/lib/rustlib/x86_64-unknown-linux-gnu/lib/{libtest-*,libgetopts-*,librustc_std_workspace_std-*}.rlib" "/opt/rustwide/target/debug/deps/{librlx_qwen25_vl-b654875579161b0b,librlx_qwen3-b1d66f7766045174,librlx_distributed-0056ad74fba9128b,librlx_cli-a7473d568d8d49cc,libphf-98737e5c2999ea3c,libphf_shared-b11cc979db3e2b58,libsiphasher-b16e808df37ae9fc,libclap-9800361789612f63,libclap_builder-33897930e618d2bd,libstrsim-4d1ed08a123238dc,libanstream-14b271bd294f0187,libanstyle_query-635080b1d6343734,libis_terminal_polyfill-3ca4268cb2568267,libcolorchoice-33c0bd1745dd5ace,libanstyle_parse-88399b635fc44f8e,libutf8parse-92d0158219063202,libclap_lex-2acbcd0288e51058,libanstyle-9beaeb754742faae,librlx_text-a48d0a9d60510540,libtokenizers-784eabdce8120ef1,libesaxx_rs-3a779e970ad16977,libthiserror-1cadd8f24eaede13,libregex-0ec0e1668a63f2be,libregex_automata-06b051146d6af604,libaho_corasick-24de32c015d2bfc6,libregex_syntax-801391c65a42f645,libunicode_normalization_alignments-be2ecc2b79c7e224,libspm_precompiled-238d012d1a65a5d9,libbase64-42295ac2e0e134a3,libunicode_segmentation-7adb7faea6d97d51,libnom-c807ae51852c3989,libunicode_categories-6f2b7f5ace1e9985,librand-013dc6d90e1b8709,librand_chacha-906ad292d8d9a5ac,libppv_lite86-770a5d724d067f59,librand_core-b115fb9b5d781658,libdary_heap-6fae3a3f58b5c552,libcompact_str-7b9ffacc116a3633,libryu-1f4f40e4352371e5,libstatic_assertions-f0217ecdd817a834,libcastaway-e04a9b7886ef0139,libmonostate-8fa199cc4d54dee2,libmacro_rules_attribute-1391094c4edb30c3,librayon_cond-5278b26d8e4313ac,libitertools-13ca69fc72c8140c,libonig-ba8c99e77602793b,libonig_sys-4f0471312f10ad62,libahash-61600a3b06c418bf,libgetrandom-a73f2f085e83d825,libonce_cell-b5bdc597ed9676b3,libderive_builder-28bbce7cf3cf561a,liblog-8cf4e7719eca0054,libminijinja-244ac0cc832bb511,libmemo_map-d48d849d005d85ec,librlx_models_core-a0b1defab98754c3,libimage-b56cdfbc3202188a,libbyteorder_lite-f5df2d14b4488fc7,libmoxcms-cdba00b9fcd5faf6,libpxfm-fac55e2f4107c2c2,libpng-9ea2e921a8b5f0e2,libbitflags-c11c4f5488569199,libflate2-a5e49eed09b16e47,libminiz_oxide-48f024fe3a81c3f8,libfdeflate-365b82c780a9e65c,libsimd_adler32-4fe6a09bed41f873,libcrc32fast-77160f4e25d6fc25,libzune_jpeg-ecb95bf532f6a64f,libzune_core-1e52e593f0022a9f,libnum_traits-87b85c9cd014cb66,libmemmap2-ec7a23143146e94d,liblibc-612664c2206eec43,librlx_flow-5859a1ebe658301a,libtoml-a6bd07462516ac52,libtoml_edit-7a3ac25d7b96dd81,libserde_spanned-a23df920180e34e4,libindexmap-b92bb9c25241b995,libequivalent-6a754676e6af62ae,libhashbrown-d7214d631586fd51,libwinnow-88e6acd6e2987984,libtoml_write-2c704ffd35684d73,libtoml_datetime-c3d451866e253f17,libsafetensors-c7db3b5ca0665734,librlx_runtime-949ca55a14b7fac6,librlx_driver-304fb6d025755526,librlx_cpu-9142d643da001a6e,librlx_gguf-56129020174df957,librayon-fcbdf5d86aa37090,librayon_core-e986c1d1845fe6c3,libcrossbeam_deque-e71c6317821167fb,libcrossbeam_epoch-5fdcd5978a9f0010,libcrossbeam_utils-f696a08ab1e94e7a,libeither-3938c0541cce4f3e,librlx_opt-9d944c832c9114ac,librlx_compile-d09a835acd7074c9,librlx_autodiff-720855c1fa87335b,libhalf-64946ab82c6cb7ea,libcfg_if-83060ec5685761ae,libzerocopy-08aba6916748a9a5,libbytemuck-8b182bfb8ef6f2a7,librlx_fusion-6135e93273ed0bf1,librlx_ir-07ce68b1eac6af88,libserde_json-00401e8d58722c30,libmemchr-fc572594d9044527,libitoa-5de11b3b23bfe572,libzmij-ef63f1da73704b4c,libsmallvec-cd8145c6a974a4f7,libserde-4600ca244cf4a4f4,libserde_core-21f22ac7b803fb0e,libinventory-4db84d261fa45ba5,libanyhow-9e4c44ac98d8e4ea}.rlib" "<sysroot>/lib/rustlib/x86_64-unknown-linux-gnu/lib/{libstd-*,libpanic_unwind-*,libobject-*,libmemchr-*,libaddr2line-*,libgimli-*,libcfg_if-*,librustc_demangle-*,libstd_detect-*,libhashbrown-*,librustc_std_workspace_alloc-*,libminiz_oxide-*,libadler2-*,libunwind-*,liblibc-*,librustc_std_workspace_core-*,liballoc-*,libcore-*,libcompiler_builtins-*}.rlib" "-Wl,-Bdynamic" "-lopenblas" "-lgcc_s" "-lutil" "-lrt" "-lpthread" "-lm" "-ldl" "-lc" "-L" "/opt/rustwide/target/debug/deps/rustcjULW82/raw-dylibs" "-B<sysroot>/lib/rustlib/x86_64-unknown-linux-gnu/bin/gcc-ld" "-fuse-ld=lld" "-Wl,--eh-frame-hdr" "-Wl,-z,noexecstack" "-L" "/opt/rustwide/target/debug/build/onig_sys-8c898ec9e361f7e6/out" "-L" "<sysroot>/lib/rustlib/x86_64-unknown-linux-gnu/lib" "-o" "/opt/rustwide/target/debug/deps/vlm_quick_check-c3b44df240602fc8" "-Wl,--gc-sections" "-pie" "-Wl,-z,relro,-z,now" "-nodefaultlibs"
[INFO] [stdout]   = note: some arguments are omitted. use `--verbose` to show all linker arguments
[INFO] [stdout]   = note: collect2: fatal error: ld terminated with signal 9 [Killed]
[INFO] [stdout]           compilation terminated.
[INFO] [stdout]           
[INFO] [stdout] 
[INFO] [stdout] 
[INFO] [stderr] error: could not compile `rlx-qwen25-vl` (test "vlm_quick_check") due to 1 previous error
[INFO] [stdout] error: linking with `cc` failed: exit status: 1
[INFO] [stdout]   |
[INFO] [stdout]   = note:  "cc" "-m64" "/opt/rustwide/target/debug/deps/rustcg6wleG/symbols.o" "<2 object files omitted>" "-Wl,--as-needed" "-Wl,-Bstatic" "<sysroot>/lib/rustlib/x86_64-unknown-linux-gnu/lib/{libtest-*,libgetopts-*,librustc_std_workspace_std-*}.rlib" "/opt/rustwide/target/debug/deps/{librlx_qwen25_vl-b654875579161b0b,librlx_qwen3-b1d66f7766045174,librlx_distributed-0056ad74fba9128b,librlx_cli-a7473d568d8d49cc,libphf-98737e5c2999ea3c,libphf_shared-b11cc979db3e2b58,libsiphasher-b16e808df37ae9fc,libclap-9800361789612f63,libclap_builder-33897930e618d2bd,libstrsim-4d1ed08a123238dc,libanstream-14b271bd294f0187,libanstyle_query-635080b1d6343734,libis_terminal_polyfill-3ca4268cb2568267,libcolorchoice-33c0bd1745dd5ace,libanstyle_parse-88399b635fc44f8e,libutf8parse-92d0158219063202,libclap_lex-2acbcd0288e51058,libanstyle-9beaeb754742faae,librlx_text-a48d0a9d60510540,libtokenizers-784eabdce8120ef1,libesaxx_rs-3a779e970ad16977,libthiserror-1cadd8f24eaede13,libregex-0ec0e1668a63f2be,libregex_automata-06b051146d6af604,libaho_corasick-24de32c015d2bfc6,libregex_syntax-801391c65a42f645,libunicode_normalization_alignments-be2ecc2b79c7e224,libspm_precompiled-238d012d1a65a5d9,libbase64-42295ac2e0e134a3,libunicode_segmentation-7adb7faea6d97d51,libnom-c807ae51852c3989,libunicode_categories-6f2b7f5ace1e9985,librand-013dc6d90e1b8709,librand_chacha-906ad292d8d9a5ac,libppv_lite86-770a5d724d067f59,librand_core-b115fb9b5d781658,libdary_heap-6fae3a3f58b5c552,libcompact_str-7b9ffacc116a3633,libryu-1f4f40e4352371e5,libstatic_assertions-f0217ecdd817a834,libcastaway-e04a9b7886ef0139,libmonostate-8fa199cc4d54dee2,libmacro_rules_attribute-1391094c4edb30c3,librayon_cond-5278b26d8e4313ac,libitertools-13ca69fc72c8140c,libonig-ba8c99e77602793b,libonig_sys-4f0471312f10ad62,libahash-61600a3b06c418bf,libgetrandom-a73f2f085e83d825,libonce_cell-b5bdc597ed9676b3,libderive_builder-28bbce7cf3cf561a,liblog-8cf4e7719eca0054,libminijinja-244ac0cc832bb511,libmemo_map-d48d849d005d85ec,librlx_models_core-a0b1defab98754c3,libimage-b56cdfbc3202188a,libbyteorder_lite-f5df2d14b4488fc7,libmoxcms-cdba00b9fcd5faf6,libpxfm-fac55e2f4107c2c2,libpng-9ea2e921a8b5f0e2,libbitflags-c11c4f5488569199,libflate2-a5e49eed09b16e47,libminiz_oxide-48f024fe3a81c3f8,libfdeflate-365b82c780a9e65c,libsimd_adler32-4fe6a09bed41f873,libcrc32fast-77160f4e25d6fc25,libzune_jpeg-ecb95bf532f6a64f,libzune_core-1e52e593f0022a9f,libnum_traits-87b85c9cd014cb66,libmemmap2-ec7a23143146e94d,liblibc-612664c2206eec43,librlx_flow-5859a1ebe658301a,libtoml-a6bd07462516ac52,libtoml_edit-7a3ac25d7b96dd81,libserde_spanned-a23df920180e34e4,libindexmap-b92bb9c25241b995,libequivalent-6a754676e6af62ae,libhashbrown-d7214d631586fd51,libwinnow-88e6acd6e2987984,libtoml_write-2c704ffd35684d73,libtoml_datetime-c3d451866e253f17,libsafetensors-c7db3b5ca0665734,librlx_runtime-949ca55a14b7fac6,librlx_driver-304fb6d025755526,librlx_cpu-9142d643da001a6e,librlx_gguf-56129020174df957,librayon-fcbdf5d86aa37090,librayon_core-e986c1d1845fe6c3,libcrossbeam_deque-e71c6317821167fb,libcrossbeam_epoch-5fdcd5978a9f0010,libcrossbeam_utils-f696a08ab1e94e7a,libeither-3938c0541cce4f3e,librlx_opt-9d944c832c9114ac,librlx_compile-d09a835acd7074c9,librlx_autodiff-720855c1fa87335b,libhalf-64946ab82c6cb7ea,libcfg_if-83060ec5685761ae,libzerocopy-08aba6916748a9a5,libbytemuck-8b182bfb8ef6f2a7,librlx_fusion-6135e93273ed0bf1,librlx_ir-07ce68b1eac6af88,libserde_json-00401e8d58722c30,libmemchr-fc572594d9044527,libitoa-5de11b3b23bfe572,libzmij-ef63f1da73704b4c,libsmallvec-cd8145c6a974a4f7,libserde-4600ca244cf4a4f4,libserde_core-21f22ac7b803fb0e,libinventory-4db84d261fa45ba5,libanyhow-9e4c44ac98d8e4ea}.rlib" "<sysroot>/lib/rustlib/x86_64-unknown-linux-gnu/lib/{libstd-*,libpanic_unwind-*,libobject-*,libmemchr-*,libaddr2line-*,libgimli-*,libcfg_if-*,librustc_demangle-*,libstd_detect-*,libhashbrown-*,librustc_std_workspace_alloc-*,libminiz_oxide-*,libadler2-*,libunwind-*,liblibc-*,librustc_std_workspace_core-*,liballoc-*,libcore-*,libcompiler_builtins-*}.rlib" "-Wl,-Bdynamic" "-lopenblas" "-lgcc_s" "-lutil" "-lrt" "-lpthread" "-lm" "-ldl" "-lc" "-L" "/opt/rustwide/target/debug/deps/rustcg6wleG/raw-dylibs" "-B<sysroot>/lib/rustlib/x86_64-unknown-linux-gnu/bin/gcc-ld" "-fuse-ld=lld" "-Wl,--eh-frame-hdr" "-Wl,-z,noexecstack" "-L" "/opt/rustwide/target/debug/build/onig_sys-8c898ec9e361f7e6/out" "-L" "<sysroot>/lib/rustlib/x86_64-unknown-linux-gnu/lib" "-o" "/opt/rustwide/target/debug/deps/aif_decode_quick_check-d6e23e75659d83ed" "-Wl,--gc-sections" "-pie" "-Wl,-z,relro,-z,now" "-nodefaultlibs"
[INFO] [stdout]   = note: some arguments are omitted. use `--verbose` to show all linker arguments
[INFO] [stdout]   = note: collect2: fatal error: ld terminated with signal 9 [Killed]
[INFO] [stdout]           compilation terminated.
[INFO] [stdout]           
[INFO] [stdout] 
[INFO] [stdout] 
[INFO] [stdout] error: linking with `cc` failed: exit status: 1
[INFO] [stdout]   |
[INFO] [stdout]   = note:  "cc" "-m64" "/opt/rustwide/target/debug/deps/rustcq4tO71/symbols.o" "<2 object files omitted>" "-Wl,--as-needed" "-Wl,-Bstatic" "<sysroot>/lib/rustlib/x86_64-unknown-linux-gnu/lib/{libtest-*,libgetopts-*,librustc_std_workspace_std-*}.rlib" "/opt/rustwide/target/debug/deps/{librlx_qwen25_vl-b654875579161b0b,librlx_qwen3-b1d66f7766045174,librlx_distributed-0056ad74fba9128b,librlx_cli-a7473d568d8d49cc,libphf-98737e5c2999ea3c,libphf_shared-b11cc979db3e2b58,libsiphasher-b16e808df37ae9fc,libclap-9800361789612f63,libclap_builder-33897930e618d2bd,libstrsim-4d1ed08a123238dc,libanstream-14b271bd294f0187,libanstyle_query-635080b1d6343734,libis_terminal_polyfill-3ca4268cb2568267,libcolorchoice-33c0bd1745dd5ace,libanstyle_parse-88399b635fc44f8e,libutf8parse-92d0158219063202,libclap_lex-2acbcd0288e51058,libanstyle-9beaeb754742faae,librlx_text-a48d0a9d60510540,libtokenizers-784eabdce8120ef1,libesaxx_rs-3a779e970ad16977,libthiserror-1cadd8f24eaede13,libregex-0ec0e1668a63f2be,libregex_automata-06b051146d6af604,libaho_corasick-24de32c015d2bfc6,libregex_syntax-801391c65a42f645,libunicode_normalization_alignments-be2ecc2b79c7e224,libspm_precompiled-238d012d1a65a5d9,libbase64-42295ac2e0e134a3,libunicode_segmentation-7adb7faea6d97d51,libnom-c807ae51852c3989,libunicode_categories-6f2b7f5ace1e9985,librand-013dc6d90e1b8709,librand_chacha-906ad292d8d9a5ac,libppv_lite86-770a5d724d067f59,librand_core-b115fb9b5d781658,libdary_heap-6fae3a3f58b5c552,libcompact_str-7b9ffacc116a3633,libryu-1f4f40e4352371e5,libstatic_assertions-f0217ecdd817a834,libcastaway-e04a9b7886ef0139,libmonostate-8fa199cc4d54dee2,libmacro_rules_attribute-1391094c4edb30c3,librayon_cond-5278b26d8e4313ac,libitertools-13ca69fc72c8140c,libonig-ba8c99e77602793b,libonig_sys-4f0471312f10ad62,libahash-61600a3b06c418bf,libgetrandom-a73f2f085e83d825,libonce_cell-b5bdc597ed9676b3,libderive_builder-28bbce7cf3cf561a,liblog-8cf4e7719eca0054,libminijinja-244ac0cc832bb511,libmemo_map-d48d849d005d85ec,librlx_models_core-a0b1defab98754c3,libimage-b56cdfbc3202188a,libbyteorder_lite-f5df2d14b4488fc7,libmoxcms-cdba00b9fcd5faf6,libpxfm-fac55e2f4107c2c2,libpng-9ea2e921a8b5f0e2,libbitflags-c11c4f5488569199,libflate2-a5e49eed09b16e47,libminiz_oxide-48f024fe3a81c3f8,libfdeflate-365b82c780a9e65c,libsimd_adler32-4fe6a09bed41f873,libcrc32fast-77160f4e25d6fc25,libzune_jpeg-ecb95bf532f6a64f,libzune_core-1e52e593f0022a9f,libnum_traits-87b85c9cd014cb66,libmemmap2-ec7a23143146e94d,liblibc-612664c2206eec43,librlx_flow-5859a1ebe658301a,libtoml-a6bd07462516ac52,libtoml_edit-7a3ac25d7b96dd81,libserde_spanned-a23df920180e34e4,libindexmap-b92bb9c25241b995,libequivalent-6a754676e6af62ae,libhashbrown-d7214d631586fd51,libwinnow-88e6acd6e2987984,libtoml_write-2c704ffd35684d73,libtoml_datetime-c3d451866e253f17,libsafetensors-c7db3b5ca0665734,librlx_runtime-949ca55a14b7fac6,librlx_driver-304fb6d025755526,librlx_cpu-9142d643da001a6e,librlx_gguf-56129020174df957,librayon-fcbdf5d86aa37090,librayon_core-e986c1d1845fe6c3,libcrossbeam_deque-e71c6317821167fb,libcrossbeam_epoch-5fdcd5978a9f0010,libcrossbeam_utils-f696a08ab1e94e7a,libeither-3938c0541cce4f3e,librlx_opt-9d944c832c9114ac,librlx_compile-d09a835acd7074c9,librlx_autodiff-720855c1fa87335b,libhalf-64946ab82c6cb7ea,libcfg_if-83060ec5685761ae,libzerocopy-08aba6916748a9a5,libbytemuck-8b182bfb8ef6f2a7,librlx_fusion-6135e93273ed0bf1,librlx_ir-07ce68b1eac6af88,libserde_json-00401e8d58722c30,libmemchr-fc572594d9044527,libitoa-5de11b3b23bfe572,libzmij-ef63f1da73704b4c,libsmallvec-cd8145c6a974a4f7,libserde-4600ca244cf4a4f4,libserde_core-21f22ac7b803fb0e,libinventory-4db84d261fa45ba5,libanyhow-9e4c44ac98d8e4ea}.rlib" "<sysroot>/lib/rustlib/x86_64-unknown-linux-gnu/lib/{libstd-*,libpanic_unwind-*,libobject-*,libmemchr-*,libaddr2line-*,libgimli-*,libcfg_if-*,librustc_demangle-*,libstd_detect-*,libhashbrown-*,librustc_std_workspace_alloc-*,libminiz_oxide-*,libadler2-*,libunwind-*,liblibc-*,librustc_std_workspace_core-*,liballoc-*,libcore-*,libcompiler_builtins-*}.rlib" "-Wl,-Bdynamic" "-lopenblas" "-lgcc_s" "-lutil" "-lrt" "-lpthread" "-lm" "-ldl" "-lc" "-L" "/opt/rustwide/target/debug/deps/rustcq4tO71/raw-dylibs" "-B<sysroot>/lib/rustlib/x86_64-unknown-linux-gnu/bin/gcc-ld" "-fuse-ld=lld" "-Wl,--eh-frame-hdr" "-Wl,-z,noexecstack" "-L" "/opt/rustwide/target/debug/build/onig_sys-8c898ec9e361f7e6/out" "-L" "<sysroot>/lib/rustlib/x86_64-unknown-linux-gnu/lib" "-o" "/opt/rustwide/target/debug/deps/aif_decode_step-7ba9e4a875bb581c" "-Wl,--gc-sections" "-pie" "-Wl,-z,relro,-z,now" "-nodefaultlibs"
[INFO] [stdout]   = note: some arguments are omitted. use `--verbose` to show all linker arguments
[INFO] [stdout]   = note: collect2: fatal error: ld terminated with signal 9 [Killed]
[INFO] [stdout]           compilation terminated.
[INFO] [stdout]           
[INFO] [stdout] 
[INFO] [stdout] 
[INFO] [stderr] error: could not compile `rlx-qwen25-vl` (test "aif_decode_step") due to 1 previous error
[INFO] [stderr] error: could not compile `rlx-qwen25-vl` (test "aif_decode_quick_check") due to 1 previous error
[INFO] [stdout] error: linking with `cc` failed: exit status: 1
[INFO] [stdout]   |
[INFO] [stdout]   = note:  "cc" "-m64" "/opt/rustwide/target/debug/deps/rustcuWEAQw/symbols.o" "<2 object files omitted>" "-Wl,--as-needed" "-Wl,-Bstatic" "<sysroot>/lib/rustlib/x86_64-unknown-linux-gnu/lib/{libtest-*,libgetopts-*,librustc_std_workspace_std-*}.rlib" "/opt/rustwide/target/debug/deps/{librlx_qwen25_vl-b654875579161b0b,librlx_qwen3-b1d66f7766045174,librlx_distributed-0056ad74fba9128b,librlx_cli-a7473d568d8d49cc,libphf-98737e5c2999ea3c,libphf_shared-b11cc979db3e2b58,libsiphasher-b16e808df37ae9fc,libclap-9800361789612f63,libclap_builder-33897930e618d2bd,libstrsim-4d1ed08a123238dc,libanstream-14b271bd294f0187,libanstyle_query-635080b1d6343734,libis_terminal_polyfill-3ca4268cb2568267,libcolorchoice-33c0bd1745dd5ace,libanstyle_parse-88399b635fc44f8e,libutf8parse-92d0158219063202,libclap_lex-2acbcd0288e51058,libanstyle-9beaeb754742faae,librlx_text-a48d0a9d60510540,libtokenizers-784eabdce8120ef1,libesaxx_rs-3a779e970ad16977,libthiserror-1cadd8f24eaede13,libregex-0ec0e1668a63f2be,libregex_automata-06b051146d6af604,libaho_corasick-24de32c015d2bfc6,libregex_syntax-801391c65a42f645,libunicode_normalization_alignments-be2ecc2b79c7e224,libspm_precompiled-238d012d1a65a5d9,libbase64-42295ac2e0e134a3,libunicode_segmentation-7adb7faea6d97d51,libnom-c807ae51852c3989,libunicode_categories-6f2b7f5ace1e9985,librand-013dc6d90e1b8709,librand_chacha-906ad292d8d9a5ac,libppv_lite86-770a5d724d067f59,librand_core-b115fb9b5d781658,libdary_heap-6fae3a3f58b5c552,libcompact_str-7b9ffacc116a3633,libryu-1f4f40e4352371e5,libstatic_assertions-f0217ecdd817a834,libcastaway-e04a9b7886ef0139,libmonostate-8fa199cc4d54dee2,libmacro_rules_attribute-1391094c4edb30c3,librayon_cond-5278b26d8e4313ac,libitertools-13ca69fc72c8140c,libonig-ba8c99e77602793b,libonig_sys-4f0471312f10ad62,libahash-61600a3b06c418bf,libgetrandom-a73f2f085e83d825,libonce_cell-b5bdc597ed9676b3,libderive_builder-28bbce7cf3cf561a,liblog-8cf4e7719eca0054,libminijinja-244ac0cc832bb511,libmemo_map-d48d849d005d85ec,librlx_models_core-a0b1defab98754c3,libimage-b56cdfbc3202188a,libbyteorder_lite-f5df2d14b4488fc7,libmoxcms-cdba00b9fcd5faf6,libpxfm-fac55e2f4107c2c2,libpng-9ea2e921a8b5f0e2,libbitflags-c11c4f5488569199,libflate2-a5e49eed09b16e47,libminiz_oxide-48f024fe3a81c3f8,libfdeflate-365b82c780a9e65c,libsimd_adler32-4fe6a09bed41f873,libcrc32fast-77160f4e25d6fc25,libzune_jpeg-ecb95bf532f6a64f,libzune_core-1e52e593f0022a9f,libnum_traits-87b85c9cd014cb66,libmemmap2-ec7a23143146e94d,liblibc-612664c2206eec43,librlx_flow-5859a1ebe658301a,libtoml-a6bd07462516ac52,libtoml_edit-7a3ac25d7b96dd81,libserde_spanned-a23df920180e34e4,libindexmap-b92bb9c25241b995,libequivalent-6a754676e6af62ae,libhashbrown-d7214d631586fd51,libwinnow-88e6acd6e2987984,libtoml_write-2c704ffd35684d73,libtoml_datetime-c3d451866e253f17,libsafetensors-c7db3b5ca0665734,librlx_runtime-949ca55a14b7fac6,librlx_driver-304fb6d025755526,librlx_cpu-9142d643da001a6e,librlx_gguf-56129020174df957,librayon-fcbdf5d86aa37090,librayon_core-e986c1d1845fe6c3,libcrossbeam_deque-e71c6317821167fb,libcrossbeam_epoch-5fdcd5978a9f0010,libcrossbeam_utils-f696a08ab1e94e7a,libeither-3938c0541cce4f3e,librlx_opt-9d944c832c9114ac,librlx_compile-d09a835acd7074c9,librlx_autodiff-720855c1fa87335b,libhalf-64946ab82c6cb7ea,libcfg_if-83060ec5685761ae,libzerocopy-08aba6916748a9a5,libbytemuck-8b182bfb8ef6f2a7,librlx_fusion-6135e93273ed0bf1,librlx_ir-07ce68b1eac6af88,libserde_json-00401e8d58722c30,libmemchr-fc572594d9044527,libitoa-5de11b3b23bfe572,libzmij-ef63f1da73704b4c,libsmallvec-cd8145c6a974a4f7,libserde-4600ca244cf4a4f4,libserde_core-21f22ac7b803fb0e,libinventory-4db84d261fa45ba5,libanyhow-9e4c44ac98d8e4ea}.rlib" "<sysroot>/lib/rustlib/x86_64-unknown-linux-gnu/lib/{libstd-*,libpanic_unwind-*,libobject-*,libmemchr-*,libaddr2line-*,libgimli-*,libcfg_if-*,librustc_demangle-*,libstd_detect-*,libhashbrown-*,librustc_std_workspace_alloc-*,libminiz_oxide-*,libadler2-*,libunwind-*,liblibc-*,librustc_std_workspace_core-*,liballoc-*,libcore-*,libcompiler_builtins-*}.rlib" "-Wl,-Bdynamic" "-lopenblas" "-lgcc_s" "-lutil" "-lrt" "-lpthread" "-lm" "-ldl" "-lc" "-L" "/opt/rustwide/target/debug/deps/rustcuWEAQw/raw-dylibs" "-B<sysroot>/lib/rustlib/x86_64-unknown-linux-gnu/bin/gcc-ld" "-fuse-ld=lld" "-Wl,--eh-frame-hdr" "-Wl,-z,noexecstack" "-L" "/opt/rustwide/target/debug/build/onig_sys-8c898ec9e361f7e6/out" "-L" "<sysroot>/lib/rustlib/x86_64-unknown-linux-gnu/lib" "-o" "/opt/rustwide/target/debug/deps/probe_io-af14053e3503b802" "-Wl,--gc-sections" "-pie" "-Wl,-z,relro,-z,now" "-nodefaultlibs"
[INFO] [stdout]   = note: some arguments are omitted. use `--verbose` to show all linker arguments
[INFO] [stdout]   = note: collect2: fatal error: ld terminated with signal 9 [Killed]
[INFO] [stdout]           compilation terminated.
[INFO] [stdout]           
[INFO] [stdout] 
[INFO] [stdout] 
[INFO] [stderr] error: could not compile `rlx-qwen25-vl` (test "probe_io") due to 1 previous error
[INFO] running `Command { std: "docker" "inspect" "6673b6af40fde54f708432b098370ef28ed7ec125d29da9439514380a4e02338", kill_on_drop: false }`
[INFO] running `Command { std: "docker" "rm" "-f" "6673b6af40fde54f708432b098370ef28ed7ec125d29da9439514380a4e02338", kill_on_drop: false }`
[INFO] [stdout] 6673b6af40fde54f708432b098370ef28ed7ec125d29da9439514380a4e02338
