[INFO] fetching crate rialo-s-spl-tlv-account-resolution 0.21.0-alpha.0...
[INFO] testing rialo-s-spl-tlv-account-resolution-0.21.0-alpha.0 against 1.99.0-beta.8 for beta-1.100-2
[INFO] extracting crate rialo-s-spl-tlv-account-resolution 0.21.0-alpha.0 into /workspace/builds/worker-0-tc1/source
[INFO] started tweaking crates.io crate rialo-s-spl-tlv-account-resolution 0.21.0-alpha.0
[INFO] finished tweaking crates.io crate rialo-s-spl-tlv-account-resolution 0.21.0-alpha.0
[INFO] tweaked toml for crates.io crate rialo-s-spl-tlv-account-resolution 0.21.0-alpha.0 written to /workspace/builds/worker-0-tc1/source/Cargo.toml
[INFO] validating manifest of crates.io crate rialo-s-spl-tlv-account-resolution 0.21.0-alpha.0 on toolchain 1.99.0-beta.8
[INFO] running `Command { std: CARGO_HOME="/workspace/cargo-home" RUSTUP_HOME="/workspace/rustup-home" "/workspace/cargo-home/bin/cargo" "+1.99.0-beta.8" "metadata" "--manifest-path" "Cargo.toml" "--no-deps", kill_on_drop: false }`
[INFO] crate crates.io crate rialo-s-spl-tlv-account-resolution 0.21.0-alpha.0 already has a lockfile, it will not be regenerated
[INFO] running `Command { std: CARGO_HOME="/workspace/cargo-home" RUSTUP_HOME="/workspace/rustup-home" "/workspace/cargo-home/bin/cargo" "+1.99.0-beta.8" "fetch" "--manifest-path" "Cargo.toml", kill_on_drop: false }`
[INFO] [stderr]     Updating crates.io index
[INFO] [stderr]  Downloading crates ...
[INFO] [stderr]   Downloaded rialo-s-signer v0.21.0-alpha.0
[INFO] [stderr]   Downloaded rialo-s-signature v0.21.0-alpha.0
[INFO] [stderr]   Downloaded rialo-s-spl-type-length-value v0.21.0-alpha.0
[INFO] [stderr]   Downloaded rialo-s-spl-pod v0.21.0-alpha.0
[INFO] [stderr]   Downloaded rialo-s-seed-phrase v0.21.0-alpha.0
[INFO] [stderr]   Downloaded merlin v3.0.0
[INFO] [stderr]   Downloaded rialo-s-spl-discriminator-syn v0.21.0-alpha.0
[INFO] [stderr]   Downloaded rialo-s-seed-derivable v0.21.0-alpha.0
[INFO] [stderr]   Downloaded qstring v0.7.2
[INFO] [stderr]   Downloaded zerocopy-derive v0.8.39
[INFO] [stderr]   Downloaded rialo-s-derivation-path v0.21.0-alpha.0
[INFO] [stderr]   Downloaded derivation-path v0.2.0
[INFO] [stderr]   Downloaded aes-gcm-siv v0.11.1
[INFO] [stderr]   Downloaded num_enum v0.7.5
[INFO] [stderr]   Downloaded num_enum_derive v0.7.5
[INFO] [stderr]   Downloaded rialo-s-spl-discriminator v0.21.0-alpha.0
[INFO] [stderr]   Downloaded rialo-s-spl-discriminator-derive v0.21.0-alpha.0
[INFO] [stderr]   Downloaded uriparse v0.6.4
[INFO] [stderr]   Downloaded zerocopy v0.8.39
[INFO] [stderr]   Downloaded rialo-s-zk-sdk v0.21.0-alpha.0
[INFO] running `Command { std: "docker" "create" "-v" "/var/lib/crater-agent-workspace/builds/worker-0-tc1/source:/opt/rustwide/workdir:ro,Z" "-v" "/var/lib/crater-agent-workspace/builds/worker-0-tc1/target:/opt/rustwide/target:rw,Z" "-v" "/var/lib/crater-agent-workspace/cargo-home:/opt/rustwide/cargo-home:ro,Z" "-v" "/var/lib/crater-agent-workspace/rustup-home:/opt/rustwide/rustup-home:ro,Z" "-m" "1610612736" "--network" "none" "ghcr.io/rust-lang/crates-build-env/linux@sha256:3111399a4047eeb3a02b7a90e478d715f38a8c6669b5c4b49d30a17385265909" "sleep" "infinity", kill_on_drop: false }`
[INFO] [stdout] 6e9281103dbfd1f7dfcef9f257f24e2ba9a1098ad364ae7d2b3200bc96c0bb42
[INFO] running `Command { std: "docker" "start" "6e9281103dbfd1f7dfcef9f257f24e2ba9a1098ad364ae7d2b3200bc96c0bb42", kill_on_drop: false }`
[INFO] running `Command { std: "docker" "inspect" "6e9281103dbfd1f7dfcef9f257f24e2ba9a1098ad364ae7d2b3200bc96c0bb42", kill_on_drop: false }`
[INFO] running `Command { std: "docker" "exec" "-e" "SOURCE_DIR=/opt/rustwide/workdir" "-e" "CARGO_HOME=/opt/rustwide/cargo-home" "-e" "RUSTUP_HOME=/opt/rustwide/rustup-home" "-e" "CARGO_TARGET_DIR=/opt/rustwide/target" "-w" "/opt/rustwide/workdir" "--user" "0:0" "6e9281103dbfd1f7dfcef9f257f24e2ba9a1098ad364ae7d2b3200bc96c0bb42" "/opt/rustwide/cargo-home/bin/cargo" "+1.99.0-beta.8" "metadata" "--no-deps" "--format-version=1", kill_on_drop: false }`
[INFO] running `Command { std: "docker" "inspect" "6e9281103dbfd1f7dfcef9f257f24e2ba9a1098ad364ae7d2b3200bc96c0bb42", kill_on_drop: false }`
[INFO] running `Command { std: "docker" "exec" "-e" "SOURCE_DIR=/opt/rustwide/workdir" "-e" "CARGO_HOME=/opt/rustwide/cargo-home" "-e" "RUSTUP_HOME=/opt/rustwide/rustup-home" "-e" "CARGO_TARGET_DIR=/opt/rustwide/target" "-e" "CARGO_INCREMENTAL=0" "-e" "RUST_BACKTRACE=full" "-e" "RUSTFLAGS=--cap-lints=warn" "-e" "RUSTDOCFLAGS=--cap-lints=warn" "-w" "/opt/rustwide/workdir" "--user" "0:0" "6e9281103dbfd1f7dfcef9f257f24e2ba9a1098ad364ae7d2b3200bc96c0bb42" "/opt/rustwide/cargo-home/bin/cargo" "+1.99.0-beta.8" "build" "--frozen" "--message-format=json", kill_on_drop: false }`
[INFO] [stderr]    Compiling rialo-hash v0.21.0-alpha.0
[INFO] [stderr]    Compiling zerocopy v0.8.39
[INFO] [stderr]    Compiling curve25519-dalek v4.1.3
[INFO] [stderr]    Compiling indexmap v2.13.0
[INFO] [stderr]    Compiling lazy_static v1.5.0
[INFO] [stderr]    Compiling fnv v1.0.7
[INFO] [stderr]    Compiling generic-array v0.14.7
[INFO] [stderr]    Compiling qstring v0.7.2
[INFO] [stderr]    Compiling derivation-path v0.2.0
[INFO] [stderr]    Compiling zeroize v1.8.2
[INFO] [stderr]    Compiling bytemuck v1.25.0
[INFO] [stderr]    Compiling rialo-s-signature v0.21.0-alpha.0
[INFO] [stderr]    Compiling byteorder v1.5.0
[INFO] [stderr]    Compiling either v1.15.0
[INFO] [stderr]    Compiling num-derive v0.4.2
[INFO] [stderr]    Compiling uriparse v0.6.4
[INFO] [stderr]    Compiling merlin v3.0.0
[INFO] [stderr]    Compiling itertools v0.14.0
[INFO] [stderr]    Compiling rialo-s-derivation-path v0.21.0-alpha.0
[INFO] [stderr]    Compiling rialo-s-seed-derivable v0.21.0-alpha.0
[INFO] [stderr]    Compiling crypto-common v0.1.7
[INFO] [stderr]    Compiling block-buffer v0.10.4
[INFO] [stderr]    Compiling inout v0.1.4
[INFO] [stderr]    Compiling universal-hash v0.5.1
[INFO] [stderr]    Compiling aead v0.5.2
[INFO] [stderr]    Compiling cipher v0.4.4
[INFO] [stderr]    Compiling digest v0.10.7
[INFO] [stderr]    Compiling polyval v0.6.2
[INFO] [stderr]    Compiling sha2 v0.10.9
[INFO] [stderr]    Compiling ctr v0.9.2
[INFO] [stderr]    Compiling aes v0.8.4
[INFO] [stderr]    Compiling rialo-s-spl-discriminator-syn v0.21.0-alpha.0
[INFO] [stderr]    Compiling hmac v0.12.1
[INFO] [stderr]    Compiling pbkdf2 v0.11.0
[INFO] [stderr]    Compiling sha3 v0.10.8
[INFO] [stderr]    Compiling rialo-s-spl-discriminator-derive v0.21.0-alpha.0
[INFO] [stderr]    Compiling toml_edit v0.23.10+spec-1.0.0
[INFO] [stderr]    Compiling serde_json v1.0.149
[INFO] [stderr]    Compiling rialo-s-sha256-hasher v0.21.0-alpha.0
[INFO] [stderr]    Compiling rialo-s-seed-phrase v0.21.0-alpha.0
[INFO] [stderr]    Compiling aes-gcm-siv v0.11.1
[INFO] [stderr]    Compiling proc-macro-crate v3.4.0
[INFO] [stderr]    Compiling num_enum_derive v0.7.5
[INFO] [stderr]    Compiling rialo-s-pubkey v0.21.0-alpha.0
[INFO] [stderr]    Compiling rialo-s-instruction v0.21.0-alpha.0
[INFO] [stderr]    Compiling rialo-s-sdk-ids v0.21.0-alpha.0
[INFO] [stderr]    Compiling num_enum v0.7.5
[INFO] [stderr]    Compiling rialo-s-program-error v0.21.0-alpha.0
[INFO] [stderr]    Compiling rialo-s-transaction-error v0.21.0-alpha.0
[INFO] [stderr]    Compiling rialo-s-spl-discriminator v0.21.0-alpha.0
[INFO] [stderr]    Compiling rialo-s-account-info v0.21.0-alpha.0
[INFO] [stderr]    Compiling rialo-s-signer v0.21.0-alpha.0
[INFO] [stderr]    Compiling ppv-lite86 v0.2.21
[INFO] [stderr]    Compiling rand_chacha v0.3.1
[INFO] [stderr]    Compiling rand v0.8.6
[INFO] [stderr]    Compiling rialo-s-zk-sdk v0.21.0-alpha.0
[INFO] [stderr]    Compiling rialo-s-spl-pod v0.21.0-alpha.0
[INFO] [stderr]    Compiling rialo-s-spl-type-length-value v0.21.0-alpha.0
[INFO] [stderr]    Compiling rialo-s-spl-tlv-account-resolution v0.21.0-alpha.0 (/opt/rustwide/workdir)
[INFO] [stderr]     Finished `dev` profile [unoptimized + debuginfo] target(s) in 17.02s
[INFO] running `Command { std: "docker" "inspect" "6e9281103dbfd1f7dfcef9f257f24e2ba9a1098ad364ae7d2b3200bc96c0bb42", kill_on_drop: false }`
[INFO] running `Command { std: "docker" "exec" "-e" "SOURCE_DIR=/opt/rustwide/workdir" "-e" "CARGO_HOME=/opt/rustwide/cargo-home" "-e" "RUSTUP_HOME=/opt/rustwide/rustup-home" "-e" "CARGO_TARGET_DIR=/opt/rustwide/target" "-e" "CARGO_INCREMENTAL=0" "-e" "RUST_BACKTRACE=full" "-e" "RUSTFLAGS=--cap-lints=warn" "-e" "RUSTDOCFLAGS=--cap-lints=warn" "-w" "/opt/rustwide/workdir" "--user" "0:0" "6e9281103dbfd1f7dfcef9f257f24e2ba9a1098ad364ae7d2b3200bc96c0bb42" "/opt/rustwide/cargo-home/bin/cargo" "+1.99.0-beta.8" "test" "--frozen" "--no-run" "--message-format=json", kill_on_drop: false }`
[INFO] [stderr]    Compiling rialo-s-spl-tlv-account-resolution v0.21.0-alpha.0 (/opt/rustwide/workdir)
[INFO] [stdout] error[E0433]: cannot find module or crate `tokio` in this scope
[INFO] [stdout]    --> src/state.rs:414:7
[INFO] [stdout]     |
[INFO] [stdout] 414 |     #[tokio::test]
[INFO] [stdout]     |       ^^^^^ use of unresolved module or unlinked crate `tokio`
[INFO] [stdout] 
[INFO] [stdout] 
[INFO] [stdout] error[E0433]: cannot find module or crate `tokio` in this scope
[INFO] [stdout]    --> src/state.rs:446:7
[INFO] [stdout]     |
[INFO] [stdout] 446 |     #[tokio::test]
[INFO] [stdout]     |       ^^^^^ use of unresolved module or unlinked crate `tokio`
[INFO] [stdout] 
[INFO] [stdout] 
[INFO] [stdout] error[E0433]: cannot find module or crate `tokio` in this scope
[INFO] [stdout]    --> src/state.rs:556:7
[INFO] [stdout]     |
[INFO] [stdout] 556 |     #[tokio::test]
[INFO] [stdout]     |       ^^^^^ use of unresolved module or unlinked crate `tokio`
[INFO] [stdout] 
[INFO] [stdout] 
[INFO] [stdout] error[E0433]: cannot find module or crate `tokio` in this scope
[INFO] [stdout]    --> src/state.rs:650:7
[INFO] [stdout]     |
[INFO] [stdout] 650 |     #[tokio::test]
[INFO] [stdout]     |       ^^^^^ use of unresolved module or unlinked crate `tokio`
[INFO] [stdout] 
[INFO] [stdout] 
[INFO] [stdout] error[E0433]: cannot find module or crate `tokio` in this scope
[INFO] [stdout]    --> src/state.rs:826:7
[INFO] [stdout]     |
[INFO] [stdout] 826 |     #[tokio::test]
[INFO] [stdout]     |       ^^^^^ use of unresolved module or unlinked crate `tokio`
[INFO] [stdout] 
[INFO] [stdout] 
[INFO] [stdout] error[E0433]: cannot find module or crate `tokio` in this scope
[INFO] [stdout]     --> src/state.rs:1030:7
[INFO] [stdout]      |
[INFO] [stdout] 1030 |     #[tokio::test]
[INFO] [stdout]      |       ^^^^^ use of unresolved module or unlinked crate `tokio`
[INFO] [stdout] 
[INFO] [stdout] 
[INFO] [stdout] error[E0433]: cannot find module or crate `tokio` in this scope
[INFO] [stdout]     --> src/state.rs:1483:7
[INFO] [stdout]      |
[INFO] [stdout] 1483 |     #[tokio::test]
[INFO] [stdout]      |       ^^^^^ use of unresolved module or unlinked crate `tokio`
[INFO] [stdout] 
[INFO] [stdout] 
[INFO] [stdout] For more information about this error, try `rustc --explain E0433`.
[INFO] [stdout] 
[INFO] [stderr] error: could not compile `rialo-s-spl-tlv-account-resolution` (lib test) due to 7 previous errors
[INFO] running `Command { std: "docker" "inspect" "6e9281103dbfd1f7dfcef9f257f24e2ba9a1098ad364ae7d2b3200bc96c0bb42", kill_on_drop: false }`
[INFO] running `Command { std: "docker" "rm" "-f" "6e9281103dbfd1f7dfcef9f257f24e2ba9a1098ad364ae7d2b3200bc96c0bb42", kill_on_drop: false }`
[INFO] [stdout] 6e9281103dbfd1f7dfcef9f257f24e2ba9a1098ad364ae7d2b3200bc96c0bb42
