[INFO] fetching crate rialo-s-serialize-utils 0.21.0-alpha.0...
[INFO] testing rialo-s-serialize-utils-0.21.0-alpha.0 against 1.100.0-beta.1 for beta-1.100-2
[INFO] extracting crate rialo-s-serialize-utils 0.21.0-alpha.0 into /workspace/builds/worker-2-tc2/source
[INFO] started tweaking crates.io crate rialo-s-serialize-utils 0.21.0-alpha.0
[INFO] finished tweaking crates.io crate rialo-s-serialize-utils 0.21.0-alpha.0
[INFO] tweaked toml for crates.io crate rialo-s-serialize-utils 0.21.0-alpha.0 written to /workspace/builds/worker-2-tc2/source/Cargo.toml
[INFO] validating manifest of crates.io crate rialo-s-serialize-utils 0.21.0-alpha.0 on toolchain 1.100.0-beta.1
[INFO] running `Command { std: CARGO_HOME="/workspace/cargo-home" RUSTUP_HOME="/workspace/rustup-home" "/workspace/cargo-home/bin/cargo" "+1.100.0-beta.1" "metadata" "--manifest-path" "Cargo.toml" "--no-deps", kill_on_drop: false }`
[INFO] crate crates.io crate rialo-s-serialize-utils 0.21.0-alpha.0 already has a lockfile, it will not be regenerated
[INFO] running `Command { std: CARGO_HOME="/workspace/cargo-home" RUSTUP_HOME="/workspace/rustup-home" "/workspace/cargo-home/bin/cargo" "+1.100.0-beta.1" "fetch" "--manifest-path" "Cargo.toml", kill_on_drop: false }`
[INFO] [stderr] warning: `package.homepage` is redundant with `package.repository`
[INFO] [stderr]   --> Cargo.toml:68:12
[INFO] [stderr]    |
[INFO] [stderr] 68 | homepage = "https://github.com/SubzeroLabs/rialo"
[INFO] [stderr]    |            ^^^^^^^^^^^^^^^^^^^^^^^^^^^^^^^^^^^^^^
[INFO] [stderr] ...
[INFO] [stderr] 73 | repository = "https://github.com/SubzeroLabs/rialo"
[INFO] [stderr]    |              --------------------------------------
[INFO] [stderr]    |
[INFO] [stderr]    = note: `cargo::redundant_homepage` is set to `warn` by default
[INFO] [stderr] help: consider removing `package.homepage`
[INFO] [stderr] warning: `rialo-s-serialize-utils` (manifest) generated 1 warning
[INFO] running `Command { std: "docker" "create" "-v" "/var/lib/crater-agent-workspace/builds/worker-2-tc2/source:/opt/rustwide/workdir:ro,Z" "-v" "/var/lib/crater-agent-workspace/builds/worker-2-tc2/target:/opt/rustwide/target:rw,Z" "-v" "/var/lib/crater-agent-workspace/cargo-home:/opt/rustwide/cargo-home:ro,Z" "-v" "/var/lib/crater-agent-workspace/rustup-home:/opt/rustwide/rustup-home:ro,Z" "-m" "1610612736" "--network" "none" "ghcr.io/rust-lang/crates-build-env/linux@sha256:3111399a4047eeb3a02b7a90e478d715f38a8c6669b5c4b49d30a17385265909" "sleep" "infinity", kill_on_drop: false }`
[INFO] [stdout] 069361e3edee675709d37b8a83ce1adc2b87cd1a0d9bbbb716f4de4f1270c3fe
[INFO] running `Command { std: "docker" "start" "069361e3edee675709d37b8a83ce1adc2b87cd1a0d9bbbb716f4de4f1270c3fe", kill_on_drop: false }`
[INFO] running `Command { std: "docker" "inspect" "069361e3edee675709d37b8a83ce1adc2b87cd1a0d9bbbb716f4de4f1270c3fe", kill_on_drop: false }`
[INFO] running `Command { std: "docker" "exec" "-e" "SOURCE_DIR=/opt/rustwide/workdir" "-e" "CARGO_HOME=/opt/rustwide/cargo-home" "-e" "RUSTUP_HOME=/opt/rustwide/rustup-home" "-e" "CARGO_TARGET_DIR=/opt/rustwide/target" "-w" "/opt/rustwide/workdir" "--user" "0:0" "069361e3edee675709d37b8a83ce1adc2b87cd1a0d9bbbb716f4de4f1270c3fe" "/opt/rustwide/cargo-home/bin/cargo" "+1.100.0-beta.1" "metadata" "--no-deps" "--format-version=1", kill_on_drop: false }`
[INFO] running `Command { std: "docker" "inspect" "069361e3edee675709d37b8a83ce1adc2b87cd1a0d9bbbb716f4de4f1270c3fe", kill_on_drop: false }`
[INFO] running `Command { std: "docker" "exec" "-e" "SOURCE_DIR=/opt/rustwide/workdir" "-e" "CARGO_HOME=/opt/rustwide/cargo-home" "-e" "RUSTUP_HOME=/opt/rustwide/rustup-home" "-e" "CARGO_TARGET_DIR=/opt/rustwide/target" "-e" "CARGO_INCREMENTAL=0" "-e" "RUST_BACKTRACE=full" "-e" "RUSTFLAGS=--cap-lints=warn" "-e" "RUSTDOCFLAGS=--cap-lints=warn" "-w" "/opt/rustwide/workdir" "--user" "0:0" "069361e3edee675709d37b8a83ce1adc2b87cd1a0d9bbbb716f4de4f1270c3fe" "/opt/rustwide/cargo-home/bin/cargo" "+1.100.0-beta.1" "build" "--frozen" "--message-format=json", kill_on_drop: false }`
[INFO] [stderr] warning: `package.homepage` is redundant with `package.repository`
[INFO] [stderr]   --> Cargo.toml:68:12
[INFO] [stderr]    |
[INFO] [stderr] 68 | homepage = "https://github.com/SubzeroLabs/rialo"
[INFO] [stderr]    |            ^^^^^^^^^^^^^^^^^^^^^^^^^^^^^^^^^^^^^^
[INFO] [stderr] ...
[INFO] [stderr] 73 | repository = "https://github.com/SubzeroLabs/rialo"
[INFO] [stderr]    |              --------------------------------------
[INFO] [stderr]    |
[INFO] [stderr]    = note: `cargo::redundant_homepage` is set to `warn` by default
[INFO] [stderr] help: consider removing `package.homepage`
[INFO] [stderr] warning: `rialo-s-serialize-utils` (manifest) generated 1 warning
[INFO] [stderr]    Compiling five8_core v0.1.2
[INFO] [stderr]    Compiling rialo-atomic-u64 v0.21.0-alpha.0
[INFO] [stderr]    Compiling bs58 v0.5.1
[INFO] [stderr]    Compiling rialo-sanitize v0.21.0-alpha.0
[INFO] [stderr]    Compiling rialo-s-decode-error v0.21.0-alpha.0
[INFO] [stderr]    Compiling five8_const v0.1.4
[INFO] [stderr]    Compiling rialo-s-pubkey v0.21.0-alpha.0
[INFO] [stderr]    Compiling rialo-s-instruction v0.21.0-alpha.0
[INFO] [stderr]    Compiling rialo-s-serialize-utils v0.21.0-alpha.0 (/opt/rustwide/workdir)
[INFO] [stderr]     Finished `dev` profile [unoptimized + debuginfo] target(s) in 0.40s
[INFO] running `Command { std: "docker" "inspect" "069361e3edee675709d37b8a83ce1adc2b87cd1a0d9bbbb716f4de4f1270c3fe", kill_on_drop: false }`
[INFO] running `Command { std: "docker" "exec" "-e" "SOURCE_DIR=/opt/rustwide/workdir" "-e" "CARGO_HOME=/opt/rustwide/cargo-home" "-e" "RUSTUP_HOME=/opt/rustwide/rustup-home" "-e" "CARGO_TARGET_DIR=/opt/rustwide/target" "-e" "CARGO_INCREMENTAL=0" "-e" "RUST_BACKTRACE=full" "-e" "RUSTFLAGS=--cap-lints=warn" "-e" "RUSTDOCFLAGS=--cap-lints=warn" "-w" "/opt/rustwide/workdir" "--user" "0:0" "069361e3edee675709d37b8a83ce1adc2b87cd1a0d9bbbb716f4de4f1270c3fe" "/opt/rustwide/cargo-home/bin/cargo" "+1.100.0-beta.1" "test" "--frozen" "--no-run" "--message-format=json", kill_on_drop: false }`
[INFO] [stderr] warning: `package.homepage` is redundant with `package.repository`
[INFO] [stderr]   --> Cargo.toml:68:12
[INFO] [stderr]    |
[INFO] [stderr] 68 | homepage = "https://github.com/SubzeroLabs/rialo"
[INFO] [stderr]    |            ^^^^^^^^^^^^^^^^^^^^^^^^^^^^^^^^^^^^^^
[INFO] [stderr] ...
[INFO] [stderr] 73 | repository = "https://github.com/SubzeroLabs/rialo"
[INFO] [stderr]    |              --------------------------------------
[INFO] [stderr]    |
[INFO] [stderr]    = note: `cargo::redundant_homepage` is set to `warn` by default
[INFO] [stderr] help: consider removing `package.homepage`
[INFO] [stderr] warning: `rialo-s-serialize-utils` (manifest) generated 1 warning
[INFO] [stderr]    Compiling rialo-s-serialize-utils v0.21.0-alpha.0 (/opt/rustwide/workdir)
[INFO] [stdout] error[E0432]: unresolved import `rand`
[INFO] [stdout]    --> src/cursor.rs:100:9
[INFO] [stdout]     |
[INFO] [stdout] 100 |     use rand::Rng;
[INFO] [stdout]     |         ^^^^ use of unresolved module or unlinked crate `rand`
[INFO] [stdout]     |
[INFO] [stdout]     = help: if you wanted to use a crate named `rand`, use `cargo add rand` to add it to your `Cargo.toml`
[INFO] [stdout] 
[INFO] [stdout] 
[INFO] [stdout] error[E0433]: cannot find module or crate `rand` in this scope
[INFO] [stdout]    --> src/cursor.rs:107:30
[INFO] [stdout]     |
[INFO] [stdout] 107 |             let test_value = rand::random::<u8>();
[INFO] [stdout]     |                              ^^^^ use of unresolved module or unlinked crate `rand`
[INFO] [stdout]     |
[INFO] [stdout]     = help: if you wanted to use a crate named `rand`, use `cargo add rand` to add it to your `Cargo.toml`
[INFO] [stdout] 
[INFO] [stdout] 
[INFO] [stdout] error[E0433]: cannot find module or crate `rand` in this scope
[INFO] [stdout]    --> src/cursor.rs:115:30
[INFO] [stdout]     |
[INFO] [stdout] 115 |             let test_value = rand::random::<u32>();
[INFO] [stdout]     |                              ^^^^ use of unresolved module or unlinked crate `rand`
[INFO] [stdout]     |
[INFO] [stdout]     = help: if you wanted to use a crate named `rand`, use `cargo add rand` to add it to your `Cargo.toml`
[INFO] [stdout] 
[INFO] [stdout] 
[INFO] [stdout] error[E0433]: cannot find module or crate `rand` in this scope
[INFO] [stdout]    --> src/cursor.rs:123:30
[INFO] [stdout]     |
[INFO] [stdout] 123 |             let test_value = rand::random::<u64>();
[INFO] [stdout]     |                              ^^^^ use of unresolved module or unlinked crate `rand`
[INFO] [stdout]     |
[INFO] [stdout]     = help: if you wanted to use a crate named `rand`, use `cargo add rand` to add it to your `Cargo.toml`
[INFO] [stdout] 
[INFO] [stdout] 
[INFO] [stdout] error[E0433]: cannot find module or crate `rand` in this scope
[INFO] [stdout]    --> src/cursor.rs:131:30
[INFO] [stdout]     |
[INFO] [stdout] 131 |             let test_value = rand::random::<Option<u64>>();
[INFO] [stdout]     |                              ^^^^ use of unresolved module or unlinked crate `rand`
[INFO] [stdout]     |
[INFO] [stdout]     = help: if you wanted to use a crate named `rand`, use `cargo add rand` to add it to your `Cargo.toml`
[INFO] [stdout] 
[INFO] [stdout] 
[INFO] [stdout] error[E0433]: cannot find module or crate `rand` in this scope
[INFO] [stdout]    --> src/cursor.rs:139:30
[INFO] [stdout]     |
[INFO] [stdout] 139 |             let test_value = rand::random::<i64>();
[INFO] [stdout]     |                              ^^^^ use of unresolved module or unlinked crate `rand`
[INFO] [stdout]     |
[INFO] [stdout]     = help: if you wanted to use a crate named `rand`, use `cargo add rand` to add it to your `Cargo.toml`
[INFO] [stdout] 
[INFO] [stdout] 
[INFO] [stdout] error[E0433]: cannot find module or crate `rand` in this scope
[INFO] [stdout]    --> src/cursor.rs:148:13
[INFO] [stdout]     |
[INFO] [stdout] 148 |             rand::thread_rng().fill(&mut buf);
[INFO] [stdout]     |             ^^^^ use of unresolved module or unlinked crate `rand`
[INFO] [stdout]     |
[INFO] [stdout]     = help: if you wanted to use a crate named `rand`, use `cargo add rand` to add it to your `Cargo.toml`
[INFO] [stdout] 
[INFO] [stdout] 
[INFO] [stdout] error[E0433]: cannot find module or crate `serde` in this scope
[INFO] [stdout]    --> src/cursor.rs:160:41
[INFO] [stdout]     |
[INFO] [stdout] 160 |     fn test_read<T: Debug + PartialEq + serde::Serialize + borsh::BorshSerialize>(
[INFO] [stdout]     |                                         ^^^^^ use of unresolved module or unlinked crate `serde`
[INFO] [stdout]     |
[INFO] [stdout]     = help: if you wanted to use a crate named `serde`, use `cargo add serde` to add it to your `Cargo.toml`
[INFO] [stdout] 
[INFO] [stdout] 
[INFO] [stdout] error[E0433]: cannot find module or crate `borsh` in this scope
[INFO] [stdout]    --> src/cursor.rs:160:60
[INFO] [stdout]     |
[INFO] [stdout] 160 |     fn test_read<T: Debug + PartialEq + serde::Serialize + borsh::BorshSerialize>(
[INFO] [stdout]     |                                                            ^^^^^ use of unresolved module or unlinked crate `borsh`
[INFO] [stdout]     |
[INFO] [stdout]     = help: if you wanted to use a crate named `borsh`, use `cargo add borsh` to add it to your `Cargo.toml`
[INFO] [stdout] 
[INFO] [stdout] 
[INFO] [stdout] error[E0433]: cannot find module or crate `bincode` in this scope
[INFO] [stdout]    --> src/cursor.rs:164:29
[INFO] [stdout]     |
[INFO] [stdout] 164 |         let bincode_bytes = bincode::serialize(&test_value).unwrap();
[INFO] [stdout]     |                             ^^^^^^^ use of unresolved module or unlinked crate `bincode`
[INFO] [stdout]     |
[INFO] [stdout]     = help: if you wanted to use a crate named `bincode`, use `cargo add bincode` to add it to your `Cargo.toml`
[INFO] [stdout] 
[INFO] [stdout] 
[INFO] [stdout] error[E0433]: cannot find module or crate `borsh` in this scope
[INFO] [stdout]    --> src/cursor.rs:168:27
[INFO] [stdout]     |
[INFO] [stdout] 168 |         let borsh_bytes = borsh::to_vec(&test_value).unwrap();
[INFO] [stdout]     |                           ^^^^^ use of unresolved module or unlinked crate `borsh`
[INFO] [stdout]     |
[INFO] [stdout]     = help: if you wanted to use a crate named `borsh`, use `cargo add borsh` to add it to your `Cargo.toml`
[INFO] [stdout] 
[INFO] [stdout] 
[INFO] [stdout] Some errors have detailed explanations: E0432, E0433.
[INFO] [stdout] 
[INFO] [stdout] For more information about an error, try `rustc --explain E0432`.
[INFO] [stdout] 
[INFO] [stderr] error: could not compile `rialo-s-serialize-utils` (lib test) due to 11 previous errors
[INFO] running `Command { std: "docker" "inspect" "069361e3edee675709d37b8a83ce1adc2b87cd1a0d9bbbb716f4de4f1270c3fe", kill_on_drop: false }`
[INFO] running `Command { std: "docker" "rm" "-f" "069361e3edee675709d37b8a83ce1adc2b87cd1a0d9bbbb716f4de4f1270c3fe", kill_on_drop: false }`
[INFO] [stdout] 069361e3edee675709d37b8a83ce1adc2b87cd1a0d9bbbb716f4de4f1270c3fe
