[INFO] fetching crate rialo-s-serde 0.21.0-alpha.0...
[INFO] testing rialo-s-serde-0.21.0-alpha.0 against 1.100.0-beta.1 for beta-1.100-2
[INFO] extracting crate rialo-s-serde 0.21.0-alpha.0 into /workspace/builds/worker-2-tc2/source
[INFO] started tweaking crates.io crate rialo-s-serde 0.21.0-alpha.0
[INFO] finished tweaking crates.io crate rialo-s-serde 0.21.0-alpha.0
[INFO] tweaked toml for crates.io crate rialo-s-serde 0.21.0-alpha.0 written to /workspace/builds/worker-2-tc2/source/Cargo.toml
[INFO] validating manifest of crates.io crate rialo-s-serde 0.21.0-alpha.0 on toolchain 1.100.0-beta.1
[INFO] running `Command { std: CARGO_HOME="/workspace/cargo-home" RUSTUP_HOME="/workspace/rustup-home" "/workspace/cargo-home/bin/cargo" "+1.100.0-beta.1" "metadata" "--manifest-path" "Cargo.toml" "--no-deps", kill_on_drop: false }`
[INFO] crate crates.io crate rialo-s-serde 0.21.0-alpha.0 already has a lockfile, it will not be regenerated
[INFO] running `Command { std: CARGO_HOME="/workspace/cargo-home" RUSTUP_HOME="/workspace/rustup-home" "/workspace/cargo-home/bin/cargo" "+1.100.0-beta.1" "fetch" "--manifest-path" "Cargo.toml", kill_on_drop: false }`
[INFO] [stderr] warning: `package.homepage` is redundant with `package.repository`
[INFO] [stderr]   --> Cargo.toml:60:12
[INFO] [stderr]    |
[INFO] [stderr] 60 | homepage = "https://github.com/SubzeroLabs/rialo"
[INFO] [stderr]    |            ^^^^^^^^^^^^^^^^^^^^^^^^^^^^^^^^^^^^^^
[INFO] [stderr] ...
[INFO] [stderr] 65 | repository = "https://github.com/SubzeroLabs/rialo"
[INFO] [stderr]    |              --------------------------------------
[INFO] [stderr]    |
[INFO] [stderr]    = note: `cargo::redundant_homepage` is set to `warn` by default
[INFO] [stderr] help: consider removing `package.homepage`
[INFO] [stderr] warning: `rialo-s-serde` (manifest) generated 1 warning
[INFO] running `Command { std: "docker" "create" "-v" "/var/lib/crater-agent-workspace/builds/worker-2-tc2/source:/opt/rustwide/workdir:ro,Z" "-v" "/var/lib/crater-agent-workspace/builds/worker-2-tc2/target:/opt/rustwide/target:rw,Z" "-v" "/var/lib/crater-agent-workspace/cargo-home:/opt/rustwide/cargo-home:ro,Z" "-v" "/var/lib/crater-agent-workspace/rustup-home:/opt/rustwide/rustup-home:ro,Z" "-m" "1610612736" "--network" "none" "ghcr.io/rust-lang/crates-build-env/linux@sha256:3111399a4047eeb3a02b7a90e478d715f38a8c6669b5c4b49d30a17385265909" "sleep" "infinity", kill_on_drop: false }`
[INFO] [stdout] 578591e410023d45fda4489b69f736a7a907a17f1f25333f30af683e4c18ea9c
[INFO] running `Command { std: "docker" "start" "578591e410023d45fda4489b69f736a7a907a17f1f25333f30af683e4c18ea9c", kill_on_drop: false }`
[INFO] running `Command { std: "docker" "inspect" "578591e410023d45fda4489b69f736a7a907a17f1f25333f30af683e4c18ea9c", kill_on_drop: false }`
[INFO] running `Command { std: "docker" "exec" "-e" "SOURCE_DIR=/opt/rustwide/workdir" "-e" "CARGO_HOME=/opt/rustwide/cargo-home" "-e" "RUSTUP_HOME=/opt/rustwide/rustup-home" "-e" "CARGO_TARGET_DIR=/opt/rustwide/target" "-w" "/opt/rustwide/workdir" "--user" "0:0" "578591e410023d45fda4489b69f736a7a907a17f1f25333f30af683e4c18ea9c" "/opt/rustwide/cargo-home/bin/cargo" "+1.100.0-beta.1" "metadata" "--no-deps" "--format-version=1", kill_on_drop: false }`
[INFO] running `Command { std: "docker" "inspect" "578591e410023d45fda4489b69f736a7a907a17f1f25333f30af683e4c18ea9c", kill_on_drop: false }`
[INFO] running `Command { std: "docker" "exec" "-e" "SOURCE_DIR=/opt/rustwide/workdir" "-e" "CARGO_HOME=/opt/rustwide/cargo-home" "-e" "RUSTUP_HOME=/opt/rustwide/rustup-home" "-e" "CARGO_TARGET_DIR=/opt/rustwide/target" "-e" "CARGO_INCREMENTAL=0" "-e" "RUST_BACKTRACE=full" "-e" "RUSTFLAGS=--cap-lints=warn" "-e" "RUSTDOCFLAGS=--cap-lints=warn" "-w" "/opt/rustwide/workdir" "--user" "0:0" "578591e410023d45fda4489b69f736a7a907a17f1f25333f30af683e4c18ea9c" "/opt/rustwide/cargo-home/bin/cargo" "+1.100.0-beta.1" "build" "--frozen" "--message-format=json", kill_on_drop: false }`
[INFO] [stderr] warning: `package.homepage` is redundant with `package.repository`
[INFO] [stderr]   --> Cargo.toml:60:12
[INFO] [stderr]    |
[INFO] [stderr] 60 | homepage = "https://github.com/SubzeroLabs/rialo"
[INFO] [stderr]    |            ^^^^^^^^^^^^^^^^^^^^^^^^^^^^^^^^^^^^^^
[INFO] [stderr] ...
[INFO] [stderr] 65 | repository = "https://github.com/SubzeroLabs/rialo"
[INFO] [stderr]    |              --------------------------------------
[INFO] [stderr]    |
[INFO] [stderr]    = note: `cargo::redundant_homepage` is set to `warn` by default
[INFO] [stderr] help: consider removing `package.homepage`
[INFO] [stderr] warning: `rialo-s-serde` (manifest) generated 1 warning
[INFO] [stderr]    Compiling proc-macro2 v1.0.106
[INFO] [stderr]    Compiling quote v1.0.44
[INFO] [stderr]    Compiling unicode-ident v1.0.23
[INFO] [stderr]    Compiling serde_core v1.0.228
[INFO] [stderr]    Compiling serde v1.0.228
[INFO] [stderr]    Compiling syn v2.0.114
[INFO] [stderr]    Compiling serde_derive v1.0.228
[INFO] [stderr]    Compiling rialo-s-serde v0.21.0-alpha.0 (/opt/rustwide/workdir)
[INFO] [stderr]     Finished `dev` profile [unoptimized + debuginfo] target(s) in 10.61s
[INFO] running `Command { std: "docker" "inspect" "578591e410023d45fda4489b69f736a7a907a17f1f25333f30af683e4c18ea9c", kill_on_drop: false }`
[INFO] running `Command { std: "docker" "exec" "-e" "SOURCE_DIR=/opt/rustwide/workdir" "-e" "CARGO_HOME=/opt/rustwide/cargo-home" "-e" "RUSTUP_HOME=/opt/rustwide/rustup-home" "-e" "CARGO_TARGET_DIR=/opt/rustwide/target" "-e" "CARGO_INCREMENTAL=0" "-e" "RUST_BACKTRACE=full" "-e" "RUSTFLAGS=--cap-lints=warn" "-e" "RUSTDOCFLAGS=--cap-lints=warn" "-w" "/opt/rustwide/workdir" "--user" "0:0" "578591e410023d45fda4489b69f736a7a907a17f1f25333f30af683e4c18ea9c" "/opt/rustwide/cargo-home/bin/cargo" "+1.100.0-beta.1" "test" "--frozen" "--no-run" "--message-format=json", kill_on_drop: false }`
[INFO] [stderr] warning: `package.homepage` is redundant with `package.repository`
[INFO] [stderr]   --> Cargo.toml:60:12
[INFO] [stderr]    |
[INFO] [stderr] 60 | homepage = "https://github.com/SubzeroLabs/rialo"
[INFO] [stderr]    |            ^^^^^^^^^^^^^^^^^^^^^^^^^^^^^^^^^^^^^^
[INFO] [stderr] ...
[INFO] [stderr] 65 | repository = "https://github.com/SubzeroLabs/rialo"
[INFO] [stderr]    |              --------------------------------------
[INFO] [stderr]    |
[INFO] [stderr]    = note: `cargo::redundant_homepage` is set to `warn` by default
[INFO] [stderr] help: consider removing `package.homepage`
[INFO] [stderr] warning: `rialo-s-serde` (manifest) generated 1 warning
[INFO] [stderr]    Compiling rialo-s-serde v0.21.0-alpha.0 (/opt/rustwide/workdir)
[INFO] [stdout] error[E0432]: unresolved import `bincode`
[INFO] [stdout]   --> src/lib.rs:32:9
[INFO] [stdout]    |
[INFO] [stdout] 32 |     use bincode::deserialize;
[INFO] [stdout]    |         ^^^^^^^ use of unresolved module or unlinked crate `bincode`
[INFO] [stdout]    |
[INFO] [stdout]    = help: if you wanted to use a crate named `bincode`, use `cargo add bincode` to add it to your `Cargo.toml`
[INFO] [stdout] 
[INFO] [stdout] 
[INFO] [stdout] error[E0433]: cannot find module or crate `serde_derive` in this scope
[INFO] [stdout]   --> src/lib.rs:38:18
[INFO] [stdout]    |
[INFO] [stdout] 38 |         #[derive(serde_derive::Serialize, serde_derive::Deserialize, Debug, PartialEq, Eq)]
[INFO] [stdout]    |                  ^^^^^^^^^^^^ use of unresolved module or unlinked crate `serde_derive`
[INFO] [stdout] 
[INFO] [stdout] 
[INFO] [stdout] error[E0433]: cannot find module or crate `serde_derive` in this scope
[INFO] [stdout]   --> src/lib.rs:38:43
[INFO] [stdout]    |
[INFO] [stdout] 38 |         #[derive(serde_derive::Serialize, serde_derive::Deserialize, Debug, PartialEq, Eq)]
[INFO] [stdout]    |                                           ^^^^^^^^^^^^ use of unresolved module or unlinked crate `serde_derive`
[INFO] [stdout] 
[INFO] [stdout] 
[INFO] [stdout] error[E0433]: cannot find module or crate `serde_derive` in this scope
[INFO] [stdout]    --> src/lib.rs:113:18
[INFO] [stdout]     |
[INFO] [stdout] 113 |         #[derive(serde_derive::Serialize, serde_derive::Deserialize, Debug, PartialEq, Eq)]
[INFO] [stdout]     |                  ^^^^^^^^^^^^ use of unresolved module or unlinked crate `serde_derive`
[INFO] [stdout] 
[INFO] [stdout] 
[INFO] [stdout] error[E0433]: cannot find module or crate `serde_derive` in this scope
[INFO] [stdout]    --> src/lib.rs:113:43
[INFO] [stdout]     |
[INFO] [stdout] 113 |         #[derive(serde_derive::Serialize, serde_derive::Deserialize, Debug, PartialEq, Eq)]
[INFO] [stdout]     |                                           ^^^^^^^^^^^^ use of unresolved module or unlinked crate `serde_derive`
[INFO] [stdout] 
[INFO] [stdout] 
[INFO] [stdout] error: cannot find attribute `serde` in this scope
[INFO] [stdout]   --> src/lib.rs:41:15
[INFO] [stdout]    |
[INFO] [stdout] 41 |             #[serde(deserialize_with = "default_on_eof")]
[INFO] [stdout]    |               ^^^^^
[INFO] [stdout]    |
[INFO] [stdout]    = note: `serde` is an attribute that can be used by the derive macros `Deserialize` and `Serialize`, you might be missing a `derive` attribute
[INFO] [stdout]    = note: `serde` is in scope, but it is a crate, not an attribute
[INFO] [stdout] 
[INFO] [stdout] 
[INFO] [stdout] error: cannot find attribute `serde` in this scope
[INFO] [stdout]   --> src/lib.rs:43:15
[INFO] [stdout]    |
[INFO] [stdout] 43 |             #[serde(deserialize_with = "default_on_eof")]
[INFO] [stdout]    |               ^^^^^
[INFO] [stdout]    |
[INFO] [stdout]    = note: `serde` is an attribute that can be used by the derive macros `Deserialize` and `Serialize`, you might be missing a `derive` attribute
[INFO] [stdout]    = note: `serde` is in scope, but it is a crate, not an attribute
[INFO] [stdout] 
[INFO] [stdout] 
[INFO] [stdout] error: cannot find attribute `serde` in this scope
[INFO] [stdout]    --> src/lib.rs:116:15
[INFO] [stdout]     |
[INFO] [stdout] 116 |             #[serde(deserialize_with = "default_on_eof")]
[INFO] [stdout]     |               ^^^^^
[INFO] [stdout]     |
[INFO] [stdout]     = note: `serde` is an attribute that can be used by the derive macros `Deserialize` and `Serialize`, you might be missing a `derive` attribute
[INFO] [stdout]     = note: `serde` is in scope, but it is a crate, not an attribute
[INFO] [stdout] 
[INFO] [stdout] 
[INFO] [stdout] warning: unused import: `super::*`
[INFO] [stdout]   --> src/lib.rs:34:9
[INFO] [stdout]    |
[INFO] [stdout] 34 |     use super::*;
[INFO] [stdout]    |         ^^^^^^^^
[INFO] [stdout]    |
[INFO] [stdout]    = note: `#[warn(unused_imports)]` (part of `#[warn(unused)]`) on by default
[INFO] [stdout] 
[INFO] [stdout] 
[INFO] [stdout] Some errors have detailed explanations: E0432, E0433.
[INFO] [stdout] 
[INFO] [stdout] For more information about an error, try `rustc --explain E0432`.
[INFO] [stdout] 
[INFO] [stderr] error: could not compile `rialo-s-serde` (lib test) due to 8 previous errors; 1 warning emitted
[INFO] running `Command { std: "docker" "inspect" "578591e410023d45fda4489b69f736a7a907a17f1f25333f30af683e4c18ea9c", kill_on_drop: false }`
[INFO] running `Command { std: "docker" "rm" "-f" "578591e410023d45fda4489b69f736a7a907a17f1f25333f30af683e4c18ea9c", kill_on_drop: false }`
[INFO] [stdout] 578591e410023d45fda4489b69f736a7a907a17f1f25333f30af683e4c18ea9c
