[INFO] fetching crate rialo-s-sdk 0.21.0-alpha.0...
[INFO] testing rialo-s-sdk-0.21.0-alpha.0 against 1.99.0-beta.8 for beta-1.100-2
[INFO] extracting crate rialo-s-sdk 0.21.0-alpha.0 into /workspace/builds/worker-7-tc1/source
[INFO] started tweaking crates.io crate rialo-s-sdk 0.21.0-alpha.0
[INFO] finished tweaking crates.io crate rialo-s-sdk 0.21.0-alpha.0
[INFO] tweaked toml for crates.io crate rialo-s-sdk 0.21.0-alpha.0 written to /workspace/builds/worker-7-tc1/source/Cargo.toml
[INFO] validating manifest of crates.io crate rialo-s-sdk 0.21.0-alpha.0 on toolchain 1.99.0-beta.8
[INFO] running `Command { std: CARGO_HOME="/workspace/cargo-home" RUSTUP_HOME="/workspace/rustup-home" "/workspace/cargo-home/bin/cargo" "+1.99.0-beta.8" "metadata" "--manifest-path" "Cargo.toml" "--no-deps", kill_on_drop: false }`
[INFO] crate crates.io crate rialo-s-sdk 0.21.0-alpha.0 already has a lockfile, it will not be regenerated
[INFO] running `Command { std: CARGO_HOME="/workspace/cargo-home" RUSTUP_HOME="/workspace/rustup-home" "/workspace/cargo-home/bin/cargo" "+1.99.0-beta.8" "fetch" "--manifest-path" "Cargo.toml", kill_on_drop: false }`
[INFO] [stderr]     Updating crates.io index
[INFO] [stderr]  Downloading crates ...
[INFO] [stderr]   Downloaded rialo-s-transaction-error v0.21.0-alpha.0
[INFO] [stderr]   Downloaded zmij v1.0.20
[INFO] [stderr]   Downloaded unicode-ident v1.0.23
[INFO] [stderr]   Downloaded rialo-sanitize v0.21.0-alpha.0
[INFO] [stderr]   Downloaded rialo-s-short-vec v0.21.0-alpha.0
[INFO] [stderr]   Downloaded rialo-s-instruction v0.21.0-alpha.0
[INFO] [stderr]   Downloaded rialo-s-signer v0.21.0-alpha.0
[INFO] [stderr]   Downloaded rialo-s-define-syscall v0.21.0-alpha.0
[INFO] [stderr]   Downloaded rialo-s-seed-derivable v0.21.0-alpha.0
[INFO] [stderr]   Downloaded rialo-s-decode-error v0.21.0-alpha.0
[INFO] [stderr]   Downloaded rialo-s-precompiles v0.21.0-alpha.0
[INFO] [stderr]   Downloaded rialo-s-precompile-error v0.21.0-alpha.0
[INFO] [stderr]   Downloaded rialo-s-logger v0.21.0-alpha.0
[INFO] [stderr]   Downloaded env_filter v0.1.4
[INFO] [stderr]   Downloaded rialo-s-ed25519-program v0.21.0-alpha.0
[INFO] [stderr]   Downloaded rialo-s-derivation-path v0.21.0-alpha.0
[INFO] [stderr]   Downloaded rialo-s-nonce v0.21.0-alpha.0
[INFO] [stderr]   Downloaded rialo-hash v0.21.0-alpha.0
[INFO] [stderr]   Downloaded rialo-s-sdk-ids v0.21.0-alpha.0
[INFO] [stderr]   Downloaded jiff-static v0.2.19
[INFO] [stderr]   Downloaded rialo-s-seed-phrase v0.21.0-alpha.0
[INFO] [stderr]   Downloaded rialo-s-transaction v0.21.0-alpha.0
[INFO] [stderr]   Downloaded rialo-s-system-interface v0.21.0-alpha.0
[INFO] [stderr]   Downloaded rialo-s-secp256r1-program v0.21.0-alpha.0
[INFO] [stderr]   Downloaded rialo-tee-types v0.21.0-alpha.0
[INFO] [stderr]   Downloaded rialo-s-sha256-hasher v0.21.0-alpha.0
[INFO] [stderr]   Downloaded rialo-frozen-abi-macro v0.21.0-alpha.0
[INFO] [stderr]   Downloaded rialo-atomic-u64 v0.21.0-alpha.0
[INFO] [stderr]   Downloaded borsh-derive v1.6.0
[INFO] [stderr]   Downloaded rialo-s-reserved-account-keys v0.21.0-alpha.0
[INFO] [stderr]   Downloaded rialo-s-bincode v0.21.0-alpha.0
[INFO] [stderr]   Downloaded rialo-s-cpi v0.21.0-alpha.0
[INFO] [stderr]   Downloaded rialo-s-rent v0.21.0-alpha.0
[INFO] [stderr]   Downloaded rialo-s-instructions-sysvar v0.21.0-alpha.0
[INFO] [stderr]   Downloaded rialo-s-example-mocks v0.21.0-alpha.0
[INFO] [stderr]   Downloaded rialo-feature-management-policy-interface v0.21.0-alpha.0
[INFO] [stderr]   Downloaded rialo-s-fee-structure v0.21.0-alpha.0
[INFO] [stderr]   Downloaded rialo-s-pubkey v0.21.0-alpha.0
[INFO] [stderr]   Downloaded rialo-s-keypair v0.21.0-alpha.0
[INFO] [stderr]   Downloaded rialo-frozen-abi v0.21.0-alpha.0
[INFO] [stderr]   Downloaded primeorder v0.13.6
[INFO] [stderr]   Downloaded rialo-s-epoch-schedule v0.21.0-alpha.0
[INFO] [stderr]   Downloaded ed25519-dalek v2.2.0
[INFO] [stderr]   Downloaded rialo-s-secp256k1-program v0.21.0-alpha.0
[INFO] [stderr]   Downloaded rialo-s-sysvar-id v0.21.0-alpha.0
[INFO] [stderr]   Downloaded rialo-s-reward-info v0.21.0-alpha.0
[INFO] [stderr]   Downloaded rialo-s-serialize-utils v0.21.0-alpha.0
[INFO] [stderr]   Downloaded rialo-s-secp256k1-recover v0.21.0-alpha.0
[INFO] [stderr]   Downloaded rialo-s-program-option v0.21.0-alpha.0
[INFO] [stderr]   Downloaded rialo-s-packet v0.21.0-alpha.0
[INFO] [stderr]   Downloaded rialo-s-genesis-config v0.21.0-alpha.0
[INFO] [stderr]   Downloaded tmp-rialo-timing v0.21.0-alpha.0
[INFO] [stderr]   Downloaded qualifier_attr v0.2.2
[INFO] [stderr]   Downloaded rialo-feature-management-enforcement-interface v0.21.0-alpha.0
[INFO] [stderr]   Downloaded rialo-s-epoch-info v0.21.0-alpha.0
[INFO] [stderr]   Downloaded rialo-s-signature v0.21.0-alpha.0
[INFO] [stderr]   Downloaded rialo-s-message v0.21.0-alpha.0
[INFO] [stderr]   Downloaded qstring v0.7.2
[INFO] [stderr]   Downloaded derivation-path v0.2.0
[INFO] [stderr]   Downloaded rialo-s-program-error v0.21.0-alpha.0
[INFO] [stderr]   Downloaded rialo-s-program-memory v0.21.0-alpha.0
[INFO] [stderr]   Downloaded rialo-s-clock v0.21.0-alpha.0
[INFO] [stderr]   Downloaded rialo-s-sdk-macro v0.21.0-alpha.0
[INFO] [stderr]   Downloaded rialo-s-program-entrypoint v0.21.0-alpha.0
[INFO] [stderr]   Downloaded rialo-s-fee-calculator v0.21.0-alpha.0
[INFO] [stderr]   Downloaded rialo-s-presigner v0.21.0-alpha.0
[INFO] [stderr]   Downloaded rialo-limits v0.21.0-alpha.0
[INFO] [stderr]   Downloaded cfg_eval v0.1.2
[INFO] [stderr]   Downloaded rialo-s-cluster-type v0.21.0-alpha.0
[INFO] [stderr]   Downloaded rialo-s-account v0.21.0-alpha.0
[INFO] [stderr]   Downloaded rialo-rex-wasm-v1-loader-interface v0.21.0-alpha.0
[INFO] [stderr]   Downloaded rialo-s-feature-gate-interface v0.21.0-alpha.0
[INFO] [stderr]   Downloaded p256 v0.13.2
[INFO] [stderr]   Downloaded portable-atomic-util v0.2.5
[INFO] [stderr]   Downloaded uriparse v0.6.4
[INFO] [stderr]   Downloaded rialo-s-stable-layout v0.21.0-alpha.0
[INFO] [stderr]   Downloaded rialo-s-account-info v0.21.0-alpha.0
[INFO] [stderr]   Downloaded rialo-s-sysvar v0.21.0-alpha.0
[INFO] [stderr]   Downloaded rialo-s-native-token v0.21.0-alpha.0
[INFO] [stderr]   Downloaded rialo-s-keccak-hasher v0.21.0-alpha.0
[INFO] [stderr]   Downloaded borsh v1.6.0
[INFO] [stderr]   Downloaded ed25519-dalek-bip32 v0.3.0
[INFO] [stderr]   Downloaded zerocopy-derive v0.8.39
[INFO] [stderr]   Downloaded rialo-s-msg v0.21.0-alpha.0
[INFO] [stderr]   Downloaded blake3 v1.8.3
[INFO] [stderr]   Downloaded rialo-s-stake-interface v0.21.0-alpha.0
[INFO] [stderr]   Downloaded rialo-s-program v0.21.0-alpha.0
[INFO] [stderr]   Downloaded zerocopy v0.8.39
[INFO] [stderr]   Downloaded web-sys v0.3.85
[INFO] [stderr]   Downloaded jiff v0.2.19
[INFO] running `Command { std: "docker" "create" "-v" "/var/lib/crater-agent-workspace/builds/worker-7-tc1/source:/opt/rustwide/workdir:ro,Z" "-v" "/var/lib/crater-agent-workspace/builds/worker-7-tc1/target:/opt/rustwide/target:rw,Z" "-v" "/var/lib/crater-agent-workspace/cargo-home:/opt/rustwide/cargo-home:ro,Z" "-v" "/var/lib/crater-agent-workspace/rustup-home:/opt/rustwide/rustup-home:ro,Z" "-m" "1610612736" "--network" "none" "ghcr.io/rust-lang/crates-build-env/linux@sha256:3111399a4047eeb3a02b7a90e478d715f38a8c6669b5c4b49d30a17385265909" "sleep" "infinity", kill_on_drop: false }`
[INFO] [stdout] 936c64527c8abaf62994144c996f17d182e995647ee53c1db90c3c74d93badb4
[INFO] running `Command { std: "docker" "start" "936c64527c8abaf62994144c996f17d182e995647ee53c1db90c3c74d93badb4", kill_on_drop: false }`
[INFO] running `Command { std: "docker" "inspect" "936c64527c8abaf62994144c996f17d182e995647ee53c1db90c3c74d93badb4", kill_on_drop: false }`
[INFO] running `Command { std: "docker" "exec" "-e" "SOURCE_DIR=/opt/rustwide/workdir" "-e" "CARGO_HOME=/opt/rustwide/cargo-home" "-e" "RUSTUP_HOME=/opt/rustwide/rustup-home" "-e" "CARGO_TARGET_DIR=/opt/rustwide/target" "-w" "/opt/rustwide/workdir" "--user" "0:0" "936c64527c8abaf62994144c996f17d182e995647ee53c1db90c3c74d93badb4" "/opt/rustwide/cargo-home/bin/cargo" "+1.99.0-beta.8" "metadata" "--no-deps" "--format-version=1", kill_on_drop: false }`
[INFO] running `Command { std: "docker" "inspect" "936c64527c8abaf62994144c996f17d182e995647ee53c1db90c3c74d93badb4", kill_on_drop: false }`
[INFO] running `Command { std: "docker" "exec" "-e" "SOURCE_DIR=/opt/rustwide/workdir" "-e" "CARGO_HOME=/opt/rustwide/cargo-home" "-e" "RUSTUP_HOME=/opt/rustwide/rustup-home" "-e" "CARGO_TARGET_DIR=/opt/rustwide/target" "-e" "CARGO_INCREMENTAL=0" "-e" "RUST_BACKTRACE=full" "-e" "RUSTFLAGS=--cap-lints=warn" "-e" "RUSTDOCFLAGS=--cap-lints=warn" "-w" "/opt/rustwide/workdir" "--user" "0:0" "936c64527c8abaf62994144c996f17d182e995647ee53c1db90c3c74d93badb4" "/opt/rustwide/cargo-home/bin/cargo" "+1.99.0-beta.8" "build" "--frozen" "--message-format=json", kill_on_drop: false }`
[INFO] [stderr]    Compiling proc-macro2 v1.0.106
[INFO] [stderr]    Compiling quote v1.0.44
[INFO] [stderr]    Compiling unicode-ident v1.0.23
[INFO] [stderr]    Compiling zeroize v1.8.2
[INFO] [stderr]    Compiling libc v0.2.180
[INFO] [stderr]    Compiling winnow v0.7.14
[INFO] [stderr]    Compiling hashbrown v0.16.1
[INFO] [stderr]    Compiling equivalent v1.0.2
[INFO] [stderr]    Compiling toml_datetime v0.7.5+spec-1.1.0
[INFO] [stderr]    Compiling cfg_aliases v0.2.1
[INFO] [stderr]    Compiling semver v1.0.27
[INFO] [stderr]    Compiling generic-array v0.14.7
[INFO] [stderr]    Compiling borsh v1.6.0
[INFO] [stderr]    Compiling num-traits v0.2.19
[INFO] [stderr]    Compiling zerocopy v0.8.39
[INFO] [stderr]    Compiling bs58 v0.5.1
[INFO] [stderr]    Compiling rustc_version v0.4.1
[INFO] [stderr]    Compiling rialo-sanitize v0.21.0-alpha.0
[INFO] [stderr]    Compiling curve25519-dalek v4.1.3
[INFO] [stderr]    Compiling crypto-common v0.1.7
[INFO] [stderr]    Compiling block-buffer v0.10.4
[INFO] [stderr]    Compiling indexmap v2.13.0
[INFO] [stderr]    Compiling digest v0.10.7
[INFO] [stderr]    Compiling rialo-atomic-u64 v0.21.0-alpha.0
[INFO] [stderr]    Compiling five8_core v0.1.2
[INFO] [stderr]    Compiling five8_const v0.1.4
[INFO] [stderr]    Compiling sha2 v0.10.9
[INFO] [stderr]    Compiling syn v2.0.114
[INFO] [stderr]    Compiling getrandom v0.2.17
[INFO] [stderr]    Compiling hmac v0.12.1
[INFO] [stderr]    Compiling rand_core v0.6.4
[INFO] [stderr]    Compiling der v0.7.10
[INFO] [stderr]    Compiling polkavm-common v0.26.0
[INFO] [stderr]    Compiling rialo-s-decode-error v0.21.0-alpha.0
[INFO] [stderr]    Compiling signature v2.2.0
[INFO] [stderr]    Compiling rialo-s-msg v0.21.0-alpha.0
[INFO] [stderr]    Compiling ff v0.13.1
[INFO] [stderr]    Compiling crypto-bigint v0.5.5
[INFO] [stderr]    Compiling rialo-s-program-memory v0.21.0-alpha.0
[INFO] [stderr]    Compiling group v0.13.0
[INFO] [stderr]    Compiling cc v1.2.55
[INFO] [stderr]    Compiling rfc6979 v0.4.0
[INFO] [stderr]    Compiling constant_time_eq v0.4.2
[INFO] [stderr]    Compiling arrayref v0.3.9
[INFO] [stderr]    Compiling keccak v0.1.6
[INFO] [stderr]    Compiling sha3 v0.10.8
[INFO] [stderr]    Compiling toml_parser v1.0.6+spec-1.1.0
[INFO] [stderr]    Compiling toml_edit v0.23.10+spec-1.0.0
[INFO] [stderr]    Compiling spki v0.7.3
[INFO] [stderr]    Compiling pkcs8 v0.10.2
[INFO] [stderr]    Compiling proc-macro-crate v3.4.0
[INFO] [stderr]    Compiling sec1 v0.7.3
[INFO] [stderr]    Compiling blake3 v1.8.3
[INFO] [stderr]    Compiling elliptic-curve v0.13.8
[INFO] [stderr]    Compiling rialo-s-precompile-error v0.21.0-alpha.0
[INFO] [stderr]    Compiling derivation-path v0.2.0
[INFO] [stderr]    Compiling qstring v0.7.2
[INFO] [stderr]    Compiling uriparse v0.6.4
[INFO] [stderr]    Compiling pbkdf2 v0.11.0
[INFO] [stderr]    Compiling ecdsa v0.16.9
[INFO] [stderr]    Compiling primeorder v0.13.6
[INFO] [stderr]    Compiling memoffset v0.9.1
[INFO] [stderr]    Compiling bitflags v2.10.0
[INFO] [stderr]    Compiling serde_bytes v0.11.19
[INFO] [stderr]    Compiling tracing-core v0.1.36
[INFO] [stderr]    Compiling rialo-s-native-token v0.21.0-alpha.0
[INFO] [stderr]    Compiling rialo-s-seed-phrase v0.21.0-alpha.0
[INFO] [stderr]    Compiling chrono v0.4.43
[INFO] [stderr]    Compiling memmap2 v0.5.10
[INFO] [stderr]    Compiling k256 v0.13.4
[INFO] [stderr]    Compiling p256 v0.13.2
[INFO] [stderr]    Compiling rialo-s-program-option v0.21.0-alpha.0
[INFO] [stderr]    Compiling rialo-s-derivation-path v0.21.0-alpha.0
[INFO] [stderr]    Compiling rialo-s-seed-derivable v0.21.0-alpha.0
[INFO] [stderr]    Compiling polkavm-derive-impl v0.26.0
[INFO] [stderr]    Compiling darling_core v0.21.3
[INFO] [stderr]    Compiling ppv-lite86 v0.2.21
[INFO] [stderr]    Compiling rand_chacha v0.3.1
[INFO] [stderr]    Compiling serde_derive v1.0.228
[INFO] [stderr]    Compiling borsh-derive v1.6.0
[INFO] [stderr]    Compiling bytemuck_derive v1.10.2
[INFO] [stderr]    Compiling curve25519-dalek-derive v0.1.1
[INFO] [stderr]    Compiling polkavm-derive-impl-macro v0.26.0
[INFO] [stderr]    Compiling rialo-s-sdk-macro v0.21.0-alpha.0
[INFO] [stderr]    Compiling rand v0.8.6
[INFO] [stderr]    Compiling polkavm-derive v0.26.0
[INFO] [stderr]    Compiling rialo-s-define-syscall v0.21.0-alpha.0
[INFO] [stderr]    Compiling thiserror-impl v1.0.69
[INFO] [stderr]    Compiling tracing-attributes v0.1.31
[INFO] [stderr]    Compiling cfg_eval v0.1.2
[INFO] [stderr]    Compiling bytemuck v1.25.0
[INFO] [stderr]    Compiling thiserror v1.0.69
[INFO] [stderr]    Compiling rialo-s-secp256k1-recover v0.21.0-alpha.0
[INFO] [stderr]    Compiling tracing v0.1.44
[INFO] [stderr]    Compiling darling_macro v0.21.3
[INFO] [stderr]    Compiling darling v0.21.3
[INFO] [stderr]    Compiling serde_with_macros v3.16.1
[INFO] [stderr]    Compiling serde_with v3.16.1
[INFO] [stderr]    Compiling serde v1.0.228
[INFO] [stderr]    Compiling rialo-hash v0.21.0-alpha.0
[INFO] [stderr]    Compiling bincode v1.3.3
[INFO] [stderr]    Compiling ed25519 v2.2.3
[INFO] [stderr]    Compiling rialo-s-fee-calculator v0.21.0-alpha.0
[INFO] [stderr]    Compiling rialo-s-short-vec v0.21.0-alpha.0
[INFO] [stderr]    Compiling ed25519-dalek v2.2.0
[INFO] [stderr]    Compiling serde-big-array v0.5.1
[INFO] [stderr]    Compiling tmp-rialo-timing v0.21.0-alpha.0
[INFO] [stderr]    Compiling rialo-tee-types v0.21.0-alpha.0
[INFO] [stderr]    Compiling rialo-s-sha256-hasher v0.21.0-alpha.0
[INFO] [stderr]    Compiling rialo-s-keccak-hasher v0.21.0-alpha.0
[INFO] [stderr]    Compiling rialo-s-cluster-type v0.21.0-alpha.0
[INFO] [stderr]    Compiling rialo-s-pubkey v0.21.0-alpha.0
[INFO] [stderr]    Compiling rialo-s-epoch-info v0.21.0-alpha.0
[INFO] [stderr]    Compiling rialo-s-reward-info v0.21.0-alpha.0
[INFO] [stderr]    Compiling rialo-s-signature v0.21.0-alpha.0
[INFO] [stderr]    Compiling ed25519-dalek-bip32 v0.3.0
[INFO] [stderr]    Compiling rialo-s-sdk-ids v0.21.0-alpha.0
[INFO] [stderr]    Compiling rialo-s-nonce v0.21.0-alpha.0
[INFO] [stderr]    Compiling rialo-limits v0.21.0-alpha.0
[INFO] [stderr]    Compiling rialo-s-instruction v0.21.0-alpha.0
[INFO] [stderr]    Compiling rialo-s-sysvar-id v0.21.0-alpha.0
[INFO] [stderr]    Compiling rialo-s-reserved-account-keys v0.21.0-alpha.0
[INFO] [stderr]    Compiling rialo-s-clock v0.21.0-alpha.0
[INFO] [stderr]    Compiling rialo-s-rent v0.21.0-alpha.0
[INFO] [stderr]    Compiling rialo-s-epoch-schedule v0.21.0-alpha.0
[INFO] [stderr]    Compiling rialo-s-program-error v0.21.0-alpha.0
[INFO] [stderr]    Compiling rialo-s-transaction-error v0.21.0-alpha.0
[INFO] [stderr]    Compiling rialo-s-system-interface v0.21.0-alpha.0
[INFO] [stderr]    Compiling rialo-s-bincode v0.21.0-alpha.0
[INFO] [stderr]    Compiling rialo-rex-wasm-v1-loader-interface v0.21.0-alpha.0
[INFO] [stderr]    Compiling rialo-s-ed25519-program v0.21.0-alpha.0
[INFO] [stderr]    Compiling rialo-s-secp256k1-program v0.21.0-alpha.0
[INFO] [stderr]    Compiling rialo-s-secp256r1-program v0.21.0-alpha.0
[INFO] [stderr]    Compiling rialo-s-serialize-utils v0.21.0-alpha.0
[INFO] [stderr]    Compiling rialo-s-account-info v0.21.0-alpha.0
[INFO] [stderr]    Compiling rialo-s-signer v0.21.0-alpha.0
[INFO] [stderr]    Compiling rialo-feature-management-policy-interface v0.21.0-alpha.0
[INFO] [stderr]    Compiling rialo-feature-management-enforcement-interface v0.21.0-alpha.0
[INFO] [stderr]    Compiling rialo-s-message v0.21.0-alpha.0
[INFO] [stderr]    Compiling rialo-s-program-entrypoint v0.21.0-alpha.0
[INFO] [stderr]    Compiling rialo-s-cpi v0.21.0-alpha.0
[INFO] [stderr]    Compiling rialo-s-keypair v0.21.0-alpha.0
[INFO] [stderr]    Compiling rialo-s-instructions-sysvar v0.21.0-alpha.0
[INFO] [stderr]    Compiling rialo-s-sysvar v0.21.0-alpha.0
[INFO] [stderr]    Compiling rialo-s-stable-layout v0.21.0-alpha.0
[INFO] [stderr]    Compiling rialo-s-stake-interface v0.21.0-alpha.0
[INFO] [stderr]    Compiling rialo-s-packet v0.21.0-alpha.0
[INFO] [stderr]    Compiling rialo-s-presigner v0.21.0-alpha.0
[INFO] [stderr]    Compiling rialo-s-account v0.21.0-alpha.0
[INFO] [stderr]    Compiling rialo-s-example-mocks v0.21.0-alpha.0
[INFO] [stderr]    Compiling rialo-s-precompiles v0.21.0-alpha.0
[INFO] [stderr]    Compiling rialo-s-fee-structure v0.21.0-alpha.0
[INFO] [stderr]    Compiling rialo-s-transaction v0.21.0-alpha.0
[INFO] [stderr]    Compiling rialo-s-program v0.21.0-alpha.0
[INFO] [stderr]    Compiling rialo-s-genesis-config v0.21.0-alpha.0
[INFO] [stderr]    Compiling rialo-s-feature-gate-interface v0.21.0-alpha.0
[INFO] [stderr]    Compiling rialo-s-sdk v0.21.0-alpha.0 (/opt/rustwide/workdir)
[INFO] [stderr]     Finished `dev` profile [unoptimized + debuginfo] target(s) in 1m 09s
[INFO] running `Command { std: "docker" "inspect" "936c64527c8abaf62994144c996f17d182e995647ee53c1db90c3c74d93badb4", kill_on_drop: false }`
[INFO] running `Command { std: "docker" "exec" "-e" "SOURCE_DIR=/opt/rustwide/workdir" "-e" "CARGO_HOME=/opt/rustwide/cargo-home" "-e" "RUSTUP_HOME=/opt/rustwide/rustup-home" "-e" "CARGO_TARGET_DIR=/opt/rustwide/target" "-e" "CARGO_INCREMENTAL=0" "-e" "RUST_BACKTRACE=full" "-e" "RUSTFLAGS=--cap-lints=warn" "-e" "RUSTDOCFLAGS=--cap-lints=warn" "-w" "/opt/rustwide/workdir" "--user" "0:0" "936c64527c8abaf62994144c996f17d182e995647ee53c1db90c3c74d93badb4" "/opt/rustwide/cargo-home/bin/cargo" "+1.99.0-beta.8" "test" "--frozen" "--no-run" "--message-format=json", kill_on_drop: false }`
[INFO] [stderr]    Compiling rialo-s-sdk v0.21.0-alpha.0 (/opt/rustwide/workdir)
[INFO] [stdout] error[E0433]: cannot find module or crate `serde_derive` in this scope
[INFO] [stdout]   --> src/program_utils.rs:25:18
[INFO] [stdout]    |
[INFO] [stdout] 25 |         #[derive(serde_derive::Deserialize, serde_derive::Serialize)]
[INFO] [stdout]    |                  ^^^^^^^^^^^^ use of unresolved module or unlinked crate `serde_derive`
[INFO] [stdout] 
[INFO] [stdout] 
[INFO] [stdout] error[E0433]: cannot find module or crate `serde_derive` in this scope
[INFO] [stdout]   --> src/program_utils.rs:25:45
[INFO] [stdout]    |
[INFO] [stdout] 25 |         #[derive(serde_derive::Deserialize, serde_derive::Serialize)]
[INFO] [stdout]    |                                             ^^^^^^^^^^^^ use of unresolved module or unlinked crate `serde_derive`
[INFO] [stdout] 
[INFO] [stdout] 
[INFO] [stdout] error[E0277]: the trait bound `Foo: serde::Serialize` is not satisfied
[INFO] [stdout]    --> src/program_utils.rs:31:45
[INFO] [stdout]     |
[INFO] [stdout]  31 |         let serialized = bincode::serialize(&item).unwrap();
[INFO] [stdout]     |                          ------------------ ^^^^^ unsatisfied trait bound
[INFO] [stdout]     |                          |
[INFO] [stdout]     |                          required by a bound introduced by this call
[INFO] [stdout]     |
[INFO] [stdout] help: the trait `Serialize` is not implemented for `Foo`
[INFO] [stdout]    --> src/program_utils.rs:26:9
[INFO] [stdout]     |
[INFO] [stdout]  26 |         enum Foo {
[INFO] [stdout]     |         ^^^^^^^^
[INFO] [stdout]     = note: for local types consider adding `#[derive(serde::Serialize)]` to your `Foo` type
[INFO] [stdout]     = note: for types from other crates check whether the crate offers a `serde` feature flag
[INFO] [stdout]     = help: the following other types implement trait `Serialize`:
[INFO] [stdout]               &'a T
[INFO] [stdout]               &'a mut T
[INFO] [stdout]               ()
[INFO] [stdout]               (T,)
[INFO] [stdout]               (T0, T1)
[INFO] [stdout]               (T0, T1, T2)
[INFO] [stdout]               (T0, T1, T2, T3)
[INFO] [stdout]               (T0, T1, T2, T3, T4)
[INFO] [stdout]             and 184 others
[INFO] [stdout] note: required by a bound in `bincode::serialize`
[INFO] [stdout]    --> /opt/rustwide/cargo-home/registry/src/index.crates.io-1949cf8c6b5b557f/bincode-1.3.3/src/lib.rs:108:8
[INFO] [stdout]     |
[INFO] [stdout] 106 | pub fn serialize<T: ?Sized>(value: &T) -> Result<Vec<u8>>
[INFO] [stdout]     |        --------- required by a bound in this function
[INFO] [stdout] 107 | where
[INFO] [stdout] 108 |     T: serde::Serialize,
[INFO] [stdout]     |        ^^^^^^^^^^^^^^^^ required by this bound in `serialize`
[INFO] [stdout] 
[INFO] [stdout] 
[INFO] [stdout] error[E0277]: the trait bound `Foo: serde::de::DeserializeOwned` is not satisfied
[INFO] [stdout]   --> src/program_utils.rs:32:39
[INFO] [stdout]    |
[INFO] [stdout] 32 |         assert!(limited_deserialize::<Foo>(&serialized).is_ok());
[INFO] [stdout]    |                                       ^^^ unsatisfied trait bound
[INFO] [stdout]    |
[INFO] [stdout] help: the trait `for<'de> Deserialize<'de>` is not implemented for `Foo`
[INFO] [stdout]   --> src/program_utils.rs:26:9
[INFO] [stdout]    |
[INFO] [stdout] 26 |         enum Foo {
[INFO] [stdout]    |         ^^^^^^^^
[INFO] [stdout]    = help: the following other types implement trait `Deserialize<'de>`:
[INFO] [stdout]              `&'a Path` implements `Deserialize<'de>`
[INFO] [stdout]              `&'a [u8]` implements `Deserialize<'de>`
[INFO] [stdout]              `&'a serde_bytes::bytearray::ByteArray<N>` implements `Deserialize<'de>`
[INFO] [stdout]              `&'a serde_bytes::bytes::Bytes` implements `Deserialize<'de>`
[INFO] [stdout]              `&'a str` implements `Deserialize<'de>`
[INFO] [stdout]              `()` implements `Deserialize<'de>`
[INFO] [stdout]              `(T,)` implements `Deserialize<'de>`
[INFO] [stdout]              `(T0, T1)` implements `Deserialize<'de>`
[INFO] [stdout]            and 193 others
[INFO] [stdout]    = note: required for `Foo` to implement `DeserializeOwned`
[INFO] [stdout] note: required by a bound in `program_utils::limited_deserialize`
[INFO] [stdout]   --> src/program_utils.rs:11:8
[INFO] [stdout]    |
[INFO] [stdout]  9 | pub fn limited_deserialize<T>(instruction_data: &[u8]) -> Result<T, InstructionError>
[INFO] [stdout]    |        ------------------- required by a bound in this function
[INFO] [stdout] 10 | where
[INFO] [stdout] 11 |     T: serde::de::DeserializeOwned,
[INFO] [stdout]    |        ^^^^^^^^^^^^^^^^^^^^^^^^^^^ required by this bound in `limited_deserialize`
[INFO] [stdout] 
[INFO] [stdout] 
[INFO] [stdout] error[E0277]: the trait bound `Foo: serde::Serialize` is not satisfied
[INFO] [stdout]    --> src/program_utils.rs:35:45
[INFO] [stdout]     |
[INFO] [stdout]  35 |         let serialized = bincode::serialize(&item).unwrap();
[INFO] [stdout]     |                          ------------------ ^^^^^ unsatisfied trait bound
[INFO] [stdout]     |                          |
[INFO] [stdout]     |                          required by a bound introduced by this call
[INFO] [stdout]     |
[INFO] [stdout] help: the trait `Serialize` is not implemented for `Foo`
[INFO] [stdout]    --> src/program_utils.rs:26:9
[INFO] [stdout]     |
[INFO] [stdout]  26 |         enum Foo {
[INFO] [stdout]     |         ^^^^^^^^
[INFO] [stdout]     = note: for local types consider adding `#[derive(serde::Serialize)]` to your `Foo` type
[INFO] [stdout]     = note: for types from other crates check whether the crate offers a `serde` feature flag
[INFO] [stdout]     = help: the following other types implement trait `Serialize`:
[INFO] [stdout]               &'a T
[INFO] [stdout]               &'a mut T
[INFO] [stdout]               ()
[INFO] [stdout]               (T,)
[INFO] [stdout]               (T0, T1)
[INFO] [stdout]               (T0, T1, T2)
[INFO] [stdout]               (T0, T1, T2, T3)
[INFO] [stdout]               (T0, T1, T2, T3, T4)
[INFO] [stdout]             and 184 others
[INFO] [stdout] note: required by a bound in `bincode::serialize`
[INFO] [stdout]    --> /opt/rustwide/cargo-home/registry/src/index.crates.io-1949cf8c6b5b557f/bincode-1.3.3/src/lib.rs:108:8
[INFO] [stdout]     |
[INFO] [stdout] 106 | pub fn serialize<T: ?Sized>(value: &T) -> Result<Vec<u8>>
[INFO] [stdout]     |        --------- required by a bound in this function
[INFO] [stdout] 107 | where
[INFO] [stdout] 108 |     T: serde::Serialize,
[INFO] [stdout]     |        ^^^^^^^^^^^^^^^^ required by this bound in `serialize`
[INFO] [stdout] 
[INFO] [stdout] 
[INFO] [stdout] error[E0277]: the trait bound `Foo: serde::de::DeserializeOwned` is not satisfied
[INFO] [stdout]   --> src/program_utils.rs:36:39
[INFO] [stdout]    |
[INFO] [stdout] 36 |         assert!(limited_deserialize::<Foo>(&serialized).is_err());
[INFO] [stdout]    |                                       ^^^ unsatisfied trait bound
[INFO] [stdout]    |
[INFO] [stdout] help: the trait `for<'de> Deserialize<'de>` is not implemented for `Foo`
[INFO] [stdout]   --> src/program_utils.rs:26:9
[INFO] [stdout]    |
[INFO] [stdout] 26 |         enum Foo {
[INFO] [stdout]    |         ^^^^^^^^
[INFO] [stdout]    = help: the following other types implement trait `Deserialize<'de>`:
[INFO] [stdout]              `&'a Path` implements `Deserialize<'de>`
[INFO] [stdout]              `&'a [u8]` implements `Deserialize<'de>`
[INFO] [stdout]              `&'a serde_bytes::bytearray::ByteArray<N>` implements `Deserialize<'de>`
[INFO] [stdout]              `&'a serde_bytes::bytes::Bytes` implements `Deserialize<'de>`
[INFO] [stdout]              `&'a str` implements `Deserialize<'de>`
[INFO] [stdout]              `()` implements `Deserialize<'de>`
[INFO] [stdout]              `(T,)` implements `Deserialize<'de>`
[INFO] [stdout]              `(T0, T1)` implements `Deserialize<'de>`
[INFO] [stdout]            and 193 others
[INFO] [stdout]    = note: required for `Foo` to implement `DeserializeOwned`
[INFO] [stdout] note: required by a bound in `program_utils::limited_deserialize`
[INFO] [stdout]   --> src/program_utils.rs:11:8
[INFO] [stdout]    |
[INFO] [stdout]  9 | pub fn limited_deserialize<T>(instruction_data: &[u8]) -> Result<T, InstructionError>
[INFO] [stdout]    |        ------------------- required by a bound in this function
[INFO] [stdout] 10 | where
[INFO] [stdout] 11 |     T: serde::de::DeserializeOwned,
[INFO] [stdout]    |        ^^^^^^^^^^^^^^^^^^^^^^^^^^^ required by this bound in `limited_deserialize`
[INFO] [stdout] 
[INFO] [stdout] 
[INFO] [stdout] Some errors have detailed explanations: E0277, E0433.
[INFO] [stdout] 
[INFO] [stdout] For more information about an error, try `rustc --explain E0277`.
[INFO] [stdout] 
[INFO] [stderr] error: could not compile `rialo-s-sdk` (lib test) due to 6 previous errors
[INFO] running `Command { std: "docker" "inspect" "936c64527c8abaf62994144c996f17d182e995647ee53c1db90c3c74d93badb4", kill_on_drop: false }`
[INFO] running `Command { std: "docker" "rm" "-f" "936c64527c8abaf62994144c996f17d182e995647ee53c1db90c3c74d93badb4", kill_on_drop: false }`
[INFO] [stdout] 936c64527c8abaf62994144c996f17d182e995647ee53c1db90c3c74d93badb4
