[INFO] fetching crate rialo-s-ed25519-program 0.21.0-alpha.0...
[INFO] testing rialo-s-ed25519-program-0.21.0-alpha.0 against 1.99.0-beta.8 for beta-1.100-2
[INFO] extracting crate rialo-s-ed25519-program 0.21.0-alpha.0 into /workspace/builds/worker-6-tc1/source
[INFO] started tweaking crates.io crate rialo-s-ed25519-program 0.21.0-alpha.0
[INFO] finished tweaking crates.io crate rialo-s-ed25519-program 0.21.0-alpha.0
[INFO] tweaked toml for crates.io crate rialo-s-ed25519-program 0.21.0-alpha.0 written to /workspace/builds/worker-6-tc1/source/Cargo.toml
[INFO] validating manifest of crates.io crate rialo-s-ed25519-program 0.21.0-alpha.0 on toolchain 1.99.0-beta.8
[INFO] running `Command { std: CARGO_HOME="/workspace/cargo-home" RUSTUP_HOME="/workspace/rustup-home" "/workspace/cargo-home/bin/cargo" "+1.99.0-beta.8" "metadata" "--manifest-path" "Cargo.toml" "--no-deps", kill_on_drop: false }`
[INFO] crate crates.io crate rialo-s-ed25519-program 0.21.0-alpha.0 already has a lockfile, it will not be regenerated
[INFO] running `Command { std: CARGO_HOME="/workspace/cargo-home" RUSTUP_HOME="/workspace/rustup-home" "/workspace/cargo-home/bin/cargo" "+1.99.0-beta.8" "fetch" "--manifest-path" "Cargo.toml", kill_on_drop: false }`
[INFO] [stderr]     Updating crates.io index
[INFO] [stderr]  Downloading crates ...
[INFO] [stderr]   Downloaded rialo-sanitize v0.21.0-alpha.0
[INFO] [stderr]   Downloaded rialo-s-define-syscall v0.21.0-alpha.0
[INFO] [stderr]   Downloaded rialo-s-sdk-ids v0.21.0-alpha.0
[INFO] [stderr]   Downloaded rialo-s-sha256-hasher v0.21.0-alpha.0
[INFO] [stderr]   Downloaded rialo-s-pubkey v0.21.0-alpha.0
[INFO] [stderr]   Downloaded rialo-s-decode-error v0.21.0-alpha.0
[INFO] [stderr]   Downloaded five8_const v0.1.4
[INFO] [stderr]   Downloaded five8_core v0.1.2
[INFO] [stderr]   Downloaded rialo-hash v0.21.0-alpha.0
[INFO] [stderr]   Downloaded rialo-s-precompile-error v0.21.0-alpha.0
[INFO] [stderr]   Downloaded rialo-s-instruction v0.21.0-alpha.0
[INFO] [stderr]   Downloaded rialo-atomic-u64 v0.21.0-alpha.0
[INFO] running `Command { std: "docker" "create" "-v" "/var/lib/crater-agent-workspace/builds/worker-6-tc1/source:/opt/rustwide/workdir:ro,Z" "-v" "/var/lib/crater-agent-workspace/builds/worker-6-tc1/target:/opt/rustwide/target:rw,Z" "-v" "/var/lib/crater-agent-workspace/cargo-home:/opt/rustwide/cargo-home:ro,Z" "-v" "/var/lib/crater-agent-workspace/rustup-home:/opt/rustwide/rustup-home:ro,Z" "-m" "1610612736" "--network" "none" "ghcr.io/rust-lang/crates-build-env/linux@sha256:3111399a4047eeb3a02b7a90e478d715f38a8c6669b5c4b49d30a17385265909" "sleep" "infinity", kill_on_drop: false }`
[INFO] [stdout] b864e6a4790e7282011edfb54c5553d5b9eb6bcff24462d94b52e7377b00739a
[INFO] running `Command { std: "docker" "start" "b864e6a4790e7282011edfb54c5553d5b9eb6bcff24462d94b52e7377b00739a", kill_on_drop: false }`
[INFO] running `Command { std: "docker" "inspect" "b864e6a4790e7282011edfb54c5553d5b9eb6bcff24462d94b52e7377b00739a", kill_on_drop: false }`
[INFO] running `Command { std: "docker" "exec" "-e" "SOURCE_DIR=/opt/rustwide/workdir" "-e" "CARGO_HOME=/opt/rustwide/cargo-home" "-e" "RUSTUP_HOME=/opt/rustwide/rustup-home" "-e" "CARGO_TARGET_DIR=/opt/rustwide/target" "-w" "/opt/rustwide/workdir" "--user" "0:0" "b864e6a4790e7282011edfb54c5553d5b9eb6bcff24462d94b52e7377b00739a" "/opt/rustwide/cargo-home/bin/cargo" "+1.99.0-beta.8" "metadata" "--no-deps" "--format-version=1", kill_on_drop: false }`
[INFO] running `Command { std: "docker" "inspect" "b864e6a4790e7282011edfb54c5553d5b9eb6bcff24462d94b52e7377b00739a", kill_on_drop: false }`
[INFO] running `Command { std: "docker" "exec" "-e" "SOURCE_DIR=/opt/rustwide/workdir" "-e" "CARGO_HOME=/opt/rustwide/cargo-home" "-e" "RUSTUP_HOME=/opt/rustwide/rustup-home" "-e" "CARGO_TARGET_DIR=/opt/rustwide/target" "-e" "CARGO_INCREMENTAL=0" "-e" "RUST_BACKTRACE=full" "-e" "RUSTFLAGS=--cap-lints=warn" "-e" "RUSTDOCFLAGS=--cap-lints=warn" "-w" "/opt/rustwide/workdir" "--user" "0:0" "b864e6a4790e7282011edfb54c5553d5b9eb6bcff24462d94b52e7377b00739a" "/opt/rustwide/cargo-home/bin/cargo" "+1.99.0-beta.8" "build" "--frozen" "--message-format=json", kill_on_drop: false }`
[INFO] [stderr]    Compiling typenum v1.19.0
[INFO] [stderr]    Compiling unicode-ident v1.0.23
[INFO] [stderr]    Compiling semver v1.0.27
[INFO] [stderr]    Compiling serde v1.0.228
[INFO] [stderr]    Compiling five8_core v0.1.2
[INFO] [stderr]    Compiling rialo-sanitize v0.21.0-alpha.0
[INFO] [stderr]    Compiling bs58 v0.5.1
[INFO] [stderr]    Compiling rialo-atomic-u64 v0.21.0-alpha.0
[INFO] [stderr]    Compiling serde_core v1.0.228
[INFO] [stderr]    Compiling zeroize v1.8.2
[INFO] [stderr]    Compiling rand_core v0.6.4
[INFO] [stderr]    Compiling bytemuck v1.25.0
[INFO] [stderr]    Compiling rialo-s-decode-error v0.21.0-alpha.0
[INFO] [stderr]    Compiling rialo-s-precompile-error v0.21.0-alpha.0
[INFO] [stderr]    Compiling five8_const v0.1.4
[INFO] [stderr]    Compiling proc-macro2 v1.0.106
[INFO] [stderr]    Compiling rialo-s-pubkey v0.21.0-alpha.0
[INFO] [stderr]    Compiling rialo-s-instruction v0.21.0-alpha.0
[INFO] [stderr]    Compiling rialo-s-sdk-ids v0.21.0-alpha.0
[INFO] [stderr]    Compiling rustc_version v0.4.1
[INFO] [stderr]    Compiling curve25519-dalek v4.1.3
[INFO] [stderr]    Compiling quote v1.0.44
[INFO] [stderr]    Compiling syn v2.0.114
[INFO] [stderr]    Compiling generic-array v0.14.7
[INFO] [stderr]    Compiling block-buffer v0.10.4
[INFO] [stderr]    Compiling crypto-common v0.1.7
[INFO] [stderr]    Compiling digest v0.10.7
[INFO] [stderr]    Compiling signature v2.2.0
[INFO] [stderr]    Compiling sha2 v0.10.9
[INFO] [stderr]    Compiling curve25519-dalek-derive v0.1.1
[INFO] [stderr]    Compiling bytemuck_derive v1.10.2
[INFO] [stderr]    Compiling ed25519 v2.2.3
[INFO] [stderr]    Compiling ed25519-dalek v2.2.0
[INFO] [stderr]    Compiling rialo-s-ed25519-program v0.21.0-alpha.0 (/opt/rustwide/workdir)
[INFO] [stderr]     Finished `dev` profile [unoptimized + debuginfo] target(s) in 10.36s
[INFO] running `Command { std: "docker" "inspect" "b864e6a4790e7282011edfb54c5553d5b9eb6bcff24462d94b52e7377b00739a", kill_on_drop: false }`
[INFO] running `Command { std: "docker" "exec" "-e" "SOURCE_DIR=/opt/rustwide/workdir" "-e" "CARGO_HOME=/opt/rustwide/cargo-home" "-e" "RUSTUP_HOME=/opt/rustwide/rustup-home" "-e" "CARGO_TARGET_DIR=/opt/rustwide/target" "-e" "CARGO_INCREMENTAL=0" "-e" "RUST_BACKTRACE=full" "-e" "RUSTFLAGS=--cap-lints=warn" "-e" "RUSTDOCFLAGS=--cap-lints=warn" "-w" "/opt/rustwide/workdir" "--user" "0:0" "b864e6a4790e7282011edfb54c5553d5b9eb6bcff24462d94b52e7377b00739a" "/opt/rustwide/cargo-home/bin/cargo" "+1.99.0-beta.8" "test" "--frozen" "--no-run" "--message-format=json", kill_on_drop: false }`
[INFO] [stderr]    Compiling rialo-s-ed25519-program v0.21.0-alpha.0 (/opt/rustwide/workdir)
[INFO] [stdout] error[E0432]: unresolved import `hex`
[INFO] [stdout]    --> src/lib.rs:208:9
[INFO] [stdout]     |
[INFO] [stdout] 208 |     use hex;
[INFO] [stdout]     |         ^^^ no external crate `hex`
[INFO] [stdout] 
[INFO] [stdout] 
[INFO] [stdout] error[E0432]: unresolved import `rand`
[INFO] [stdout]    --> src/lib.rs:209:9
[INFO] [stdout]     |
[INFO] [stdout] 209 |     use rand::{thread_rng, Rng};
[INFO] [stdout]     |         ^^^^ use of unresolved module or unlinked crate `rand`
[INFO] [stdout]     |
[INFO] [stdout]     = help: if you wanted to use a crate named `rand`, use `cargo add rand` to add it to your `Cargo.toml`
[INFO] [stdout] 
[INFO] [stdout] 
[INFO] [stdout] error[E0432]: unresolved import `rialo_s_keypair`
[INFO] [stdout]    --> src/lib.rs:210:9
[INFO] [stdout]     |
[INFO] [stdout] 210 |     use rialo_s_keypair::Keypair;
[INFO] [stdout]     |         ^^^^^^^^^^^^^^^ use of unresolved module or unlinked crate `rialo_s_keypair`
[INFO] [stdout]     |
[INFO] [stdout]     = help: if you wanted to use a crate named `rialo_s_keypair`, use `cargo add rialo_s_keypair` to add it to your `Cargo.toml`
[INFO] [stdout] 
[INFO] [stdout] 
[INFO] [stdout] error[E0433]: cannot find module or crate `rialo_s_sdk` in this scope
[INFO] [stdout]    --> src/lib.rs:212:9
[INFO] [stdout]     |
[INFO] [stdout] 212 |     use rialo_s_sdk::transaction::Transaction;
[INFO] [stdout]     |         ^^^^^^^^^^^ use of unresolved module or unlinked crate `rialo_s_sdk`
[INFO] [stdout]     |
[INFO] [stdout]     = help: if you wanted to use a crate named `rialo_s_sdk`, use `cargo add rialo_s_sdk` to add it to your `Cargo.toml`
[INFO] [stdout] 
[INFO] [stdout] 
[INFO] [stdout] error[E0432]: unresolved import `rialo_s_message`
[INFO] [stdout]    --> src/lib.rs:211:9
[INFO] [stdout]     |
[INFO] [stdout] 211 |     use rialo_s_message::ConfigHashPrefix;
[INFO] [stdout]     |         ^^^^^^^^^^^^^^^ use of unresolved module or unlinked crate `rialo_s_message`
[INFO] [stdout]     |
[INFO] [stdout]     = help: if you wanted to use a crate named `rialo_s_message`, use `cargo add rialo_s_message` to add it to your `Cargo.toml`
[INFO] [stdout] 
[INFO] [stdout] 
[INFO] [stdout] error[E0432]: unresolved import `rialo_s_signer`
[INFO] [stdout]    --> src/lib.rs:213:9
[INFO] [stdout]     |
[INFO] [stdout] 213 |     use rialo_s_signer::Signer;
[INFO] [stdout]     |         ^^^^^^^^^^^^^^ use of unresolved module or unlinked crate `rialo_s_signer`
[INFO] [stdout]     |
[INFO] [stdout]     = help: if you wanted to use a crate named `rialo_s_signer`, use `cargo add rialo_s_signer` to add it to your `Cargo.toml`
[INFO] [stdout] 
[INFO] [stdout] 
[INFO] [stdout] error[E0433]: cannot find module or crate `rialo_s_logger` in this scope
[INFO] [stdout]    --> src/lib.rs:289:9
[INFO] [stdout]     |
[INFO] [stdout] 289 |         rialo_s_logger::setup();
[INFO] [stdout]     |         ^^^^^^^^^^^^^^ use of unresolved module or unlinked crate `rialo_s_logger`
[INFO] [stdout]     |
[INFO] [stdout]     = help: if you wanted to use a crate named `rialo_s_logger`, use `cargo add rialo_s_logger` to add it to your `Cargo.toml`
[INFO] [stdout] 
[INFO] [stdout] 
[INFO] [stdout] error[E0433]: cannot find module or crate `rialo_s_logger` in this scope
[INFO] [stdout]    --> src/lib.rs:417:9
[INFO] [stdout]     |
[INFO] [stdout] 417 |         rialo_s_logger::setup();
[INFO] [stdout]     |         ^^^^^^^^^^^^^^ use of unresolved module or unlinked crate `rialo_s_logger`
[INFO] [stdout]     |
[INFO] [stdout]     = help: if you wanted to use a crate named `rialo_s_logger`, use `cargo add rialo_s_logger` to add it to your `Cargo.toml`
[INFO] [stdout] 
[INFO] [stdout] 
[INFO] [stdout] error[E0433]: cannot find module or crate `rialo_s_logger` in this scope
[INFO] [stdout]    --> src/lib.rs:459:9
[INFO] [stdout]     |
[INFO] [stdout] 459 |         rialo_s_logger::setup();
[INFO] [stdout]     |         ^^^^^^^^^^^^^^ use of unresolved module or unlinked crate `rialo_s_logger`
[INFO] [stdout]     |
[INFO] [stdout]     = help: if you wanted to use a crate named `rialo_s_logger`, use `cargo add rialo_s_logger` to add it to your `Cargo.toml`
[INFO] [stdout] 
[INFO] [stdout] 
[INFO] [stdout] error[E0433]: cannot find module or crate `rialo_s_logger` in this scope
[INFO] [stdout]    --> src/lib.rs:535:9
[INFO] [stdout]     |
[INFO] [stdout] 535 |         rialo_s_logger::setup();
[INFO] [stdout]     |         ^^^^^^^^^^^^^^ use of unresolved module or unlinked crate `rialo_s_logger`
[INFO] [stdout]     |
[INFO] [stdout]     = help: if you wanted to use a crate named `rialo_s_logger`, use `cargo add rialo_s_logger` to add it to your `Cargo.toml`
[INFO] [stdout] 
[INFO] [stdout] 
[INFO] [stdout] Some errors have detailed explanations: E0432, E0433.
[INFO] [stdout] 
[INFO] [stdout] For more information about an error, try `rustc --explain E0432`.
[INFO] [stdout] 
[INFO] [stderr] error: could not compile `rialo-s-ed25519-program` (lib test) due to 10 previous errors
[INFO] running `Command { std: "docker" "inspect" "b864e6a4790e7282011edfb54c5553d5b9eb6bcff24462d94b52e7377b00739a", kill_on_drop: false }`
[INFO] running `Command { std: "docker" "rm" "-f" "b864e6a4790e7282011edfb54c5553d5b9eb6bcff24462d94b52e7377b00739a", kill_on_drop: false }`
[INFO] [stdout] b864e6a4790e7282011edfb54c5553d5b9eb6bcff24462d94b52e7377b00739a
