[INFO] fetching crate rialo-s-big-mod-exp 0.21.0-alpha.0...
[INFO] testing rialo-s-big-mod-exp-0.21.0-alpha.0 against 1.99.0-beta.8 for beta-1.100-2
[INFO] extracting crate rialo-s-big-mod-exp 0.21.0-alpha.0 into /workspace/builds/worker-3-tc1/source
[INFO] started tweaking crates.io crate rialo-s-big-mod-exp 0.21.0-alpha.0
[INFO] finished tweaking crates.io crate rialo-s-big-mod-exp 0.21.0-alpha.0
[INFO] tweaked toml for crates.io crate rialo-s-big-mod-exp 0.21.0-alpha.0 written to /workspace/builds/worker-3-tc1/source/Cargo.toml
[INFO] validating manifest of crates.io crate rialo-s-big-mod-exp 0.21.0-alpha.0 on toolchain 1.99.0-beta.8
[INFO] running `Command { std: CARGO_HOME="/workspace/cargo-home" RUSTUP_HOME="/workspace/rustup-home" "/workspace/cargo-home/bin/cargo" "+1.99.0-beta.8" "metadata" "--manifest-path" "Cargo.toml" "--no-deps", kill_on_drop: false }`
[INFO] crate crates.io crate rialo-s-big-mod-exp 0.21.0-alpha.0 already has a lockfile, it will not be regenerated
[INFO] running `Command { std: CARGO_HOME="/workspace/cargo-home" RUSTUP_HOME="/workspace/rustup-home" "/workspace/cargo-home/bin/cargo" "+1.99.0-beta.8" "fetch" "--manifest-path" "Cargo.toml", kill_on_drop: false }`
[INFO] [stderr]     Updating crates.io index
[INFO] [stderr]     Blocking waiting for file lock on package cache
[INFO] [stderr]  Downloading crates ...
[INFO] [stderr]   Downloaded rialo-s-define-syscall v0.21.0-alpha.0
[INFO] [stderr]   Downloaded polkavm-derive v0.26.0
[INFO] [stderr]   Downloaded polkavm-derive-impl-macro v0.26.0
[INFO] [stderr]   Downloaded unicode-ident v1.0.23
[INFO] [stderr]   Downloaded polkavm-derive-impl v0.26.0
[INFO] [stderr]   Downloaded polkavm-common v0.26.0
[INFO] running `Command { std: "docker" "create" "-v" "/var/lib/crater-agent-workspace/builds/worker-3-tc1/source:/opt/rustwide/workdir:ro,Z" "-v" "/var/lib/crater-agent-workspace/builds/worker-3-tc1/target:/opt/rustwide/target:rw,Z" "-v" "/var/lib/crater-agent-workspace/cargo-home:/opt/rustwide/cargo-home:ro,Z" "-v" "/var/lib/crater-agent-workspace/rustup-home:/opt/rustwide/rustup-home:ro,Z" "-m" "1610612736" "--network" "none" "ghcr.io/rust-lang/crates-build-env/linux@sha256:3111399a4047eeb3a02b7a90e478d715f38a8c6669b5c4b49d30a17385265909" "sleep" "infinity", kill_on_drop: false }`
[INFO] [stdout] 3a030519d4f4a372bf7c0b246e93025ef303d1f0022d5f6ba847de1b4aa358bd
[INFO] running `Command { std: "docker" "start" "3a030519d4f4a372bf7c0b246e93025ef303d1f0022d5f6ba847de1b4aa358bd", kill_on_drop: false }`
[INFO] running `Command { std: "docker" "inspect" "3a030519d4f4a372bf7c0b246e93025ef303d1f0022d5f6ba847de1b4aa358bd", kill_on_drop: false }`
[INFO] running `Command { std: "docker" "exec" "-e" "SOURCE_DIR=/opt/rustwide/workdir" "-e" "CARGO_HOME=/opt/rustwide/cargo-home" "-e" "RUSTUP_HOME=/opt/rustwide/rustup-home" "-e" "CARGO_TARGET_DIR=/opt/rustwide/target" "-w" "/opt/rustwide/workdir" "--user" "0:0" "3a030519d4f4a372bf7c0b246e93025ef303d1f0022d5f6ba847de1b4aa358bd" "/opt/rustwide/cargo-home/bin/cargo" "+1.99.0-beta.8" "metadata" "--no-deps" "--format-version=1", kill_on_drop: false }`
[INFO] running `Command { std: "docker" "inspect" "3a030519d4f4a372bf7c0b246e93025ef303d1f0022d5f6ba847de1b4aa358bd", kill_on_drop: false }`
[INFO] running `Command { std: "docker" "exec" "-e" "SOURCE_DIR=/opt/rustwide/workdir" "-e" "CARGO_HOME=/opt/rustwide/cargo-home" "-e" "RUSTUP_HOME=/opt/rustwide/rustup-home" "-e" "CARGO_TARGET_DIR=/opt/rustwide/target" "-e" "CARGO_INCREMENTAL=0" "-e" "RUST_BACKTRACE=full" "-e" "RUSTFLAGS=--cap-lints=warn" "-e" "RUSTDOCFLAGS=--cap-lints=warn" "-w" "/opt/rustwide/workdir" "--user" "0:0" "3a030519d4f4a372bf7c0b246e93025ef303d1f0022d5f6ba847de1b4aa358bd" "/opt/rustwide/cargo-home/bin/cargo" "+1.99.0-beta.8" "build" "--frozen" "--message-format=json", kill_on_drop: false }`
[INFO] [stderr]    Compiling num-traits v0.2.19
[INFO] [stderr]    Compiling num-integer v0.1.46
[INFO] [stderr]    Compiling num-bigint v0.4.6
[INFO] [stderr]    Compiling rialo-s-big-mod-exp v0.21.0-alpha.0 (/opt/rustwide/workdir)
[INFO] [stderr]     Finished `dev` profile [unoptimized + debuginfo] target(s) in 3.45s
[INFO] running `Command { std: "docker" "inspect" "3a030519d4f4a372bf7c0b246e93025ef303d1f0022d5f6ba847de1b4aa358bd", kill_on_drop: false }`
[INFO] running `Command { std: "docker" "exec" "-e" "SOURCE_DIR=/opt/rustwide/workdir" "-e" "CARGO_HOME=/opt/rustwide/cargo-home" "-e" "RUSTUP_HOME=/opt/rustwide/rustup-home" "-e" "CARGO_TARGET_DIR=/opt/rustwide/target" "-e" "CARGO_INCREMENTAL=0" "-e" "RUST_BACKTRACE=full" "-e" "RUSTFLAGS=--cap-lints=warn" "-e" "RUSTDOCFLAGS=--cap-lints=warn" "-w" "/opt/rustwide/workdir" "--user" "0:0" "3a030519d4f4a372bf7c0b246e93025ef303d1f0022d5f6ba847de1b4aa358bd" "/opt/rustwide/cargo-home/bin/cargo" "+1.99.0-beta.8" "test" "--frozen" "--no-run" "--message-format=json", kill_on_drop: false }`
[INFO] [stderr]    Compiling rialo-s-big-mod-exp v0.21.0-alpha.0 (/opt/rustwide/workdir)
[INFO] [stdout] error[E0433]: cannot find module or crate `serde_derive` in this scope
[INFO] [stdout]   --> src/lib.rs:65:18
[INFO] [stdout]    |
[INFO] [stdout] 65 |         #[derive(serde_derive::Deserialize)]
[INFO] [stdout]    |                  ^^^^^^^^^^^^ use of unresolved module or unlinked crate `serde_derive`
[INFO] [stdout] 
[INFO] [stdout] 
[INFO] [stdout] error: cannot find attribute `serde` in this scope
[INFO] [stdout]   --> src/lib.rs:66:11
[INFO] [stdout]    |
[INFO] [stdout] 66 |         #[serde(rename_all = "PascalCase")]
[INFO] [stdout]    |           ^^^^^
[INFO] [stdout] 
[INFO] [stdout] 
[INFO] [stderr] error: could not compile `rialo-s-big-mod-exp` (lib test) due to 7 previous errors
[INFO] [stdout] error[E0433]: cannot find module or crate `serde_json` in this scope
[INFO] [stdout]    --> src/lib.rs:131:41
[INFO] [stdout]     |
[INFO] [stdout] 131 |         let test_cases: Vec<TestCase> = serde_json::from_str(test_data).unwrap();
[INFO] [stdout]     |                                         ^^^^^^^^^^ use of unresolved module or unlinked crate `serde_json`
[INFO] [stdout]     |
[INFO] [stdout]     = help: if you wanted to use a crate named `serde_json`, use `cargo add serde_json` to add it to your `Cargo.toml`
[INFO] [stdout] 
[INFO] [stdout] 
[INFO] [stdout] error[E0433]: cannot find module or crate `array_bytes` in this scope
[INFO] [stdout]    --> src/lib.rs:133:24
[INFO] [stdout]     |
[INFO] [stdout] 133 |             let base = array_bytes::hex2bytes_unchecked(&test.base);
[INFO] [stdout]     |                        ^^^^^^^^^^^ use of unresolved module or unlinked crate `array_bytes`
[INFO] [stdout]     |
[INFO] [stdout]     = help: if you wanted to use a crate named `array_bytes`, use `cargo add array_bytes` to add it to your `Cargo.toml`
[INFO] [stdout] 
[INFO] [stdout] 
[INFO] [stdout] error[E0433]: cannot find module or crate `array_bytes` in this scope
[INFO] [stdout]    --> src/lib.rs:134:28
[INFO] [stdout]     |
[INFO] [stdout] 134 |             let exponent = array_bytes::hex2bytes_unchecked(&test.exponent);
[INFO] [stdout]     |                            ^^^^^^^^^^^ use of unresolved module or unlinked crate `array_bytes`
[INFO] [stdout]     |
[INFO] [stdout]     = help: if you wanted to use a crate named `array_bytes`, use `cargo add array_bytes` to add it to your `Cargo.toml`
[INFO] [stdout] 
[INFO] [stdout] 
[INFO] [stdout] error[E0433]: cannot find module or crate `array_bytes` in this scope
[INFO] [stdout]    --> src/lib.rs:135:27
[INFO] [stdout]     |
[INFO] [stdout] 135 |             let modulus = array_bytes::hex2bytes_unchecked(&test.modulus);
[INFO] [stdout]     |                           ^^^^^^^^^^^ use of unresolved module or unlinked crate `array_bytes`
[INFO] [stdout]     |
[INFO] [stdout]     = help: if you wanted to use a crate named `array_bytes`, use `cargo add array_bytes` to add it to your `Cargo.toml`
[INFO] [stdout] 
[INFO] [stdout] 
[INFO] [stdout] error[E0433]: cannot find module or crate `array_bytes` in this scope
[INFO] [stdout]    --> src/lib.rs:136:28
[INFO] [stdout]     |
[INFO] [stdout] 136 |             let expected = array_bytes::hex2bytes_unchecked(&test.expected);
[INFO] [stdout]     |                            ^^^^^^^^^^^ use of unresolved module or unlinked crate `array_bytes`
[INFO] [stdout]     |
[INFO] [stdout]     = help: if you wanted to use a crate named `array_bytes`, use `cargo add array_bytes` to add it to your `Cargo.toml`
[INFO] [stdout] 
[INFO] [stdout] 
[INFO] [stdout] For more information about this error, try `rustc --explain E0433`.
[INFO] [stdout] 
[INFO] running `Command { std: "docker" "inspect" "3a030519d4f4a372bf7c0b246e93025ef303d1f0022d5f6ba847de1b4aa358bd", kill_on_drop: false }`
[INFO] running `Command { std: "docker" "rm" "-f" "3a030519d4f4a372bf7c0b246e93025ef303d1f0022d5f6ba847de1b4aa358bd", kill_on_drop: false }`
[INFO] [stdout] 3a030519d4f4a372bf7c0b246e93025ef303d1f0022d5f6ba847de1b4aa358bd
