[INFO] fetching crate rialo-feature-management-program-interface 0.12.2...
[INFO] testing rialo-feature-management-program-interface-0.12.2 against 1.99.0-beta.8 for beta-1.100-2
[INFO] extracting crate rialo-feature-management-program-interface 0.12.2 into /workspace/builds/worker-0-tc1/source
[INFO] started tweaking crates.io crate rialo-feature-management-program-interface 0.12.2
[INFO] finished tweaking crates.io crate rialo-feature-management-program-interface 0.12.2
[INFO] tweaked toml for crates.io crate rialo-feature-management-program-interface 0.12.2 written to /workspace/builds/worker-0-tc1/source/Cargo.toml
[INFO] validating manifest of crates.io crate rialo-feature-management-program-interface 0.12.2 on toolchain 1.99.0-beta.8
[INFO] running `Command { std: CARGO_HOME="/workspace/cargo-home" RUSTUP_HOME="/workspace/rustup-home" "/workspace/cargo-home/bin/cargo" "+1.99.0-beta.8" "metadata" "--manifest-path" "Cargo.toml" "--no-deps", kill_on_drop: false }`
[INFO] crate crates.io crate rialo-feature-management-program-interface 0.12.2 already has a lockfile, it will not be regenerated
[INFO] running `Command { std: CARGO_HOME="/workspace/cargo-home" RUSTUP_HOME="/workspace/rustup-home" "/workspace/cargo-home/bin/cargo" "+1.99.0-beta.8" "fetch" "--manifest-path" "Cargo.toml", kill_on_drop: false }`
[INFO] [stderr]     Blocking waiting for file lock on package cache
[INFO] [stderr]     Updating crates.io index
[INFO] [stderr]  Downloading crates ...
[INFO] [stderr]   Downloaded rialo-s-pubkey v0.12.2
[INFO] [stderr]   Downloaded rialo-sanitize v0.12.2
[INFO] [stderr]   Downloaded rialo-s-sha256-hasher v0.12.2
[INFO] [stderr]   Downloaded rialo-s-define-syscall v0.12.2
[INFO] [stderr]   Downloaded zmij v1.0.20
[INFO] [stderr]   Downloaded rialo-hash v0.12.2
[INFO] [stderr]   Downloaded rialo-atomic-u64 v0.12.2
[INFO] [stderr]   Downloaded five8_const v0.1.4
[INFO] [stderr]   Downloaded five8_core v0.1.2
[INFO] [stderr]   Downloaded rialo-s-decode-error v0.12.2
[INFO] [stderr]   Downloaded rialo-s-msg v0.12.2
[INFO] [stderr]   Downloaded rialo-s-instruction v0.12.2
[INFO] [stderr]   Downloaded rialo-s-program-error v0.12.2
[INFO] running `Command { std: "docker" "create" "-v" "/var/lib/crater-agent-workspace/builds/worker-0-tc1/source:/opt/rustwide/workdir:ro,Z" "-v" "/var/lib/crater-agent-workspace/builds/worker-0-tc1/target:/opt/rustwide/target:rw,Z" "-v" "/var/lib/crater-agent-workspace/cargo-home:/opt/rustwide/cargo-home:ro,Z" "-v" "/var/lib/crater-agent-workspace/rustup-home:/opt/rustwide/rustup-home:ro,Z" "-m" "1610612736" "--network" "none" "ghcr.io/rust-lang/crates-build-env/linux@sha256:3111399a4047eeb3a02b7a90e478d715f38a8c6669b5c4b49d30a17385265909" "sleep" "infinity", kill_on_drop: false }`
[INFO] [stdout] 10dcbaf2b87563a18853b6d8e8e46ae13729087d0d83df224dabcc9f2bb72739
[INFO] running `Command { std: "docker" "start" "10dcbaf2b87563a18853b6d8e8e46ae13729087d0d83df224dabcc9f2bb72739", kill_on_drop: false }`
[INFO] running `Command { std: "docker" "inspect" "10dcbaf2b87563a18853b6d8e8e46ae13729087d0d83df224dabcc9f2bb72739", kill_on_drop: false }`
[INFO] running `Command { std: "docker" "exec" "-e" "SOURCE_DIR=/opt/rustwide/workdir" "-e" "CARGO_HOME=/opt/rustwide/cargo-home" "-e" "RUSTUP_HOME=/opt/rustwide/rustup-home" "-e" "CARGO_TARGET_DIR=/opt/rustwide/target" "-w" "/opt/rustwide/workdir" "--user" "0:0" "10dcbaf2b87563a18853b6d8e8e46ae13729087d0d83df224dabcc9f2bb72739" "/opt/rustwide/cargo-home/bin/cargo" "+1.99.0-beta.8" "metadata" "--no-deps" "--format-version=1", kill_on_drop: false }`
[INFO] running `Command { std: "docker" "inspect" "10dcbaf2b87563a18853b6d8e8e46ae13729087d0d83df224dabcc9f2bb72739", kill_on_drop: false }`
[INFO] running `Command { std: "docker" "exec" "-e" "SOURCE_DIR=/opt/rustwide/workdir" "-e" "CARGO_HOME=/opt/rustwide/cargo-home" "-e" "RUSTUP_HOME=/opt/rustwide/rustup-home" "-e" "CARGO_TARGET_DIR=/opt/rustwide/target" "-e" "CARGO_INCREMENTAL=0" "-e" "RUST_BACKTRACE=full" "-e" "RUSTFLAGS=--cap-lints=warn" "-e" "RUSTDOCFLAGS=--cap-lints=warn" "-w" "/opt/rustwide/workdir" "--user" "0:0" "10dcbaf2b87563a18853b6d8e8e46ae13729087d0d83df224dabcc9f2bb72739" "/opt/rustwide/cargo-home/bin/cargo" "+1.99.0-beta.8" "build" "--frozen" "--message-format=json", kill_on_drop: false }`
[INFO] [stderr]    Compiling typenum v1.19.0
[INFO] [stderr]    Compiling unicode-ident v1.0.23
[INFO] [stderr]    Compiling quote v1.0.44
[INFO] [stderr]    Compiling winnow v0.7.14
[INFO] [stderr]    Compiling hashbrown v0.16.1
[INFO] [stderr]    Compiling equivalent v1.0.2
[INFO] [stderr]    Compiling toml_datetime v0.7.5+spec-1.1.0
[INFO] [stderr]    Compiling once_cell v1.21.3
[INFO] [stderr]    Compiling rialo-atomic-u64 v0.12.2
[INFO] [stderr]    Compiling borsh v1.6.0
[INFO] [stderr]    Compiling rialo-sanitize v0.12.2
[INFO] [stderr]    Compiling bs58 v0.5.1
[INFO] [stderr]    Compiling num-traits v0.2.19
[INFO] [stderr]    Compiling curve25519-dalek v4.1.3
[INFO] [stderr]    Compiling five8_core v0.1.2
[INFO] [stderr]    Compiling subtle v2.6.1
[INFO] [stderr]    Compiling five8_const v0.1.4
[INFO] [stderr]    Compiling rialo-s-msg v0.12.2
[INFO] [stderr]    Compiling proc-macro2 v1.0.106
[INFO] [stderr]    Compiling rialo-hash v0.12.2
[INFO] [stderr]    Compiling rialo-s-decode-error v0.12.2
[INFO] [stderr]    Compiling syn v2.0.114
[INFO] [stderr]    Compiling indexmap v2.13.0
[INFO] [stderr]    Compiling generic-array v0.14.7
[INFO] [stderr]    Compiling block-buffer v0.10.4
[INFO] [stderr]    Compiling crypto-common v0.1.7
[INFO] [stderr]    Compiling digest v0.10.7
[INFO] [stderr]    Compiling sha2 v0.10.9
[INFO] [stderr]    Compiling toml_parser v1.0.6+spec-1.1.0
[INFO] [stderr]    Compiling rialo-s-sha256-hasher v0.12.2
[INFO] [stderr]    Compiling toml_edit v0.23.10+spec-1.0.0
[INFO] [stderr]    Compiling proc-macro-crate v3.4.0
[INFO] [stderr]    Compiling borsh-derive v1.6.0
[INFO] [stderr]    Compiling curve25519-dalek-derive v0.1.1
[INFO] [stderr]    Compiling rialo-s-pubkey v0.12.2
[INFO] [stderr]    Compiling rialo-s-instruction v0.12.2
[INFO] [stderr]    Compiling rialo-s-program-error v0.12.2
[INFO] [stderr]    Compiling rialo-feature-management-program-interface v0.12.2 (/opt/rustwide/workdir)
[INFO] [stderr]     Finished `dev` profile [unoptimized + debuginfo] target(s) in 9.05s
[INFO] running `Command { std: "docker" "inspect" "10dcbaf2b87563a18853b6d8e8e46ae13729087d0d83df224dabcc9f2bb72739", kill_on_drop: false }`
[INFO] running `Command { std: "docker" "exec" "-e" "SOURCE_DIR=/opt/rustwide/workdir" "-e" "CARGO_HOME=/opt/rustwide/cargo-home" "-e" "RUSTUP_HOME=/opt/rustwide/rustup-home" "-e" "CARGO_TARGET_DIR=/opt/rustwide/target" "-e" "CARGO_INCREMENTAL=0" "-e" "RUST_BACKTRACE=full" "-e" "RUSTFLAGS=--cap-lints=warn" "-e" "RUSTDOCFLAGS=--cap-lints=warn" "-w" "/opt/rustwide/workdir" "--user" "0:0" "10dcbaf2b87563a18853b6d8e8e46ae13729087d0d83df224dabcc9f2bb72739" "/opt/rustwide/cargo-home/bin/cargo" "+1.99.0-beta.8" "test" "--frozen" "--no-run" "--message-format=json", kill_on_drop: false }`
[INFO] [stderr]    Compiling rialo-feature-management-program-interface v0.12.2 (/opt/rustwide/workdir)
[INFO] [stdout] error[E0432]: unresolved import `rialo_s_keypair`
[INFO] [stdout]    --> src/state.rs:117:13
[INFO] [stdout]     |
[INFO] [stdout] 117 |         use rialo_s_keypair::Keypair;
[INFO] [stdout]     |             ^^^^^^^^^^^^^^^ use of unresolved module or unlinked crate `rialo_s_keypair`
[INFO] [stdout]     |
[INFO] [stdout]     = help: if you wanted to use a crate named `rialo_s_keypair`, use `cargo add rialo_s_keypair` to add it to your `Cargo.toml`
[INFO] [stdout] 
[INFO] [stdout] 
[INFO] [stdout] error[E0433]: cannot find module or crate `proptest` in this scope
[INFO] [stdout]     --> src/state.rs:1192:13
[INFO] [stdout]      |
[INFO] [stdout] 1192 |         use proptest::{prelude::*, test_runner::TestCaseError};
[INFO] [stdout]      |             ^^^^^^^^ use of unresolved module or unlinked crate `proptest`
[INFO] [stdout]      |
[INFO] [stdout]      = help: if you wanted to use a crate named `proptest`, use `cargo add proptest` to add it to your `Cargo.toml`
[INFO] [stdout] 
[INFO] [stdout] 
[INFO] [stdout] error[E0432]: unresolved import `rialo_s_signer`
[INFO] [stdout]    --> src/state.rs:118:13
[INFO] [stdout]     |
[INFO] [stdout] 118 |         use rialo_s_signer::Signer;
[INFO] [stdout]     |             ^^^^^^^^^^^^^^ use of unresolved module or unlinked crate `rialo_s_signer`
[INFO] [stdout]     |
[INFO] [stdout]     = help: if you wanted to use a crate named `rialo_s_signer`, use `cargo add rialo_s_signer` to add it to your `Cargo.toml`
[INFO] [stdout] 
[INFO] [stdout] 
[INFO] [stdout] error: cannot find macro `prop_compose` in this scope
[INFO] [stdout]     --> src/state.rs:1196:9
[INFO] [stdout]      |
[INFO] [stdout] 1196 |         prop_compose! {
[INFO] [stdout]      |         ^^^^^^^^^^^^
[INFO] [stdout] 
[INFO] [stdout] 
[INFO] [stdout] error: cannot find macro `prop_compose` in this scope
[INFO] [stdout]     --> src/state.rs:1205:9
[INFO] [stdout]      |
[INFO] [stdout] 1205 |         prop_compose! {
[INFO] [stdout]      |         ^^^^^^^^^^^^
[INFO] [stdout] 
[INFO] [stdout] 
[INFO] [stdout] error: cannot find macro `prop_compose` in this scope
[INFO] [stdout]     --> src/state.rs:1212:9
[INFO] [stdout]      |
[INFO] [stdout] 1212 |         prop_compose! {
[INFO] [stdout]      |         ^^^^^^^^^^^^
[INFO] [stdout] 
[INFO] [stdout] 
[INFO] [stdout] error: cannot find macro `proptest` in this scope
[INFO] [stdout]     --> src/state.rs:1245:9
[INFO] [stdout]      |
[INFO] [stdout] 1245 |         proptest! {
[INFO] [stdout]      |         ^^^^^^^^
[INFO] [stdout] 
[INFO] [stdout] 
[INFO] [stdout] warning: unused imports: `BTreeMap` and `BTreeSet`
[INFO] [stdout]     --> src/state.rs:1190:34
[INFO] [stdout]      |
[INFO] [stdout] 1190 |         use alloc::collections::{BTreeMap, BTreeSet};
[INFO] [stdout]      |                                  ^^^^^^^^  ^^^^^^^^
[INFO] [stdout]      |
[INFO] [stdout]      = note: `#[warn(unused_imports)]` (part of `#[warn(unused)]`) on by default
[INFO] [stdout] 
[INFO] [stdout] 
[INFO] [stdout] Some errors have detailed explanations: E0432, E0433.
[INFO] [stdout] 
[INFO] [stdout] For more information about an error, try `rustc --explain E0432`.
[INFO] [stdout] 
[INFO] [stderr] error: could not compile `rialo-feature-management-program-interface` (lib test) due to 7 previous errors; 1 warning emitted
[INFO] running `Command { std: "docker" "inspect" "10dcbaf2b87563a18853b6d8e8e46ae13729087d0d83df224dabcc9f2bb72739", kill_on_drop: false }`
[INFO] running `Command { std: "docker" "rm" "-f" "10dcbaf2b87563a18853b6d8e8e46ae13729087d0d83df224dabcc9f2bb72739", kill_on_drop: false }`
[INFO] [stdout] 10dcbaf2b87563a18853b6d8e8e46ae13729087d0d83df224dabcc9f2bb72739
