[INFO] fetching crate rialo-events-core 0.21.0-alpha.0...
[INFO] testing rialo-events-core-0.21.0-alpha.0 against 1.100.0-beta.1 for beta-1.100-2
[INFO] extracting crate rialo-events-core 0.21.0-alpha.0 into /workspace/builds/worker-4-tc2/source
[INFO] started tweaking crates.io crate rialo-events-core 0.21.0-alpha.0
[INFO] removed 0 missing tests
[INFO] finished tweaking crates.io crate rialo-events-core 0.21.0-alpha.0
[INFO] tweaked toml for crates.io crate rialo-events-core 0.21.0-alpha.0 written to /workspace/builds/worker-4-tc2/source/Cargo.toml
[INFO] validating manifest of crates.io crate rialo-events-core 0.21.0-alpha.0 on toolchain 1.100.0-beta.1
[INFO] running `Command { std: CARGO_HOME="/workspace/cargo-home" RUSTUP_HOME="/workspace/rustup-home" "/workspace/cargo-home/bin/cargo" "+1.100.0-beta.1" "metadata" "--manifest-path" "Cargo.toml" "--no-deps", kill_on_drop: false }`
[INFO] crate crates.io crate rialo-events-core 0.21.0-alpha.0 already has a lockfile, it will not be regenerated
[INFO] running `Command { std: CARGO_HOME="/workspace/cargo-home" RUSTUP_HOME="/workspace/rustup-home" "/workspace/cargo-home/bin/cargo" "+1.100.0-beta.1" "fetch" "--manifest-path" "Cargo.toml", kill_on_drop: false }`
[INFO] running `Command { std: "docker" "create" "-v" "/var/lib/crater-agent-workspace/builds/worker-4-tc2/source:/opt/rustwide/workdir:ro,Z" "-v" "/var/lib/crater-agent-workspace/builds/worker-4-tc2/target:/opt/rustwide/target:rw,Z" "-v" "/var/lib/crater-agent-workspace/cargo-home:/opt/rustwide/cargo-home:ro,Z" "-v" "/var/lib/crater-agent-workspace/rustup-home:/opt/rustwide/rustup-home:ro,Z" "-m" "1610612736" "--network" "none" "ghcr.io/rust-lang/crates-build-env/linux@sha256:3111399a4047eeb3a02b7a90e478d715f38a8c6669b5c4b49d30a17385265909" "sleep" "infinity", kill_on_drop: false }`
[INFO] [stdout] bba128857268a30e8f9708be02727c1947633c0837904e7c7259c237a1110479
[INFO] running `Command { std: "docker" "start" "bba128857268a30e8f9708be02727c1947633c0837904e7c7259c237a1110479", kill_on_drop: false }`
[INFO] running `Command { std: "docker" "inspect" "bba128857268a30e8f9708be02727c1947633c0837904e7c7259c237a1110479", kill_on_drop: false }`
[INFO] running `Command { std: "docker" "exec" "-e" "SOURCE_DIR=/opt/rustwide/workdir" "-e" "CARGO_HOME=/opt/rustwide/cargo-home" "-e" "RUSTUP_HOME=/opt/rustwide/rustup-home" "-e" "CARGO_TARGET_DIR=/opt/rustwide/target" "-w" "/opt/rustwide/workdir" "--user" "0:0" "bba128857268a30e8f9708be02727c1947633c0837904e7c7259c237a1110479" "/opt/rustwide/cargo-home/bin/cargo" "+1.100.0-beta.1" "metadata" "--no-deps" "--format-version=1", kill_on_drop: false }`
[INFO] running `Command { std: "docker" "inspect" "bba128857268a30e8f9708be02727c1947633c0837904e7c7259c237a1110479", kill_on_drop: false }`
[INFO] running `Command { std: "docker" "exec" "-e" "SOURCE_DIR=/opt/rustwide/workdir" "-e" "CARGO_HOME=/opt/rustwide/cargo-home" "-e" "RUSTUP_HOME=/opt/rustwide/rustup-home" "-e" "CARGO_TARGET_DIR=/opt/rustwide/target" "-e" "CARGO_INCREMENTAL=0" "-e" "RUST_BACKTRACE=full" "-e" "RUSTFLAGS=--cap-lints=warn" "-e" "RUSTDOCFLAGS=--cap-lints=warn" "-w" "/opt/rustwide/workdir" "--user" "0:0" "bba128857268a30e8f9708be02727c1947633c0837904e7c7259c237a1110479" "/opt/rustwide/cargo-home/bin/cargo" "+1.100.0-beta.1" "build" "--frozen" "--message-format=json", kill_on_drop: false }`
[INFO] [stderr]    Compiling proc-macro2 v1.0.106
[INFO] [stderr]    Compiling unicode-ident v1.0.23
[INFO] [stderr]    Compiling zeroize v1.8.2
[INFO] [stderr]    Compiling subtle v2.6.1
[INFO] [stderr]    Compiling const-oid v0.9.6
[INFO] [stderr]    Compiling serde_core v1.0.228
[INFO] [stderr]    Compiling serde v1.0.228
[INFO] [stderr]    Compiling semver v1.0.27
[INFO] [stderr]    Compiling bs58 v0.5.1
[INFO] [stderr]    Compiling rialo-sanitize v0.21.0-alpha.0
[INFO] [stderr]    Compiling generic-array v0.14.7
[INFO] [stderr]    Compiling num-traits v0.2.19
[INFO] [stderr]    Compiling rialo-atomic-u64 v0.21.0-alpha.0
[INFO] [stderr]    Compiling bytemuck v1.25.0
[INFO] [stderr]    Compiling five8_core v0.1.2
[INFO] [stderr]    Compiling libc v0.2.180
[INFO] [stderr]    Compiling five8_const v0.1.4
[INFO] [stderr]    Compiling polkavm-common v0.26.0
[INFO] [stderr]    Compiling rialo-s-msg v0.21.0-alpha.0
[INFO] [stderr]    Compiling cc v1.2.55
[INFO] [stderr]    Compiling base16ct v0.2.0
[INFO] [stderr]    Compiling keccak v0.1.6
[INFO] [stderr]    Compiling rustc_version v0.4.1
[INFO] [stderr]    Compiling foldhash v0.1.5
[INFO] [stderr]    Compiling rialo-s-program-option v0.21.0-alpha.0
[INFO] [stderr]    Compiling rialo-s-native-token v0.21.0-alpha.0
[INFO] [stderr]    Compiling der v0.7.10
[INFO] [stderr]    Compiling curve25519-dalek v4.1.3
[INFO] [stderr]    Compiling quote v1.0.44
[INFO] [stderr]    Compiling crypto-common v0.1.7
[INFO] [stderr]    Compiling block-buffer v0.10.4
[INFO] [stderr]    Compiling digest v0.10.7
[INFO] [stderr]    Compiling syn v2.0.114
[INFO] [stderr]    Compiling sha2 v0.10.9
[INFO] [stderr]    Compiling hmac v0.12.1
[INFO] [stderr]    Compiling sha3 v0.10.8
[INFO] [stderr]    Compiling rfc6979 v0.4.0
[INFO] [stderr]    Compiling rialo-s-decode-error v0.21.0-alpha.0
[INFO] [stderr]    Compiling rialo-s-program-memory v0.21.0-alpha.0
[INFO] [stderr]    Compiling spki v0.7.3
[INFO] [stderr]    Compiling sec1 v0.7.3
[INFO] [stderr]    Compiling pkcs8 v0.10.2
[INFO] [stderr]    Compiling getrandom v0.2.17
[INFO] [stderr]    Compiling blake3 v1.8.3
[INFO] [stderr]    Compiling rand_core v0.6.4
[INFO] [stderr]    Compiling ff v0.13.1
[INFO] [stderr]    Compiling crypto-bigint v0.5.5
[INFO] [stderr]    Compiling signature v2.2.0
[INFO] [stderr]    Compiling group v0.13.0
[INFO] [stderr]    Compiling elliptic-curve v0.13.8
[INFO] [stderr]    Compiling bitflags v2.10.0
[INFO] [stderr]    Compiling indexmap v2.13.0
[INFO] [stderr]    Compiling ecdsa v0.16.9
[INFO] [stderr]    Compiling k256 v0.13.4
[INFO] [stderr]    Compiling polkavm-derive-impl v0.26.0
[INFO] [stderr]    Compiling serde_derive v1.0.228
[INFO] [stderr]    Compiling bytemuck_derive v1.10.2
[INFO] [stderr]    Compiling curve25519-dalek-derive v0.1.1
[INFO] [stderr]    Compiling rialo-s-sdk-macro v0.21.0-alpha.0
[INFO] [stderr]    Compiling thiserror-impl v1.0.69
[INFO] [stderr]    Compiling rialo-events-derive v0.21.0-alpha.0
[INFO] [stderr]    Compiling polkavm-derive-impl-macro v0.26.0
[INFO] [stderr]    Compiling polkavm-derive v0.26.0
[INFO] [stderr]    Compiling rialo-s-define-syscall v0.21.0-alpha.0
[INFO] [stderr]    Compiling thiserror v1.0.69
[INFO] [stderr]    Compiling rialo-s-secp256k1-recover v0.21.0-alpha.0
[INFO] [stderr]    Compiling rialo-hash v0.21.0-alpha.0
[INFO] [stderr]    Compiling bincode v1.3.3
[INFO] [stderr]    Compiling rialo-s-fee-calculator v0.21.0-alpha.0
[INFO] [stderr]    Compiling rialo-s-short-vec v0.21.0-alpha.0
[INFO] [stderr]    Compiling rialo-s-sha256-hasher v0.21.0-alpha.0
[INFO] [stderr]    Compiling rialo-s-keccak-hasher v0.21.0-alpha.0
[INFO] [stderr]    Compiling rialo-s-pubkey v0.21.0-alpha.0
[INFO] [stderr]    Compiling rialo-s-sdk-ids v0.21.0-alpha.0
[INFO] [stderr]    Compiling rialo-s-nonce v0.21.0-alpha.0
[INFO] [stderr]    Compiling rialo-s-sysvar-id v0.21.0-alpha.0
[INFO] [stderr]    Compiling rialo-s-clock v0.21.0-alpha.0
[INFO] [stderr]    Compiling rialo-s-epoch-schedule v0.21.0-alpha.0
[INFO] [stderr]    Compiling rialo-s-rent v0.21.0-alpha.0
[INFO] [stderr]    Compiling rialo-s-instruction v0.21.0-alpha.0
[INFO] [stderr]    Compiling psmatcher v0.21.0-alpha.0
[INFO] [stderr]    Compiling rialo-s-program-error v0.21.0-alpha.0
[INFO] [stderr]    Compiling rialo-s-transaction-error v0.21.0-alpha.0
[INFO] [stderr]    Compiling rialo-s-bincode v0.21.0-alpha.0
[INFO] [stderr]    Compiling rialo-s-system-interface v0.21.0-alpha.0
[INFO] [stderr]    Compiling rialo-s-serialize-utils v0.21.0-alpha.0
[INFO] [stderr]    Compiling rialo-s-stable-layout v0.21.0-alpha.0
[INFO] [stderr]    Compiling rialo-s-account-info v0.21.0-alpha.0
[INFO] [stderr]    Compiling rialo-s-program-entrypoint v0.21.0-alpha.0
[INFO] [stderr]    Compiling rialo-s-instructions-sysvar v0.21.0-alpha.0
[INFO] [stderr]    Compiling rialo-s-cpi v0.21.0-alpha.0
[INFO] [stderr]    Compiling rialo-s-message v0.21.0-alpha.0
[INFO] [stderr]    Compiling rialo-s-sysvar v0.21.0-alpha.0
[INFO] [stderr]    Compiling rialo-s-example-mocks v0.21.0-alpha.0
[INFO] [stderr]    Compiling rialo-s-program v0.21.0-alpha.0
[INFO] [stderr]    Compiling rialo-events-core v0.21.0-alpha.0 (/opt/rustwide/workdir)
[INFO] [stderr]     Finished `dev` profile [unoptimized + debuginfo] target(s) in 24.46s
[INFO] running `Command { std: "docker" "inspect" "bba128857268a30e8f9708be02727c1947633c0837904e7c7259c237a1110479", kill_on_drop: false }`
[INFO] running `Command { std: "docker" "exec" "-e" "SOURCE_DIR=/opt/rustwide/workdir" "-e" "CARGO_HOME=/opt/rustwide/cargo-home" "-e" "RUSTUP_HOME=/opt/rustwide/rustup-home" "-e" "CARGO_TARGET_DIR=/opt/rustwide/target" "-e" "CARGO_INCREMENTAL=0" "-e" "RUST_BACKTRACE=full" "-e" "RUSTFLAGS=--cap-lints=warn" "-e" "RUSTDOCFLAGS=--cap-lints=warn" "-w" "/opt/rustwide/workdir" "--user" "0:0" "bba128857268a30e8f9708be02727c1947633c0837904e7c7259c237a1110479" "/opt/rustwide/cargo-home/bin/cargo" "+1.100.0-beta.1" "test" "--frozen" "--no-run" "--message-format=json", kill_on_drop: false }`
[INFO] [stderr]    Compiling rialo-events-core v0.21.0-alpha.0 (/opt/rustwide/workdir)
[INFO] [stdout] warning: use of deprecated constant `std::f64::MIN`: replaced by the `MIN` associated constant on `f64`
[INFO] [stdout]   --> tests/derive/pass/edge_case.rs:71:23
[INFO] [stdout]    |
[INFO] [stdout] 71 |         f64_min: f64::MIN,
[INFO] [stdout]    |                       ^^^
[INFO] [stdout]    |
[INFO] [stdout]    = note: `#[warn(deprecated)]` on by default
[INFO] [stdout] 
[INFO] [stdout] 
[INFO] [stdout] warning: use of deprecated constant `std::f64::MAX`: replaced by the `MAX` associated constant on `f64`
[INFO] [stdout]   --> tests/derive/pass/edge_case.rs:72:23
[INFO] [stdout]    |
[INFO] [stdout] 72 |         f64_max: f64::MAX,
[INFO] [stdout]    |                       ^^^
[INFO] [stdout] 
[INFO] [stdout] 
[INFO] [stdout] warning: use of deprecated constant `std::f64::MIN`: replaced by the `MIN` associated constant on `f64`
[INFO] [stdout]    --> tests/derive/pass/edge_case.rs:104:38
[INFO] [stdout]     |
[INFO] [stdout] 104 |         "f64_min" => float_attr(f64::MIN),
[INFO] [stdout]     |                                      ^^^
[INFO] [stdout] 
[INFO] [stdout] 
[INFO] [stdout] warning: use of deprecated constant `std::f64::MAX`: replaced by the `MAX` associated constant on `f64`
[INFO] [stdout]    --> tests/derive/pass/edge_case.rs:105:38
[INFO] [stdout]     |
[INFO] [stdout] 105 |         "f64_max" => float_attr(f64::MAX),
[INFO] [stdout]     |                                      ^^^
[INFO] [stdout] 
[INFO] [stdout] 
[INFO] [stdout] error[E0432]: unresolved import `rialo_types`
[INFO] [stdout]   --> tests/derive/pass/mixed_types.rs:11:5
[INFO] [stdout]    |
[INFO] [stdout] 11 | use rialo_types::RexId;
[INFO] [stdout]    |     ^^^^^^^^^^^ use of unresolved module or unlinked crate `rialo_types`
[INFO] [stdout]    |
[INFO] [stdout]    = help: if you wanted to use a crate named `rialo_types`, use `cargo add rialo_types` to add it to your `Cargo.toml`
[INFO] [stdout] 
[INFO] [stdout] 
[INFO] [stderr] error: could not compile `rialo-events-core` (test "mixed_types") due to 1 previous error
[INFO] [stdout] error[E0432]: unresolved import `gag`
[INFO] [stdout]  --> tests/event_emitter.rs:6:5
[INFO] [stdout]   |
[INFO] [stdout] 6 | use gag::BufferRedirect;
[INFO] [stdout]   |     ^^^ use of unresolved module or unlinked crate `gag`
[INFO] [stdout]   |
[INFO] [stdout]   = help: if you wanted to use a crate named `gag`, use `cargo add gag` to add it to your `Cargo.toml`
[INFO] [stdout] 
[INFO] [stdout] 
[INFO] [stderr] warning: build failed, waiting for other jobs to finish...
[INFO] [stdout] error[E0433]: cannot find module or crate `rialo_s_sdk` in this scope
[INFO] [stdout]   --> tests/event_emitter.rs:19:5
[INFO] [stdout]    |
[INFO] [stdout] 19 | use rialo_s_sdk::{
[INFO] [stdout]    |     ^^^^^^^^^^^ use of unresolved module or unlinked crate `rialo_s_sdk`
[INFO] [stdout]    |
[INFO] [stdout]    = help: if you wanted to use a crate named `rialo_s_sdk`, use `cargo add rialo_s_sdk` to add it to your `Cargo.toml`
[INFO] [stdout] 
[INFO] [stdout] 
[INFO] [stdout] error[E0432]: unresolved import `rialo_s_client_traits`
[INFO] [stdout]   --> tests/event_emitter.rs:14:5
[INFO] [stdout]    |
[INFO] [stdout] 14 | use rialo_s_client_traits::SyncClient;
[INFO] [stdout]    |     ^^^^^^^^^^^^^^^^^^^^^ use of unresolved module or unlinked crate `rialo_s_client_traits`
[INFO] [stdout]    |
[INFO] [stdout]    = help: if you wanted to use a crate named `rialo_s_client_traits`, use `cargo add rialo_s_client_traits` to add it to your `Cargo.toml`
[INFO] [stdout] 
[INFO] [stdout] 
[INFO] [stdout] error[E0432]: unresolved import `rialo_test_utils`
[INFO] [stdout]   --> tests/event_emitter.rs:25:5
[INFO] [stdout]    |
[INFO] [stdout] 25 | use rialo_test_utils::sign_send_instruction;
[INFO] [stdout]    |     ^^^^^^^^^^^^^^^^ use of unresolved module or unlinked crate `rialo_test_utils`
[INFO] [stdout]    |
[INFO] [stdout]    = help: if you wanted to use a crate named `rialo_test_utils`, use `cargo add rialo_test_utils` to add it to your `Cargo.toml`
[INFO] [stdout] 
[INFO] [stdout] 
[INFO] [stdout] error[E0433]: cannot find module or crate `rialo_s_sdk` in this scope
[INFO] [stdout]   --> tests/common/helpers.rs:12:5
[INFO] [stdout]    |
[INFO] [stdout] 12 | use rialo_s_sdk::signature::Keypair;
[INFO] [stdout]    |     ^^^^^^^^^^^ use of unresolved module or unlinked crate `rialo_s_sdk`
[INFO] [stdout]    |
[INFO] [stdout]    = help: if you wanted to use a crate named `rialo_s_sdk`, use `cargo add rialo_s_sdk` to add it to your `Cargo.toml`
[INFO] [stdout] 
[INFO] [stdout] 
[INFO] [stdout] error[E0432]: unresolved import `rialo_program_test`
[INFO] [stdout]   --> tests/common/helpers.rs:10:5
[INFO] [stdout]    |
[INFO] [stdout] 10 | use rialo_program_test::{processor, ProgramTest};
[INFO] [stdout]    |     ^^^^^^^^^^^^^^^^^^ use of unresolved module or unlinked crate `rialo_program_test`
[INFO] [stdout]    |
[INFO] [stdout]    = help: if you wanted to use a crate named `rialo_program_test`, use `cargo add rialo_program_test` to add it to your `Cargo.toml`
[INFO] [stdout] 
[INFO] [stdout] 
[INFO] [stdout] error[E0433]: cannot find module or crate `tokio` in this scope
[INFO] [stdout]   --> tests/event_emitter.rs:34:3
[INFO] [stdout]    |
[INFO] [stdout] 34 | #[tokio::test]
[INFO] [stdout]    |   ^^^^^ use of unresolved module or unlinked crate `tokio`
[INFO] [stdout] 
[INFO] [stdout] 
[INFO] [stdout] error[E0433]: cannot find module or crate `tokio` in this scope
[INFO] [stdout]   --> tests/event_emitter.rs:69:3
[INFO] [stdout]    |
[INFO] [stdout] 69 | #[tokio::test]
[INFO] [stdout]    |   ^^^^^ use of unresolved module or unlinked crate `tokio`
[INFO] [stdout] 
[INFO] [stdout] 
[INFO] [stdout] error[E0433]: cannot find module or crate `tokio` in this scope
[INFO] [stdout]    --> tests/event_emitter.rs:128:3
[INFO] [stdout]     |
[INFO] [stdout] 128 | #[tokio::test]
[INFO] [stdout]     |   ^^^^^ use of unresolved module or unlinked crate `tokio`
[INFO] [stdout] 
[INFO] [stdout] 
[INFO] [stdout] error[E0433]: cannot find module or crate `tokio` in this scope
[INFO] [stdout]    --> tests/event_emitter.rs:164:3
[INFO] [stdout]     |
[INFO] [stdout] 164 | #[tokio::test]
[INFO] [stdout]     |   ^^^^^ use of unresolved module or unlinked crate `tokio`
[INFO] [stdout] 
[INFO] [stdout] 
[INFO] [stdout] error[E0433]: cannot find module or crate `tokio` in this scope
[INFO] [stdout]    --> tests/event_emitter.rs:232:3
[INFO] [stdout]     |
[INFO] [stdout] 232 | #[tokio::test]
[INFO] [stdout]     |   ^^^^^ use of unresolved module or unlinked crate `tokio`
[INFO] [stdout] 
[INFO] [stdout] 
[INFO] [stdout] error[E0433]: cannot find module or crate `tokio` in this scope
[INFO] [stdout]    --> tests/event_emitter.rs:254:3
[INFO] [stdout]     |
[INFO] [stdout] 254 | #[tokio::test]
[INFO] [stdout]     |   ^^^^^ use of unresolved module or unlinked crate `tokio`
[INFO] [stdout] 
[INFO] [stdout] 
[INFO] [stdout] error[E0433]: cannot find module or crate `tokio` in this scope
[INFO] [stdout]    --> tests/event_emitter.rs:278:3
[INFO] [stdout]     |
[INFO] [stdout] 278 | #[tokio::test]
[INFO] [stdout]     |   ^^^^^ use of unresolved module or unlinked crate `tokio`
[INFO] [stdout] 
[INFO] [stdout] 
[INFO] [stdout] error[E0433]: cannot find module or crate `tokio` in this scope
[INFO] [stdout]    --> tests/event_emitter.rs:338:3
[INFO] [stdout]     |
[INFO] [stdout] 338 | #[tokio::test]
[INFO] [stdout]     |   ^^^^^ use of unresolved module or unlinked crate `tokio`
[INFO] [stdout] 
[INFO] [stdout] 
[INFO] [stdout] error[E0433]: cannot find module or crate `tokio` in this scope
[INFO] [stdout]    --> tests/event_emitter.rs:425:3
[INFO] [stdout]     |
[INFO] [stdout] 425 | #[tokio::test]
[INFO] [stdout]     |   ^^^^^ use of unresolved module or unlinked crate `tokio`
[INFO] [stdout] 
[INFO] [stdout] 
[INFO] [stdout] error[E0433]: cannot find module or crate `tracing` in this scope
[INFO] [stdout]    --> tests/event_emitter.rs:454:5
[INFO] [stdout]     |
[INFO] [stdout] 454 |     tracing::info!("Initial account size: {} bytes", initial_size);
[INFO] [stdout]     |     ^^^^^^^ use of unresolved module or unlinked crate `tracing`
[INFO] [stdout] 
[INFO] [stdout] 
[INFO] [stdout] error[E0433]: cannot find module or crate `tracing` in this scope
[INFO] [stdout]    --> tests/event_emitter.rs:455:5
[INFO] [stdout]     |
[INFO] [stdout] 455 |     tracing::info!("Initial account kelvin: {}", initial_kelvin);
[INFO] [stdout]     |     ^^^^^^^ use of unresolved module or unlinked crate `tracing`
[INFO] [stdout] 
[INFO] [stdout] 
[INFO] [stdout] error[E0433]: cannot find module or crate `tracing` in this scope
[INFO] [stdout]    --> tests/event_emitter.rs:485:5
[INFO] [stdout]     |
[INFO] [stdout] 485 |     tracing::info!("New account size: {} bytes", new_size);
[INFO] [stdout]     |     ^^^^^^^ use of unresolved module or unlinked crate `tracing`
[INFO] [stdout] 
[INFO] [stdout] 
[INFO] [stdout] error[E0433]: cannot find module or crate `tracing` in this scope
[INFO] [stdout]    --> tests/event_emitter.rs:486:5
[INFO] [stdout]     |
[INFO] [stdout] 486 |     tracing::info!("New account kelvin: {}", new_kelvin);
[INFO] [stdout]     |     ^^^^^^^ use of unresolved module or unlinked crate `tracing`
[INFO] [stdout] 
[INFO] [stdout] 
[INFO] [stdout] error[E0432]: unresolved import `indexmap`
[INFO] [stdout]  --> tests/derive/pass/various_map_string_key.rs:9:5
[INFO] [stdout]   |
[INFO] [stdout] 9 | use indexmap::IndexMap;
[INFO] [stdout]   |     ^^^^^^^^ use of unresolved module or unlinked crate `indexmap`
[INFO] [stdout]   |
[INFO] [stdout]   = help: if you wanted to use a crate named `indexmap`, use `cargo add indexmap` to add it to your `Cargo.toml`
[INFO] [stdout] 
[INFO] [stdout] 
[INFO] [stdout] For more information about this error, try `rustc --explain E0432`.
[INFO] [stdout] 
[INFO] [stdout] error[E0433]: cannot find module or crate `trybuild` in this scope
[INFO] [stdout]  --> tests/derive/trybuild.rs:6:13
[INFO] [stdout]   |
[INFO] [stdout] 6 |     let t = trybuild::TestCases::new();
[INFO] [stdout]   |             ^^^^^^^^ use of unresolved module or unlinked crate `trybuild`
[INFO] [stdout]   |
[INFO] [stdout] help: to make use of source file tests/derive/trybuild.rs, use `mod trybuild` in this file to declare the module
[INFO] [stdout]   |
[INFO] [stdout] 4 + mod trybuild;
[INFO] [stdout]   |
[INFO] [stdout] 
[INFO] [stdout] 
[INFO] [stdout] warning: unused import: `crate::common::processor::process_instruction`
[INFO] [stdout]   --> tests/common/helpers.rs:14:5
[INFO] [stdout]    |
[INFO] [stdout] 14 | use crate::common::processor::process_instruction;
[INFO] [stdout]    |     ^^^^^^^^^^^^^^^^^^^^^^^^^^^^^^^^^^^^^^^^^^^^^
[INFO] [stdout]    |
[INFO] [stdout]    = note: `#[warn(unused_imports)]` (part of `#[warn(unused)]`) on by default
[INFO] [stdout] 
[INFO] [stdout] 
[INFO] [stdout] For more information about this error, try `rustc --explain E0433`.
[INFO] [stdout] 
[INFO] [stderr] error: could not compile `rialo-events-core` (test "derive_failures") due to 1 previous error
[INFO] [stdout] error[E0277]: the size for values of type `str` cannot be known at compilation time
[INFO] [stdout]    --> tests/derive/pass/various_map_string_key.rs:132:18
[INFO] [stdout]     |
[INFO] [stdout] 132 |         #[derive(RialoEvent)]
[INFO] [stdout]     |                  ^^^^^^^^^^ doesn't have a size known at compile-time
[INFO] [stdout] ...
[INFO] [stdout] 148 | define_event_struct!(IndexMapEvent, IndexMap);
[INFO] [stdout]     | --------------------------------------------- in this macro invocation
[INFO] [stdout]     |
[INFO] [stdout]     = help: the trait `Sized` is not implemented for `str`
[INFO] [stdout] note: required by an implicit `Sized` bound in `<impl From<&IndexMapEvent> for indexmap::map::IndexMap<std::string::String, AttributeValue>>::from::convert_map_to_attr`
[INFO] [stdout]    --> tests/derive/pass/various_map_string_key.rs:132:18
[INFO] [stdout]     |
[INFO] [stdout] 132 |         #[derive(RialoEvent)]
[INFO] [stdout]     |                  ^^^^^^^^^^ required by the implicit `Sized` requirement on this type parameter in `convert_map_to_attr`
[INFO] [stdout] ...
[INFO] [stdout] 148 | define_event_struct!(IndexMapEvent, IndexMap);
[INFO] [stdout]     | --------------------------------------------- in this macro invocation
[INFO] [stdout]     = note: this error originates in the derive macro `RialoEvent` which comes from the expansion of the macro `define_event_struct` (in Nightly builds, run with -Z macro-backtrace for more info)
[INFO] [stdout] 
[INFO] [stdout] 
[INFO] [stdout] error[E0433]: cannot find module or crate `rialo_limits` in this scope
[INFO] [stdout]    --> tests/common/processor.rs:152:47
[INFO] [stdout]     |
[INFO] [stdout] 152 |         limited_deserialize(instruction_data, rialo_limits::MAX_INSTRUCTION_DATA_SIZE).map_err(
[INFO] [stdout]     |                                               ^^^^^^^^^^^^ use of unresolved module or unlinked crate `rialo_limits`
[INFO] [stdout]     |
[INFO] [stdout]     = help: if you wanted to use a crate named `rialo_limits`, use `cargo add rialo_limits` to add it to your `Cargo.toml`
[INFO] [stdout] 
[INFO] [stdout] 
[INFO] [stdout] error[E0277]: the size for values of type `[_]` cannot be known at compilation time
[INFO] [stdout]    --> tests/derive/pass/various_map_string_key.rs:132:18
[INFO] [stdout]     |
[INFO] [stdout] 132 |         #[derive(RialoEvent)]
[INFO] [stdout]     |                  ^^^^^^^^^^ doesn't have a size known at compile-time
[INFO] [stdout] ...
[INFO] [stdout] 148 | define_event_struct!(IndexMapEvent, IndexMap);
[INFO] [stdout]     | --------------------------------------------- in this macro invocation
[INFO] [stdout]     |
[INFO] [stdout]     = help: the trait `Sized` is not implemented for `[_]`
[INFO] [stdout] note: required by an implicit `Sized` bound in `<impl From<&IndexMapEvent> for indexmap::map::IndexMap<std::string::String, AttributeValue>>::from::convert_map_to_attr`
[INFO] [stdout]    --> tests/derive/pass/various_map_string_key.rs:132:18
[INFO] [stdout]     |
[INFO] [stdout] 132 |         #[derive(RialoEvent)]
[INFO] [stdout]     |                  ^^^^^^^^^^ required by the implicit `Sized` requirement on this type parameter in `convert_map_to_attr`
[INFO] [stdout] ...
[INFO] [stdout] 148 | define_event_struct!(IndexMapEvent, IndexMap);
[INFO] [stdout]     | --------------------------------------------- in this macro invocation
[INFO] [stdout]     = note: this error originates in the derive macro `RialoEvent` which comes from the expansion of the macro `define_event_struct` (in Nightly builds, run with -Z macro-backtrace for more info)
[INFO] [stdout] 
[INFO] [stdout] 
[INFO] [stdout] error[E0433]: cannot find module or crate `rialo_program_test` in this scope
[INFO] [stdout]   --> tests/common/helpers.rs:82:43
[INFO] [stdout]    |
[INFO] [stdout] 82 | pub async fn setup_test_environment() -> (rialo_program_test::ProgramTestContext, Pubkey, Keypair) {
[INFO] [stdout]    |                                           ^^^^^^^^^^^^^^^^^^ use of unresolved module or unlinked crate `rialo_program_test`
[INFO] [stdout]    |
[INFO] [stdout]    = help: if you wanted to use a crate named `rialo_program_test`, use `cargo add rialo_program_test` to add it to your `Cargo.toml`
[INFO] [stdout] 
[INFO] [stdout] 
[INFO] [stdout] Some errors have detailed explanations: E0432, E0433.
[INFO] [stdout] 
[INFO] [stdout] For more information about an error, try `rustc --explain E0432`.
[INFO] [stdout] 
[INFO] [stderr] error: could not compile `rialo-events-core` (test "event_emitter") due to 21 previous errors; 1 warning emitted
[INFO] [stdout] Some errors have detailed explanations: E0277, E0432.
[INFO] [stdout] 
[INFO] [stdout] For more information about an error, try `rustc --explain E0277`.
[INFO] [stdout] 
[INFO] [stderr] error: could not compile `rialo-events-core` (test "various_map_string_key") due to 3 previous errors
[INFO] running `Command { std: "docker" "inspect" "bba128857268a30e8f9708be02727c1947633c0837904e7c7259c237a1110479", kill_on_drop: false }`
[INFO] running `Command { std: "docker" "rm" "-f" "bba128857268a30e8f9708be02727c1947633c0837904e7c7259c237a1110479", kill_on_drop: false }`
[INFO] [stdout] bba128857268a30e8f9708be02727c1947633c0837904e7c7259c237a1110479
