[INFO] fetching crate rf-detr-ort 0.2.0...
[INFO] testing rf-detr-ort-0.2.0 against 1.99.0-beta.8 for beta-1.100-2
[INFO] extracting crate rf-detr-ort 0.2.0 into /workspace/builds/worker-3-tc1/source
[INFO] started tweaking crates.io crate rf-detr-ort 0.2.0
[INFO] removed 0 missing examples
[INFO] finished tweaking crates.io crate rf-detr-ort 0.2.0
[INFO] tweaked toml for crates.io crate rf-detr-ort 0.2.0 written to /workspace/builds/worker-3-tc1/source/Cargo.toml
[INFO] validating manifest of crates.io crate rf-detr-ort 0.2.0 on toolchain 1.99.0-beta.8
[INFO] running `Command { std: CARGO_HOME="/workspace/cargo-home" RUSTUP_HOME="/workspace/rustup-home" "/workspace/cargo-home/bin/cargo" "+1.99.0-beta.8" "metadata" "--manifest-path" "Cargo.toml" "--no-deps", kill_on_drop: false }`
[INFO] crate crates.io crate rf-detr-ort 0.2.0 already has a lockfile, it will not be regenerated
[INFO] running `Command { std: CARGO_HOME="/workspace/cargo-home" RUSTUP_HOME="/workspace/rustup-home" "/workspace/cargo-home/bin/cargo" "+1.99.0-beta.8" "fetch" "--manifest-path" "Cargo.toml", kill_on_drop: false }`
[INFO] [stderr]     Updating crates.io index
[INFO] [stderr]  Downloading crates ...
[INFO] [stderr]   Downloaded ort v2.0.0-rc.12
[INFO] [stderr]   Downloaded windows-strings v0.3.1
[INFO] [stderr]   Downloaded windows-implement v0.59.0
[INFO] [stderr]   Downloaded windows-core v0.59.0
[INFO] [stderr]   Downloaded clang v2.0.0
[INFO] [stderr]   Downloaded ort-sys v2.0.0-rc.12
[INFO] [stderr]   Downloaded cc v1.2.60
[INFO] [stderr]   Downloaded opencv-binding-generator v0.96.1
[INFO] [stderr]   Downloaded fast_image_resize v6.0.0
[INFO] [stderr]   Downloaded opencv v0.94.4
[INFO] [stderr]   Downloaded windows v0.59.0
[INFO] running `Command { std: "docker" "create" "-v" "/var/lib/crater-agent-workspace/builds/worker-3-tc1/source:/opt/rustwide/workdir:ro,Z" "-v" "/var/lib/crater-agent-workspace/builds/worker-3-tc1/target:/opt/rustwide/target:rw,Z" "-v" "/var/lib/crater-agent-workspace/cargo-home:/opt/rustwide/cargo-home:ro,Z" "-v" "/var/lib/crater-agent-workspace/rustup-home:/opt/rustwide/rustup-home:ro,Z" "-m" "1610612736" "--network" "none" "ghcr.io/rust-lang/crates-build-env/linux@sha256:3111399a4047eeb3a02b7a90e478d715f38a8c6669b5c4b49d30a17385265909" "sleep" "infinity", kill_on_drop: false }`
[INFO] [stdout] 265f3a594e630e78a45ecdaf39028e8fdbf4cea7e6f371d7d12ebbdb6193f6fc
[INFO] running `Command { std: "docker" "start" "265f3a594e630e78a45ecdaf39028e8fdbf4cea7e6f371d7d12ebbdb6193f6fc", kill_on_drop: false }`
[INFO] running `Command { std: "docker" "inspect" "265f3a594e630e78a45ecdaf39028e8fdbf4cea7e6f371d7d12ebbdb6193f6fc", kill_on_drop: false }`
[INFO] running `Command { std: "docker" "exec" "-e" "SOURCE_DIR=/opt/rustwide/workdir" "-e" "CARGO_HOME=/opt/rustwide/cargo-home" "-e" "RUSTUP_HOME=/opt/rustwide/rustup-home" "-e" "CARGO_TARGET_DIR=/opt/rustwide/target" "-w" "/opt/rustwide/workdir" "--user" "0:0" "265f3a594e630e78a45ecdaf39028e8fdbf4cea7e6f371d7d12ebbdb6193f6fc" "/opt/rustwide/cargo-home/bin/cargo" "+1.99.0-beta.8" "metadata" "--no-deps" "--format-version=1", kill_on_drop: false }`
[INFO] running `Command { std: "docker" "inspect" "265f3a594e630e78a45ecdaf39028e8fdbf4cea7e6f371d7d12ebbdb6193f6fc", kill_on_drop: false }`
[INFO] running `Command { std: "docker" "exec" "-e" "SOURCE_DIR=/opt/rustwide/workdir" "-e" "CARGO_HOME=/opt/rustwide/cargo-home" "-e" "RUSTUP_HOME=/opt/rustwide/rustup-home" "-e" "CARGO_TARGET_DIR=/opt/rustwide/target" "-e" "CARGO_INCREMENTAL=0" "-e" "RUST_BACKTRACE=full" "-e" "RUSTFLAGS=--cap-lints=warn" "-e" "RUSTDOCFLAGS=--cap-lints=warn" "-w" "/opt/rustwide/workdir" "--user" "0:0" "265f3a594e630e78a45ecdaf39028e8fdbf4cea7e6f371d7d12ebbdb6193f6fc" "/opt/rustwide/cargo-home/bin/cargo" "+1.99.0-beta.8" "build" "--frozen" "--message-format=json", kill_on_drop: false }`
[INFO] [stderr]    Compiling num-traits v0.2.19
[INFO] [stderr]    Compiling simd-adler32 v0.3.9
[INFO] [stderr]    Compiling matrixmultiply v0.3.10
[INFO] [stderr]    Compiling rawpointer v0.2.1
[INFO] [stderr]    Compiling ort-sys v2.0.0-rc.12
[INFO] [stderr]    Compiling thiserror-impl v2.0.18
[INFO] [stderr]    Compiling pxfm v0.1.29
[INFO] [stderr]    Compiling zune-core v0.5.1
[INFO] [stderr]    Compiling anyhow v1.0.102
[INFO] [stderr]    Compiling miniz_oxide v0.8.9
[INFO] [stderr]    Compiling fdeflate v0.3.7
[INFO] [stderr]    Compiling zune-jpeg v0.5.15
[INFO] [stderr]    Compiling smallvec v1.15.1
[INFO] [stderr]    Compiling num-integer v0.1.46
[INFO] [stderr]    Compiling flate2 v1.1.9
[INFO] [stderr]    Compiling num-complex v0.4.6
[INFO] [stderr]    Compiling bytemuck v1.25.0
[INFO] [stderr]    Compiling rayon v1.12.0
[INFO] [stderr]    Compiling thiserror v2.0.18
[INFO] [stderr]    Compiling fast_image_resize v6.0.0
[INFO] [stderr]    Compiling png v0.18.1
[INFO] [stderr]    Compiling crossbeam-channel v0.5.15
[INFO] [stderr]    Compiling ndarray v0.17.2
[INFO] [stderr]    Compiling moxcms v0.8.1
[INFO] [stderr]    Compiling ort v2.0.0-rc.12
[INFO] [stderr]    Compiling image v0.25.10
[INFO] [stderr]    Compiling rf-detr-ort v0.2.0 (/opt/rustwide/workdir)
[INFO] [stderr]     Finished `dev` profile [unoptimized + debuginfo] target(s) in 56.66s
[INFO] running `Command { std: "docker" "inspect" "265f3a594e630e78a45ecdaf39028e8fdbf4cea7e6f371d7d12ebbdb6193f6fc", kill_on_drop: false }`
[INFO] running `Command { std: "docker" "exec" "-e" "SOURCE_DIR=/opt/rustwide/workdir" "-e" "CARGO_HOME=/opt/rustwide/cargo-home" "-e" "RUSTUP_HOME=/opt/rustwide/rustup-home" "-e" "CARGO_TARGET_DIR=/opt/rustwide/target" "-e" "CARGO_INCREMENTAL=0" "-e" "RUST_BACKTRACE=full" "-e" "RUSTFLAGS=--cap-lints=warn" "-e" "RUSTDOCFLAGS=--cap-lints=warn" "-w" "/opt/rustwide/workdir" "--user" "0:0" "265f3a594e630e78a45ecdaf39028e8fdbf4cea7e6f371d7d12ebbdb6193f6fc" "/opt/rustwide/cargo-home/bin/cargo" "+1.99.0-beta.8" "test" "--frozen" "--no-run" "--message-format=json", kill_on_drop: false }`
[INFO] [stderr]    Compiling rf-detr-ort v0.2.0 (/opt/rustwide/workdir)
[INFO] [stdout] error: linking with `cc` failed: exit status: 1
[INFO] [stdout]   |
[INFO] [stdout]   = note:  "cc" "-m64" "/opt/rustwide/target/debug/deps/rustcMJ8wYl/symbols.o" "<2 object files omitted>" "-Wl,--as-needed" "-Wl,-Bstatic" "<sysroot>/lib/rustlib/x86_64-unknown-linux-gnu/lib/{libtest-*,libgetopts-*,librustc_std_workspace_std-*}.rlib" "/opt/rustwide/target/debug/deps/{librayon-2f12772fee37c590,librayon_core-e986c1d1845fe6c3,libcrossbeam_deque-e71c6317821167fb,libcrossbeam_epoch-5fdcd5978a9f0010,libcrossbeam_utils-f696a08ab1e94e7a,libeither-40b894c145b6eae5,libimage-a4246b265c8589c4,libbytemuck-690da78adee7b727,libbyteorder_lite-f5df2d14b4488fc7,libmoxcms-b047a3f68ac7258d,libpxfm-fac55e2f4107c2c2,libpng-a65a44176758b672,libbitflags-6f28739f8eecf78f,libflate2-a5e49eed09b16e47,libminiz_oxide-48f024fe3a81c3f8,libfdeflate-365b82c780a9e65c,libsimd_adler32-4fe6a09bed41f873,libcrc32fast-77160f4e25d6fc25,libzune_jpeg-ecb95bf532f6a64f,libzune_core-1e52e593f0022a9f,libfast_image_resize-970560a6163be6bb,libcfg_if-83060ec5685761ae,libthiserror-f08f4fd16f396ae5,libort-2e02d32ccb41ba13,libort_sys-2cd63d128dc049be,libndarray-53db2df01382a347,libmatrixmultiply-634c52aab0249860,libnum_complex-e190614515bf4a9b,libnum_integer-48b587ef580e1d91,libnum_traits-61451ab850bd490d,librawpointer-10d892ea69c462d6,libsmallvec-3281308869c19c4b}.rlib" "<sysroot>/lib/rustlib/x86_64-unknown-linux-gnu/lib/{libstd-*,libpanic_unwind-*,libobject-*,libmemchr-*,libaddr2line-*,libgimli-*,libcfg_if-*,librustc_demangle-*,libstd_detect-*,libhashbrown-*,librustc_std_workspace_alloc-*,libminiz_oxide-*,libadler2-*,libunwind-*,liblibc-*,librustc_std_workspace_core-*,liballoc-*,libcore-*,libcompiler_builtins-*}.rlib" "-Wl,-Bdynamic" "-lgcc_s" "-lutil" "-lrt" "-lpthread" "-lm" "-ldl" "-lc" "-L" "/opt/rustwide/target/debug/deps/rustcMJ8wYl/raw-dylibs" "-B<sysroot>/lib/rustlib/x86_64-unknown-linux-gnu/bin/gcc-ld" "-fuse-ld=lld" "-Wl,--eh-frame-hdr" "-Wl,-z,noexecstack" "-L" "<sysroot>/lib/rustlib/x86_64-unknown-linux-gnu/lib" "-o" "/opt/rustwide/target/debug/deps/rfdetr_ort-0dd1b3b526ffb82f" "-Wl,--gc-sections" "-pie" "-Wl,-z,relro,-z,now" "-nodefaultlibs"
[INFO] [stdout]   = note: some arguments are omitted. use `--verbose` to show all linker arguments
[INFO] [stdout]   = note: rust-lld: error: undefined symbol: OrtGetApiBase
[INFO] [stdout]           >>> referenced by lib.rs:207 (src/lib.rs:207)
[INFO] [stdout]           >>>               ort-2e02d32ccb41ba13.ort.c24d5c11c24d326-cgu.04.rcgu.o:(ort::setup_api) in archive /opt/rustwide/target/debug/deps/libort-2e02d32ccb41ba13.rlib
[INFO] [stdout]           
[INFO] [stdout]           rust-lld: error: undefined symbol: 
[INFO] [stdout]           
[INFO] [stdout]           The ort-sys crate could not link to ONNX Runtime because:
[INFO] [stdout]           	- `libonnxruntime` is not configured via `pkg-config`
[INFO] [stdout]           	- ort-sys was instructed not to download prebuilt binaries (`cargo build --offline`), or the `download-binaries` feature is not enabled
[INFO] [stdout]           	- Neither `ORT_LIB_PATH` or `ORT_IOS_XCFWK_PATH` (for iOS) were set to link to custom binaries
[INFO] [stdout]           
[INFO] [stdout]           To rectify this:
[INFO] [stdout]           	- Compile ONNX Runtime from source and manually configure linking (see https://ort.pyke.io/setup/linking for more information)
[INFO] [stdout]           	- Enable the `download-binaries` feature if the target is supported
[INFO] [stdout]           	- Enable ort's `alternative-backend` feature if you intend to use a different backend (or ort-sys' `disable-linking` feature if you use this crate directly)
[INFO] [stdout]           
[INFO] [stdout]           >>> referenced by link_error.rs:15 (src/link_error.rs:15)
[INFO] [stdout]           >>>               ort_sys-2cd63d128dc049be.ort_sys.f404b4a9abb3573-cgu.0.rcgu.o:(ort_sys::link_error::X) in archive /opt/rustwide/target/debug/deps/libort_sys-2cd63d128dc049be.rlib
[INFO] [stdout]           collect2: error: ld returned 1 exit status
[INFO] [stdout]           
[INFO] [stdout] 
[INFO] [stdout] 
[INFO] [stderr] error: could not compile `rf-detr-ort` (lib test) due to 1 previous error
[INFO] [stderr] warning: build failed, waiting for other jobs to finish...
[INFO] [stdout] error: linking with `cc` failed: exit status: 1
[INFO] [stdout]   |
[INFO] [stdout]   = note:  "cc" "-m64" "/opt/rustwide/target/debug/examples/rustc73Qjux/symbols.o" "<3 object files omitted>" "-Wl,--as-needed" "-Wl,-Bstatic" "/opt/rustwide/target/debug/deps/{libanyhow-9e4c44ac98d8e4ea,librfdetr_ort-5e948dfd92ec7ec5,librayon-2f12772fee37c590,librayon_core-e986c1d1845fe6c3,libcrossbeam_deque-e71c6317821167fb,libcrossbeam_epoch-5fdcd5978a9f0010,libcrossbeam_utils-f696a08ab1e94e7a,libeither-40b894c145b6eae5,libimage-a4246b265c8589c4,libbytemuck-690da78adee7b727,libbyteorder_lite-f5df2d14b4488fc7,libmoxcms-b047a3f68ac7258d,libpxfm-fac55e2f4107c2c2,libpng-a65a44176758b672,libbitflags-6f28739f8eecf78f,libflate2-a5e49eed09b16e47,libminiz_oxide-48f024fe3a81c3f8,libfdeflate-365b82c780a9e65c,libsimd_adler32-4fe6a09bed41f873,libcrc32fast-77160f4e25d6fc25,libzune_jpeg-ecb95bf532f6a64f,libzune_core-1e52e593f0022a9f,libfast_image_resize-970560a6163be6bb,libcfg_if-83060ec5685761ae,libthiserror-f08f4fd16f396ae5,libort-2e02d32ccb41ba13,libort_sys-2cd63d128dc049be,libndarray-53db2df01382a347,libmatrixmultiply-634c52aab0249860,libnum_complex-e190614515bf4a9b,libnum_integer-48b587ef580e1d91,libnum_traits-61451ab850bd490d,librawpointer-10d892ea69c462d6,libsmallvec-3281308869c19c4b}.rlib" "<sysroot>/lib/rustlib/x86_64-unknown-linux-gnu/lib/{libstd-*,libpanic_unwind-*,libobject-*,libmemchr-*,libaddr2line-*,libgimli-*,libcfg_if-*,librustc_demangle-*,libstd_detect-*,libhashbrown-*,librustc_std_workspace_alloc-*,libminiz_oxide-*,libadler2-*,libunwind-*,liblibc-*,librustc_std_workspace_core-*,liballoc-*,libcore-*,libcompiler_builtins-*}.rlib" "-Wl,-Bdynamic" "-lgcc_s" "-lutil" "-lrt" "-lpthread" "-lm" "-ldl" "-lc" "-L" "/opt/rustwide/target/debug/examples/rustc73Qjux/raw-dylibs" "-B<sysroot>/lib/rustlib/x86_64-unknown-linux-gnu/bin/gcc-ld" "-fuse-ld=lld" "-Wl,--eh-frame-hdr" "-Wl,-z,noexecstack" "-L" "<sysroot>/lib/rustlib/x86_64-unknown-linux-gnu/lib" "-o" "/opt/rustwide/target/debug/examples/detect_image-1333449234a701cb" "-Wl,--gc-sections" "-pie" "-Wl,-z,relro,-z,now" "-nodefaultlibs"
[INFO] [stdout]   = note: some arguments are omitted. use `--verbose` to show all linker arguments
[INFO] [stdout]   = note: rust-lld: error: undefined symbol: OrtGetApiBase
[INFO] [stdout]           >>> referenced by lib.rs:207 (src/lib.rs:207)
[INFO] [stdout]           >>>               ort-2e02d32ccb41ba13.ort.c24d5c11c24d326-cgu.04.rcgu.o:(ort::setup_api) in archive /opt/rustwide/target/debug/deps/libort-2e02d32ccb41ba13.rlib
[INFO] [stdout]           
[INFO] [stdout]           rust-lld: error: undefined symbol: 
[INFO] [stdout]           
[INFO] [stdout]           The ort-sys crate could not link to ONNX Runtime because:
[INFO] [stdout]           	- `libonnxruntime` is not configured via `pkg-config`
[INFO] [stdout]           	- ort-sys was instructed not to download prebuilt binaries (`cargo build --offline`), or the `download-binaries` feature is not enabled
[INFO] [stdout]           	- Neither `ORT_LIB_PATH` or `ORT_IOS_XCFWK_PATH` (for iOS) were set to link to custom binaries
[INFO] [stdout]           
[INFO] [stdout]           To rectify this:
[INFO] [stdout]           	- Compile ONNX Runtime from source and manually configure linking (see https://ort.pyke.io/setup/linking for more information)
[INFO] [stdout]           	- Enable the `download-binaries` feature if the target is supported
[INFO] [stdout]           	- Enable ort's `alternative-backend` feature if you intend to use a different backend (or ort-sys' `disable-linking` feature if you use this crate directly)
[INFO] [stdout]           
[INFO] [stdout]           >>> referenced by link_error.rs:15 (src/link_error.rs:15)
[INFO] [stdout]           >>>               ort_sys-2cd63d128dc049be.ort_sys.f404b4a9abb3573-cgu.0.rcgu.o:(ort_sys::link_error::X) in archive /opt/rustwide/target/debug/deps/libort_sys-2cd63d128dc049be.rlib
[INFO] [stdout]           collect2: error: ld returned 1 exit status
[INFO] [stdout]           
[INFO] [stdout] 
[INFO] [stdout] 
[INFO] [stderr] error: could not compile `rf-detr-ort` (example "detect_image") due to 1 previous error
[INFO] running `Command { std: "docker" "inspect" "265f3a594e630e78a45ecdaf39028e8fdbf4cea7e6f371d7d12ebbdb6193f6fc", kill_on_drop: false }`
[INFO] running `Command { std: "docker" "rm" "-f" "265f3a594e630e78a45ecdaf39028e8fdbf4cea7e6f371d7d12ebbdb6193f6fc", kill_on_drop: false }`
[INFO] [stdout] 265f3a594e630e78a45ecdaf39028e8fdbf4cea7e6f371d7d12ebbdb6193f6fc
