[INFO] fetching crate revm-trace 4.2.0...
[INFO] testing revm-trace-4.2.0 against 1.99.0-beta.8 for beta-1.100-2
[INFO] extracting crate revm-trace 4.2.0 into /workspace/builds/worker-6-tc1/source
[INFO] started tweaking crates.io crate revm-trace 4.2.0
[INFO] removed 0 missing examples
[INFO] removed 0 missing tests
[INFO] finished tweaking crates.io crate revm-trace 4.2.0
[INFO] tweaked toml for crates.io crate revm-trace 4.2.0 written to /workspace/builds/worker-6-tc1/source/Cargo.toml
[INFO] validating manifest of crates.io crate revm-trace 4.2.0 on toolchain 1.99.0-beta.8
[INFO] running `Command { std: CARGO_HOME="/workspace/cargo-home" RUSTUP_HOME="/workspace/rustup-home" "/workspace/cargo-home/bin/cargo" "+1.99.0-beta.8" "metadata" "--manifest-path" "Cargo.toml" "--no-deps", kill_on_drop: false }`
[INFO] crate crates.io crate revm-trace 4.2.0 already has a lockfile, it will not be regenerated
[INFO] running `Command { std: CARGO_HOME="/workspace/cargo-home" RUSTUP_HOME="/workspace/rustup-home" "/workspace/cargo-home/bin/cargo" "+1.99.0-beta.8" "fetch" "--manifest-path" "Cargo.toml", kill_on_drop: false }`
[INFO] [stderr]     Blocking waiting for file lock on package cache
[INFO] [stderr]     Updating crates.io index
[INFO] [stderr]     Blocking waiting for file lock on package cache
[INFO] [stderr]  Downloading crates ...
[INFO] [stderr]   Downloaded alloy-primitives v1.2.1
[INFO] [stderr]   Downloaded revm-state v4.0.1
[INFO] [stderr]   Downloaded revm-primitives v19.2.0
[INFO] [stderr]   Downloaded revm v24.0.1
[INFO] [stderr]   Downloaded alloy-rlp-derive v0.3.12
[INFO] [stderr]   Downloaded ruint v1.15.0
[INFO] [stderr]   Downloaded zerocopy-derive v0.8.26
[INFO] [stderr]   Downloaded zerocopy v0.8.26
[INFO] [stderr]   Downloaded proptest v1.7.0
[INFO] [stderr]   Downloaded revm-bytecode v4.1.0
[INFO] [stderr]   Downloaded const-hex v1.14.1
[INFO] [stderr]   Downloaded bitcoin-io v0.1.3
[INFO] [stderr]   Downloaded alloy-rlp v0.3.12
[INFO] [stderr]   Downloaded ripemd v0.1.3
[INFO] [stderr]   Downloaded blst v0.3.15
[INFO] [stderr]   Downloaded ark-bn254 v0.5.0
[INFO] [stderr]   Downloaded wasmtimer v0.4.2
[INFO] [stderr]   Downloaded revm-precompile v21.0.0
[INFO] [stderr]   Downloaded alloy-eip2930 v0.2.1
[INFO] [stderr]   Downloaded ark-r1cs-std v0.5.0
[INFO] [stderr]   Downloaded revm-database-interface v4.0.1
[INFO] [stderr]   Downloaded revm-inspector v5.0.1
[INFO] [stderr]   Downloaded derive-where v1.5.0
[INFO] [stderr]   Downloaded alloy-transport v1.0.12
[INFO] [stderr]   Downloaded ark-relations v0.5.1
[INFO] [stderr]   Downloaded revm-context-interface v5.0.0
[INFO] [stderr]   Downloaded alloy-eip7702 v0.6.1
[INFO] [stderr]   Downloaded revm-context v5.0.1
[INFO] [stderr]   Downloaded revm-interpreter v20.0.0
[INFO] [stderr]   Downloaded revm-handler v5.0.1
[INFO] [stderr]   Downloaded revm-database v4.0.1
[INFO] [stderr]   Downloaded tracing-subscriber v0.2.25
[INFO] [stderr]   Downloaded alloy-sol-types v1.2.1
[INFO] [stderr]   Downloaded alloy-sol-macro-expander v1.2.1
[INFO] [stderr]   Downloaded c-kzg v2.1.1
[INFO] [stderr]   Downloaded alloy-json-rpc v1.0.12
[INFO] [stderr]   Downloaded alloy-sol-macro v1.2.1
[INFO] [stderr]   Downloaded syn-solidity v1.2.1
[INFO] [stderr]   Downloaded webpki-roots v1.0.1
[INFO] [stderr]   Downloaded alloy-sol-type-parser v1.2.1
[INFO] [stderr]   Downloaded alloy-provider v1.0.12
[INFO] [stderr]   Downloaded alloy-json-abi v1.2.1
[INFO] [stderr]   Downloaded openssl-sys v0.9.109
[INFO] [stderr]   Downloaded alloy-sol-macro-input v1.2.1
[INFO] [stderr]   Downloaded quinn-udp v0.5.13
[INFO] [stderr]   Downloaded openssl v0.10.73
[INFO] [stderr]   Downloaded lru v0.13.0
[INFO] [stderr]   Downloaded alloy-transport-ws v1.0.12
[INFO] [stderr]   Downloaded data-encoding v2.9.0
[INFO] [stderr]   Downloaded alloy-signer v1.0.12
[INFO] [stderr]   Downloaded widestring v1.2.0
[INFO] [stderr]   Downloaded alloy-network-primitives v1.0.12
[INFO] [stderr]   Downloaded serde_with v3.13.0
[INFO] [stderr]   Downloaded alloy-consensus v1.0.12
[INFO] [stderr]   Downloaded alloy-transport-http v1.0.12
[INFO] [stderr]   Downloaded alloy-rpc-types-txpool v1.0.12
[INFO] [stderr]   Downloaded alloy-serde v1.0.12
[INFO] [stderr]   Downloaded alloy-eips v1.0.12
[INFO] [stderr]   Downloaded alloy-chains v0.2.4
[INFO] [stderr]   Downloaded serde_with_macros v3.13.0
[INFO] [stderr]   Downloaded alloy-consensus-any v1.0.12
[INFO] [stderr]   Downloaded alloy-rpc-types-debug v1.0.12
[INFO] [stderr]   Downloaded tracing-futures v0.2.5
[INFO] [stderr]   Downloaded alloy-network v1.0.12
[INFO] [stderr]   Downloaded prettytable v0.10.0
[INFO] [stderr]   Downloaded alloy-rpc-client v1.0.12
[INFO] [stderr]   Downloaded alloy-trie v0.8.1
[INFO] [stderr]   Downloaded alloy-rpc-types-engine v1.0.12
[INFO] [stderr]   Downloaded bytestring v1.4.0
[INFO] [stderr]   Downloaded actix-router v0.5.3
[INFO] [stderr]   Downloaded alloy-rpc-types v1.0.12
[INFO] [stderr]   Downloaded actix-web v4.11.0
[INFO] [stderr]   Downloaded alloy-core v1.2.1
[INFO] [stderr]   Downloaded alloy-signer-local v1.0.12
[INFO] [stderr]   Downloaded alloy-genesis v1.0.12
[INFO] [stderr]   Downloaded alloy-dyn-abi v1.2.1
[INFO] [stderr]   Downloaded alloy-contract v1.0.12
[INFO] [stderr]   Downloaded actix-rt v2.10.0
[INFO] [stderr]   Downloaded actix-http v3.11.0
[INFO] [stderr]   Downloaded alloy-pubsub v1.0.12
[INFO] [stderr]   Downloaded alloy-transport-ipc v1.0.12
[INFO] [stderr]   Downloaded alloy-rpc-types-eth v1.0.12
[INFO] [stderr]   Downloaded alloy-rpc-types-anvil v1.0.12
[INFO] [stderr]   Downloaded alloy-tx-macros v1.0.12
[INFO] [stderr]   Downloaded foundry-fork-db v0.15.1
[INFO] [stderr]   Downloaded alloy-rpc-types-trace v1.0.12
[INFO] [stderr]   Downloaded alloy-rpc-types-any v1.0.12
[INFO] [stderr]   Downloaded alloy v1.0.12
[INFO] running `Command { std: "docker" "create" "-v" "/var/lib/crater-agent-workspace/builds/worker-6-tc1/source:/opt/rustwide/workdir:ro,Z" "-v" "/var/lib/crater-agent-workspace/builds/worker-6-tc1/target:/opt/rustwide/target:rw,Z" "-v" "/var/lib/crater-agent-workspace/cargo-home:/opt/rustwide/cargo-home:ro,Z" "-v" "/var/lib/crater-agent-workspace/rustup-home:/opt/rustwide/rustup-home:ro,Z" "-m" "1610612736" "--network" "none" "ghcr.io/rust-lang/crates-build-env/linux@sha256:3111399a4047eeb3a02b7a90e478d715f38a8c6669b5c4b49d30a17385265909" "sleep" "infinity", kill_on_drop: false }`
[INFO] [stdout] 852ab3b64594cffc2f9c9f914b6713598ed3e85a993e10ed04b3e8de59492ef2
[INFO] running `Command { std: "docker" "start" "852ab3b64594cffc2f9c9f914b6713598ed3e85a993e10ed04b3e8de59492ef2", kill_on_drop: false }`
[INFO] running `Command { std: "docker" "inspect" "852ab3b64594cffc2f9c9f914b6713598ed3e85a993e10ed04b3e8de59492ef2", kill_on_drop: false }`
[INFO] running `Command { std: "docker" "exec" "-e" "SOURCE_DIR=/opt/rustwide/workdir" "-e" "CARGO_HOME=/opt/rustwide/cargo-home" "-e" "RUSTUP_HOME=/opt/rustwide/rustup-home" "-e" "CARGO_TARGET_DIR=/opt/rustwide/target" "-w" "/opt/rustwide/workdir" "--user" "0:0" "852ab3b64594cffc2f9c9f914b6713598ed3e85a993e10ed04b3e8de59492ef2" "/opt/rustwide/cargo-home/bin/cargo" "+1.99.0-beta.8" "metadata" "--no-deps" "--format-version=1", kill_on_drop: false }`
[INFO] running `Command { std: "docker" "inspect" "852ab3b64594cffc2f9c9f914b6713598ed3e85a993e10ed04b3e8de59492ef2", kill_on_drop: false }`
[INFO] running `Command { std: "docker" "exec" "-e" "SOURCE_DIR=/opt/rustwide/workdir" "-e" "CARGO_HOME=/opt/rustwide/cargo-home" "-e" "RUSTUP_HOME=/opt/rustwide/rustup-home" "-e" "CARGO_TARGET_DIR=/opt/rustwide/target" "-e" "CARGO_INCREMENTAL=0" "-e" "RUST_BACKTRACE=full" "-e" "RUSTFLAGS=--cap-lints=warn" "-e" "RUSTDOCFLAGS=--cap-lints=warn" "-w" "/opt/rustwide/workdir" "--user" "0:0" "852ab3b64594cffc2f9c9f914b6713598ed3e85a993e10ed04b3e8de59492ef2" "/opt/rustwide/cargo-home/bin/cargo" "+1.99.0-beta.8" "build" "--frozen" "--message-format=json", kill_on_drop: false }`
[INFO] [stderr]    Compiling serde v1.0.219
[INFO] [stderr]    Compiling libc v0.2.174
[INFO] [stderr]    Compiling subtle v2.6.1
[INFO] [stderr]    Compiling crunchy v0.2.3
[INFO] [stderr]    Compiling tiny-keccak v2.0.2
[INFO] [stderr]    Compiling ruint-macro v1.2.1
[INFO] [stderr]    Compiling winnow v0.7.11
[INFO] [stderr]    Compiling cc v1.2.27
[INFO] [stderr]    Compiling hashbrown v0.15.4
[INFO] [stderr]    Compiling memchr v2.7.5
[INFO] [stderr]    Compiling syn v2.0.104
[INFO] [stderr]    Compiling thiserror v2.0.12
[INFO] [stderr]    Compiling tracing-core v0.1.34
[INFO] [stderr]    Compiling serde_json v1.0.140
[INFO] [stderr]    Compiling zerocopy v0.8.26
[INFO] [stderr]    Compiling proc-macro-error-attr2 v2.0.0
[INFO] [stderr]    Compiling futures-task v0.3.31
[INFO] [stderr]    Compiling slab v0.4.10
[INFO] [stderr]    Compiling lock_api v0.4.13
[INFO] [stderr]    Compiling sync_wrapper v1.0.2
[INFO] [stderr]    Compiling getrandom v0.3.3
[INFO] [stderr]    Compiling log v0.4.27
[INFO] [stderr]    Compiling num-traits v0.2.19
[INFO] [stderr]    Compiling num-bigint v0.4.6
[INFO] [stderr]    Compiling openssl v0.10.73
[INFO] [stderr]    Compiling radium v0.7.0
[INFO] [stderr]    Compiling indexmap v2.9.0
[INFO] [stderr]    Compiling futures-utils-wasm v0.1.0
[INFO] [stderr]    Compiling native-tls v0.2.14
[INFO] [stderr]    Compiling rustls v0.23.28
[INFO] [stderr]    Compiling wyz v0.5.1
[INFO] [stderr]    Compiling funty v2.0.0
[INFO] [stderr]    Compiling ahash v0.8.12
[INFO] [stderr]    Compiling rustversion v1.0.21
[INFO] [stderr]    Compiling iri-string v0.7.8
[INFO] [stderr]    Compiling bimap v0.6.3
[INFO] [stderr]    Compiling utf-8 v0.7.6
[INFO] [stderr]    Compiling data-encoding v2.9.0
[INFO] [stderr]    Compiling doctest-file v1.0.0
[INFO] [stderr]    Compiling num-iter v0.1.45
[INFO] [stderr]    Compiling hashbrown v0.14.5
[INFO] [stderr]    Compiling anyhow v1.0.98
[INFO] [stderr]    Compiling num-integer v0.1.46
[INFO] [stderr]    Compiling blst v0.3.15
[INFO] [stderr]    Compiling c-kzg v2.1.1
[INFO] [stderr]    Compiling openssl-sys v0.9.109
[INFO] [stderr]    Compiling ring v0.17.14
[INFO] [stderr]    Compiling secp256k1-sys v0.10.1
[INFO] [stderr]    Compiling num-rational v0.4.2
[INFO] [stderr]    Compiling num v0.4.3
[INFO] [stderr]    Compiling aurora-engine-modexp v1.2.0
[INFO] [stderr]    Compiling ppv-lite86 v0.2.21
[INFO] [stderr]    Compiling getrandom v0.2.16
[INFO] [stderr]    Compiling socket2 v0.5.10
[INFO] [stderr]    Compiling mio v1.0.4
[INFO] [stderr]    Compiling num_cpus v1.17.0
[INFO] [stderr]    Compiling rand_core v0.6.4
[INFO] [stderr]    Compiling threadpool v1.8.1
[INFO] [stderr]    Compiling toml_edit v0.22.27
[INFO] [stderr]    Compiling rand_core v0.9.3
[INFO] [stderr]    Compiling ff v0.13.1
[INFO] [stderr]    Compiling rand_chacha v0.3.1
[INFO] [stderr]    Compiling rand_chacha v0.9.0
[INFO] [stderr]    Compiling group v0.13.0
[INFO] [stderr]    Compiling rand v0.8.5
[INFO] [stderr]    Compiling rand v0.9.1
[INFO] [stderr]    Compiling ark-std v0.5.0
[INFO] [stderr]    Compiling synstructure v0.13.2
[INFO] [stderr]    Compiling macro-string v0.1.4
[INFO] [stderr]    Compiling syn-solidity v1.2.1
[INFO] [stderr]    Compiling proc-macro-error2 v2.0.1
[INFO] [stderr]    Compiling darling_core v0.20.11
[INFO] [stderr]    Compiling proc-macro-crate v3.3.0
[INFO] [stderr]    Compiling serde_derive v1.0.219
[INFO] [stderr]    Compiling zeroize_derive v1.4.2
[INFO] [stderr]    Compiling derive_more-impl v2.0.1
[INFO] [stderr]    Compiling alloy-rlp-derive v0.3.12
[INFO] [stderr]    Compiling thiserror-impl v2.0.12
[INFO] [stderr]    Compiling tokio-macros v2.5.0
[INFO] [stderr]    Compiling tracing-attributes v0.1.30
[INFO] [stderr]    Compiling zerofrom-derive v0.1.6
[INFO] [stderr]    Compiling yoke-derive v0.8.0
[INFO] [stderr]    Compiling auto_impl v1.3.0
[INFO] [stderr]    Compiling zerovec-derive v0.11.1
[INFO] [stderr]    Compiling displaydoc v0.2.5
[INFO] [stderr]    Compiling futures-macro v0.3.31
[INFO] [stderr]    Compiling num_enum_derive v0.7.3
[INFO] [stderr]    Compiling zeroize v1.8.1
[INFO] [stderr]    Compiling openssl-macros v0.1.1
[INFO] [stderr]    Compiling enum-ordinalize-derive v4.3.1
[INFO] [stderr]    Compiling ark-serialize-derive v0.5.0
[INFO] [stderr]    Compiling generic-array v0.14.7
[INFO] [stderr]    Compiling der v0.7.10
[INFO] [stderr]    Compiling futures-util v0.3.31
[INFO] [stderr]    Compiling rustls-pki-types v1.12.0
[INFO] [stderr]    Compiling enum-ordinalize v4.3.0
[INFO] [stderr]    Compiling educe v0.6.0
[INFO] [stderr]    Compiling crypto-common v0.1.6
[INFO] [stderr]    Compiling block-buffer v0.10.4
[INFO] [stderr]    Compiling crypto-bigint v0.5.5
[INFO] [stderr]    Compiling num_enum v0.7.3
[INFO] [stderr]    Compiling digest v0.10.7
[INFO] [stderr]    Compiling zerofrom v0.1.6
[INFO] [stderr]    Compiling ark-ff-asm v0.5.0
[INFO] [stderr]    Compiling ark-ff-macros v0.5.0
[INFO] [stderr]    Compiling hmac v0.12.1
[INFO] [stderr]    Compiling signature v2.2.0
[INFO] [stderr]    Compiling sha2 v0.10.9
[INFO] [stderr]    Compiling rfc6979 v0.4.0
[INFO] [stderr]    Compiling sha3 v0.10.8
[INFO] [stderr]    Compiling tracing v0.1.41
[INFO] [stderr]    Compiling yoke v0.8.0
[INFO] [stderr]    Compiling spki v0.7.3
[INFO] [stderr]    Compiling pkcs8 v0.10.2
[INFO] [stderr]    Compiling zerovec v0.11.2
[INFO] [stderr]    Compiling zerotrie v0.2.2
[INFO] [stderr]    Compiling rustls-webpki v0.103.3
[INFO] [stderr]    Compiling sha1 v0.10.6
[INFO] [stderr]    Compiling webpki-roots v1.0.1
[INFO] [stderr]    Compiling darling_macro v0.20.11
[INFO] [stderr]    Compiling pin-project-internal v1.1.10
[INFO] [stderr]    Compiling webpki-roots v0.26.11
[INFO] [stderr]    Compiling async-trait v0.1.88
[INFO] [stderr]    Compiling strum_macros v0.27.1
[INFO] [stderr]    Compiling darling v0.20.11
[INFO] [stderr]    Compiling async-stream-impl v0.3.6
[INFO] [stderr]    Compiling ripemd v0.1.3
[INFO] [stderr]    Compiling derive-where v1.5.0
[INFO] [stderr]    Compiling secp256k1 v0.30.0
[INFO] [stderr]    Compiling thiserror-impl v1.0.69
[INFO] [stderr]    Compiling async-stream v0.3.6
[INFO] [stderr]    Compiling pin-project v1.1.10
[INFO] [stderr]    Compiling tinystr v0.8.1
[INFO] [stderr]    Compiling potential_utf v0.1.2
[INFO] [stderr]    Compiling icu_collections v2.0.0
[INFO] [stderr]    Compiling icu_locale_core v2.0.0
[INFO] [stderr]    Compiling futures-executor v0.3.31
[INFO] [stderr]    Compiling derive_more v2.0.1
[INFO] [stderr]    Compiling futures v0.3.31
[INFO] [stderr]    Compiling tracing-futures v0.2.5
[INFO] [stderr]    Compiling icu_provider v2.0.0
[INFO] [stderr]    Compiling thiserror v1.0.69
[INFO] [stderr]    Compiling strum v0.27.1
[INFO] [stderr]    Compiling icu_properties v2.0.1
[INFO] [stderr]    Compiling bytes v1.10.1
[INFO] [stderr]    Compiling const-hex v1.14.1
[INFO] [stderr]    Compiling ruint v1.15.0
[INFO] [stderr]    Compiling alloy-sol-type-parser v1.2.1
[INFO] [stderr]    Compiling arrayvec v0.7.6
[INFO] [stderr]    Compiling serdect v0.2.0
[INFO] [stderr]    Compiling smallvec v1.15.1
[INFO] [stderr]    Compiling either v1.15.0
[INFO] [stderr]    Compiling bitflags v2.9.1
[INFO] [stderr]    Compiling sec1 v0.7.3
[INFO] [stderr]    Compiling bitvec v1.0.1
[INFO] [stderr]    Compiling itertools v0.13.0
[INFO] [stderr]    Compiling nybbles v0.3.4
[INFO] [stderr]    Compiling icu_normalizer v2.0.0
[INFO] [stderr]    Compiling parking_lot_core v0.9.11
[INFO] [stderr]    Compiling ark-serialize v0.5.0
[INFO] [stderr]    Compiling serde_urlencoded v0.7.1
[INFO] [stderr]    Compiling parking_lot v0.12.4
[INFO] [stderr]    Compiling dashmap v6.1.0
[INFO] [stderr]    Compiling elliptic-curve v0.13.8
[INFO] [stderr]    Compiling lru v0.13.0
[INFO] [stderr]    Compiling idna_adapter v1.2.1
[INFO] [stderr]    Compiling ecdsa v0.16.9
[INFO] [stderr]    Compiling alloy-primitives v1.2.1
[INFO] [stderr]    Compiling idna v1.0.3
[INFO] [stderr]    Compiling alloy-rlp v0.3.12
[INFO] [stderr]    Compiling tokio v1.45.1
[INFO] [stderr]    Compiling http v1.3.1
[INFO] [stderr]    Compiling k256 v0.13.4
[INFO] [stderr]    Compiling url v2.5.4
[INFO] [stderr]    Compiling alloy-json-abi v1.2.1
[INFO] [stderr]    Compiling http-body v1.0.1
[INFO] [stderr]    Compiling tungstenite v0.26.2
[INFO] [stderr]    Compiling ark-ff v0.5.0
[INFO] [stderr]    Compiling alloy-tx-macros v1.0.12
[INFO] [stderr]    Compiling http-body-util v0.1.3
[INFO] [stderr]    Compiling alloy-sol-macro-input v1.2.1
[INFO] [stderr]    Compiling alloy-sol-macro-expander v1.2.1
[INFO] [stderr]    Compiling alloy-eip7702 v0.6.1
[INFO] [stderr]    Compiling alloy-eip2930 v0.2.1
[INFO] [stderr]    Compiling alloy-eip2124 v0.2.0
[INFO] [stderr]    Compiling alloy-serde v1.0.12
[INFO] [stderr]    Compiling alloy-trie v0.8.1
[INFO] [stderr]    Compiling revm-primitives v19.2.0
[INFO] [stderr]    Compiling alloy-signer v1.0.12
[INFO] [stderr]    Compiling alloy-chains v0.2.4
[INFO] [stderr]    Compiling alloy-rpc-types-debug v1.0.12
[INFO] [stderr]    Compiling revm-bytecode v4.1.0
[INFO] [stderr]    Compiling alloy-eips v1.0.12
[INFO] [stderr]    Compiling revm-state v4.0.1
[INFO] [stderr]    Compiling alloy-sol-macro v1.2.1
[INFO] [stderr]    Compiling tower v0.5.2
[INFO] [stderr]    Compiling hyper v1.6.0
[INFO] [stderr]    Compiling tokio-util v0.7.15
[INFO] [stderr]    Compiling tokio-native-tls v0.3.1
[INFO] [stderr]    Compiling tokio-rustls v0.26.2
[INFO] [stderr]    Compiling interprocess v2.2.3
[INFO] [stderr]    Compiling revm-database-interface v4.0.1
[INFO] [stderr]    Compiling tower-http v0.6.6
[INFO] [stderr]    Compiling alloy-sol-types v1.2.1
[INFO] [stderr]    Compiling tokio-stream v0.1.17
[INFO] [stderr]    Compiling revm-context-interface v5.0.0
[INFO] [stderr]    Compiling tokio-tungstenite v0.26.2
[INFO] [stderr]    Compiling alloy-consensus v1.0.12
[INFO] [stderr]    Compiling hyper-util v0.1.14
[INFO] [stderr]    Compiling revm-interpreter v20.0.0
[INFO] [stderr]    Compiling revm-context v5.0.1
[INFO] [stderr]    Compiling hyper-tls v0.6.0
[INFO] [stderr]    Compiling reqwest v0.12.20
[INFO] [stderr]    Compiling ark-poly v0.5.0
[INFO] [stderr]    Compiling alloy-consensus-any v1.0.12
[INFO] [stderr]    Compiling alloy-network-primitives v1.0.12
[INFO] [stderr]    Compiling ark-ec v0.5.0
[INFO] [stderr]    Compiling ark-bls12-381 v0.5.0
[INFO] [stderr]    Compiling ark-bn254 v0.5.0
[INFO] [stderr]    Compiling revm-precompile v21.0.0
[INFO] [stderr]    Compiling revm-handler v5.0.1
[INFO] [stderr]    Compiling revm-inspector v5.0.1
[INFO] [stderr]    Compiling alloy-json-rpc v1.0.12
[INFO] [stderr]    Compiling alloy-rpc-types-eth v1.0.12
[INFO] [stderr]    Compiling alloy-dyn-abi v1.2.1
[INFO] [stderr]    Compiling alloy-transport v1.0.12
[INFO] [stderr]    Compiling alloy-core v1.2.1
[INFO] [stderr]    Compiling alloy-pubsub v1.0.12
[INFO] [stderr]    Compiling alloy-transport-http v1.0.12
[INFO] [stderr]    Compiling alloy-transport-ipc v1.0.12
[INFO] [stderr]    Compiling alloy-transport-ws v1.0.12
[INFO] [stderr]    Compiling alloy-rpc-client v1.0.12
[INFO] [stderr]    Compiling alloy-rpc-types-any v1.0.12
[INFO] [stderr]    Compiling alloy-rpc-types-anvil v1.0.12
[INFO] [stderr]    Compiling alloy-rpc-types-trace v1.0.12
[INFO] [stderr]    Compiling alloy-rpc-types-txpool v1.0.12
[INFO] [stderr]    Compiling alloy-network v1.0.12
[INFO] [stderr]    Compiling alloy-signer-local v1.0.12
[INFO] [stderr]    Compiling alloy-provider v1.0.12
[INFO] [stderr]    Compiling alloy-rpc-types v1.0.12
[INFO] [stderr]    Compiling revm-database v4.0.1
[INFO] [stderr]    Compiling alloy-contract v1.0.12
[INFO] [stderr]    Compiling alloy v1.0.12
[INFO] [stderr]    Compiling revm v24.0.1
[INFO] [stderr]    Compiling revm-trace v4.2.0 (/opt/rustwide/workdir)
[INFO] [stderr]     Finished `dev` profile [unoptimized + debuginfo] target(s) in 1m 59s
[INFO] [stderr] warning: the following packages contain code that will be rejected by a future version of Rust: proc-macro-error2 v2.0.1
[INFO] [stderr] note: to see what the problems were, use the option `--future-incompat-report`, or run `cargo report future-incompatibilities --id 6`
[INFO] running `Command { std: "docker" "inspect" "852ab3b64594cffc2f9c9f914b6713598ed3e85a993e10ed04b3e8de59492ef2", kill_on_drop: false }`
[INFO] running `Command { std: "docker" "exec" "-e" "SOURCE_DIR=/opt/rustwide/workdir" "-e" "CARGO_HOME=/opt/rustwide/cargo-home" "-e" "RUSTUP_HOME=/opt/rustwide/rustup-home" "-e" "CARGO_TARGET_DIR=/opt/rustwide/target" "-e" "CARGO_INCREMENTAL=0" "-e" "RUST_BACKTRACE=full" "-e" "RUSTFLAGS=--cap-lints=warn" "-e" "RUSTDOCFLAGS=--cap-lints=warn" "-w" "/opt/rustwide/workdir" "--user" "0:0" "852ab3b64594cffc2f9c9f914b6713598ed3e85a993e10ed04b3e8de59492ef2" "/opt/rustwide/cargo-home/bin/cargo" "+1.99.0-beta.8" "test" "--frozen" "--no-run" "--message-format=json", kill_on_drop: false }`
[INFO] [stderr]    Compiling libc v0.2.174
[INFO] [stderr]    Compiling foldhash v0.1.5
[INFO] [stderr]    Compiling serde v1.0.219
[INFO] [stderr]    Compiling mio v1.0.4
[INFO] [stderr]    Compiling signal-hook-registry v1.4.5
[INFO] [stderr]    Compiling derive_more-impl v2.0.1
[INFO] [stderr]    Compiling tracing v0.1.41
[INFO] [stderr]    Compiling aho-corasick v1.1.3
[INFO] [stderr]    Compiling local-waker v0.1.4
[INFO] [stderr]    Compiling alloc-no-stdlib v2.0.4
[INFO] [stderr]    Compiling aurora-engine-modexp v1.2.0
[INFO] [stderr]    Compiling http v0.2.12
[INFO] [stderr]    Compiling tracing-core v0.1.34
[INFO] [stderr]    Compiling time-macros v0.2.22
[INFO] [stderr]    Compiling hashbrown v0.15.4
[INFO] [stderr]    Compiling bytestring v1.4.0
[INFO] [stderr]    Compiling alloc-stdlib v0.2.2
[INFO] [stderr]    Compiling actix-service v2.0.3
[INFO] [stderr]    Compiling dirs-sys-next v0.1.2
[INFO] [stderr]    Compiling tracing-futures v0.2.5
[INFO] [stderr]    Compiling brotli-decompressor v5.0.0
[INFO] [stderr]    Compiling actix-utils v3.0.1
[INFO] [stderr]    Compiling cookie v0.16.2
[INFO] [stderr]    Compiling tokio v1.45.1
[INFO] [stderr]    Compiling dirs-next v2.0.0
[INFO] [stderr]    Compiling local-channel v0.1.5
[INFO] [stderr]    Compiling csv-core v0.1.12
[INFO] [stderr]    Compiling is-terminal v0.4.16
[INFO] [stderr]    Compiling encoding_rs v0.8.35
[INFO] [stderr]    Compiling language-tags v0.3.2
[INFO] [stderr]    Compiling term v0.7.0
[INFO] [stderr]    Compiling csv v1.3.1
[INFO] [stderr]    Compiling actix-macros v0.2.4
[INFO] [stderr]    Compiling indexmap v2.9.0
[INFO] [stderr]    Compiling ark-poly v0.5.0
[INFO] [stderr]    Compiling lru v0.13.0
[INFO] [stderr]    Compiling jobserver v0.1.33
[INFO] [stderr]    Compiling impl-more v0.1.9
[INFO] [stderr]    Compiling regex-automata v0.4.9
[INFO] [stderr]    Compiling humantime v2.2.0
[INFO] [stderr]    Compiling brotli v8.0.1
[INFO] [stderr]    Compiling serde_json v1.0.140
[INFO] [stderr]    Compiling encode_unicode v1.0.0
[INFO] [stderr]    Compiling cc v1.2.27
[INFO] [stderr]    Compiling time v0.3.41
[INFO] [stderr]    Compiling unicode-width v0.1.14
[INFO] [stderr]    Compiling colored v2.2.0
[INFO] [stderr]    Compiling ark-ec v0.5.0
[INFO] [stderr]    Compiling prettytable v0.10.0
[INFO] [stderr]    Compiling blst v0.3.15
[INFO] [stderr]    Compiling c-kzg v2.1.1
[INFO] [stderr]    Compiling openssl-sys v0.9.109
[INFO] [stderr]    Compiling ring v0.17.14
[INFO] [stderr]    Compiling secp256k1-sys v0.10.1
[INFO] [stderr]    Compiling zstd-sys v2.0.15+zstd.1.5.7
[INFO] [stderr]    Compiling derive_more v2.0.1
[INFO] [stderr]    Compiling alloy-primitives v1.2.1
[INFO] [stderr]    Compiling bytes v1.10.1
[INFO] [stderr]    Compiling const-hex v1.14.1
[INFO] [stderr]    Compiling ruint v1.15.0
[INFO] [stderr]    Compiling alloy-sol-type-parser v1.2.1
[INFO] [stderr]    Compiling regex v1.11.1
[INFO] [stderr]    Compiling openssl v0.10.73
[INFO] [stderr]    Compiling native-tls v0.2.14
[INFO] [stderr]    Compiling actix-router v0.5.3
[INFO] [stderr]    Compiling ark-bn254 v0.5.0
[INFO] [stderr]    Compiling ark-bls12-381 v0.5.0
[INFO] [stderr]    Compiling alloy-json-abi v1.2.1
[INFO] [stderr]    Compiling alloy-eip2930 v0.2.1
[INFO] [stderr]    Compiling alloy-eip7702 v0.6.1
[INFO] [stderr]    Compiling alloy-eip2124 v0.2.0
[INFO] [stderr]    Compiling alloy-serde v1.0.12
[INFO] [stderr]    Compiling alloy-trie v0.8.1
[INFO] [stderr]    Compiling revm-primitives v19.2.0
[INFO] [stderr]    Compiling alloy-tx-macros v1.0.12
[INFO] [stderr]    Compiling alloy-signer v1.0.12
[INFO] [stderr]    Compiling revm-bytecode v4.1.0
[INFO] [stderr]    Compiling alloy-chains v0.2.4
[INFO] [stderr]    Compiling alloy-rpc-types-debug v1.0.12
[INFO] [stderr]    Compiling tokio-util v0.7.15
[INFO] [stderr]    Compiling tower v0.5.2
[INFO] [stderr]    Compiling hyper v1.6.0
[INFO] [stderr]    Compiling interprocess v2.2.3
[INFO] [stderr]    Compiling alloy-sol-macro-input v1.2.1
[INFO] [stderr]    Compiling tokio-stream v0.1.17
[INFO] [stderr]    Compiling revm-state v4.0.1
[INFO] [stderr]    Compiling tower-http v0.6.6
[INFO] [stderr]    Compiling alloy-sol-macro-expander v1.2.1
[INFO] [stderr]    Compiling hyper-util v0.1.14
[INFO] [stderr]    Compiling revm-database-interface v4.0.1
[INFO] [stderr]    Compiling actix-rt v2.10.0
[INFO] [stderr]    Compiling h2 v0.3.26
[INFO] [stderr]    Compiling actix-codec v0.5.2
[INFO] [stderr]    Compiling tokio-test v0.4.4
[INFO] [stderr]    Compiling revm-context-interface v5.0.0
[INFO] [stderr]    Compiling env_logger v0.10.2
[INFO] [stderr]    Compiling actix-server v2.6.0
[INFO] [stderr]    Compiling actix-web-codegen v4.3.0
[INFO] [stderr]    Compiling revm-context v5.0.1
[INFO] [stderr]    Compiling revm-interpreter v20.0.0
[INFO] [stderr]    Compiling alloy-eips v1.0.12
[INFO] [stderr]    Compiling tokio-native-tls v0.3.1
[INFO] [stderr]    Compiling hyper-tls v0.6.0
[INFO] [stderr]    Compiling reqwest v0.12.20
[INFO] [stderr]    Compiling alloy-sol-macro v1.2.1
[INFO] [stderr]    Compiling alloy-sol-types v1.2.1
[INFO] [stderr]    Compiling alloy-consensus v1.0.12
[INFO] [stderr]    Compiling secp256k1 v0.30.0
[INFO] [stderr]    Compiling revm-precompile v21.0.0
[INFO] [stderr]    Compiling rustls v0.23.28
[INFO] [stderr]    Compiling revm-handler v5.0.1
[INFO] [stderr]    Compiling alloy-consensus-any v1.0.12
[INFO] [stderr]    Compiling alloy-network-primitives v1.0.12
[INFO] [stderr]    Compiling revm-inspector v5.0.1
[INFO] [stderr]    Compiling rustls-webpki v0.103.3
[INFO] [stderr]    Compiling zstd-safe v7.2.4
[INFO] [stderr]    Compiling zstd v0.13.3
[INFO] [stderr]    Compiling actix-http v3.11.0
[INFO] [stderr]    Compiling tokio-rustls v0.26.2
[INFO] [stderr]    Compiling tungstenite v0.26.2
[INFO] [stderr]    Compiling tokio-tungstenite v0.26.2
[INFO] [stderr]    Compiling actix-web v4.11.0
[INFO] [stderr]    Compiling alloy-json-rpc v1.0.12
[INFO] [stderr]    Compiling alloy-rpc-types-eth v1.0.12
[INFO] [stderr]    Compiling alloy-dyn-abi v1.2.1
[INFO] [stderr]    Compiling alloy-transport v1.0.12
[INFO] [stderr]    Compiling alloy-core v1.2.1
[INFO] [stderr]    Compiling alloy-pubsub v1.0.12
[INFO] [stderr]    Compiling alloy-transport-http v1.0.12
[INFO] [stderr]    Compiling alloy-transport-ipc v1.0.12
[INFO] [stderr]    Compiling alloy-transport-ws v1.0.12
[INFO] [stderr]    Compiling alloy-rpc-client v1.0.12
[INFO] [stderr]    Compiling alloy-rpc-types-any v1.0.12
[INFO] [stderr]    Compiling alloy-rpc-types-trace v1.0.12
[INFO] [stderr]    Compiling alloy-rpc-types-txpool v1.0.12
[INFO] [stderr]    Compiling alloy-rpc-types-anvil v1.0.12
[INFO] [stderr]    Compiling alloy-network v1.0.12
[INFO] [stderr]    Compiling alloy-signer-local v1.0.12
[INFO] [stderr]    Compiling alloy-provider v1.0.12
[INFO] [stderr]    Compiling alloy-rpc-types v1.0.12
[INFO] [stderr]    Compiling revm-database v4.0.1
[INFO] [stderr]    Compiling alloy-contract v1.0.12
[INFO] [stderr]    Compiling alloy v1.0.12
[INFO] [stderr]    Compiling revm v24.0.1
[INFO] [stderr]    Compiling revm-trace v4.2.0 (/opt/rustwide/workdir)
[INFO] [stdout] error[E0107]: enum takes 2 generic arguments but 1 generic argument was supplied
[INFO] [stdout]    --> examples/concurrent_shared_backend.rs:302:35
[INFO] [stdout]     |
[INFO] [stdout] 302 | async fn run_concurrent_test() -> Result<()> {
[INFO] [stdout]     |                                   ^^^^^^ -- supplied 1 generic argument
[INFO] [stdout]     |                                   |
[INFO] [stdout]     |                                   expected 2 generic arguments
[INFO] [stdout]     |
[INFO] [stdout] help: add missing generic argument
[INFO] [stdout]     |
[INFO] [stdout] 302 | async fn run_concurrent_test() -> Result<(), E> {
[INFO] [stdout]     |                                            +++
[INFO] [stdout] 
[INFO] [stdout] 
[INFO] [stdout] error[E0599]: no method named `yellow` found for reference `&'static str` in the current scope
[INFO] [stdout]    --> examples/concurrent_shared_backend.rs:306:14
[INFO] [stdout]     |
[INFO] [stdout] 305 | /         "⚠️  SharedBackend Multi-Threading Test Skipped"
[INFO] [stdout] 306 | |             .yellow()
[INFO] [stdout]     | |             -^^^^^^ method not found in `&'static str`
[INFO] [stdout]     | |_____________|
[INFO] [stdout]     |
[INFO] [stdout] 
[INFO] [stdout] 
[INFO] [stdout] error[E0599]: no method named `cyan` found for reference `&'static str` in the current scope
[INFO] [stdout]    --> examples/concurrent_shared_backend.rs:311:61
[INFO] [stdout]     |
[INFO] [stdout] 311 |         "ℹ️  This test requires the 'foundry-fork' feature".cyan()
[INFO] [stdout]     |                                                            ^^^^ method not found in `&'static str`
[INFO] [stdout] 
[INFO] [stdout] 
[INFO] [stdout] error[E0599]: no method named `green` found for reference `&'static str` in the current scope
[INFO] [stdout]    --> examples/concurrent_shared_backend.rs:316:14
[INFO] [stdout]     |
[INFO] [stdout] 315 | /         "💡 Run with: cargo run --example concurrent_shared_backend --features foundry-fork"
[INFO] [stdout] 316 | |             .green()
[INFO] [stdout]     | |             -^^^^^ method not found in `&'static str`
[INFO] [stdout]     | |_____________|
[INFO] [stdout]     |
[INFO] [stdout] 
[INFO] [stdout] 
[INFO] [stdout] error[E0599]: no method named `magenta` found for reference `&'static str` in the current scope
[INFO] [stdout]    --> examples/concurrent_shared_backend.rs:326:14
[INFO] [stdout]     |
[INFO] [stdout] 325 | /         "🔬 SharedBackend Multi-Threading Demonstration"
[INFO] [stdout] 326 | |             .magenta()
[INFO] [stdout]     | |             -^^^^^^^ method not found in `&'static str`
[INFO] [stdout]     | |_____________|
[INFO] [stdout]     |
[INFO] [stdout] 
[INFO] [stdout] 
[INFO] [stdout] error[E0599]: no method named `cyan` found for reference `&'static str` in the current scope
[INFO] [stdout]    --> examples/concurrent_shared_backend.rs:331:77
[INFO] [stdout]     |
[INFO] [stdout] 331 |         "This example shows how SharedBackend enables safe multi-threading".cyan()
[INFO] [stdout]     |                                                                             ^^^^ method not found in `&'static str`
[INFO] [stdout] 
[INFO] [stdout] 
[INFO] [stdout] Some errors have detailed explanations: E0107, E0599.
[INFO] [stdout] 
[INFO] [stdout] For more information about an error, try `rustc --explain E0107`.
[INFO] [stdout] 
[INFO] [stderr] error: could not compile `revm-trace` (example "concurrent_shared_backend") due to 6 previous errors
[INFO] [stderr] warning: build failed, waiting for other jobs to finish...
[INFO] [stderr] error: could not compile `revm-trace` (example "actix_web_integration")
[INFO] [stderr] 
[INFO] [stderr] Caused by:
[INFO] [stderr]   process didn't exit successfully: `/opt/rustwide/rustup-home/toolchains/1.99.0-beta.8-x86_64-unknown-linux-gnu/bin/rustc --crate-name actix_web_integration --edition=2021 examples/actix_web_integration.rs --error-format=json --json=diagnostic-rendered-ansi,artifacts,future-incompat --crate-type bin --emit=dep-info,link -C embed-bitcode=no -C debuginfo=2 --cfg 'feature="default"' --check-cfg 'cfg(docsrs,test)' --check-cfg 'cfg(feature, values("default", "foundry-fork", "full", "rustls-tls"))' -C metadata=1ce00b73e1d3874e -C extra-filename=-2c85012fb30c4574 --out-dir /opt/rustwide/target/debug/examples -L dependency=/opt/rustwide/target/debug/deps --extern actix_web=/opt/rustwide/target/debug/deps/libactix_web-55b0fd4d2cbc9d36.rlib --extern alloy=/opt/rustwide/target/debug/deps/liballoy-ca8c0db843a7806a.rlib --extern anyhow=/opt/rustwide/target/debug/deps/libanyhow-5c5020a1011a8ef6.rlib --extern colored=/opt/rustwide/target/debug/deps/libcolored-5edc69e55eb1b5b3.rlib --extern env_logger=/opt/rustwide/target/debug/deps/libenv_logger-9f0c40d5a26cf1a7.rlib --extern futures=/opt/rustwide/target/debug/deps/libfutures-3ddb1218ecddc372.rlib --extern hex=/opt/rustwide/target/debug/deps/libhex-13e08b3b00984ab7.rlib --extern once_cell=/opt/rustwide/target/debug/deps/libonce_cell-e9252a7b5119f3eb.rlib --extern prettytable=/opt/rustwide/target/debug/deps/libprettytable-593776edf37165a1.rlib --extern revm=/opt/rustwide/target/debug/deps/librevm-005dce947ab24fa1.rlib --extern revm_trace=/opt/rustwide/target/debug/deps/librevm_trace-1d76f9ad4a863a0f.rlib --extern serde=/opt/rustwide/target/debug/deps/libserde-2741b8ce336a4a12.rlib --extern serde_json=/opt/rustwide/target/debug/deps/libserde_json-1a7eb35af7e17069.rlib --extern thiserror=/opt/rustwide/target/debug/deps/libthiserror-7c7e073b619032ca.rlib --extern tokio=/opt/rustwide/target/debug/deps/libtokio-2dca884249016f8e.rlib --extern tokio_test=/opt/rustwide/target/debug/deps/libtokio_test-b55f727d336f4618.rlib --cap-lints=warn -L native=/opt/rustwide/target/debug/build/zstd-sys-853d4330765d4084/out -L native=/opt/rustwide/target/debug/build/c-kzg-854af9163219657b/out -L native=/opt/rustwide/target/debug/build/blst-c0afdf05ac82099b/out -L native=/opt/rustwide/target/debug/build/ring-bb3a15066e29f201/out -L native=/opt/rustwide/target/debug/build/secp256k1-sys-4efe8ad93c321419/out` (signal: 9, SIGKILL: kill)
[INFO] [stderr] error: could not compile `revm-trace` (lib test)
[INFO] [stderr] 
[INFO] [stderr] Caused by:
[INFO] [stderr]   process didn't exit successfully: `/opt/rustwide/rustup-home/toolchains/1.99.0-beta.8-x86_64-unknown-linux-gnu/bin/rustc --crate-name revm_trace --edition=2021 src/lib.rs --error-format=json --json=diagnostic-rendered-ansi,artifacts,future-incompat --emit=dep-info,link -C embed-bitcode=no -C debuginfo=2 --test --cfg 'feature="default"' --check-cfg 'cfg(docsrs,test)' --check-cfg 'cfg(feature, values("default", "foundry-fork", "full", "rustls-tls"))' -C metadata=e7ca1f754f2655c9 -C extra-filename=-f0e61768e0c163e0 --out-dir /opt/rustwide/target/debug/deps -L dependency=/opt/rustwide/target/debug/deps --extern actix_web=/opt/rustwide/target/debug/deps/libactix_web-55b0fd4d2cbc9d36.rlib --extern alloy=/opt/rustwide/target/debug/deps/liballoy-ca8c0db843a7806a.rlib --extern anyhow=/opt/rustwide/target/debug/deps/libanyhow-5c5020a1011a8ef6.rlib --extern colored=/opt/rustwide/target/debug/deps/libcolored-5edc69e55eb1b5b3.rlib --extern env_logger=/opt/rustwide/target/debug/deps/libenv_logger-9f0c40d5a26cf1a7.rlib --extern futures=/opt/rustwide/target/debug/deps/libfutures-3ddb1218ecddc372.rlib --extern hex=/opt/rustwide/target/debug/deps/libhex-13e08b3b00984ab7.rlib --extern once_cell=/opt/rustwide/target/debug/deps/libonce_cell-e9252a7b5119f3eb.rlib --extern prettytable=/opt/rustwide/target/debug/deps/libprettytable-593776edf37165a1.rlib --extern revm=/opt/rustwide/target/debug/deps/librevm-005dce947ab24fa1.rlib --extern serde=/opt/rustwide/target/debug/deps/libserde-2741b8ce336a4a12.rlib --extern serde_json=/opt/rustwide/target/debug/deps/libserde_json-1a7eb35af7e17069.rlib --extern thiserror=/opt/rustwide/target/debug/deps/libthiserror-7c7e073b619032ca.rlib --extern tokio=/opt/rustwide/target/debug/deps/libtokio-2dca884249016f8e.rlib --extern tokio_test=/opt/rustwide/target/debug/deps/libtokio_test-b55f727d336f4618.rlib --cap-lints=warn -L native=/opt/rustwide/target/debug/build/zstd-sys-853d4330765d4084/out -L native=/opt/rustwide/target/debug/build/c-kzg-854af9163219657b/out -L native=/opt/rustwide/target/debug/build/blst-c0afdf05ac82099b/out -L native=/opt/rustwide/target/debug/build/ring-bb3a15066e29f201/out -L native=/opt/rustwide/target/debug/build/secp256k1-sys-4efe8ad93c321419/out` (signal: 9, SIGKILL: kill)
[INFO] [stderr] error: could not compile `revm-trace` (test "trace_tests")
[INFO] [stderr] 
[INFO] [stderr] Caused by:
[INFO] [stderr]   process didn't exit successfully: `/opt/rustwide/rustup-home/toolchains/1.99.0-beta.8-x86_64-unknown-linux-gnu/bin/rustc --crate-name trace_tests --edition=2021 tests/trace_tests.rs --error-format=json --json=diagnostic-rendered-ansi,artifacts,future-incompat --emit=dep-info,link -C embed-bitcode=no -C debuginfo=2 --test --cfg 'feature="default"' --check-cfg 'cfg(docsrs,test)' --check-cfg 'cfg(feature, values("default", "foundry-fork", "full", "rustls-tls"))' -C metadata=932549a08f9bedd5 -C extra-filename=-4f247b8948606a70 --out-dir /opt/rustwide/target/debug/deps -L dependency=/opt/rustwide/target/debug/deps --extern actix_web=/opt/rustwide/target/debug/deps/libactix_web-55b0fd4d2cbc9d36.rlib --extern alloy=/opt/rustwide/target/debug/deps/liballoy-ca8c0db843a7806a.rlib --extern anyhow=/opt/rustwide/target/debug/deps/libanyhow-5c5020a1011a8ef6.rlib --extern colored=/opt/rustwide/target/debug/deps/libcolored-5edc69e55eb1b5b3.rlib --extern env_logger=/opt/rustwide/target/debug/deps/libenv_logger-9f0c40d5a26cf1a7.rlib --extern futures=/opt/rustwide/target/debug/deps/libfutures-3ddb1218ecddc372.rlib --extern hex=/opt/rustwide/target/debug/deps/libhex-13e08b3b00984ab7.rlib --extern once_cell=/opt/rustwide/target/debug/deps/libonce_cell-e9252a7b5119f3eb.rlib --extern prettytable=/opt/rustwide/target/debug/deps/libprettytable-593776edf37165a1.rlib --extern revm=/opt/rustwide/target/debug/deps/librevm-005dce947ab24fa1.rlib --extern revm_trace=/opt/rustwide/target/debug/deps/librevm_trace-1d76f9ad4a863a0f.rlib --extern serde=/opt/rustwide/target/debug/deps/libserde-2741b8ce336a4a12.rlib --extern serde_json=/opt/rustwide/target/debug/deps/libserde_json-1a7eb35af7e17069.rlib --extern thiserror=/opt/rustwide/target/debug/deps/libthiserror-7c7e073b619032ca.rlib --extern tokio=/opt/rustwide/target/debug/deps/libtokio-2dca884249016f8e.rlib --extern tokio_test=/opt/rustwide/target/debug/deps/libtokio_test-b55f727d336f4618.rlib --cap-lints=warn -L native=/opt/rustwide/target/debug/build/zstd-sys-853d4330765d4084/out -L native=/opt/rustwide/target/debug/build/c-kzg-854af9163219657b/out -L native=/opt/rustwide/target/debug/build/blst-c0afdf05ac82099b/out -L native=/opt/rustwide/target/debug/build/ring-bb3a15066e29f201/out -L native=/opt/rustwide/target/debug/build/secp256k1-sys-4efe8ad93c321419/out` (signal: 9, SIGKILL: kill)
[INFO] [stderr] error: could not compile `revm-trace` (example "trace_dex")
[INFO] [stderr] 
[INFO] [stderr] Caused by:
[INFO] [stderr]   process didn't exit successfully: `/opt/rustwide/rustup-home/toolchains/1.99.0-beta.8-x86_64-unknown-linux-gnu/bin/rustc --crate-name trace_dex --edition=2021 examples/trace_dex.rs --error-format=json --json=diagnostic-rendered-ansi,artifacts,future-incompat --crate-type bin --emit=dep-info,link -C embed-bitcode=no -C debuginfo=2 --cfg 'feature="default"' --check-cfg 'cfg(docsrs,test)' --check-cfg 'cfg(feature, values("default", "foundry-fork", "full", "rustls-tls"))' -C metadata=249fcba9bf261add -C extra-filename=-8e9a92528351fc6c --out-dir /opt/rustwide/target/debug/examples -L dependency=/opt/rustwide/target/debug/deps --extern actix_web=/opt/rustwide/target/debug/deps/libactix_web-55b0fd4d2cbc9d36.rlib --extern alloy=/opt/rustwide/target/debug/deps/liballoy-ca8c0db843a7806a.rlib --extern anyhow=/opt/rustwide/target/debug/deps/libanyhow-5c5020a1011a8ef6.rlib --extern colored=/opt/rustwide/target/debug/deps/libcolored-5edc69e55eb1b5b3.rlib --extern env_logger=/opt/rustwide/target/debug/deps/libenv_logger-9f0c40d5a26cf1a7.rlib --extern futures=/opt/rustwide/target/debug/deps/libfutures-3ddb1218ecddc372.rlib --extern hex=/opt/rustwide/target/debug/deps/libhex-13e08b3b00984ab7.rlib --extern once_cell=/opt/rustwide/target/debug/deps/libonce_cell-e9252a7b5119f3eb.rlib --extern prettytable=/opt/rustwide/target/debug/deps/libprettytable-593776edf37165a1.rlib --extern revm=/opt/rustwide/target/debug/deps/librevm-005dce947ab24fa1.rlib --extern revm_trace=/opt/rustwide/target/debug/deps/librevm_trace-1d76f9ad4a863a0f.rlib --extern serde=/opt/rustwide/target/debug/deps/libserde-2741b8ce336a4a12.rlib --extern serde_json=/opt/rustwide/target/debug/deps/libserde_json-1a7eb35af7e17069.rlib --extern thiserror=/opt/rustwide/target/debug/deps/libthiserror-7c7e073b619032ca.rlib --extern tokio=/opt/rustwide/target/debug/deps/libtokio-2dca884249016f8e.rlib --extern tokio_test=/opt/rustwide/target/debug/deps/libtokio_test-b55f727d336f4618.rlib --cap-lints=warn -L native=/opt/rustwide/target/debug/build/zstd-sys-853d4330765d4084/out -L native=/opt/rustwide/target/debug/build/c-kzg-854af9163219657b/out -L native=/opt/rustwide/target/debug/build/blst-c0afdf05ac82099b/out -L native=/opt/rustwide/target/debug/build/ring-bb3a15066e29f201/out -L native=/opt/rustwide/target/debug/build/secp256k1-sys-4efe8ad93c321419/out` (signal: 9, SIGKILL: kill)
[INFO] [stderr] error: could not compile `revm-trace` (example "basic_usage")
[INFO] [stderr] 
[INFO] [stderr] Caused by:
[INFO] [stderr]   process didn't exit successfully: `/opt/rustwide/rustup-home/toolchains/1.99.0-beta.8-x86_64-unknown-linux-gnu/bin/rustc --crate-name basic_usage --edition=2021 examples/basic_usage.rs --error-format=json --json=diagnostic-rendered-ansi,artifacts,future-incompat --crate-type bin --emit=dep-info,link -C embed-bitcode=no -C debuginfo=2 --cfg 'feature="default"' --check-cfg 'cfg(docsrs,test)' --check-cfg 'cfg(feature, values("default", "foundry-fork", "full", "rustls-tls"))' -C metadata=c0de45ee1c7267bf -C extra-filename=-ab38befb58d62588 --out-dir /opt/rustwide/target/debug/examples -L dependency=/opt/rustwide/target/debug/deps --extern actix_web=/opt/rustwide/target/debug/deps/libactix_web-55b0fd4d2cbc9d36.rlib --extern alloy=/opt/rustwide/target/debug/deps/liballoy-ca8c0db843a7806a.rlib --extern anyhow=/opt/rustwide/target/debug/deps/libanyhow-5c5020a1011a8ef6.rlib --extern colored=/opt/rustwide/target/debug/deps/libcolored-5edc69e55eb1b5b3.rlib --extern env_logger=/opt/rustwide/target/debug/deps/libenv_logger-9f0c40d5a26cf1a7.rlib --extern futures=/opt/rustwide/target/debug/deps/libfutures-3ddb1218ecddc372.rlib --extern hex=/opt/rustwide/target/debug/deps/libhex-13e08b3b00984ab7.rlib --extern once_cell=/opt/rustwide/target/debug/deps/libonce_cell-e9252a7b5119f3eb.rlib --extern prettytable=/opt/rustwide/target/debug/deps/libprettytable-593776edf37165a1.rlib --extern revm=/opt/rustwide/target/debug/deps/librevm-005dce947ab24fa1.rlib --extern revm_trace=/opt/rustwide/target/debug/deps/librevm_trace-1d76f9ad4a863a0f.rlib --extern serde=/opt/rustwide/target/debug/deps/libserde-2741b8ce336a4a12.rlib --extern serde_json=/opt/rustwide/target/debug/deps/libserde_json-1a7eb35af7e17069.rlib --extern thiserror=/opt/rustwide/target/debug/deps/libthiserror-7c7e073b619032ca.rlib --extern tokio=/opt/rustwide/target/debug/deps/libtokio-2dca884249016f8e.rlib --extern tokio_test=/opt/rustwide/target/debug/deps/libtokio_test-b55f727d336f4618.rlib --cap-lints=warn -L native=/opt/rustwide/target/debug/build/zstd-sys-853d4330765d4084/out -L native=/opt/rustwide/target/debug/build/c-kzg-854af9163219657b/out -L native=/opt/rustwide/target/debug/build/blst-c0afdf05ac82099b/out -L native=/opt/rustwide/target/debug/build/ring-bb3a15066e29f201/out -L native=/opt/rustwide/target/debug/build/secp256k1-sys-4efe8ad93c321419/out` (signal: 9, SIGKILL: kill)
[INFO] [stderr] error: could not compile `revm-trace` (example "erc721_transfer_trace")
[INFO] [stderr] 
[INFO] [stderr] Caused by:
[INFO] [stderr]   process didn't exit successfully: `/opt/rustwide/rustup-home/toolchains/1.99.0-beta.8-x86_64-unknown-linux-gnu/bin/rustc --crate-name erc721_transfer_trace --edition=2021 examples/erc721_transfer_trace.rs --error-format=json --json=diagnostic-rendered-ansi,artifacts,future-incompat --crate-type bin --emit=dep-info,link -C embed-bitcode=no -C debuginfo=2 --cfg 'feature="default"' --check-cfg 'cfg(docsrs,test)' --check-cfg 'cfg(feature, values("default", "foundry-fork", "full", "rustls-tls"))' -C metadata=d33eaef5679baf85 -C extra-filename=-ee06428f24492b87 --out-dir /opt/rustwide/target/debug/examples -L dependency=/opt/rustwide/target/debug/deps --extern actix_web=/opt/rustwide/target/debug/deps/libactix_web-55b0fd4d2cbc9d36.rlib --extern alloy=/opt/rustwide/target/debug/deps/liballoy-ca8c0db843a7806a.rlib --extern anyhow=/opt/rustwide/target/debug/deps/libanyhow-5c5020a1011a8ef6.rlib --extern colored=/opt/rustwide/target/debug/deps/libcolored-5edc69e55eb1b5b3.rlib --extern env_logger=/opt/rustwide/target/debug/deps/libenv_logger-9f0c40d5a26cf1a7.rlib --extern futures=/opt/rustwide/target/debug/deps/libfutures-3ddb1218ecddc372.rlib --extern hex=/opt/rustwide/target/debug/deps/libhex-13e08b3b00984ab7.rlib --extern once_cell=/opt/rustwide/target/debug/deps/libonce_cell-e9252a7b5119f3eb.rlib --extern prettytable=/opt/rustwide/target/debug/deps/libprettytable-593776edf37165a1.rlib --extern revm=/opt/rustwide/target/debug/deps/librevm-005dce947ab24fa1.rlib --extern revm_trace=/opt/rustwide/target/debug/deps/librevm_trace-1d76f9ad4a863a0f.rlib --extern serde=/opt/rustwide/target/debug/deps/libserde-2741b8ce336a4a12.rlib --extern serde_json=/opt/rustwide/target/debug/deps/libserde_json-1a7eb35af7e17069.rlib --extern thiserror=/opt/rustwide/target/debug/deps/libthiserror-7c7e073b619032ca.rlib --extern tokio=/opt/rustwide/target/debug/deps/libtokio-2dca884249016f8e.rlib --extern tokio_test=/opt/rustwide/target/debug/deps/libtokio_test-b55f727d336f4618.rlib --cap-lints=warn -L native=/opt/rustwide/target/debug/build/zstd-sys-853d4330765d4084/out -L native=/opt/rustwide/target/debug/build/c-kzg-854af9163219657b/out -L native=/opt/rustwide/target/debug/build/blst-c0afdf05ac82099b/out -L native=/opt/rustwide/target/debug/build/ring-bb3a15066e29f201/out -L native=/opt/rustwide/target/debug/build/secp256k1-sys-4efe8ad93c321419/out` (signal: 9, SIGKILL: kill)
[INFO] [stderr] error: could not compile `revm-trace` (example "predicted_contract_address")
[INFO] [stderr] 
[INFO] [stderr] Caused by:
[INFO] [stderr]   process didn't exit successfully: `/opt/rustwide/rustup-home/toolchains/1.99.0-beta.8-x86_64-unknown-linux-gnu/bin/rustc --crate-name predicted_contract_address --edition=2021 examples/predicted_contract_address.rs --error-format=json --json=diagnostic-rendered-ansi,artifacts,future-incompat --crate-type bin --emit=dep-info,link -C embed-bitcode=no -C debuginfo=2 --cfg 'feature="default"' --check-cfg 'cfg(docsrs,test)' --check-cfg 'cfg(feature, values("default", "foundry-fork", "full", "rustls-tls"))' -C metadata=9f89955229c1c789 -C extra-filename=-c8806cd9e2e753e9 --out-dir /opt/rustwide/target/debug/examples -L dependency=/opt/rustwide/target/debug/deps --extern actix_web=/opt/rustwide/target/debug/deps/libactix_web-55b0fd4d2cbc9d36.rlib --extern alloy=/opt/rustwide/target/debug/deps/liballoy-ca8c0db843a7806a.rlib --extern anyhow=/opt/rustwide/target/debug/deps/libanyhow-5c5020a1011a8ef6.rlib --extern colored=/opt/rustwide/target/debug/deps/libcolored-5edc69e55eb1b5b3.rlib --extern env_logger=/opt/rustwide/target/debug/deps/libenv_logger-9f0c40d5a26cf1a7.rlib --extern futures=/opt/rustwide/target/debug/deps/libfutures-3ddb1218ecddc372.rlib --extern hex=/opt/rustwide/target/debug/deps/libhex-13e08b3b00984ab7.rlib --extern once_cell=/opt/rustwide/target/debug/deps/libonce_cell-e9252a7b5119f3eb.rlib --extern prettytable=/opt/rustwide/target/debug/deps/libprettytable-593776edf37165a1.rlib --extern revm=/opt/rustwide/target/debug/deps/librevm-005dce947ab24fa1.rlib --extern revm_trace=/opt/rustwide/target/debug/deps/librevm_trace-1d76f9ad4a863a0f.rlib --extern serde=/opt/rustwide/target/debug/deps/libserde-2741b8ce336a4a12.rlib --extern serde_json=/opt/rustwide/target/debug/deps/libserde_json-1a7eb35af7e17069.rlib --extern thiserror=/opt/rustwide/target/debug/deps/libthiserror-7c7e073b619032ca.rlib --extern tokio=/opt/rustwide/target/debug/deps/libtokio-2dca884249016f8e.rlib --extern tokio_test=/opt/rustwide/target/debug/deps/libtokio_test-b55f727d336f4618.rlib --cap-lints=warn -L native=/opt/rustwide/target/debug/build/zstd-sys-853d4330765d4084/out -L native=/opt/rustwide/target/debug/build/c-kzg-854af9163219657b/out -L native=/opt/rustwide/target/debug/build/blst-c0afdf05ac82099b/out -L native=/opt/rustwide/target/debug/build/ring-bb3a15066e29f201/out -L native=/opt/rustwide/target/debug/build/secp256k1-sys-4efe8ad93c321419/out` (signal: 9, SIGKILL: kill)
[INFO] [stderr] error: could not compile `revm-trace` (example "multi_handle_test")
[INFO] [stderr] 
[INFO] [stderr] Caused by:
[INFO] [stderr]   process didn't exit successfully: `/opt/rustwide/rustup-home/toolchains/1.99.0-beta.8-x86_64-unknown-linux-gnu/bin/rustc --crate-name multi_handle_test --edition=2021 examples/multi_handle_test.rs --error-format=json --json=diagnostic-rendered-ansi,artifacts,future-incompat --crate-type bin --emit=dep-info,link -C embed-bitcode=no -C debuginfo=2 --cfg 'feature="default"' --check-cfg 'cfg(docsrs,test)' --check-cfg 'cfg(feature, values("default", "foundry-fork", "full", "rustls-tls"))' -C metadata=d3583282a1afd908 -C extra-filename=-c191f083aef53cf7 --out-dir /opt/rustwide/target/debug/examples -L dependency=/opt/rustwide/target/debug/deps --extern actix_web=/opt/rustwide/target/debug/deps/libactix_web-55b0fd4d2cbc9d36.rlib --extern alloy=/opt/rustwide/target/debug/deps/liballoy-ca8c0db843a7806a.rlib --extern anyhow=/opt/rustwide/target/debug/deps/libanyhow-5c5020a1011a8ef6.rlib --extern colored=/opt/rustwide/target/debug/deps/libcolored-5edc69e55eb1b5b3.rlib --extern env_logger=/opt/rustwide/target/debug/deps/libenv_logger-9f0c40d5a26cf1a7.rlib --extern futures=/opt/rustwide/target/debug/deps/libfutures-3ddb1218ecddc372.rlib --extern hex=/opt/rustwide/target/debug/deps/libhex-13e08b3b00984ab7.rlib --extern once_cell=/opt/rustwide/target/debug/deps/libonce_cell-e9252a7b5119f3eb.rlib --extern prettytable=/opt/rustwide/target/debug/deps/libprettytable-593776edf37165a1.rlib --extern revm=/opt/rustwide/target/debug/deps/librevm-005dce947ab24fa1.rlib --extern revm_trace=/opt/rustwide/target/debug/deps/librevm_trace-1d76f9ad4a863a0f.rlib --extern serde=/opt/rustwide/target/debug/deps/libserde-2741b8ce336a4a12.rlib --extern serde_json=/opt/rustwide/target/debug/deps/libserde_json-1a7eb35af7e17069.rlib --extern thiserror=/opt/rustwide/target/debug/deps/libthiserror-7c7e073b619032ca.rlib --extern tokio=/opt/rustwide/target/debug/deps/libtokio-2dca884249016f8e.rlib --extern tokio_test=/opt/rustwide/target/debug/deps/libtokio_test-b55f727d336f4618.rlib --cap-lints=warn -L native=/opt/rustwide/target/debug/build/zstd-sys-853d4330765d4084/out -L native=/opt/rustwide/target/debug/build/c-kzg-854af9163219657b/out -L native=/opt/rustwide/target/debug/build/blst-c0afdf05ac82099b/out -L native=/opt/rustwide/target/debug/build/ring-bb3a15066e29f201/out -L native=/opt/rustwide/target/debug/build/secp256k1-sys-4efe8ad93c321419/out` (signal: 9, SIGKILL: kill)
[INFO] [stdout] error: linking with `cc` failed: exit status: 1
[INFO] [stdout]   |
[INFO] [stdout]   = note:  "cc" "-m64" "/opt/rustwide/target/debug/examples/rustcyORU99/symbols.o" "<2 object files omitted>" "-Wl,--as-needed" "-Wl,-Bstatic" "/opt/rustwide/target/debug/deps/{librevm_trace-1d76f9ad4a863a0f,librevm-005dce947ab24fa1,librevm_inspector-815d47f53758f9e2,librevm_handler-876e0c4db3177aff,librevm_precompile-81947956b1ec19d6,libripemd-f0b6efb75a0389f8,libark_bls12_381-8de3a20c455dddbf,libark_bn254-5ad4e1074a01a6be,libark_ec-3decba71c89f9cbe,libark_poly-7c70c84090a8815f,libahash-771820c3e7a29398,libark_ff-f84e9977e79c7b26,libark_serialize-6be1aa27b09b66ed,libnum_bigint-7206beb36ffbfe80,libnum_integer-978663802c73c752,libark_std-61124ca0d8d1c201,libnum_traits-17bedafaa2a61f51,libsecp256k1-3cea555e21f1d8a8,libsecp256k1_sys-b0235b2bae0e1cae,libaurora_engine_modexp-44a6f26231219f1c,librevm_interpreter-b5e3cb24610ad8fe,librevm_database-22c148ce789cc28f,librevm_context-a681db443f02fafc,librevm_context_interface-b9967b348386d182,librevm_database_interface-c1ce4da26e9a7de2,librevm_state-a25c3c4a0e131abb,librevm_bytecode-9e9ebc83fdef9f1d,libbitvec-c36aae4402e50ec2,libwyz-133d1f40126b72c7,libtap-37e510577f660e8b,libradium-df668b38f12b3f7a,libfunty-15c9f00de3f19225,librevm_primitives-ac0a17eed4dae5b5,libthiserror-7c7e073b619032ca,libanyhow-5c5020a1011a8ef6,liballoy-ca8c0db843a7806a,liballoy_signer_local-a5f54e7651b69e58,librand-88c1251f5894e0f4,librand_chacha-596edccff70a7cda,liballoy_rpc_types-063f0c27f0b4fc7a,liballoy_contract-60bad6fff20b5823,liballoy_provider-1ea5f46340a752fe,libdashmap-ac5efb4e4da1f03c,libhashbrown-7535884dad52ee2f,libcrossbeam_utils-f696a08ab1e94e7a,liballoy_rpc_types_txpool-bfb5d36ae75ac0c5,liballoy_rpc_types_trace-a9ee55f599f05998,liballoy_rpc_types_debug-9aae693856871b2a,liballoy_rpc_types_anvil-9231bcf013b53c39,liblru-c5a2811aaa943147,liballoy_rpc_client-44c5f6bbe62b27a8,liballoy_transport_ipc-2f295deb7808c9b3,libinterprocess-0ce242c61fec2216,liballoy_transport_ws-736dba5e99614e4d,libtokio_tungstenite-9f5688ea03db5f69,libwebpki_roots-f46e826e03eafffe,libwebpki_roots-6458db054bba46fc,libtokio_rustls-0242a94b08991984,libtungstenite-8738f9f4dc6b9500,libdata_encoding-506ef4e476430498,librand-0f52973de9be77b7,librand_chacha-34561f7a6917ad68,libppv_lite86-8e0e0ee375812b97,libzerocopy-57f1b6f6b592ba8f,librand_core-b5819be76cbb38c8,libgetrandom-fedda767377de0ac,librustls-17103d303beeda25,libwebpki-94d3d6359af3dd4f,libring-8ef193fcf200a1dd,libuntrusted-b2f816886faf2178,libutf8-f4341c3c7568480d,libsha1-2af10932bad7bae6,libtracing_futures-abbdfec4fb176ba0,libasync_stream-5e3cdde544debcc8,liballoy_pubsub-b1056be5f6ab8f79,libtokio_stream-7706ac6a4c9bd0b8,libtokio_util-d19a7c7a222b0027,libbimap-3f3eecb30c1493cd,libpin_project-38c0be05a38fc46c,liballoy_chains-2544929f68f8d8d9,libstrum-a404e08a97328574,libnum_enum-fe24b4f08bcce18c,liballoy_transport_http-0e94719281dd1c02,liballoy_transport-0b3945d549f627db,libfutures-3ddb1218ecddc372,libfutures_executor-cf2408ee2b578792,libreqwest-7d5168d66ba2b512,libserde_urlencoded-d1f12c63e3815127,librustls_pki_types-5747db19bcf58df6,libhyper_tls-9969235b78b0e6bd,libtokio_native_tls-ff68d04a507a1872,libtower_http-0e3c4dc51ab724f2,libiri_string-f2231ba2cbe5b068,libtower-05410df0a79a5610,libtower_layer-d908dd771b239ecd,libnative_tls-ff26fe6817452c4b,libopenssl_probe-2c6d21a9709cae46,libopenssl-0ac9de86d96fb8bd,libbitflags-f0e5862712a26ed0,libforeign_types-4fe1886d5d9265b9,libforeign_types_shared-47b443a4583fd949,libopenssl_sys-f8de0b5d5c200a47,libhyper_util-cbd9d2155e2b79f1,libbase64-32787b0325ea6df8,libipnet-a38805d99c19843f,libtower_service-3fb88d28c2218805,libhyper-e7fca3acecb8f4b5,libwant-7a6260b9c50f1479,libtry_lock-8fa2f6971035be84,libhttparse-8c9b827b8f345444,libfutures_util-a6c1e6e2ba139cb7,libfutures_io-59d0071c9258d69f,libslab-06cf58f8e93304ed,libfutures_channel-3bb2db6cecc5bacb,libfutures_sink-ae1eb2d060de53a2,libfutures_task-91a858f9685cd730,libpin_utils-3860774ad9b215b5,libtokio-2dca884249016f8e,libsignal_hook_registry-88b58ec84de64f5f,libsocket2-0900be2604632d9f,libmio-a02801fddcadb64f,libparking_lot-3fccd32566967809,libparking_lot_core-32a080ad7d991fd6,liblock_api-2e9dabb47f2eef10,libscopeguard-7ec2214574194454,libhttp_body_util-404a8e2e00bbf378,libhttp_body-43daf1eb9b686aef,liburl-b0849fb7c129c49f,libidna-307dea2de4a045c3,libutf8_iter-51566bbad89f3a68,libidna_adapter-d99460ca74f3341d,libicu_properties-7dfb4a441ed6e4ae,libicu_properties_data-b53d225676b50701,libicu_normalizer-5239eb3a125fd383,libicu_normalizer_data-ff82f05aef08137e,libicu_collections-d7589bd11ff03225,libpotential_utf-6a450296cbcfce92,libicu_provider-7c354144a8e0664b,libicu_locale_core-aedc5d2ca04f9d74,libtinystr-5afd5b451c4e20b1,liblitemap-76c583890b84c465,libwriteable-240af3fb4837c678,libzerovec-0416f8b095996e61,libzerotrie-b990ad612eece1b7,libyoke-3d658d9752bfe52f,libstable_deref_trait-14e4a70bda35dfe8,libzerofrom-7bd1b16f23804c55,libform_urlencoded-48069ad4ff13b53d,libpercent_encoding-af9df9186596bd92,libsync_wrapper-a254cb6192850e87,libfutures_core-3b920243fce8fec0,liballoy_network-044bd42954139648,liballoy_rpc_types_any-d0cad9a1626deaa4,liballoy_signer-8a182fb0f0eac8bb,libfutures_utils_wasm-38ebf48fc9a287e3,liballoy_rpc_types_eth-3bde10209dddd5a2,liballoy_consensus_any-21f60b946531aedc,libitertools-e884b58d030faab2,liballoy_network_primitives-e6de8cef9d0c67b0,liballoy_json_rpc-8e39897946c910af,libhttp-9966f0d619642cfe,libfnv-79e2cbfbe03dcd16,liballoy_consensus-832bac40639ba27d,liballoy_eips-cb3e704ef5003ab3,libeither-ebcfa7c0f21daa55,liballoy_serde-e0f95c90b189d58d,libserde_json-1a7eb35af7e17069,libmemchr-eb753e192a6bbd2d,libryu-a7164637bc4900ee,libindexmap-19a715d6562d641d,liballoy_eip7702-abb98347b1143350,libc_kzg-987b7f75240de0f7,libhex-13e08b3b00984ab7,libblst-74d2460b9221eeef,libthreadpool-52b6e74a29d2e466,libnum_cpus-bf477452f515be95,liballoy_eip2930-86059839b0ce8d60,liballoy_eip2124-9eb2b8256da106f6,libthiserror-471e89b4c9547c9b,libcrc-fcaea11bad78f3a8,libcrc_catalog-5af10f2bf5720cb5,liballoy_trie-3973ba7d65d1a18e,libtracing-5fccbcc3cc508aeb,liblog-d6f7bb1298e9acd0,libpin_project_lite-72bf04572caa1c84,libtracing_core-05e1b75a06fc0004,libnybbles-419205696a108f2b,libsmallvec-023c26ca2fa614e6,libonce_cell-e9252a7b5119f3eb,liballoy_core-16cec45d96aebe73,liballoy_dyn_abi-75d2565e13f05802,liballoy_sol_types-626910f64d7084db,liballoy_json_abi-d0efcaf229440352,liballoy_sol_type_parser-1e50e614caf41446,libwinnow-89c5503dcd84bde7,liballoy_primitives-f0681a7a88b3c3df,libitoa-ef40fa516293a9d3,libhashbrown-dc03de4b9ab7fc3c,libequivalent-6a754676e6af62ae,liballocator_api2-8d9c1e895dea53bd,libfoldhash-d6b73c06654b8dc9,libconst_hex-805d5d77ca8eea2f,libderive_more-8a9a7c0d64d648ca,libk256-e446dfb85954ca70,libsha2-edafc4afe488accd,libcpufeatures-e04321643d03190d,libecdsa-840ed5c1710163fb,librfc6979-c6ef17faf2c7fa4a,libhmac-75bf32d0efc5ab68,libsignature-4c2845d8d022a909,libelliptic_curve-fe05d98d44eb3cab,libpkcs8-ca7f3b07e52746c6,libspki-26c38ab84e70ba20,libsec1-053cd95f1d8fe77a,libder-4fbde8e3ea87ddbc,libcrypto_bigint-9445a0d33248685c,libserdect-e9745548f4e72bc4,libbase16ct-c4cc4b0550013254,libgroup-dff111eae18df5e2,libff-460fcfdb79ce362a,librand_core-e54d7930b6109ec2,libgetrandom-312ab218d47a9ace,liblibc-8effa9a3cdcc5c1b,libcfg_if-3a213765134f0c85,libruint-539ffab4a8a703a0,liballoy_rlp-b682240036aa998e,libarrayvec-eaadead27420b713,libbytes-0872bec9635e20ee,libserde-2741b8ce336a4a12,libtiny_keccak-9777c321e0d66db1,libcrunchy-25e8edeefbd09a22,libsha3-6624e1c0dcc97938,libkeccak-b3eea90d0aeeb926,libdigest-7e69ac69066d4483,libsubtle-cdc2b7d5fab71c70,libconst_oid-2aadc73a32842898,libblock_buffer-c00f9fb4d8f04a0e,libcrypto_common-b45481f1a024a386,libgeneric_array-93fde96fdaba7762,libtypenum-2411508f27232473,libzeroize-6dfb109fb2cd40cb}.rlib" "<sysroot>/lib/rustlib/x86_64-unknown-linux-gnu/lib/{libstd-*,libpanic_unwind-*,libobject-*,libmemchr-*,libaddr2line-*,libgimli-*,libcfg_if-*,librustc_demangle-*,libstd_detect-*,libhashbrown-*,librustc_std_workspace_alloc-*,libminiz_oxide-*,libadler2-*,libunwind-*,liblibc-*,librustc_std_workspace_core-*,liballoc-*,libcore-*,libcompiler_builtins-*}.rlib" "-Wl,-Bdynamic" "-lssl" "-lcrypto" "-lgcc_s" "-lutil" "-lrt" "-lpthread" "-lm" "-ldl" "-lc" "-L" "/opt/rustwide/target/debug/examples/rustcyORU99/raw-dylibs" "-B<sysroot>/lib/rustlib/x86_64-unknown-linux-gnu/bin/gcc-ld" "-fuse-ld=lld" "-Wl,--eh-frame-hdr" "-Wl,-z,noexecstack" "-L" "/opt/rustwide/target/debug/build/zstd-sys-853d4330765d4084/out" "-L" "/opt/rustwide/target/debug/build/c-kzg-854af9163219657b/out" "-L" "/opt/rustwide/target/debug/build/blst-c0afdf05ac82099b/out" "-L" "/opt/rustwide/target/debug/build/ring-bb3a15066e29f201/out" "-L" "/opt/rustwide/target/debug/build/secp256k1-sys-4efe8ad93c321419/out" "-L" "<sysroot>/lib/rustlib/x86_64-unknown-linux-gnu/lib" "-o" "/opt/rustwide/target/debug/examples/get_implemetion-7c0f58590368030b" "-Wl,--gc-sections" "-pie" "-Wl,-z,relro,-z,now" "-nodefaultlibs"
[INFO] [stdout]   = note: some arguments are omitted. use `--verbose` to show all linker arguments
[INFO] [stdout]   = note: collect2: fatal error: ld terminated with signal 9 [Killed]
[INFO] [stdout]           compilation terminated.
[INFO] [stdout]           
[INFO] [stdout] 
[INFO] [stdout] 
[INFO] [stderr] error: could not compile `revm-trace` (example "get_implemetion") due to 1 previous error
[INFO] [stdout] error: linking with `cc` failed: exit status: 1
[INFO] [stdout]   |
[INFO] [stdout]   = note:  "cc" "-m64" "/opt/rustwide/target/debug/deps/rustcbNbhHv/symbols.o" "<10 object files omitted>" "-Wl,--as-needed" "-Wl,-Bstatic" "<sysroot>/lib/rustlib/x86_64-unknown-linux-gnu/lib/{libtest-*,libgetopts-*,librustc_std_workspace_std-*}.rlib" "/opt/rustwide/target/debug/deps/{librevm_trace-1d76f9ad4a863a0f,libanyhow-5c5020a1011a8ef6,librevm-005dce947ab24fa1,librevm_inspector-815d47f53758f9e2,librevm_handler-876e0c4db3177aff,librevm_precompile-81947956b1ec19d6,libripemd-f0b6efb75a0389f8,libark_bls12_381-8de3a20c455dddbf,libark_bn254-5ad4e1074a01a6be,libark_ec-3decba71c89f9cbe,libark_poly-7c70c84090a8815f,libahash-771820c3e7a29398,libark_ff-f84e9977e79c7b26,libark_serialize-6be1aa27b09b66ed,libnum_bigint-7206beb36ffbfe80,libnum_integer-978663802c73c752,libark_std-61124ca0d8d1c201,libnum_traits-17bedafaa2a61f51,libsecp256k1-3cea555e21f1d8a8,libsecp256k1_sys-b0235b2bae0e1cae,libaurora_engine_modexp-44a6f26231219f1c,librevm_interpreter-b5e3cb24610ad8fe,librevm_database-22c148ce789cc28f,librevm_context-a681db443f02fafc,librevm_context_interface-b9967b348386d182,librevm_database_interface-c1ce4da26e9a7de2,librevm_state-a25c3c4a0e131abb,librevm_bytecode-9e9ebc83fdef9f1d,libbitvec-c36aae4402e50ec2,libwyz-133d1f40126b72c7,libtap-37e510577f660e8b,libradium-df668b38f12b3f7a,libfunty-15c9f00de3f19225,librevm_primitives-ac0a17eed4dae5b5,libthiserror-7c7e073b619032ca,liballoy-ca8c0db843a7806a,liballoy_signer_local-a5f54e7651b69e58,librand-88c1251f5894e0f4,librand_chacha-596edccff70a7cda,liballoy_rpc_types-063f0c27f0b4fc7a,liballoy_contract-60bad6fff20b5823,liballoy_provider-1ea5f46340a752fe,libdashmap-ac5efb4e4da1f03c,libhashbrown-7535884dad52ee2f,libcrossbeam_utils-f696a08ab1e94e7a,liballoy_rpc_types_txpool-bfb5d36ae75ac0c5,liballoy_rpc_types_trace-a9ee55f599f05998,liballoy_rpc_types_debug-9aae693856871b2a,liballoy_rpc_types_anvil-9231bcf013b53c39,liblru-c5a2811aaa943147,liballoy_rpc_client-44c5f6bbe62b27a8,liballoy_transport_ipc-2f295deb7808c9b3,libinterprocess-0ce242c61fec2216,liballoy_transport_ws-736dba5e99614e4d,libtokio_tungstenite-9f5688ea03db5f69,libwebpki_roots-f46e826e03eafffe,libwebpki_roots-6458db054bba46fc,libtokio_rustls-0242a94b08991984,libtungstenite-8738f9f4dc6b9500,libdata_encoding-506ef4e476430498,librand-0f52973de9be77b7,librand_chacha-34561f7a6917ad68,libppv_lite86-8e0e0ee375812b97,libzerocopy-57f1b6f6b592ba8f,librand_core-b5819be76cbb38c8,libgetrandom-fedda767377de0ac,librustls-17103d303beeda25,libwebpki-94d3d6359af3dd4f,libring-8ef193fcf200a1dd,libuntrusted-b2f816886faf2178,libutf8-f4341c3c7568480d,libsha1-2af10932bad7bae6,libtracing_futures-abbdfec4fb176ba0,libasync_stream-5e3cdde544debcc8,liballoy_pubsub-b1056be5f6ab8f79,libtokio_stream-7706ac6a4c9bd0b8,libtokio_util-d19a7c7a222b0027,libbimap-3f3eecb30c1493cd,libpin_project-38c0be05a38fc46c,liballoy_chains-2544929f68f8d8d9,libstrum-a404e08a97328574,libnum_enum-fe24b4f08bcce18c,liballoy_transport_http-0e94719281dd1c02,liballoy_transport-0b3945d549f627db,libfutures-3ddb1218ecddc372,libfutures_executor-cf2408ee2b578792,libreqwest-7d5168d66ba2b512,libserde_urlencoded-d1f12c63e3815127,librustls_pki_types-5747db19bcf58df6,libhyper_tls-9969235b78b0e6bd,libtokio_native_tls-ff68d04a507a1872,libtower_http-0e3c4dc51ab724f2,libiri_string-f2231ba2cbe5b068,libtower-05410df0a79a5610,libtower_layer-d908dd771b239ecd,libnative_tls-ff26fe6817452c4b,libopenssl_probe-2c6d21a9709cae46,libopenssl-0ac9de86d96fb8bd,libbitflags-f0e5862712a26ed0,libforeign_types-4fe1886d5d9265b9,libforeign_types_shared-47b443a4583fd949,libopenssl_sys-f8de0b5d5c200a47,libhyper_util-cbd9d2155e2b79f1,libbase64-32787b0325ea6df8,libipnet-a38805d99c19843f,libtower_service-3fb88d28c2218805,libhyper-e7fca3acecb8f4b5,libwant-7a6260b9c50f1479,libtry_lock-8fa2f6971035be84,libhttparse-8c9b827b8f345444,libfutures_util-a6c1e6e2ba139cb7,libfutures_io-59d0071c9258d69f,libslab-06cf58f8e93304ed,libfutures_channel-3bb2db6cecc5bacb,libfutures_sink-ae1eb2d060de53a2,libfutures_task-91a858f9685cd730,libpin_utils-3860774ad9b215b5,libtokio-2dca884249016f8e,libsignal_hook_registry-88b58ec84de64f5f,libsocket2-0900be2604632d9f,libmio-a02801fddcadb64f,libparking_lot-3fccd32566967809,libparking_lot_core-32a080ad7d991fd6,liblock_api-2e9dabb47f2eef10,libscopeguard-7ec2214574194454,libhttp_body_util-404a8e2e00bbf378,libhttp_body-43daf1eb9b686aef,liburl-b0849fb7c129c49f,libidna-307dea2de4a045c3,libutf8_iter-51566bbad89f3a68,libidna_adapter-d99460ca74f3341d,libicu_properties-7dfb4a441ed6e4ae,libicu_properties_data-b53d225676b50701,libicu_normalizer-5239eb3a125fd383,libicu_normalizer_data-ff82f05aef08137e,libicu_collections-d7589bd11ff03225,libpotential_utf-6a450296cbcfce92,libicu_provider-7c354144a8e0664b,libicu_locale_core-aedc5d2ca04f9d74,libtinystr-5afd5b451c4e20b1,liblitemap-76c583890b84c465,libwriteable-240af3fb4837c678,libzerovec-0416f8b095996e61,libzerotrie-b990ad612eece1b7,libyoke-3d658d9752bfe52f,libstable_deref_trait-14e4a70bda35dfe8,libzerofrom-7bd1b16f23804c55,libform_urlencoded-48069ad4ff13b53d,libpercent_encoding-af9df9186596bd92,libsync_wrapper-a254cb6192850e87,libfutures_core-3b920243fce8fec0,liballoy_network-044bd42954139648,liballoy_rpc_types_any-d0cad9a1626deaa4,liballoy_signer-8a182fb0f0eac8bb,libfutures_utils_wasm-38ebf48fc9a287e3,liballoy_rpc_types_eth-3bde10209dddd5a2,liballoy_consensus_any-21f60b946531aedc,libitertools-e884b58d030faab2,liballoy_network_primitives-e6de8cef9d0c67b0,liballoy_json_rpc-8e39897946c910af,libhttp-9966f0d619642cfe,libfnv-79e2cbfbe03dcd16,liballoy_consensus-832bac40639ba27d,liballoy_eips-cb3e704ef5003ab3,libeither-ebcfa7c0f21daa55,liballoy_serde-e0f95c90b189d58d,libserde_json-1a7eb35af7e17069,libmemchr-eb753e192a6bbd2d,libryu-a7164637bc4900ee,libindexmap-19a715d6562d641d,liballoy_eip7702-abb98347b1143350,libc_kzg-987b7f75240de0f7,libhex-13e08b3b00984ab7,libblst-74d2460b9221eeef,libthreadpool-52b6e74a29d2e466,libnum_cpus-bf477452f515be95,liballoy_eip2930-86059839b0ce8d60,liballoy_eip2124-9eb2b8256da106f6,libthiserror-471e89b4c9547c9b,libcrc-fcaea11bad78f3a8,libcrc_catalog-5af10f2bf5720cb5,liballoy_trie-3973ba7d65d1a18e,libtracing-5fccbcc3cc508aeb,liblog-d6f7bb1298e9acd0,libpin_project_lite-72bf04572caa1c84,libtracing_core-05e1b75a06fc0004,libnybbles-419205696a108f2b,libsmallvec-023c26ca2fa614e6,libonce_cell-e9252a7b5119f3eb,liballoy_core-16cec45d96aebe73,liballoy_dyn_abi-75d2565e13f05802,liballoy_sol_types-626910f64d7084db,liballoy_json_abi-d0efcaf229440352,liballoy_sol_type_parser-1e50e614caf41446,libwinnow-89c5503dcd84bde7,liballoy_primitives-f0681a7a88b3c3df,libitoa-ef40fa516293a9d3,libhashbrown-dc03de4b9ab7fc3c,libequivalent-6a754676e6af62ae,liballocator_api2-8d9c1e895dea53bd,libfoldhash-d6b73c06654b8dc9,libconst_hex-805d5d77ca8eea2f,libderive_more-8a9a7c0d64d648ca,libk256-e446dfb85954ca70,libsha2-edafc4afe488accd,libcpufeatures-e04321643d03190d,libecdsa-840ed5c1710163fb,librfc6979-c6ef17faf2c7fa4a,libhmac-75bf32d0efc5ab68,libsignature-4c2845d8d022a909,libelliptic_curve-fe05d98d44eb3cab,libpkcs8-ca7f3b07e52746c6,libspki-26c38ab84e70ba20,libsec1-053cd95f1d8fe77a,libder-4fbde8e3ea87ddbc,libcrypto_bigint-9445a0d33248685c,libserdect-e9745548f4e72bc4,libbase16ct-c4cc4b0550013254,libgroup-dff111eae18df5e2,libff-460fcfdb79ce362a,librand_core-e54d7930b6109ec2,libgetrandom-312ab218d47a9ace,liblibc-8effa9a3cdcc5c1b,libcfg_if-3a213765134f0c85,libruint-539ffab4a8a703a0,liballoy_rlp-b682240036aa998e,libarrayvec-eaadead27420b713,libbytes-0872bec9635e20ee,libserde-2741b8ce336a4a12,libtiny_keccak-9777c321e0d66db1,libcrunchy-25e8edeefbd09a22,libsha3-6624e1c0dcc97938,libkeccak-b3eea90d0aeeb926,libdigest-7e69ac69066d4483,libsubtle-cdc2b7d5fab71c70,libconst_oid-2aadc73a32842898,libblock_buffer-c00f9fb4d8f04a0e,libcrypto_common-b45481f1a024a386,libgeneric_array-93fde96fdaba7762,libtypenum-2411508f27232473,libzeroize-6dfb109fb2cd40cb}.rlib" "<sysroot>/lib/rustlib/x86_64-unknown-linux-gnu/lib/{libstd-*,libpanic_unwind-*,libobject-*,libmemchr-*,libaddr2line-*,libgimli-*,libcfg_if-*,librustc_demangle-*,libstd_detect-*,libhashbrown-*,librustc_std_workspace_alloc-*,libminiz_oxide-*,libadler2-*,libunwind-*,liblibc-*,librustc_std_workspace_core-*,liballoc-*,libcore-*,libcompiler_builtins-*}.rlib" "-Wl,-Bdynamic" "-lssl" "-lcrypto" "-lgcc_s" "-lutil" "-lrt" "-lpthread" "-lm" "-ldl" "-lc" "-L" "/opt/rustwide/target/debug/deps/rustcbNbhHv/raw-dylibs" "-B<sysroot>/lib/rustlib/x86_64-unknown-linux-gnu/bin/gcc-ld" "-fuse-ld=lld" "-Wl,--eh-frame-hdr" "-Wl,-z,noexecstack" "-L" "/opt/rustwide/target/debug/build/zstd-sys-853d4330765d4084/out" "-L" "/opt/rustwide/target/debug/build/c-kzg-854af9163219657b/out" "-L" "/opt/rustwide/target/debug/build/blst-c0afdf05ac82099b/out" "-L" "/opt/rustwide/target/debug/build/ring-bb3a15066e29f201/out" "-L" "/opt/rustwide/target/debug/build/secp256k1-sys-4efe8ad93c321419/out" "-L" "<sysroot>/lib/rustlib/x86_64-unknown-linux-gnu/lib" "-o" "/opt/rustwide/target/debug/deps/readme_example-c7c7d8bcb77f89be" "-Wl,--gc-sections" "-pie" "-Wl,-z,relro,-z,now" "-nodefaultlibs"
[INFO] [stdout]   = note: some arguments are omitted. use `--verbose` to show all linker arguments
[INFO] [stdout]   = note: collect2: fatal error: ld terminated with signal 9 [Killed]
[INFO] [stdout]           compilation terminated.
[INFO] [stdout]           
[INFO] [stdout] 
[INFO] [stdout] 
[INFO] [stdout] error: linking with `cc` failed: exit status: 1
[INFO] [stdout]   |
[INFO] [stdout]   = note:  "cc" "-m64" "/opt/rustwide/target/debug/examples/rustcICTv19/symbols.o" "<6 object files omitted>" "-Wl,--as-needed" "-Wl,-Bstatic" "/opt/rustwide/target/debug/deps/{librevm_trace-1d76f9ad4a863a0f,librevm-005dce947ab24fa1,librevm_inspector-815d47f53758f9e2,librevm_handler-876e0c4db3177aff,librevm_precompile-81947956b1ec19d6,libripemd-f0b6efb75a0389f8,libark_bls12_381-8de3a20c455dddbf,libark_bn254-5ad4e1074a01a6be,libark_ec-3decba71c89f9cbe,libark_poly-7c70c84090a8815f,libahash-771820c3e7a29398,libark_ff-f84e9977e79c7b26,libark_serialize-6be1aa27b09b66ed,libnum_bigint-7206beb36ffbfe80,libnum_integer-978663802c73c752,libark_std-61124ca0d8d1c201,libnum_traits-17bedafaa2a61f51,libsecp256k1-3cea555e21f1d8a8,libsecp256k1_sys-b0235b2bae0e1cae,libaurora_engine_modexp-44a6f26231219f1c,librevm_interpreter-b5e3cb24610ad8fe,librevm_database-22c148ce789cc28f,librevm_context-a681db443f02fafc,librevm_context_interface-b9967b348386d182,librevm_database_interface-c1ce4da26e9a7de2,librevm_state-a25c3c4a0e131abb,librevm_bytecode-9e9ebc83fdef9f1d,libbitvec-c36aae4402e50ec2,libwyz-133d1f40126b72c7,libtap-37e510577f660e8b,libradium-df668b38f12b3f7a,libfunty-15c9f00de3f19225,librevm_primitives-ac0a17eed4dae5b5,libthiserror-7c7e073b619032ca,libanyhow-5c5020a1011a8ef6,liballoy-ca8c0db843a7806a,liballoy_signer_local-a5f54e7651b69e58,librand-88c1251f5894e0f4,librand_chacha-596edccff70a7cda,liballoy_rpc_types-063f0c27f0b4fc7a,liballoy_contract-60bad6fff20b5823,liballoy_provider-1ea5f46340a752fe,libdashmap-ac5efb4e4da1f03c,libhashbrown-7535884dad52ee2f,libcrossbeam_utils-f696a08ab1e94e7a,liballoy_rpc_types_txpool-bfb5d36ae75ac0c5,liballoy_rpc_types_trace-a9ee55f599f05998,liballoy_rpc_types_debug-9aae693856871b2a,liballoy_rpc_types_anvil-9231bcf013b53c39,liblru-c5a2811aaa943147,liballoy_rpc_client-44c5f6bbe62b27a8,liballoy_transport_ipc-2f295deb7808c9b3,libinterprocess-0ce242c61fec2216,liballoy_transport_ws-736dba5e99614e4d,libtokio_tungstenite-9f5688ea03db5f69,libwebpki_roots-f46e826e03eafffe,libwebpki_roots-6458db054bba46fc,libtokio_rustls-0242a94b08991984,libtungstenite-8738f9f4dc6b9500,libdata_encoding-506ef4e476430498,librand-0f52973de9be77b7,librand_chacha-34561f7a6917ad68,libppv_lite86-8e0e0ee375812b97,libzerocopy-57f1b6f6b592ba8f,librand_core-b5819be76cbb38c8,libgetrandom-fedda767377de0ac,librustls-17103d303beeda25,libwebpki-94d3d6359af3dd4f,libring-8ef193fcf200a1dd,libuntrusted-b2f816886faf2178,libutf8-f4341c3c7568480d,libsha1-2af10932bad7bae6,libtracing_futures-abbdfec4fb176ba0,libasync_stream-5e3cdde544debcc8,liballoy_pubsub-b1056be5f6ab8f79,libtokio_stream-7706ac6a4c9bd0b8,libtokio_util-d19a7c7a222b0027,libbimap-3f3eecb30c1493cd,libpin_project-38c0be05a38fc46c,liballoy_chains-2544929f68f8d8d9,libstrum-a404e08a97328574,libnum_enum-fe24b4f08bcce18c,liballoy_transport_http-0e94719281dd1c02,liballoy_transport-0b3945d549f627db,libfutures-3ddb1218ecddc372,libfutures_executor-cf2408ee2b578792,libreqwest-7d5168d66ba2b512,libserde_urlencoded-d1f12c63e3815127,librustls_pki_types-5747db19bcf58df6,libhyper_tls-9969235b78b0e6bd,libtokio_native_tls-ff68d04a507a1872,libtower_http-0e3c4dc51ab724f2,libiri_string-f2231ba2cbe5b068,libtower-05410df0a79a5610,libtower_layer-d908dd771b239ecd,libnative_tls-ff26fe6817452c4b,libopenssl_probe-2c6d21a9709cae46,libopenssl-0ac9de86d96fb8bd,libbitflags-f0e5862712a26ed0,libforeign_types-4fe1886d5d9265b9,libforeign_types_shared-47b443a4583fd949,libopenssl_sys-f8de0b5d5c200a47,libhyper_util-cbd9d2155e2b79f1,libbase64-32787b0325ea6df8,libipnet-a38805d99c19843f,libtower_service-3fb88d28c2218805,libhyper-e7fca3acecb8f4b5,libwant-7a6260b9c50f1479,libtry_lock-8fa2f6971035be84,libhttparse-8c9b827b8f345444,libfutures_util-a6c1e6e2ba139cb7,libfutures_io-59d0071c9258d69f,libslab-06cf58f8e93304ed,libfutures_channel-3bb2db6cecc5bacb,libfutures_sink-ae1eb2d060de53a2,libfutures_task-91a858f9685cd730,libpin_utils-3860774ad9b215b5,libtokio-2dca884249016f8e,libsignal_hook_registry-88b58ec84de64f5f,libsocket2-0900be2604632d9f,libmio-a02801fddcadb64f,libparking_lot-3fccd32566967809,libparking_lot_core-32a080ad7d991fd6,liblock_api-2e9dabb47f2eef10,libscopeguard-7ec2214574194454,libhttp_body_util-404a8e2e00bbf378,libhttp_body-43daf1eb9b686aef,liburl-b0849fb7c129c49f,libidna-307dea2de4a045c3,libutf8_iter-51566bbad89f3a68,libidna_adapter-d99460ca74f3341d,libicu_properties-7dfb4a441ed6e4ae,libicu_properties_data-b53d225676b50701,libicu_normalizer-5239eb3a125fd383,libicu_normalizer_data-ff82f05aef08137e,libicu_collections-d7589bd11ff03225,libpotential_utf-6a450296cbcfce92,libicu_provider-7c354144a8e0664b,libicu_locale_core-aedc5d2ca04f9d74,libtinystr-5afd5b451c4e20b1,liblitemap-76c583890b84c465,libwriteable-240af3fb4837c678,libzerovec-0416f8b095996e61,libzerotrie-b990ad612eece1b7,libyoke-3d658d9752bfe52f,libstable_deref_trait-14e4a70bda35dfe8,libzerofrom-7bd1b16f23804c55,libform_urlencoded-48069ad4ff13b53d,libpercent_encoding-af9df9186596bd92,libsync_wrapper-a254cb6192850e87,libfutures_core-3b920243fce8fec0,liballoy_network-044bd42954139648,liballoy_rpc_types_any-d0cad9a1626deaa4,liballoy_signer-8a182fb0f0eac8bb,libfutures_utils_wasm-38ebf48fc9a287e3,liballoy_rpc_types_eth-3bde10209dddd5a2,liballoy_consensus_any-21f60b946531aedc,libitertools-e884b58d030faab2,liballoy_network_primitives-e6de8cef9d0c67b0,liballoy_json_rpc-8e39897946c910af,libhttp-9966f0d619642cfe,libfnv-79e2cbfbe03dcd16,liballoy_consensus-832bac40639ba27d,liballoy_eips-cb3e704ef5003ab3,libeither-ebcfa7c0f21daa55,liballoy_serde-e0f95c90b189d58d,libserde_json-1a7eb35af7e17069,libmemchr-eb753e192a6bbd2d,libryu-a7164637bc4900ee,libindexmap-19a715d6562d641d,liballoy_eip7702-abb98347b1143350,libc_kzg-987b7f75240de0f7,libhex-13e08b3b00984ab7,libblst-74d2460b9221eeef,libthreadpool-52b6e74a29d2e466,libnum_cpus-bf477452f515be95,liballoy_eip2930-86059839b0ce8d60,liballoy_eip2124-9eb2b8256da106f6,libthiserror-471e89b4c9547c9b,libcrc-fcaea11bad78f3a8,libcrc_catalog-5af10f2bf5720cb5,liballoy_trie-3973ba7d65d1a18e,libtracing-5fccbcc3cc508aeb,liblog-d6f7bb1298e9acd0,libpin_project_lite-72bf04572caa1c84,libtracing_core-05e1b75a06fc0004,libnybbles-419205696a108f2b,libsmallvec-023c26ca2fa614e6,libonce_cell-e9252a7b5119f3eb,liballoy_core-16cec45d96aebe73,liballoy_dyn_abi-75d2565e13f05802,liballoy_sol_types-626910f64d7084db,liballoy_json_abi-d0efcaf229440352,liballoy_sol_type_parser-1e50e614caf41446,libwinnow-89c5503dcd84bde7,liballoy_primitives-f0681a7a88b3c3df,libitoa-ef40fa516293a9d3,libhashbrown-dc03de4b9ab7fc3c,libequivalent-6a754676e6af62ae,liballocator_api2-8d9c1e895dea53bd,libfoldhash-d6b73c06654b8dc9,libconst_hex-805d5d77ca8eea2f,libderive_more-8a9a7c0d64d648ca,libk256-e446dfb85954ca70,libsha2-edafc4afe488accd,libcpufeatures-e04321643d03190d,libecdsa-840ed5c1710163fb,librfc6979-c6ef17faf2c7fa4a,libhmac-75bf32d0efc5ab68,libsignature-4c2845d8d022a909,libelliptic_curve-fe05d98d44eb3cab,libpkcs8-ca7f3b07e52746c6,libspki-26c38ab84e70ba20,libsec1-053cd95f1d8fe77a,libder-4fbde8e3ea87ddbc,libcrypto_bigint-9445a0d33248685c,libserdect-e9745548f4e72bc4,libbase16ct-c4cc4b0550013254,libgroup-dff111eae18df5e2,libff-460fcfdb79ce362a,librand_core-e54d7930b6109ec2,libgetrandom-312ab218d47a9ace,liblibc-8effa9a3cdcc5c1b,libcfg_if-3a213765134f0c85,libruint-539ffab4a8a703a0,liballoy_rlp-b682240036aa998e,libarrayvec-eaadead27420b713,libbytes-0872bec9635e20ee,libserde-2741b8ce336a4a12,libtiny_keccak-9777c321e0d66db1,libcrunchy-25e8edeefbd09a22,libsha3-6624e1c0dcc97938,libkeccak-b3eea90d0aeeb926,libdigest-7e69ac69066d4483,libsubtle-cdc2b7d5fab71c70,libconst_oid-2aadc73a32842898,libblock_buffer-c00f9fb4d8f04a0e,libcrypto_common-b45481f1a024a386,libgeneric_array-93fde96fdaba7762,libtypenum-2411508f27232473,libzeroize-6dfb109fb2cd40cb}.rlib" "<sysroot>/lib/rustlib/x86_64-unknown-linux-gnu/lib/{libstd-*,libpanic_unwind-*,libobject-*,libmemchr-*,libaddr2line-*,libgimli-*,libcfg_if-*,librustc_demangle-*,libstd_detect-*,libhashbrown-*,librustc_std_workspace_alloc-*,libminiz_oxide-*,libadler2-*,libunwind-*,liblibc-*,librustc_std_workspace_core-*,liballoc-*,libcore-*,libcompiler_builtins-*}.rlib" "-Wl,-Bdynamic" "-lssl" "-lcrypto" "-lgcc_s" "-lutil" "-lrt" "-lpthread" "-lm" "-ldl" "-lc" "-L" "/opt/rustwide/target/debug/examples/rustcICTv19/raw-dylibs" "-B<sysroot>/lib/rustlib/x86_64-unknown-linux-gnu/bin/gcc-ld" "-fuse-ld=lld" "-Wl,--eh-frame-hdr" "-Wl,-z,noexecstack" "-L" "/opt/rustwide/target/debug/build/zstd-sys-853d4330765d4084/out" "-L" "/opt/rustwide/target/debug/build/c-kzg-854af9163219657b/out" "-L" "/opt/rustwide/target/debug/build/blst-c0afdf05ac82099b/out" "-L" "/opt/rustwide/target/debug/build/ring-bb3a15066e29f201/out" "-L" "/opt/rustwide/target/debug/build/secp256k1-sys-4efe8ad93c321419/out" "-L" "<sysroot>/lib/rustlib/x86_64-unknown-linux-gnu/lib" "-o" "/opt/rustwide/target/debug/examples/multicall_example-675869cae0ab92e1" "-Wl,--gc-sections" "-pie" "-Wl,-z,relro,-z,now" "-nodefaultlibs"
[INFO] [stdout]   = note: some arguments are omitted. use `--verbose` to show all linker arguments
[INFO] [stdout]   = note: collect2: fatal error: ld terminated with signal 9 [Killed]
[INFO] [stdout]           compilation terminated.
[INFO] [stdout]           
[INFO] [stdout] 
[INFO] [stdout] 
[INFO] [stderr] error: could not compile `revm-trace` (test "readme_example") due to 1 previous error
[INFO] [stderr] error: could not compile `revm-trace` (example "multicall_example") due to 1 previous error
[INFO] running `Command { std: "docker" "inspect" "852ab3b64594cffc2f9c9f914b6713598ed3e85a993e10ed04b3e8de59492ef2", kill_on_drop: false }`
[INFO] running `Command { std: "docker" "rm" "-f" "852ab3b64594cffc2f9c9f914b6713598ed3e85a993e10ed04b3e8de59492ef2", kill_on_drop: false }`
[INFO] [stdout] 852ab3b64594cffc2f9c9f914b6713598ed3e85a993e10ed04b3e8de59492ef2
