[INFO] fetching crate rerecast 0.4.0...
[INFO] testing rerecast-0.4.0 against 1.100.0-beta.1 for beta-1.100-2
[INFO] extracting crate rerecast 0.4.0 into /workspace/builds/worker-5-tc2/source
[INFO] started tweaking crates.io crate rerecast 0.4.0
[INFO] removed 0 missing tests
[INFO] finished tweaking crates.io crate rerecast 0.4.0
[INFO] tweaked toml for crates.io crate rerecast 0.4.0 written to /workspace/builds/worker-5-tc2/source/Cargo.toml
[INFO] validating manifest of crates.io crate rerecast 0.4.0 on toolchain 1.100.0-beta.1
[INFO] running `Command { std: CARGO_HOME="/workspace/cargo-home" RUSTUP_HOME="/workspace/rustup-home" "/workspace/cargo-home/bin/cargo" "+1.100.0-beta.1" "metadata" "--manifest-path" "Cargo.toml" "--no-deps", kill_on_drop: false }`
[INFO] crate crates.io crate rerecast 0.4.0 already has a lockfile, it will not be regenerated
[INFO] running `Command { std: CARGO_HOME="/workspace/cargo-home" RUSTUP_HOME="/workspace/rustup-home" "/workspace/cargo-home/bin/cargo" "+1.100.0-beta.1" "fetch" "--manifest-path" "Cargo.toml", kill_on_drop: false }`
[INFO] running `Command { std: "docker" "create" "-v" "/var/lib/crater-agent-workspace/builds/worker-5-tc2/source:/opt/rustwide/workdir:ro,Z" "-v" "/var/lib/crater-agent-workspace/builds/worker-5-tc2/target:/opt/rustwide/target:rw,Z" "-v" "/var/lib/crater-agent-workspace/cargo-home:/opt/rustwide/cargo-home:ro,Z" "-v" "/var/lib/crater-agent-workspace/rustup-home:/opt/rustwide/rustup-home:ro,Z" "-m" "1610612736" "--network" "none" "ghcr.io/rust-lang/crates-build-env/linux@sha256:3111399a4047eeb3a02b7a90e478d715f38a8c6669b5c4b49d30a17385265909" "sleep" "infinity", kill_on_drop: false }`
[INFO] [stdout] 706681ad8076e91fc35dd09f8f6d396184e66bdd801bf6047038f1513b6dd319
[INFO] running `Command { std: "docker" "start" "706681ad8076e91fc35dd09f8f6d396184e66bdd801bf6047038f1513b6dd319", kill_on_drop: false }`
[INFO] running `Command { std: "docker" "inspect" "706681ad8076e91fc35dd09f8f6d396184e66bdd801bf6047038f1513b6dd319", kill_on_drop: false }`
[INFO] running `Command { std: "docker" "exec" "-e" "SOURCE_DIR=/opt/rustwide/workdir" "-e" "CARGO_HOME=/opt/rustwide/cargo-home" "-e" "RUSTUP_HOME=/opt/rustwide/rustup-home" "-e" "CARGO_TARGET_DIR=/opt/rustwide/target" "-w" "/opt/rustwide/workdir" "--user" "0:0" "706681ad8076e91fc35dd09f8f6d396184e66bdd801bf6047038f1513b6dd319" "/opt/rustwide/cargo-home/bin/cargo" "+1.100.0-beta.1" "metadata" "--no-deps" "--format-version=1", kill_on_drop: false }`
[INFO] running `Command { std: "docker" "inspect" "706681ad8076e91fc35dd09f8f6d396184e66bdd801bf6047038f1513b6dd319", kill_on_drop: false }`
[INFO] running `Command { std: "docker" "exec" "-e" "SOURCE_DIR=/opt/rustwide/workdir" "-e" "CARGO_HOME=/opt/rustwide/cargo-home" "-e" "RUSTUP_HOME=/opt/rustwide/rustup-home" "-e" "CARGO_TARGET_DIR=/opt/rustwide/target" "-e" "CARGO_INCREMENTAL=0" "-e" "RUST_BACKTRACE=full" "-e" "RUSTFLAGS=--cap-lints=warn" "-e" "RUSTDOCFLAGS=--cap-lints=warn" "-w" "/opt/rustwide/workdir" "--user" "0:0" "706681ad8076e91fc35dd09f8f6d396184e66bdd801bf6047038f1513b6dd319" "/opt/rustwide/cargo-home/bin/cargo" "+1.100.0-beta.1" "build" "--frozen" "--message-format=json", kill_on_drop: false }`
[INFO] [stderr]    Compiling anyhow v1.0.102
[INFO] [stderr]    Compiling thiserror v2.0.18
[INFO] [stderr]    Compiling slotmap v1.1.1
[INFO] [stderr]    Compiling glam v0.32.1
[INFO] [stderr]    Compiling tracing v0.1.44
[INFO] [stderr]    Compiling syn v2.0.117
[INFO] [stderr]    Compiling thiserror-impl v2.0.18
[INFO] [stderr]    Compiling rerecast v0.4.0 (/opt/rustwide/workdir)
[INFO] [stdout] warning: use of deprecated constant `core::f32::MAX`: replaced by the `MAX` associated constant on `f32`
[INFO] [stdout]    --> src/detail_mesh.rs:960:25
[INFO] [stdout]     |
[INFO] [stdout] 960 |     let mut dmin = f32::MAX;
[INFO] [stdout]     |                         ^^^
[INFO] [stdout]     |
[INFO] [stdout]     = note: `#[warn(deprecated)]` on by default
[INFO] [stdout] 
[INFO] [stdout] 
[INFO] [stdout] warning: use of deprecated constant `core::f32::MAX`: replaced by the `MAX` associated constant on `f32`
[INFO] [stdout]    --> src/detail_mesh.rs:972:21
[INFO] [stdout]     |
[INFO] [stdout] 972 |     if dmin == f32::MAX { None } else { Some(dmin) }
[INFO] [stdout]     |                     ^^^
[INFO] [stdout] 
[INFO] [stdout] 
[INFO] [stdout] warning: use of deprecated constant `core::f32::MAX`: replaced by the `MAX` associated constant on `f32`
[INFO] [stdout]     --> src/detail_mesh.rs:1012:25
[INFO] [stdout]      |
[INFO] [stdout] 1012 |     let mut dmin = f32::MAX;
[INFO] [stdout]      |                         ^^^
[INFO] [stdout] 
[INFO] [stdout] 
[INFO] [stdout] warning: use of deprecated constant `core::f32::MAX`: replaced by the `MAX` associated constant on `f32`
[INFO] [stdout]     --> src/detail_mesh.rs:1086:25
[INFO] [stdout]      |
[INFO] [stdout] 1086 |     let mut dmin = f32::MAX;
[INFO] [stdout]      |                         ^^^
[INFO] [stdout] 
[INFO] [stdout] 
[INFO] [stdout] warning: use of deprecated constant `core::f32::MAX`: replaced by the `MAX` associated constant on `f32`
[INFO] [stdout]     --> src/detail_mesh.rs:1157:29
[INFO] [stdout]      |
[INFO] [stdout] 1157 |         let mut dmin = f32::MAX;
[INFO] [stdout]      |                             ^^^
[INFO] [stdout] 
[INFO] [stdout] 
[INFO] [stdout] warning: use of deprecated constant `core::f32::MAX`: replaced by the `MAX` associated constant on `f32`
[INFO] [stdout]     --> src/detail_mesh.rs:1210:29
[INFO] [stdout]      |
[INFO] [stdout] 1210 |     let mut min_dist = f32::MAX;
[INFO] [stdout]      |                             ^^^
[INFO] [stdout] 
[INFO] [stdout] 
[INFO] [stderr] warning: unused dependency `anyhow`
[INFO] [stderr]  --> Cargo.toml:1:15
[INFO] [stderr]   |
[INFO] [stderr] 1 | [dependencies.anyhow]
[INFO] [stderr]   |               ^^^^^^^
[INFO] [stderr]   |
[INFO] [stderr]   = note: `cargo::unused_dependencies` is set to `warn` by default
[INFO] [stderr] help: consider removing the dependency on `anyhow`
[INFO] [stderr] warning: `rerecast` (manifest) generated 1 warning
[INFO] [stderr]     Finished `dev` profile [unoptimized + debuginfo] target(s) in 14.60s
[INFO] running `Command { std: "docker" "inspect" "706681ad8076e91fc35dd09f8f6d396184e66bdd801bf6047038f1513b6dd319", kill_on_drop: false }`
[INFO] running `Command { std: "docker" "exec" "-e" "SOURCE_DIR=/opt/rustwide/workdir" "-e" "CARGO_HOME=/opt/rustwide/cargo-home" "-e" "RUSTUP_HOME=/opt/rustwide/rustup-home" "-e" "CARGO_TARGET_DIR=/opt/rustwide/target" "-e" "CARGO_INCREMENTAL=0" "-e" "RUST_BACKTRACE=full" "-e" "RUSTFLAGS=--cap-lints=warn" "-e" "RUSTDOCFLAGS=--cap-lints=warn" "-w" "/opt/rustwide/workdir" "--user" "0:0" "706681ad8076e91fc35dd09f8f6d396184e66bdd801bf6047038f1513b6dd319" "/opt/rustwide/cargo-home/bin/cargo" "+1.100.0-beta.1" "test" "--frozen" "--no-run" "--message-format=json", kill_on_drop: false }`
[INFO] [stderr]    Compiling serde_core v1.0.228
[INFO] [stderr]    Compiling serde_json v1.0.149
[INFO] [stderr]    Compiling serde v1.0.228
[INFO] [stderr]    Compiling memchr v2.8.0
[INFO] [stderr]    Compiling serde_derive v1.0.228
[INFO] [stderr]    Compiling test_utils v0.1.1
[INFO] [stdout] warning: use of deprecated constant `core::f32::MAX`: replaced by the `MAX` associated constant on `f32`
[INFO] [stdout]    --> src/detail_mesh.rs:960:25
[INFO] [stdout]     |
[INFO] [stdout] 960 |     let mut dmin = f32::MAX;
[INFO] [stdout]     |                         ^^^
[INFO] [stdout]     |
[INFO] [stdout]     = note: `#[warn(deprecated)]` on by default
[INFO] [stdout] 
[INFO] [stdout] 
[INFO] [stdout] warning: use of deprecated constant `core::f32::MAX`: replaced by the `MAX` associated constant on `f32`
[INFO] [stdout]    --> src/detail_mesh.rs:972:21
[INFO] [stdout]     |
[INFO] [stdout] 972 |     if dmin == f32::MAX { None } else { Some(dmin) }
[INFO] [stdout]     |                     ^^^
[INFO] [stdout] 
[INFO] [stdout] 
[INFO] [stdout] warning: use of deprecated constant `core::f32::MAX`: replaced by the `MAX` associated constant on `f32`
[INFO] [stdout]     --> src/detail_mesh.rs:1012:25
[INFO] [stdout]      |
[INFO] [stdout] 1012 |     let mut dmin = f32::MAX;
[INFO] [stdout]      |                         ^^^
[INFO] [stdout] 
[INFO] [stdout] 
[INFO] [stdout] warning: use of deprecated constant `core::f32::MAX`: replaced by the `MAX` associated constant on `f32`
[INFO] [stdout]     --> src/detail_mesh.rs:1086:25
[INFO] [stdout]      |
[INFO] [stdout] 1086 |     let mut dmin = f32::MAX;
[INFO] [stdout]      |                         ^^^
[INFO] [stdout] 
[INFO] [stdout] 
[INFO] [stdout] warning: use of deprecated constant `core::f32::MAX`: replaced by the `MAX` associated constant on `f32`
[INFO] [stdout]     --> src/detail_mesh.rs:1157:29
[INFO] [stdout]      |
[INFO] [stdout] 1157 |         let mut dmin = f32::MAX;
[INFO] [stdout]      |                             ^^^
[INFO] [stdout] 
[INFO] [stdout] 
[INFO] [stdout] warning: use of deprecated constant `core::f32::MAX`: replaced by the `MAX` associated constant on `f32`
[INFO] [stdout]     --> src/detail_mesh.rs:1210:29
[INFO] [stdout]      |
[INFO] [stdout] 1210 |     let mut min_dist = f32::MAX;
[INFO] [stdout]      |                             ^^^
[INFO] [stdout] 
[INFO] [stdout] 
[INFO] [stderr]    Compiling rerecast v0.4.0 (/opt/rustwide/workdir)
[INFO] [stdout] error[E0425]: cannot find type `CppGeometry` in this scope
[INFO] [stdout]   --> tests/cpp_comparison.rs:30:36
[INFO] [stdout]    |
[INFO] [stdout] 30 |         let geometry = load_json::<CppGeometry>(project, "geometry");
[INFO] [stdout]    |                                    ^^^^^^^^^^^ not found in this scope
[INFO] [stdout]    |
[INFO] [stdout] help: you might be missing a type parameter
[INFO] [stdout]    |
[INFO] [stdout] 10 | fn validate_navmesh_against_cpp_implementation<CppGeometry>() {
[INFO] [stdout]    |                                               +++++++++++++
[INFO] [stdout] 
[INFO] [stdout] 
[INFO] [stdout] error[E0425]: cannot find type `CppVolumes` in this scope
[INFO] [stdout]   --> tests/cpp_comparison.rs:74:35
[INFO] [stdout]    |
[INFO] [stdout] 74 |         let volumes = load_json::<CppVolumes>(project, "convex_volumes");
[INFO] [stdout]    |                                   ^^^^^^^^^^ not found in this scope
[INFO] [stdout]    |
[INFO] [stdout] help: you might be missing a type parameter
[INFO] [stdout]    |
[INFO] [stdout] 10 | fn validate_navmesh_against_cpp_implementation<CppVolumes>() {
[INFO] [stdout]    |                                               ++++++++++++
[INFO] [stdout] 
[INFO] [stdout] 
[INFO] [stdout] warning: unused import: `test_utils::*`
[INFO] [stdout]  --> tests/cpp_comparison.rs:7:5
[INFO] [stdout]   |
[INFO] [stdout] 7 | use test_utils::*;
[INFO] [stdout]   |     ^^^^^^^^^^^^^
[INFO] [stdout]   |
[INFO] [stdout]   = note: `#[warn(unused_imports)]` (part of `#[warn(unused)]`) on by default
[INFO] [stdout] 
[INFO] [stdout] 
[INFO] [stdout] error[E0425]: cannot find function `test_data_dir` in this scope
[INFO] [stdout]   --> tests/cpp_comparison.rs:11:15
[INFO] [stdout]    |
[INFO] [stdout] 11 |     let dir = test_data_dir();
[INFO] [stdout]    |               ^^^^^^^^^^^^^ not found in this scope
[INFO] [stdout] 
[INFO] [stdout] 
[INFO] [stdout] error[E0425]: cannot find function `load_json` in this scope
[INFO] [stdout]   --> tests/cpp_comparison.rs:30:24
[INFO] [stdout]    |
[INFO] [stdout] 30 |         let geometry = load_json::<CppGeometry>(project, "geometry");
[INFO] [stdout]    |                        ^^^^^^^^^ not found in this scope
[INFO] [stdout] 
[INFO] [stdout] 
[INFO] [stdout] error[E0599]: no associated function or constant named `load_from_test_data` found for struct `Config` in the current scope
[INFO] [stdout]   --> tests/cpp_comparison.rs:32:30
[INFO] [stdout]    |
[INFO] [stdout] 32 |         let config = Config::load_from_test_data(project);
[INFO] [stdout]    |                              ^^^^^^^^^^^^^^^^^^^ associated function or constant not found in `Config`
[INFO] [stdout] 
[INFO] [stdout] 
[INFO] [stdout] error[E0599]: no method named `assert_eq` found for struct `Heightfield` in the current scope
[INFO] [stdout]   --> tests/cpp_comparison.rs:54:21
[INFO] [stdout]    |
[INFO] [stdout] 54 |         heightfield.assert_eq(project, "heightfield_initial");
[INFO] [stdout]    |                     ^^^^^^^^^ method not found in `Heightfield`
[INFO] [stdout] 
[INFO] [stdout] 
[INFO] [stdout] error[E0599]: no method named `assert_eq` found for struct `Heightfield` in the current scope
[INFO] [stdout]   --> tests/cpp_comparison.rs:63:21
[INFO] [stdout]    |
[INFO] [stdout] 63 |         heightfield.assert_eq(project, "heightfield_filtered");
[INFO] [stdout]    |                     ^^^^^^^^^ method not found in `Heightfield`
[INFO] [stdout] 
[INFO] [stdout] 
[INFO] [stdout] error[E0599]: no method named `assert_eq` found for struct `CompactHeightfield` in the current scope
[INFO] [stdout]   --> tests/cpp_comparison.rs:69:29
[INFO] [stdout]    |
[INFO] [stdout] 69 |         compact_heightfield.assert_eq(project, "compact_heightfield_initial");
[INFO] [stdout]    |                             ^^^^^^^^^ method not found in `CompactHeightfield`
[INFO] [stdout] 
[INFO] [stdout] 
[INFO] [stdout] error[E0599]: no method named `assert_eq` found for struct `CompactHeightfield` in the current scope
[INFO] [stdout]   --> tests/cpp_comparison.rs:72:29
[INFO] [stdout]    |
[INFO] [stdout] 72 |         compact_heightfield.assert_eq(project, "compact_heightfield_eroded");
[INFO] [stdout]    |                             ^^^^^^^^^ method not found in `CompactHeightfield`
[INFO] [stdout] 
[INFO] [stdout] 
[INFO] [stdout] error[E0425]: cannot find function `load_json` in this scope
[INFO] [stdout]   --> tests/cpp_comparison.rs:74:23
[INFO] [stdout]    |
[INFO] [stdout] 74 |         let volumes = load_json::<CppVolumes>(project, "convex_volumes");
[INFO] [stdout]    |                       ^^^^^^^^^ not found in this scope
[INFO] [stdout] 
[INFO] [stdout] 
[INFO] [stdout] warning: use of deprecated constant `core::f32::MAX`: replaced by the `MAX` associated constant on `f32`
[INFO] [stdout]    --> src/detail_mesh.rs:960:25
[INFO] [stdout]     |
[INFO] [stdout] 960 |     let mut dmin = f32::MAX;
[INFO] [stdout]     |                         ^^^
[INFO] [stdout]     |
[INFO] [stdout]     = note: `#[warn(deprecated)]` on by default
[INFO] [stdout] 
[INFO] [stdout] 
[INFO] [stdout] warning: use of deprecated constant `core::f32::MAX`: replaced by the `MAX` associated constant on `f32`
[INFO] [stdout]    --> src/detail_mesh.rs:972:21
[INFO] [stdout]     |
[INFO] [stdout] 972 |     if dmin == f32::MAX { None } else { Some(dmin) }
[INFO] [stdout]     |                     ^^^
[INFO] [stdout] 
[INFO] [stdout] 
[INFO] [stdout] warning: use of deprecated constant `core::f32::MAX`: replaced by the `MAX` associated constant on `f32`
[INFO] [stdout]     --> src/detail_mesh.rs:1012:25
[INFO] [stdout]      |
[INFO] [stdout] 1012 |     let mut dmin = f32::MAX;
[INFO] [stdout]      |                         ^^^
[INFO] [stdout] 
[INFO] [stdout] 
[INFO] [stdout] warning: use of deprecated constant `core::f32::MAX`: replaced by the `MAX` associated constant on `f32`
[INFO] [stdout]     --> src/detail_mesh.rs:1086:25
[INFO] [stdout]      |
[INFO] [stdout] 1086 |     let mut dmin = f32::MAX;
[INFO] [stdout]      |                         ^^^
[INFO] [stdout] 
[INFO] [stdout] 
[INFO] [stdout] warning: use of deprecated constant `core::f32::MAX`: replaced by the `MAX` associated constant on `f32`
[INFO] [stdout]     --> src/detail_mesh.rs:1157:29
[INFO] [stdout]      |
[INFO] [stdout] 1157 |         let mut dmin = f32::MAX;
[INFO] [stdout]      |                             ^^^
[INFO] [stdout] 
[INFO] [stdout] 
[INFO] [stdout] warning: use of deprecated constant `core::f32::MAX`: replaced by the `MAX` associated constant on `f32`
[INFO] [stdout]     --> src/detail_mesh.rs:1210:29
[INFO] [stdout]      |
[INFO] [stdout] 1210 |     let mut min_dist = f32::MAX;
[INFO] [stdout]      |                             ^^^
[INFO] [stdout] 
[INFO] [stdout] 
[INFO] [stdout] error[E0599]: no method named `assert_eq` found for struct `CompactHeightfield` in the current scope
[INFO] [stdout]   --> tests/cpp_comparison.rs:90:29
[INFO] [stdout]    |
[INFO] [stdout] 90 |         compact_heightfield.assert_eq(project, "compact_heightfield_distance_field");
[INFO] [stdout]    |                             ^^^^^^^^^ method not found in `CompactHeightfield`
[INFO] [stdout] 
[INFO] [stdout] 
[INFO] [stdout] error[E0599]: no method named `assert_eq` found for struct `CompactHeightfield` in the current scope
[INFO] [stdout]   --> tests/cpp_comparison.rs:99:29
[INFO] [stdout]    |
[INFO] [stdout] 99 |         compact_heightfield.assert_eq(project, "compact_heightfield_regions");
[INFO] [stdout]    |                             ^^^^^^^^^ method not found in `CompactHeightfield`
[INFO] [stdout] 
[INFO] [stdout] 
[INFO] [stdout] error[E0599]: no method named `assert_eq` found for struct `CompactHeightfield` in the current scope
[INFO] [stdout]    --> tests/cpp_comparison.rs:106:29
[INFO] [stdout]     |
[INFO] [stdout] 106 |         compact_heightfield.assert_eq(project, "compact_heightfield_contours");
[INFO] [stdout]     |                             ^^^^^^^^^ method not found in `CompactHeightfield`
[INFO] [stdout] 
[INFO] [stdout] 
[INFO] [stdout] error[E0599]: no method named `assert_eq` found for struct `ContourSet` in the current scope
[INFO] [stdout]    --> tests/cpp_comparison.rs:107:18
[INFO] [stdout]     |
[INFO] [stdout] 107 |         contours.assert_eq(project, "contour_set");
[INFO] [stdout]     |                  ^^^^^^^^^ method not found in `ContourSet`
[INFO] [stdout] 
[INFO] [stdout] 
[INFO] [stdout] error[E0599]: no method named `assert_eq` found for struct `PolygonNavmesh` in the current scope
[INFO] [stdout]    --> tests/cpp_comparison.rs:112:19
[INFO] [stdout]     |
[INFO] [stdout] 112 |         poly_mesh.assert_eq(project, "poly_mesh");
[INFO] [stdout]     |                   ^^^^^^^^^ method not found in `PolygonNavmesh`
[INFO] [stdout] 
[INFO] [stdout] 
[INFO] [stdout] error[E0599]: no method named `assert_eq` found for struct `DetailNavmesh` in the current scope
[INFO] [stdout]    --> tests/cpp_comparison.rs:121:21
[INFO] [stdout]     |
[INFO] [stdout] 121 |         detail_mesh.assert_eq(project, "poly_mesh_detail");
[INFO] [stdout]     |                     ^^^^^^^^^ method not found in `DetailNavmesh`
[INFO] [stdout] 
[INFO] [stdout] 
[INFO] [stdout] Some errors have detailed explanations: E0425, E0599.
[INFO] [stdout] 
[INFO] [stdout] For more information about an error, try `rustc --explain E0425`.
[INFO] [stdout] 
[INFO] [stderr] error: could not compile `rerecast` (test "cpp_comparison") due to 16 previous errors; 1 warning emitted
[INFO] [stderr] warning: build failed, waiting for other jobs to finish...
[INFO] [stderr] warning: unused dependency `anyhow`
[INFO] [stderr]  --> Cargo.toml:1:15
[INFO] [stderr]   |
[INFO] [stderr] 1 | [dependencies.anyhow]
[INFO] [stderr]   |               ^^^^^^^
[INFO] [stderr]   |
[INFO] [stderr]   = note: `cargo::unused_dependencies` is set to `warn` by default
[INFO] [stderr] help: consider removing the dependency on `anyhow`
[INFO] [stderr] warning: `rerecast` (manifest) generated 1 warning
[INFO] running `Command { std: "docker" "inspect" "706681ad8076e91fc35dd09f8f6d396184e66bdd801bf6047038f1513b6dd319", kill_on_drop: false }`
[INFO] running `Command { std: "docker" "rm" "-f" "706681ad8076e91fc35dd09f8f6d396184e66bdd801bf6047038f1513b6dd319", kill_on_drop: false }`
[INFO] [stdout] 706681ad8076e91fc35dd09f8f6d396184e66bdd801bf6047038f1513b6dd319
