[INFO] fetching crate reinhardt-macros 0.4.0-alpha.18...
[INFO] testing reinhardt-macros-0.4.0-alpha.18 against 1.99.0-beta.8 for beta-1.100-2
[INFO] extracting crate reinhardt-macros 0.4.0-alpha.18 into /workspace/builds/worker-5-tc1/source
[INFO] started tweaking crates.io crate reinhardt-macros 0.4.0-alpha.18
[INFO] removed 0 missing tests
[INFO] finished tweaking crates.io crate reinhardt-macros 0.4.0-alpha.18
[INFO] tweaked toml for crates.io crate reinhardt-macros 0.4.0-alpha.18 written to /workspace/builds/worker-5-tc1/source/Cargo.toml
[INFO] validating manifest of crates.io crate reinhardt-macros 0.4.0-alpha.18 on toolchain 1.99.0-beta.8
[INFO] running `Command { std: CARGO_HOME="/workspace/cargo-home" RUSTUP_HOME="/workspace/rustup-home" "/workspace/cargo-home/bin/cargo" "+1.99.0-beta.8" "metadata" "--manifest-path" "Cargo.toml" "--no-deps", kill_on_drop: false }`
[INFO] crate crates.io crate reinhardt-macros 0.4.0-alpha.18 already has a lockfile, it will not be regenerated
[INFO] running `Command { std: CARGO_HOME="/workspace/cargo-home" RUSTUP_HOME="/workspace/rustup-home" "/workspace/cargo-home/bin/cargo" "+1.99.0-beta.8" "fetch" "--manifest-path" "Cargo.toml", kill_on_drop: false }`
[INFO] [stderr]     Updating crates.io index
[INFO] [stderr]  Downloading crates ...
[INFO] [stderr]   Downloaded serial_test v3.5.0
[INFO] [stderr]   Downloaded ctor v0.8.0
[INFO] [stderr]   Downloaded dtor-proc-macro v0.0.6
[INFO] [stderr]   Downloaded ctor-proc-macro v0.0.7
[INFO] [stderr]   Downloaded trybuild v1.0.121
[INFO] [stderr]   Downloaded serial_test_derive v3.5.0
[INFO] [stderr]   Downloaded target-tuple v1.0.2
[INFO] [stderr]   Downloaded dtor v0.3.0
[INFO] [stderr]   Downloaded linkme-impl v0.3.37
[INFO] [stderr]   Downloaded rust_decimal v1.43.0
[INFO] [stderr]   Downloaded linkme v0.3.37
[INFO] [stderr]   Downloaded cc v1.5.1
[INFO] running `Command { std: "docker" "create" "-v" "/var/lib/crater-agent-workspace/builds/worker-5-tc1/source:/opt/rustwide/workdir:ro,Z" "-v" "/var/lib/crater-agent-workspace/builds/worker-5-tc1/target:/opt/rustwide/target:rw,Z" "-v" "/var/lib/crater-agent-workspace/cargo-home:/opt/rustwide/cargo-home:ro,Z" "-v" "/var/lib/crater-agent-workspace/rustup-home:/opt/rustwide/rustup-home:ro,Z" "-m" "1610612736" "--network" "none" "ghcr.io/rust-lang/crates-build-env/linux@sha256:3111399a4047eeb3a02b7a90e478d715f38a8c6669b5c4b49d30a17385265909" "sleep" "infinity", kill_on_drop: false }`
[INFO] [stdout] bc0b38293ac3c3a8c09ecc839e0585fe3e28bb79c4c3a1b103db15446d38d347
[INFO] running `Command { std: "docker" "start" "bc0b38293ac3c3a8c09ecc839e0585fe3e28bb79c4c3a1b103db15446d38d347", kill_on_drop: false }`
[INFO] running `Command { std: "docker" "inspect" "bc0b38293ac3c3a8c09ecc839e0585fe3e28bb79c4c3a1b103db15446d38d347", kill_on_drop: false }`
[INFO] running `Command { std: "docker" "exec" "-e" "SOURCE_DIR=/opt/rustwide/workdir" "-e" "CARGO_HOME=/opt/rustwide/cargo-home" "-e" "RUSTUP_HOME=/opt/rustwide/rustup-home" "-e" "CARGO_TARGET_DIR=/opt/rustwide/target" "-w" "/opt/rustwide/workdir" "--user" "0:0" "bc0b38293ac3c3a8c09ecc839e0585fe3e28bb79c4c3a1b103db15446d38d347" "/opt/rustwide/cargo-home/bin/cargo" "+1.99.0-beta.8" "metadata" "--no-deps" "--format-version=1", kill_on_drop: false }`
[INFO] running `Command { std: "docker" "inspect" "bc0b38293ac3c3a8c09ecc839e0585fe3e28bb79c4c3a1b103db15446d38d347", kill_on_drop: false }`
[INFO] running `Command { std: "docker" "exec" "-e" "SOURCE_DIR=/opt/rustwide/workdir" "-e" "CARGO_HOME=/opt/rustwide/cargo-home" "-e" "RUSTUP_HOME=/opt/rustwide/rustup-home" "-e" "CARGO_TARGET_DIR=/opt/rustwide/target" "-e" "CARGO_INCREMENTAL=0" "-e" "RUST_BACKTRACE=full" "-e" "RUSTFLAGS=--cap-lints=warn" "-e" "RUSTDOCFLAGS=--cap-lints=warn" "-w" "/opt/rustwide/workdir" "--user" "0:0" "bc0b38293ac3c3a8c09ecc839e0585fe3e28bb79c4c3a1b103db15446d38d347" "/opt/rustwide/cargo-home/bin/cargo" "+1.99.0-beta.8" "build" "--frozen" "--message-format=json", kill_on_drop: false }`
[INFO] [stderr]    Compiling winnow v1.0.4
[INFO] [stderr]    Compiling equivalent v1.0.2
[INFO] [stderr]    Compiling hashbrown v0.17.1
[INFO] [stderr]    Compiling toml_datetime v1.1.1+spec-1.1.0
[INFO] [stderr]    Compiling dtor-proc-macro v0.0.6
[INFO] [stderr]    Compiling ctor-proc-macro v0.0.7
[INFO] [stderr]    Compiling syn v2.0.119
[INFO] [stderr]    Compiling nom v8.0.0
[INFO] [stderr]    Compiling inventory v0.3.24
[INFO] [stderr]    Compiling dtor v0.3.0
[INFO] [stderr]    Compiling ctor v0.8.0
[INFO] [stderr]    Compiling indexmap v2.14.2
[INFO] [stderr]    Compiling toml_parser v1.1.3+spec-1.1.0
[INFO] [stderr]    Compiling toml_edit v0.25.15+spec-1.1.0
[INFO] [stderr]    Compiling proc-macro-crate v3.5.0
[INFO] [stderr]    Compiling reinhardt-macros v0.4.0-alpha.18 (/opt/rustwide/workdir)
[INFO] [stderr]     Finished `dev` profile [unoptimized + debuginfo] target(s) in 36.54s
[INFO] running `Command { std: "docker" "inspect" "bc0b38293ac3c3a8c09ecc839e0585fe3e28bb79c4c3a1b103db15446d38d347", kill_on_drop: false }`
[INFO] running `Command { std: "docker" "exec" "-e" "SOURCE_DIR=/opt/rustwide/workdir" "-e" "CARGO_HOME=/opt/rustwide/cargo-home" "-e" "RUSTUP_HOME=/opt/rustwide/rustup-home" "-e" "CARGO_TARGET_DIR=/opt/rustwide/target" "-e" "CARGO_INCREMENTAL=0" "-e" "RUST_BACKTRACE=full" "-e" "RUSTFLAGS=--cap-lints=warn" "-e" "RUSTDOCFLAGS=--cap-lints=warn" "-w" "/opt/rustwide/workdir" "--user" "0:0" "bc0b38293ac3c3a8c09ecc839e0585fe3e28bb79c4c3a1b103db15446d38d347" "/opt/rustwide/cargo-home/bin/cargo" "+1.99.0-beta.8" "test" "--frozen" "--no-run" "--message-format=json", kill_on_drop: false }`
[INFO] [stderr]    Compiling proc-macro2 v1.0.107
[INFO] [stderr]    Compiling unicode-ident v1.0.26
[INFO] [stderr]    Compiling quote v1.0.47
[INFO] [stderr]    Compiling winnow v1.0.4
[INFO] [stderr]    Compiling toml_datetime v1.1.1+spec-1.1.0
[INFO] [stderr]    Compiling semver v1.0.28
[INFO] [stderr]    Compiling aho-corasick v1.1.5
[INFO] [stderr]    Compiling regex-syntax v0.8.11
[INFO] [stderr]    Compiling glob v0.3.4
[INFO] [stderr]    Compiling linkme-impl v0.3.37
[INFO] [stderr]    Compiling rustc_version v0.4.1
[INFO] [stderr]    Compiling rustix v1.1.5
[INFO] [stderr]    Compiling target-tuple v1.0.2
[INFO] [stderr]    Compiling smallvec v1.16.2
[INFO] [stderr]    Compiling rstest_macros v0.26.1
[INFO] [stderr]    Compiling dtor v0.3.0
[INFO] [stderr]    Compiling getrandom v0.4.3
[INFO] [stderr]    Compiling serde_spanned v1.1.1
[INFO] [stderr]    Compiling rust_decimal v1.43.0
[INFO] [stderr]    Compiling parking_lot_core v0.9.12
[INFO] [stderr]    Compiling linkme v0.3.37
[INFO] [stderr]    Compiling syn v3.0.6
[INFO] [stderr]    Compiling syn v2.0.119
[INFO] [stderr]    Compiling once_cell v1.21.4
[INFO] [stderr]    Compiling toml_writer v1.1.2+spec-1.1.0
[INFO] [stderr]    Compiling relative-path v1.9.3
[INFO] [stderr]    Compiling ctor v0.8.0
[INFO] [stderr]    Compiling toml_parser v1.1.3+spec-1.1.0
[INFO] [stderr]    Compiling parking_lot v0.12.5
[INFO] [stderr]    Compiling serde_json v1.0.151
[INFO] [stderr]    Compiling toml_edit v0.25.15+spec-1.1.0
[INFO] [stderr]    Compiling toml v1.1.6+spec-1.1.0
[INFO] [stderr]    Compiling mio v1.2.3
[INFO] [stderr]    Compiling proc-macro-crate v3.5.0
[INFO] [stderr]    Compiling regex-automata v0.4.18
[INFO] [stderr]    Compiling nom v8.0.0
[INFO] [stderr]    Compiling futures-timer v3.0.4
[INFO] [stderr]    Compiling fastrand v2.5.0
[INFO] [stderr]    Compiling termcolor v1.4.1
[INFO] [stderr]    Compiling arrayvec v0.7.8
[INFO] [stderr]    Compiling tempfile v3.27.0
[INFO] [stderr]    Compiling uuid v1.26.1
[INFO] [stderr]    Compiling serde_derive v1.0.229
[INFO] [stderr]    Compiling futures-macro v0.3.34
[INFO] [stderr]    Compiling tokio-macros v2.7.2
[INFO] [stderr]    Compiling futures-util v0.3.34
[INFO] [stderr]    Compiling tokio v1.53.1
[INFO] [stderr]    Compiling async-trait v0.1.92
[INFO] [stderr]    Compiling regex v1.13.1
[INFO] [stderr]    Compiling serial_test_derive v3.5.0
[INFO] [stderr]    Compiling reinhardt-macros v0.4.0-alpha.18 (/opt/rustwide/workdir)
[INFO] [stderr]    Compiling futures-executor v0.3.34
[INFO] [stderr]    Compiling serde v1.0.229
[INFO] [stderr]    Compiling serial_test v3.5.0
[INFO] [stderr]    Compiling chrono v0.4.45
[INFO] [stderr]    Compiling trybuild v1.0.121
[INFO] [stderr]    Compiling rstest v0.26.1
[INFO] [stdout] error: failed to persist installed_apps! macro state: Cannot create state directory /opt/rustwide/workdir/target/reinhardt/installed_apps_tests: Read-only file system (os error 30). Ensure the build directory is writable and try again.
[INFO] [stdout]   --> tests/installed_apps_tests.rs:9:1
[INFO] [stdout]    |
[INFO] [stdout]  9 | / installed_apps! {
[INFO] [stdout] 10 | |     auth: "myproject.auth",
[INFO] [stdout] 11 | |     sessions: "myproject.sessions",
[INFO] [stdout] 12 | |     contenttypes: "myproject.contenttypes",
[INFO] [stdout] 13 | |     myapp: "apps.myapp",
[INFO] [stdout] 14 | |     another: "custom.another",
[INFO] [stdout] 15 | | }
[INFO] [stdout]    | |_^
[INFO] [stdout]    |
[INFO] [stdout]    = note: this error originates in the macro `installed_apps` (in Nightly builds, run with -Z macro-backtrace for more info)
[INFO] [stdout] 
[INFO] [stdout] 
[INFO] [stdout] error: failed to persist installed_apps! macro state: Cannot create state directory /opt/rustwide/workdir/target/reinhardt/installed_apps_tests: Read-only file system (os error 30). Ensure the build directory is writable and try again.
[INFO] [stdout]   --> tests/installed_apps_tests.rs:20:2
[INFO] [stdout]    |
[INFO] [stdout] 20 | /     installed_apps! {
[INFO] [stdout] 21 | |         r#type: "myproject.type",
[INFO] [stdout] 22 | |     }
[INFO] [stdout]    | |_____^
[INFO] [stdout]    |
[INFO] [stdout]    = note: this error originates in the macro `installed_apps` (in Nightly builds, run with -Z macro-backtrace for more info)
[INFO] [stdout] 
[INFO] [stdout] 
[INFO] [stdout] error[E0433]: cannot find module or crate `reinhardt_apps` in this scope
[INFO] [stdout]    --> tests/installed_apps_tests.rs:115:6
[INFO] [stdout]     |
[INFO] [stdout] 115 |     use reinhardt_apps::apps::AppLabel;
[INFO] [stdout]     |         ^^^^^^^^^^^^^^ use of unresolved module or unlinked crate `reinhardt_apps`
[INFO] [stdout]     |
[INFO] [stdout] help: there is a crate or module with a similar name
[INFO] [stdout]     |
[INFO] [stdout] 115 -     use reinhardt_apps::apps::AppLabel;
[INFO] [stdout] 115 +     use reinhardt_macros::apps::AppLabel;
[INFO] [stdout]     |
[INFO] [stdout] 
[INFO] [stdout] 
[INFO] [stdout] warning: unused import: `std::str::FromStr`
[INFO] [stdout]   --> tests/installed_apps_tests.rs:78:6
[INFO] [stdout]    |
[INFO] [stdout] 78 |     use std::str::FromStr;
[INFO] [stdout]    |         ^^^^^^^^^^^^^^^^^
[INFO] [stdout]    |
[INFO] [stdout]    = note: `#[warn(unused_imports)]` (part of `#[warn(unused)]`) on by default
[INFO] [stdout] 
[INFO] [stdout] 
[INFO] [stdout] For more information about this error, try `rustc --explain E0433`.
[INFO] [stdout] 
[INFO] [stderr] error: could not compile `reinhardt-macros` (test "installed_apps_tests") due to 3 previous errors; 1 warning emitted
[INFO] [stderr] warning: build failed, waiting for other jobs to finish...
[INFO] [stdout] error[E0433]: cannot find `reinhardt` in the list of imported crates
[INFO] [stdout]  --> tests/installed_apps_empty_test.rs:9:1
[INFO] [stdout]   |
[INFO] [stdout] 9 | installed_apps! {}
[INFO] [stdout]   | ^^^^^^^^^^^^^^^^^^ could not find `reinhardt` in the list of imported crates
[INFO] [stdout]   |
[INFO] [stdout]   = note: this error originates in the macro `installed_apps` (in Nightly builds, run with -Z macro-backtrace for more info)
[INFO] [stdout] 
[INFO] [stdout] 
[INFO] [stdout] For more information about this error, try `rustc --explain E0433`.
[INFO] [stdout] 
[INFO] [stderr] error: could not compile `reinhardt-macros` (test "installed_apps_empty_test") due to 1 previous error
[INFO] [stdout] error[E0433]: cannot find `reinhardt_apps` in `reinhardt`
[INFO] [stdout]    --> tests/model_relation_nullability.rs:25:4
[INFO] [stdout]     |
[INFO] [stdout]  25 |               #[model(app_label = $app_label $(, $($form)+)?)]
[INFO] [stdout]     |               ^^^^^^^^^^^^^^^^^^^^^^^^^^^^^^^^^^^^^^^^^^^^^^^^ could not find `reinhardt_apps` in the crate root
[INFO] [stdout] ...
[INFO] [stdout] 177 | / relation_nullability_tests!(
[INFO] [stdout] 178 | |     with_named_form,
[INFO] [stdout] 179 | |     "nullability_named",
[INFO] [stdout] 180 | |     form(name = CreateChild, fields(label))
[INFO] [stdout] 181 | | );
[INFO] [stdout]     | |_- in this macro invocation
[INFO] [stdout]     |
[INFO] [stdout]     = note: this error originates in the derive macro `::reinhardt_core::macros::Model` which comes from the expansion of the macro `relation_nullability_tests` (in Nightly builds, run with -Z macro-backtrace for more info)
[INFO] [stdout] 
[INFO] [stdout] 
[INFO] [stdout] error[E0433]: cannot find `reinhardt_apps` in `reinhardt`
[INFO] [stdout]    --> tests/model_relation_nullability.rs:25:4
[INFO] [stdout]     |
[INFO] [stdout]  25 |             #[model(app_label = $app_label $(, $($form)+)?)]
[INFO] [stdout]     |             ^^^^^^^^^^^^^^^^^^^^^^^^^^^^^^^^^^^^^^^^^^^^^^^^ could not find `reinhardt_apps` in the crate root
[INFO] [stdout] ...
[INFO] [stdout] 176 | relation_nullability_tests!(with_forms, "nullability_forms", form = true);
[INFO] [stdout]     | ------------------------------------------------------------------------- in this macro invocation
[INFO] [stdout]     |
[INFO] [stdout]     = note: this error originates in the derive macro `::reinhardt_core::macros::Model` which comes from the expansion of the macro `relation_nullability_tests` (in Nightly builds, run with -Z macro-backtrace for more info)
[INFO] [stdout] 
[INFO] [stdout] 
[INFO] [stdout] error[E0433]: cannot find `reinhardt_apps` in `reinhardt`
[INFO] [stdout]    --> tests/model_relation_nullability.rs:25:4
[INFO] [stdout]     |
[INFO] [stdout]  25 |             #[model(app_label = $app_label $(, $($form)+)?)]
[INFO] [stdout]     |             ^^^^^^^^^^^^^^^^^^^^^^^^^^^^^^^^^^^^^^^^^^^^^^^^ could not find `reinhardt_apps` in the crate root
[INFO] [stdout] ...
[INFO] [stdout] 175 | relation_nullability_tests!(forms_disabled, "nullability_disabled", form = false);
[INFO] [stdout]     | --------------------------------------------------------------------------------- in this macro invocation
[INFO] [stdout]     |
[INFO] [stdout]     = note: this error originates in the derive macro `::reinhardt_core::macros::Model` which comes from the expansion of the macro `relation_nullability_tests` (in Nightly builds, run with -Z macro-backtrace for more info)
[INFO] [stdout] 
[INFO] [stdout] 
[INFO] [stdout] error[E0433]: cannot find `reinhardt_apps` in `reinhardt`
[INFO] [stdout]    --> tests/model_relation_nullability.rs:25:4
[INFO] [stdout]     |
[INFO] [stdout]  25 |             #[model(app_label = $app_label $(, $($form)+)?)]
[INFO] [stdout]     |             ^^^^^^^^^^^^^^^^^^^^^^^^^^^^^^^^^^^^^^^^^^^^^^^^ could not find `reinhardt_apps` in the crate root
[INFO] [stdout] ...
[INFO] [stdout] 174 | relation_nullability_tests!(without_forms, "nullability_plain");
[INFO] [stdout]     | --------------------------------------------------------------- in this macro invocation
[INFO] [stdout]     |
[INFO] [stdout]     = note: this error originates in the derive macro `::reinhardt_core::macros::Model` which comes from the expansion of the macro `relation_nullability_tests` (in Nightly builds, run with -Z macro-backtrace for more info)
[INFO] [stdout] 
[INFO] [stdout] 
[INFO] [stdout] For more information about this error, try `rustc --explain E0433`.
[INFO] [stdout] 
[INFO] [stderr] error: could not compile `reinhardt-macros` (test "model_relation_nullability") due to 4 previous errors
[INFO] [stdout] warning: function `test_table_name_defaults_to_app_label_and_struct_name_in_snake_case` is never used
[INFO] [stdout]      --> src/model_derive.rs:13963:5
[INFO] [stdout]       |
[INFO] [stdout] 13963 |     fn test_table_name_defaults_to_app_label_and_struct_name_in_snake_case() {
[INFO] [stdout]       |        ^^^^^^^^^^^^^^^^^^^^^^^^^^^^^^^^^^^^^^^^^^^^^^^^^^^^^^^^^^^^^^^^^^^
[INFO] [stdout]       |
[INFO] [stdout]       = note: `#[warn(dead_code)]` (part of `#[warn(unused)]`) on by default
[INFO] [stdout] 
[INFO] [stdout] 
[INFO] running `Command { std: "docker" "inspect" "bc0b38293ac3c3a8c09ecc839e0585fe3e28bb79c4c3a1b103db15446d38d347", kill_on_drop: false }`
[INFO] running `Command { std: "docker" "rm" "-f" "bc0b38293ac3c3a8c09ecc839e0585fe3e28bb79c4c3a1b103db15446d38d347", kill_on_drop: false }`
[INFO] [stdout] bc0b38293ac3c3a8c09ecc839e0585fe3e28bb79c4c3a1b103db15446d38d347
